I20260710 11:00:28.309986 19601 consensus_queue.cc:237] T d86405730b0e4291b4c44f2e2b857e7d P 29f6d6011d3d45d29265c1e48a1fdc20 [LEADER]: Queue going to LEADER mode. State: All replicated index: 0, Majority replicated index: 3, Committed index: 3, Last appended: 1.3, Last appended by leader: 0, Current term: 1, Majority size: 2, State: 0, Mode: LEADER, active raft config: opid_index: 4 OBSOLETE_local: false peers { permanent_uuid: "29f6d6011d3d45d29265c1e48a1fdc20" member_type: VOTER last_known_addr { host: "127.17.252.194" port: 43251 } } peers { permanent_uuid: "0fd72882514c43feb04d68ce911f9265" member_type: VOTER last_known_addr { host: "127.17.252.195" port: 40703 } } peers { permanent_uuid: "5c9d9648cc8d4ebd99cec690cf87de9e" member_type: VOTER last_known_addr { host: "127.17.252.196" port: 36971 } attrs { promote: false } }
I20260710 11:00:28.309764 19425 catalog_manager.cc:5697] T 5a7b0f8f28b845ec9f97ad559345851f P 0fd72882514c43feb04d68ce911f9265 reported cstate change: config changed from index 2 to 3, 5c9d9648cc8d4ebd99cec690cf87de9e (127.17.252.196) changed from NON_VOTER to VOTER. New cstate: current_term: 1 leader_uuid: "29f6d6011d3d45d29265c1e48a1fdc20" committed_config { opid_index: 3 OBSOLETE_local: false peers { permanent_uuid: "cb359dbe91054ae09bd3ec42ec64b732" member_type: VOTER last_known_addr { host: "127.17.252.193" port: 46223 } } peers { permanent_uuid: "29f6d6011d3d45d29265c1e48a1fdc20" member_type: VOTER last_known_addr { host: "127.17.252.194" port: 43251 } } peers { permanent_uuid: "0fd72882514c43feb04d68ce911f9265" member_type: VOTER last_known_addr { host: "127.17.252.195" port: 40703 } attrs { replace: true } } peers { permanent_uuid: "5c9d9648cc8d4ebd99cec690cf87de9e" member_type: VOTER last_known_addr { host: "127.17.252.196" port: 36971 } attrs { promote: false } } }
I20260710 11:00:28.316340 19962 raft_consensus.cc:1275] T d86405730b0e4291b4c44f2e2b857e7d P 5c9d9648cc8d4ebd99cec690cf87de9e [term 1 FOLLOWER]: Refusing update from remote peer 29f6d6011d3d45d29265c1e48a1fdc20: Log matching property violated. Preceding OpId in replica: term: 1 index: 3. Preceding OpId from leader: term: 1 index: 4. (index mismatch)
I20260710 11:00:28.315976 19675 raft_consensus.cc:1275] T d86405730b0e4291b4c44f2e2b857e7d P 0fd72882514c43feb04d68ce911f9265 [term 1 FOLLOWER]: Refusing update from remote peer 29f6d6011d3d45d29265c1e48a1fdc20: Log matching property violated. Preceding OpId in replica: term: 1 index: 3. Preceding OpId from leader: term: 1 index: 4. (index mismatch)
I20260710 11:00:28.318045 20277 consensus_queue.cc:1048] T d86405730b0e4291b4c44f2e2b857e7d P 29f6d6011d3d45d29265c1e48a1fdc20 [LEADER]: Connected to new peer: Peer: permanent_uuid: "5c9d9648cc8d4ebd99cec690cf87de9e" member_type: VOTER last_known_addr { host: "127.17.252.196" port: 36971 } attrs { promote: false }, Status: LMP_MISMATCH, Last received: 0.0, Next index: 4, Last known committed idx: 3, Time since last communication: 0.000s
I20260710 11:00:28.319080 20248 consensus_queue.cc:1048] T d86405730b0e4291b4c44f2e2b857e7d P 29f6d6011d3d45d29265c1e48a1fdc20 [LEADER]: Connected to new peer: Peer: permanent_uuid: "0fd72882514c43feb04d68ce911f9265" member_type: VOTER last_known_addr { host: "127.17.252.195" port: 40703 }, Status: LMP_MISMATCH, Last received: 0.0, Next index: 4, Last known committed idx: 3, Time since last communication: 0.000s
I20260710 11:00:28.328723 20252 raft_consensus.cc:2955] T d86405730b0e4291b4c44f2e2b857e7d P 29f6d6011d3d45d29265c1e48a1fdc20 [term 1 LEADER]: Committing config change with OpId 1.4: config changed from index 3 to 4, VOTER cb359dbe91054ae09bd3ec42ec64b732 (127.17.252.193) evicted. New config: { opid_index: 4 OBSOLETE_local: false peers { permanent_uuid: "29f6d6011d3d45d29265c1e48a1fdc20" member_type: VOTER last_known_addr { host: "127.17.252.194" port: 43251 } } peers { permanent_uuid: "0fd72882514c43feb04d68ce911f9265" member_type: VOTER last_known_addr { host: "127.17.252.195" port: 40703 } } peers { permanent_uuid: "5c9d9648cc8d4ebd99cec690cf87de9e" member_type: VOTER last_known_addr { host: "127.17.252.196" port: 36971 } attrs { promote: false } } }
I20260710 11:00:28.333416 19962 raft_consensus.cc:2955] T d86405730b0e4291b4c44f2e2b857e7d P 5c9d9648cc8d4ebd99cec690cf87de9e [term 1 FOLLOWER]: Committing config change with OpId 1.4: config changed from index 3 to 4, VOTER cb359dbe91054ae09bd3ec42ec64b732 (127.17.252.193) evicted. New config: { opid_index: 4 OBSOLETE_local: false peers { permanent_uuid: "29f6d6011d3d45d29265c1e48a1fdc20" member_type: VOTER last_known_addr { host: "127.17.252.194" port: 43251 } } peers { permanent_uuid: "0fd72882514c43feb04d68ce911f9265" member_type: VOTER last_known_addr { host: "127.17.252.195" port: 40703 } } peers { permanent_uuid: "5c9d9648cc8d4ebd99cec690cf87de9e" member_type: VOTER last_known_addr { host: "127.17.252.196" port: 36971 } attrs { promote: false } } }
I20260710 11:00:28.332074 19675 raft_consensus.cc:2955] T d86405730b0e4291b4c44f2e2b857e7d P 0fd72882514c43feb04d68ce911f9265 [term 1 FOLLOWER]: Committing config change with OpId 1.4: config changed from index 3 to 4, VOTER cb359dbe91054ae09bd3ec42ec64b732 (127.17.252.193) evicted. New config: { opid_index: 4 OBSOLETE_local: false peers { permanent_uuid: "29f6d6011d3d45d29265c1e48a1fdc20" member_type: VOTER last_known_addr { host: "127.17.252.194" port: 43251 } } peers { permanent_uuid: "0fd72882514c43feb04d68ce911f9265" member_type: VOTER last_known_addr { host: "127.17.252.195" port: 40703 } } peers { permanent_uuid: "5c9d9648cc8d4ebd99cec690cf87de9e" member_type: VOTER last_known_addr { host: "127.17.252.196" port: 36971 } attrs { promote: false } } }
I20260710 11:00:28.347792 19601 consensus_queue.cc:237] T 5a7b0f8f28b845ec9f97ad559345851f P 29f6d6011d3d45d29265c1e48a1fdc20 [LEADER]: Queue going to LEADER mode. State: All replicated index: 0, Majority replicated index: 3, Committed index: 3, Last appended: 1.3, Last appended by leader: 0, Current term: 1, Majority size: 2, State: 0, Mode: LEADER, active raft config: opid_index: 4 OBSOLETE_local: false peers { permanent_uuid: "cb359dbe91054ae09bd3ec42ec64b732" member_type: VOTER last_known_addr { host: "127.17.252.193" port: 46223 } } peers { permanent_uuid: "29f6d6011d3d45d29265c1e48a1fdc20" member_type: VOTER last_known_addr { host: "127.17.252.194" port: 43251 } } peers { permanent_uuid: "5c9d9648cc8d4ebd99cec690cf87de9e" member_type: VOTER last_known_addr { host: "127.17.252.196" port: 36971 } attrs { promote: false } }
I20260710 11:00:28.348654 19423 catalog_manager.cc:5697] T d86405730b0e4291b4c44f2e2b857e7d P 5c9d9648cc8d4ebd99cec690cf87de9e reported cstate change: config changed from index 3 to 4, VOTER cb359dbe91054ae09bd3ec42ec64b732 (127.17.252.193) evicted. New cstate: current_term: 1 leader_uuid: "29f6d6011d3d45d29265c1e48a1fdc20" committed_config { opid_index: 4 OBSOLETE_local: false peers { permanent_uuid: "29f6d6011d3d45d29265c1e48a1fdc20" member_type: VOTER last_known_addr { host: "127.17.252.194" port: 43251 } } peers { permanent_uuid: "0fd72882514c43feb04d68ce911f9265" member_type: VOTER last_known_addr { host: "127.17.252.195" port: 40703 } } peers { permanent_uuid: "5c9d9648cc8d4ebd99cec690cf87de9e" member_type: VOTER last_known_addr { host: "127.17.252.196" port: 36971 } attrs { promote: false } } }
I20260710 11:00:28.356452 19413 catalog_manager.cc:5210] ChangeConfig:REMOVE_PEER RPC for tablet d86405730b0e4291b4c44f2e2b857e7d with cas_config_opid_index 3: ChangeConfig:REMOVE_PEER succeeded (attempt 1)
I20260710 11:00:28.358528 19527 raft_consensus.cc:1275] T 5a7b0f8f28b845ec9f97ad559345851f P cb359dbe91054ae09bd3ec42ec64b732 [term 1 FOLLOWER]: Refusing update from remote peer 29f6d6011d3d45d29265c1e48a1fdc20: Log matching property violated. Preceding OpId in replica: term: 1 index: 3. Preceding OpId from leader: term: 1 index: 4. (index mismatch)
I20260710 11:00:28.360065 19962 raft_consensus.cc:1275] T 5a7b0f8f28b845ec9f97ad559345851f P 5c9d9648cc8d4ebd99cec690cf87de9e [term 1 FOLLOWER]: Refusing update from remote peer 29f6d6011d3d45d29265c1e48a1fdc20: Log matching property violated. Preceding OpId in replica: term: 1 index: 3. Preceding OpId from leader: term: 1 index: 4. (index mismatch)
I20260710 11:00:28.362200 20248 consensus_queue.cc:1048] T 5a7b0f8f28b845ec9f97ad559345851f P 29f6d6011d3d45d29265c1e48a1fdc20 [LEADER]: Connected to new peer: Peer: permanent_uuid: "5c9d9648cc8d4ebd99cec690cf87de9e" member_type: VOTER last_known_addr { host: "127.17.252.196" port: 36971 } attrs { promote: false }, Status: LMP_MISMATCH, Last received: 0.0, Next index: 4, Last known committed idx: 3, Time since last communication: 0.000s
I20260710 11:00:28.363535 19510 tablet_service.cc:1558] Processing DeleteTablet for tablet d86405730b0e4291b4c44f2e2b857e7d with delete_type TABLET_DATA_TOMBSTONED (TS cb359dbe91054ae09bd3ec42ec64b732 not found in new config with opid_index 4) from {username='slave'} at 127.0.0.1:38000
I20260710 11:00:28.365244 20252 consensus_queue.cc:1048] T 5a7b0f8f28b845ec9f97ad559345851f P 29f6d6011d3d45d29265c1e48a1fdc20 [LEADER]: Connected to new peer: Peer: permanent_uuid: "cb359dbe91054ae09bd3ec42ec64b732" member_type: VOTER last_known_addr { host: "127.17.252.193" port: 46223 }, Status: LMP_MISMATCH, Last received: 0.0, Next index: 4, Last known committed idx: 3, Time since last communication: 0.001s
I20260710 11:00:28.366612 20286 tablet_replica.cc:333] T d86405730b0e4291b4c44f2e2b857e7d P cb359dbe91054ae09bd3ec42ec64b732: stopping tablet replica
I20260710 11:00:28.372804 20248 raft_consensus.cc:2955] T 5a7b0f8f28b845ec9f97ad559345851f P 29f6d6011d3d45d29265c1e48a1fdc20 [term 1 LEADER]: Committing config change with OpId 1.4: config changed from index 3 to 4, VOTER 0fd72882514c43feb04d68ce911f9265 (127.17.252.195) evicted. New config: { opid_index: 4 OBSOLETE_local: false peers { permanent_uuid: "cb359dbe91054ae09bd3ec42ec64b732" member_type: VOTER last_known_addr { host: "127.17.252.193" port: 46223 } } peers { permanent_uuid: "29f6d6011d3d45d29265c1e48a1fdc20" member_type: VOTER last_known_addr { host: "127.17.252.194" port: 43251 } } peers { permanent_uuid: "5c9d9648cc8d4ebd99cec690cf87de9e" member_type: VOTER last_known_addr { host: "127.17.252.196" port: 36971 } attrs { promote: false } } }
I20260710 11:00:28.374593 19527 raft_consensus.cc:2955] T 5a7b0f8f28b845ec9f97ad559345851f P cb359dbe91054ae09bd3ec42ec64b732 [term 1 FOLLOWER]: Committing config change with OpId 1.4: config changed from index 3 to 4, VOTER 0fd72882514c43feb04d68ce911f9265 (127.17.252.195) evicted. New config: { opid_index: 4 OBSOLETE_local: false peers { permanent_uuid: "cb359dbe91054ae09bd3ec42ec64b732" member_type: VOTER last_known_addr { host: "127.17.252.193" port: 46223 } } peers { permanent_uuid: "29f6d6011d3d45d29265c1e48a1fdc20" member_type: VOTER last_known_addr { host: "127.17.252.194" port: 43251 } } peers { permanent_uuid: "5c9d9648cc8d4ebd99cec690cf87de9e" member_type: VOTER last_known_addr { host: "127.17.252.196" port: 36971 } attrs { promote: false } } }
I20260710 11:00:28.379004 20286 raft_consensus.cc:2243] T d86405730b0e4291b4c44f2e2b857e7d P cb359dbe91054ae09bd3ec42ec64b732 [term 1 FOLLOWER]: Raft consensus shutting down.
I20260710 11:00:28.379863 20286 raft_consensus.cc:2272] T d86405730b0e4291b4c44f2e2b857e7d P cb359dbe91054ae09bd3ec42ec64b732 [term 1 FOLLOWER]: Raft consensus is shut down!
I20260710 11:00:28.392726 19426 catalog_manager.cc:5697] T 5a7b0f8f28b845ec9f97ad559345851f P cb359dbe91054ae09bd3ec42ec64b732 reported cstate change: config changed from index 3 to 4, VOTER 0fd72882514c43feb04d68ce911f9265 (127.17.252.195) evicted. New cstate: current_term: 1 leader_uuid: "29f6d6011d3d45d29265c1e48a1fdc20" committed_config { opid_index: 4 OBSOLETE_local: false peers { permanent_uuid: "cb359dbe91054ae09bd3ec42ec64b732" member_type: VOTER last_known_addr { host: "127.17.252.193" port: 46223 } } peers { permanent_uuid: "29f6d6011d3d45d29265c1e48a1fdc20" member_type: VOTER last_known_addr { host: "127.17.252.194" port: 43251 } } peers { permanent_uuid: "5c9d9648cc8d4ebd99cec690cf87de9e" member_type: VOTER last_known_addr { host: "127.17.252.196" port: 36971 } attrs { promote: false } } }
I20260710 11:00:28.379400 19959 raft_consensus.cc:2955] T 5a7b0f8f28b845ec9f97ad559345851f P 5c9d9648cc8d4ebd99cec690cf87de9e [term 1 FOLLOWER]: Committing config change with OpId 1.4: config changed from index 3 to 4, VOTER 0fd72882514c43feb04d68ce911f9265 (127.17.252.195) evicted. New config: { opid_index: 4 OBSOLETE_local: false peers { permanent_uuid: "cb359dbe91054ae09bd3ec42ec64b732" member_type: VOTER last_known_addr { host: "127.17.252.193" port: 46223 } } peers { permanent_uuid: "29f6d6011d3d45d29265c1e48a1fdc20" member_type: VOTER last_known_addr { host: "127.17.252.194" port: 43251 } } peers { permanent_uuid: "5c9d9648cc8d4ebd99cec690cf87de9e" member_type: VOTER last_known_addr { host: "127.17.252.196" port: 36971 } attrs { promote: false } } }
I20260710 11:00:28.399956 19413 catalog_manager.cc:5210] ChangeConfig:REMOVE_PEER RPC for tablet 5a7b0f8f28b845ec9f97ad559345851f with cas_config_opid_index 3: ChangeConfig:REMOVE_PEER succeeded (attempt 1)
I20260710 11:00:28.403525 20286 ts_tablet_manager.cc:1916] T d86405730b0e4291b4c44f2e2b857e7d P cb359dbe91054ae09bd3ec42ec64b732: Deleting tablet data with delete state TABLET_DATA_TOMBSTONED
I20260710 11:00:28.405107 19665 tablet_service.cc:1558] Processing DeleteTablet for tablet 5a7b0f8f28b845ec9f97ad559345851f with delete_type TABLET_DATA_TOMBSTONED (TS 0fd72882514c43feb04d68ce911f9265 not found in new config with opid_index 4) from {username='slave'} at 127.0.0.1:41070
I20260710 11:00:28.417330 20287 tablet_replica.cc:333] T 5a7b0f8f28b845ec9f97ad559345851f P 0fd72882514c43feb04d68ce911f9265: stopping tablet replica
I20260710 11:00:28.418514 20287 raft_consensus.cc:2243] T 5a7b0f8f28b845ec9f97ad559345851f P 0fd72882514c43feb04d68ce911f9265 [term 1 FOLLOWER]: Raft consensus shutting down.
I20260710 11:00:28.419322 20287 raft_consensus.cc:2272] T 5a7b0f8f28b845ec9f97ad559345851f P 0fd72882514c43feb04d68ce911f9265 [term 1 FOLLOWER]: Raft consensus is shut down!
I20260710 11:00:28.421981 20286 ts_tablet_manager.cc:1929] T d86405730b0e4291b4c44f2e2b857e7d P cb359dbe91054ae09bd3ec42ec64b732: tablet deleted with delete type TABLET_DATA_TOMBSTONED: last-logged OpId 1.3
I20260710 11:00:28.422518 20286 log.cc:1199] T d86405730b0e4291b4c44f2e2b857e7d P cb359dbe91054ae09bd3ec42ec64b732: Deleting WAL directory at /tmp/dist-test-taskfF0hdf/test-tmp/auto_leader_rebalancer-test.0.LeaderRebalancerTest.AddTserver.1783681184981511-18419-0/minicluster-data/ts-0-root/wals/d86405730b0e4291b4c44f2e2b857e7d
I20260710 11:00:28.423146 20287 ts_tablet_manager.cc:1916] T 5a7b0f8f28b845ec9f97ad559345851f P 0fd72882514c43feb04d68ce911f9265: Deleting tablet data with delete state TABLET_DATA_TOMBSTONED
I20260710 11:00:28.424292 19410 catalog_manager.cc:5028] TS cb359dbe91054ae09bd3ec42ec64b732 (127.17.252.193:46223): tablet d86405730b0e4291b4c44f2e2b857e7d (table test-workload [id=7957812872c547ffa897168eebd7b46b]) successfully deleted
I20260710 11:00:28.435545 20287 ts_tablet_manager.cc:1929] T 5a7b0f8f28b845ec9f97ad559345851f P 0fd72882514c43feb04d68ce911f9265: tablet deleted with delete type TABLET_DATA_TOMBSTONED: last-logged OpId 1.3
I20260710 11:00:28.435966 20287 log.cc:1199] T 5a7b0f8f28b845ec9f97ad559345851f P 0fd72882514c43feb04d68ce911f9265: Deleting WAL directory at /tmp/dist-test-taskfF0hdf/test-tmp/auto_leader_rebalancer-test.0.LeaderRebalancerTest.AddTserver.1783681184981511-18419-0/minicluster-data/ts-2-root/wals/5a7b0f8f28b845ec9f97ad559345851f
I20260710 11:00:28.437455 19413 catalog_manager.cc:5028] TS 0fd72882514c43feb04d68ce911f9265 (127.17.252.195:40703): tablet 5a7b0f8f28b845ec9f97ad559345851f (table test-workload [id=7957812872c547ffa897168eebd7b46b]) successfully deleted
I20260710 11:00:33.946916 18419 auto_leader_rebalancer.cc:141] leader rebalance for table test-workload
I20260710 11:00:33.975078 19602 tablet_service.cc:2072] Received LeaderStepDown RPC: tablet_id: "25ef62b53abf4edabeb07fc87812ba26"
dest_uuid: "29f6d6011d3d45d29265c1e48a1fdc20"
mode: GRACEFUL
new_leader_uuid: "0fd72882514c43feb04d68ce911f9265"
 from {username='slave'} at 127.0.0.1:46988
I20260710 11:00:33.975750 19602 raft_consensus.cc:606] T 25ef62b53abf4edabeb07fc87812ba26 P 29f6d6011d3d45d29265c1e48a1fdc20 [term 1 LEADER]: Received request to transfer leadership to TS 0fd72882514c43feb04d68ce911f9265
I20260710 11:00:33.987558 19677 tablet_service.cc:2072] Received LeaderStepDown RPC: tablet_id: "6b9a1bdce79b45bf9c558200b7c2eb3f"
dest_uuid: "0fd72882514c43feb04d68ce911f9265"
mode: GRACEFUL
new_leader_uuid: "5c9d9648cc8d4ebd99cec690cf87de9e"
 from {username='slave'} at 127.0.0.1:49640
I20260710 11:00:33.988068 19677 raft_consensus.cc:606] T 6b9a1bdce79b45bf9c558200b7c2eb3f P 0fd72882514c43feb04d68ce911f9265 [term 1 LEADER]: Received request to transfer leadership to TS 5c9d9648cc8d4ebd99cec690cf87de9e
I20260710 11:00:33.990509 19677 tablet_service.cc:2072] Received LeaderStepDown RPC: tablet_id: "c44dc84ce0dd4dc69ad463ee63cf93c3"
dest_uuid: "0fd72882514c43feb04d68ce911f9265"
mode: GRACEFUL
new_leader_uuid: "5c9d9648cc8d4ebd99cec690cf87de9e"
 from {username='slave'} at 127.0.0.1:49640
I20260710 11:00:33.991015 19677 raft_consensus.cc:606] T c44dc84ce0dd4dc69ad463ee63cf93c3 P 0fd72882514c43feb04d68ce911f9265 [term 1 LEADER]: Received request to transfer leadership to TS 5c9d9648cc8d4ebd99cec690cf87de9e
I20260710 11:00:33.993814 19677 tablet_service.cc:2072] Received LeaderStepDown RPC: tablet_id: "e51b34a561104bb7a206d9a0eeffbb4d"
dest_uuid: "0fd72882514c43feb04d68ce911f9265"
mode: GRACEFUL
new_leader_uuid: "cb359dbe91054ae09bd3ec42ec64b732"
 from {username='slave'} at 127.0.0.1:49640
I20260710 11:00:33.994369 19677 raft_consensus.cc:606] T e51b34a561104bb7a206d9a0eeffbb4d P 0fd72882514c43feb04d68ce911f9265 [term 1 LEADER]: Received request to transfer leadership to TS cb359dbe91054ae09bd3ec42ec64b732
I20260710 11:00:33.996735 19675 tablet_service.cc:2072] Received LeaderStepDown RPC: tablet_id: "ef89d0b9508b40be995184fa7790e635"
dest_uuid: "0fd72882514c43feb04d68ce911f9265"
mode: GRACEFUL
new_leader_uuid: "cb359dbe91054ae09bd3ec42ec64b732"
 from {username='slave'} at 127.0.0.1:49640
I20260710 11:00:33.997157 19675 raft_consensus.cc:606] T ef89d0b9508b40be995184fa7790e635 P 0fd72882514c43feb04d68ce911f9265 [term 1 LEADER]: Received request to transfer leadership to TS cb359dbe91054ae09bd3ec42ec64b732
I20260710 11:00:33.998219 18419 auto_leader_rebalancer.cc:452] table: test-workload, leader rebalance finish, leader transfer count: 5
I20260710 11:00:33.998862 18419 auto_leader_rebalancer.cc:527] All tables' leader rebalancing finished this round
I20260710 11:00:34.043113 20295 raft_consensus.cc:993] T 25ef62b53abf4edabeb07fc87812ba26 P 29f6d6011d3d45d29265c1e48a1fdc20: : Instructing follower 0fd72882514c43feb04d68ce911f9265 to start an election
I20260710 11:00:34.043627 20293 raft_consensus.cc:1081] T 25ef62b53abf4edabeb07fc87812ba26 P 29f6d6011d3d45d29265c1e48a1fdc20 [term 1 LEADER]: Signalling peer 0fd72882514c43feb04d68ce911f9265 to start an election
I20260710 11:00:34.045235 19675 tablet_service.cc:2044] Received Run Leader Election RPC: tablet_id: "25ef62b53abf4edabeb07fc87812ba26"
dest_uuid: "0fd72882514c43feb04d68ce911f9265"
 from {username='slave'} at 127.0.0.1:41078
I20260710 11:00:34.045739 19675 raft_consensus.cc:493] T 25ef62b53abf4edabeb07fc87812ba26 P 0fd72882514c43feb04d68ce911f9265 [term 1 FOLLOWER]: Starting forced leader election (received explicit request)
I20260710 11:00:34.046021 19675 raft_consensus.cc:3060] T 25ef62b53abf4edabeb07fc87812ba26 P 0fd72882514c43feb04d68ce911f9265 [term 1 FOLLOWER]: Advancing to term 2
I20260710 11:00:34.050607 19675 raft_consensus.cc:515] T 25ef62b53abf4edabeb07fc87812ba26 P 0fd72882514c43feb04d68ce911f9265 [term 2 FOLLOWER]: Starting forced leader election with config: opid_index: -1 OBSOLETE_local: false peers { permanent_uuid: "cb359dbe91054ae09bd3ec42ec64b732" member_type: VOTER last_known_addr { host: "127.17.252.193" port: 46223 } } peers { permanent_uuid: "29f6d6011d3d45d29265c1e48a1fdc20" member_type: VOTER last_known_addr { host: "127.17.252.194" port: 43251 } } peers { permanent_uuid: "0fd72882514c43feb04d68ce911f9265" member_type: VOTER last_known_addr { host: "127.17.252.195" port: 40703 } }
I20260710 11:00:34.052682 19675 leader_election.cc:290] T 25ef62b53abf4edabeb07fc87812ba26 P 0fd72882514c43feb04d68ce911f9265 [CANDIDATE]: Term 2 election: Requested vote from peers cb359dbe91054ae09bd3ec42ec64b732 (127.17.252.193:46223), 29f6d6011d3d45d29265c1e48a1fdc20 (127.17.252.194:43251)
I20260710 11:00:34.053918 19527 tablet_service.cc:1917] Received RequestConsensusVote() RPC: tablet_id: "25ef62b53abf4edabeb07fc87812ba26" candidate_uuid: "0fd72882514c43feb04d68ce911f9265" candidate_term: 2 candidate_status { last_received { term: 1 index: 1 } } ignore_live_leader: true dest_uuid: "cb359dbe91054ae09bd3ec42ec64b732"
I20260710 11:00:34.053721 19601 tablet_service.cc:1917] Received RequestConsensusVote() RPC: tablet_id: "25ef62b53abf4edabeb07fc87812ba26" candidate_uuid: "0fd72882514c43feb04d68ce911f9265" candidate_term: 2 candidate_status { last_received { term: 1 index: 1 } } ignore_live_leader: true dest_uuid: "29f6d6011d3d45d29265c1e48a1fdc20"
I20260710 11:00:34.054471 19527 raft_consensus.cc:3060] T 25ef62b53abf4edabeb07fc87812ba26 P cb359dbe91054ae09bd3ec42ec64b732 [term 1 FOLLOWER]: Advancing to term 2
I20260710 11:00:34.054497 19601 raft_consensus.cc:3055] T 25ef62b53abf4edabeb07fc87812ba26 P 29f6d6011d3d45d29265c1e48a1fdc20 [term 1 LEADER]: Stepping down as leader of term 1
I20260710 11:00:34.054991 19601 raft_consensus.cc:740] T 25ef62b53abf4edabeb07fc87812ba26 P 29f6d6011d3d45d29265c1e48a1fdc20 [term 1 LEADER]: Becoming Follower/Learner. State: Replica: 29f6d6011d3d45d29265c1e48a1fdc20, State: Running, Role: LEADER
I20260710 11:00:34.055677 19601 consensus_queue.cc:260] T 25ef62b53abf4edabeb07fc87812ba26 P 29f6d6011d3d45d29265c1e48a1fdc20 [NON_LEADER]: Queue going to NON_LEADER mode. State: All replicated index: 0, Majority replicated index: 1, Committed index: 1, Last appended: 1.1, Last appended by leader: 1, Current term: 1, Majority size: -1, State: 0, Mode: NON_LEADER, active raft config: opid_index: -1 OBSOLETE_local: false peers { permanent_uuid: "cb359dbe91054ae09bd3ec42ec64b732" member_type: VOTER last_known_addr { host: "127.17.252.193" port: 46223 } } peers { permanent_uuid: "29f6d6011d3d45d29265c1e48a1fdc20" member_type: VOTER last_known_addr { host: "127.17.252.194" port: 43251 } } peers { permanent_uuid: "0fd72882514c43feb04d68ce911f9265" member_type: VOTER last_known_addr { host: "127.17.252.195" port: 40703 } }
I20260710 11:00:34.056707 19601 raft_consensus.cc:3060] T 25ef62b53abf4edabeb07fc87812ba26 P 29f6d6011d3d45d29265c1e48a1fdc20 [term 1 FOLLOWER]: Advancing to term 2
I20260710 11:00:34.060434 19527 raft_consensus.cc:2468] T 25ef62b53abf4edabeb07fc87812ba26 P cb359dbe91054ae09bd3ec42ec64b732 [term 2 FOLLOWER]: Leader election vote request: Granting yes vote for candidate 0fd72882514c43feb04d68ce911f9265 in term 2.
I20260710 11:00:34.061439 19601 raft_consensus.cc:2468] T 25ef62b53abf4edabeb07fc87812ba26 P 29f6d6011d3d45d29265c1e48a1fdc20 [term 2 FOLLOWER]: Leader election vote request: Granting yes vote for candidate 0fd72882514c43feb04d68ce911f9265 in term 2.
I20260710 11:00:34.061666 19641 leader_election.cc:304] T 25ef62b53abf4edabeb07fc87812ba26 P 0fd72882514c43feb04d68ce911f9265 [CANDIDATE]: Term 2 election: Election decided. Result: candidate won. Election summary: received 2 responses out of 3 voters: 2 yes votes; 0 no votes. yes voters: 0fd72882514c43feb04d68ce911f9265, cb359dbe91054ae09bd3ec42ec64b732; no voters: 
I20260710 11:00:34.062446 20268 raft_consensus.cc:2804] T 25ef62b53abf4edabeb07fc87812ba26 P 0fd72882514c43feb04d68ce911f9265 [term 2 FOLLOWER]: Leader election won for term 2
I20260710 11:00:34.062873 20268 raft_consensus.cc:697] T 25ef62b53abf4edabeb07fc87812ba26 P 0fd72882514c43feb04d68ce911f9265 [term 2 LEADER]: Becoming Leader. State: Replica: 0fd72882514c43feb04d68ce911f9265, State: Running, Role: LEADER
I20260710 11:00:34.063650 20268 consensus_queue.cc:237] T 25ef62b53abf4edabeb07fc87812ba26 P 0fd72882514c43feb04d68ce911f9265 [LEADER]: Queue going to LEADER mode. State: All replicated index: 0, Majority replicated index: 1, Committed index: 1, Last appended: 1.1, Last appended by leader: 1, Current term: 2, Majority size: 2, State: 0, Mode: LEADER, active raft config: opid_index: -1 OBSOLETE_local: false peers { permanent_uuid: "cb359dbe91054ae09bd3ec42ec64b732" member_type: VOTER last_known_addr { host: "127.17.252.193" port: 46223 } } peers { permanent_uuid: "29f6d6011d3d45d29265c1e48a1fdc20" member_type: VOTER last_known_addr { host: "127.17.252.194" port: 43251 } } peers { permanent_uuid: "0fd72882514c43feb04d68ce911f9265" member_type: VOTER last_known_addr { host: "127.17.252.195" port: 40703 } }
I20260710 11:00:34.071532 19426 catalog_manager.cc:5697] T 25ef62b53abf4edabeb07fc87812ba26 P 0fd72882514c43feb04d68ce911f9265 reported cstate change: term changed from 1 to 2, leader changed from 29f6d6011d3d45d29265c1e48a1fdc20 (127.17.252.194) to 0fd72882514c43feb04d68ce911f9265 (127.17.252.195). New cstate: current_term: 2 leader_uuid: "0fd72882514c43feb04d68ce911f9265" committed_config { opid_index: -1 OBSOLETE_local: false peers { permanent_uuid: "cb359dbe91054ae09bd3ec42ec64b732" member_type: VOTER last_known_addr { host: "127.17.252.193" port: 46223 } health_report { overall_health: UNKNOWN } } peers { permanent_uuid: "29f6d6011d3d45d29265c1e48a1fdc20" member_type: VOTER last_known_addr { host: "127.17.252.194" port: 43251 } health_report { overall_health: UNKNOWN } } peers { permanent_uuid: "0fd72882514c43feb04d68ce911f9265" member_type: VOTER last_known_addr { host: "127.17.252.195" port: 40703 } health_report { overall_health: HEALTHY } } }
I20260710 11:00:34.229791 20268 raft_consensus.cc:993] T ef89d0b9508b40be995184fa7790e635 P 0fd72882514c43feb04d68ce911f9265: : Instructing follower cb359dbe91054ae09bd3ec42ec64b732 to start an election
I20260710 11:00:34.230237 20294 raft_consensus.cc:1081] T ef89d0b9508b40be995184fa7790e635 P 0fd72882514c43feb04d68ce911f9265 [term 1 LEADER]: Signalling peer cb359dbe91054ae09bd3ec42ec64b732 to start an election
I20260710 11:00:34.231802 19527 tablet_service.cc:2044] Received Run Leader Election RPC: tablet_id: "ef89d0b9508b40be995184fa7790e635"
dest_uuid: "cb359dbe91054ae09bd3ec42ec64b732"
 from {username='slave'} at 127.0.0.1:38004
I20260710 11:00:34.232362 19527 raft_consensus.cc:493] T ef89d0b9508b40be995184fa7790e635 P cb359dbe91054ae09bd3ec42ec64b732 [term 1 FOLLOWER]: Starting forced leader election (received explicit request)
I20260710 11:00:34.232637 19527 raft_consensus.cc:3060] T ef89d0b9508b40be995184fa7790e635 P cb359dbe91054ae09bd3ec42ec64b732 [term 1 FOLLOWER]: Advancing to term 2
I20260710 11:00:34.237155 19527 raft_consensus.cc:515] T ef89d0b9508b40be995184fa7790e635 P cb359dbe91054ae09bd3ec42ec64b732 [term 2 FOLLOWER]: Starting forced leader election with config: opid_index: -1 OBSOLETE_local: false peers { permanent_uuid: "cb359dbe91054ae09bd3ec42ec64b732" member_type: VOTER last_known_addr { host: "127.17.252.193" port: 46223 } } peers { permanent_uuid: "29f6d6011d3d45d29265c1e48a1fdc20" member_type: VOTER last_known_addr { host: "127.17.252.194" port: 43251 } } peers { permanent_uuid: "0fd72882514c43feb04d68ce911f9265" member_type: VOTER last_known_addr { host: "127.17.252.195" port: 40703 } }
I20260710 11:00:34.239126 19527 leader_election.cc:290] T ef89d0b9508b40be995184fa7790e635 P cb359dbe91054ae09bd3ec42ec64b732 [CANDIDATE]: Term 2 election: Requested vote from peers 29f6d6011d3d45d29265c1e48a1fdc20 (127.17.252.194:43251), 0fd72882514c43feb04d68ce911f9265 (127.17.252.195:40703)
I20260710 11:00:34.240069 19675 tablet_service.cc:1917] Received RequestConsensusVote() RPC: tablet_id: "ef89d0b9508b40be995184fa7790e635" candidate_uuid: "cb359dbe91054ae09bd3ec42ec64b732" candidate_term: 2 candidate_status { last_received { term: 1 index: 1 } } ignore_live_leader: true dest_uuid: "0fd72882514c43feb04d68ce911f9265"
I20260710 11:00:34.240777 19675 raft_consensus.cc:3055] T ef89d0b9508b40be995184fa7790e635 P 0fd72882514c43feb04d68ce911f9265 [term 1 LEADER]: Stepping down as leader of term 1
I20260710 11:00:34.241150 19675 raft_consensus.cc:740] T ef89d0b9508b40be995184fa7790e635 P 0fd72882514c43feb04d68ce911f9265 [term 1 LEADER]: Becoming Follower/Learner. State: Replica: 0fd72882514c43feb04d68ce911f9265, State: Running, Role: LEADER
I20260710 11:00:34.241130 19601 tablet_service.cc:1917] Received RequestConsensusVote() RPC: tablet_id: "ef89d0b9508b40be995184fa7790e635" candidate_uuid: "cb359dbe91054ae09bd3ec42ec64b732" candidate_term: 2 candidate_status { last_received { term: 1 index: 1 } } ignore_live_leader: true dest_uuid: "29f6d6011d3d45d29265c1e48a1fdc20"
I20260710 11:00:34.241806 19601 raft_consensus.cc:3060] T ef89d0b9508b40be995184fa7790e635 P 29f6d6011d3d45d29265c1e48a1fdc20 [term 1 FOLLOWER]: Advancing to term 2
I20260710 11:00:34.242172 19675 consensus_queue.cc:260] T ef89d0b9508b40be995184fa7790e635 P 0fd72882514c43feb04d68ce911f9265 [NON_LEADER]: Queue going to NON_LEADER mode. State: All replicated index: 0, Majority replicated index: 1, Committed index: 1, Last appended: 1.1, Last appended by leader: 1, Current term: 1, Majority size: -1, State: 0, Mode: NON_LEADER, active raft config: opid_index: -1 OBSOLETE_local: false peers { permanent_uuid: "cb359dbe91054ae09bd3ec42ec64b732" member_type: VOTER last_known_addr { host: "127.17.252.193" port: 46223 } } peers { permanent_uuid: "29f6d6011d3d45d29265c1e48a1fdc20" member_type: VOTER last_known_addr { host: "127.17.252.194" port: 43251 } } peers { permanent_uuid: "0fd72882514c43feb04d68ce911f9265" member_type: VOTER last_known_addr { host: "127.17.252.195" port: 40703 } }
I20260710 11:00:34.243419 19675 raft_consensus.cc:3060] T ef89d0b9508b40be995184fa7790e635 P 0fd72882514c43feb04d68ce911f9265 [term 1 FOLLOWER]: Advancing to term 2
I20260710 11:00:34.246964 20268 raft_consensus.cc:993] T c44dc84ce0dd4dc69ad463ee63cf93c3 P 0fd72882514c43feb04d68ce911f9265: : Instructing follower 5c9d9648cc8d4ebd99cec690cf87de9e to start an election
I20260710 11:00:34.248417 19601 raft_consensus.cc:2468] T ef89d0b9508b40be995184fa7790e635 P 29f6d6011d3d45d29265c1e48a1fdc20 [term 2 FOLLOWER]: Leader election vote request: Granting yes vote for candidate cb359dbe91054ae09bd3ec42ec64b732 in term 2.
I20260710 11:00:34.249658 20268 raft_consensus.cc:1081] T c44dc84ce0dd4dc69ad463ee63cf93c3 P 0fd72882514c43feb04d68ce911f9265 [term 1 LEADER]: Signalling peer 5c9d9648cc8d4ebd99cec690cf87de9e to start an election
I20260710 11:00:34.249838 19675 raft_consensus.cc:2468] T ef89d0b9508b40be995184fa7790e635 P 0fd72882514c43feb04d68ce911f9265 [term 2 FOLLOWER]: Leader election vote request: Granting yes vote for candidate cb359dbe91054ae09bd3ec42ec64b732 in term 2.
I20260710 11:00:34.249960 19495 leader_election.cc:304] T ef89d0b9508b40be995184fa7790e635 P cb359dbe91054ae09bd3ec42ec64b732 [CANDIDATE]: Term 2 election: Election decided. Result: candidate won. Election summary: received 2 responses out of 3 voters: 2 yes votes; 0 no votes. yes voters: 29f6d6011d3d45d29265c1e48a1fdc20, cb359dbe91054ae09bd3ec42ec64b732; no voters: 
I20260710 11:00:34.250819 20202 raft_consensus.cc:2804] T ef89d0b9508b40be995184fa7790e635 P cb359dbe91054ae09bd3ec42ec64b732 [term 2 FOLLOWER]: Leader election won for term 2
I20260710 11:00:34.251533 19959 tablet_service.cc:2044] Received Run Leader Election RPC: tablet_id: "c44dc84ce0dd4dc69ad463ee63cf93c3"
dest_uuid: "5c9d9648cc8d4ebd99cec690cf87de9e"
 from {username='slave'} at 127.0.0.1:52628
I20260710 11:00:34.251997 19959 raft_consensus.cc:493] T c44dc84ce0dd4dc69ad463ee63cf93c3 P 5c9d9648cc8d4ebd99cec690cf87de9e [term 1 FOLLOWER]: Starting forced leader election (received explicit request)
I20260710 11:00:34.252341 19959 raft_consensus.cc:3060] T c44dc84ce0dd4dc69ad463ee63cf93c3 P 5c9d9648cc8d4ebd99cec690cf87de9e [term 1 FOLLOWER]: Advancing to term 2
I20260710 11:00:34.252146 20202 raft_consensus.cc:697] T ef89d0b9508b40be995184fa7790e635 P cb359dbe91054ae09bd3ec42ec64b732 [term 2 LEADER]: Becoming Leader. State: Replica: cb359dbe91054ae09bd3ec42ec64b732, State: Running, Role: LEADER
I20260710 11:00:34.256749 19959 raft_consensus.cc:515] T c44dc84ce0dd4dc69ad463ee63cf93c3 P 5c9d9648cc8d4ebd99cec690cf87de9e [term 2 FOLLOWER]: Starting forced leader election with config: opid_index: 4 OBSOLETE_local: false peers { permanent_uuid: "cb359dbe91054ae09bd3ec42ec64b732" member_type: VOTER last_known_addr { host: "127.17.252.193" port: 46223 } } peers { permanent_uuid: "0fd72882514c43feb04d68ce911f9265" member_type: VOTER last_known_addr { host: "127.17.252.195" port: 40703 } } peers { permanent_uuid: "5c9d9648cc8d4ebd99cec690cf87de9e" member_type: VOTER last_known_addr { host: "127.17.252.196" port: 36971 } attrs { promote: false } }
I20260710 11:00:34.256871 20202 consensus_queue.cc:237] T ef89d0b9508b40be995184fa7790e635 P cb359dbe91054ae09bd3ec42ec64b732 [LEADER]: Queue going to LEADER mode. State: All replicated index: 0, Majority replicated index: 1, Committed index: 1, Last appended: 1.1, Last appended by leader: 1, Current term: 2, Majority size: 2, State: 0, Mode: LEADER, active raft config: opid_index: -1 OBSOLETE_local: false peers { permanent_uuid: "cb359dbe91054ae09bd3ec42ec64b732" member_type: VOTER last_known_addr { host: "127.17.252.193" port: 46223 } } peers { permanent_uuid: "29f6d6011d3d45d29265c1e48a1fdc20" member_type: VOTER last_known_addr { host: "127.17.252.194" port: 43251 } } peers { permanent_uuid: "0fd72882514c43feb04d68ce911f9265" member_type: VOTER last_known_addr { host: "127.17.252.195" port: 40703 } }
I20260710 11:00:34.259181 19959 leader_election.cc:290] T c44dc84ce0dd4dc69ad463ee63cf93c3 P 5c9d9648cc8d4ebd99cec690cf87de9e [CANDIDATE]: Term 2 election: Requested vote from peers cb359dbe91054ae09bd3ec42ec64b732 (127.17.252.193:46223), 0fd72882514c43feb04d68ce911f9265 (127.17.252.195:40703)
I20260710 11:00:34.259770 19527 tablet_service.cc:1917] Received RequestConsensusVote() RPC: tablet_id: "c44dc84ce0dd4dc69ad463ee63cf93c3" candidate_uuid: "5c9d9648cc8d4ebd99cec690cf87de9e" candidate_term: 2 candidate_status { last_received { term: 1 index: 4 } } ignore_live_leader: true dest_uuid: "cb359dbe91054ae09bd3ec42ec64b732"
I20260710 11:00:34.259961 19675 tablet_service.cc:1917] Received RequestConsensusVote() RPC: tablet_id: "c44dc84ce0dd4dc69ad463ee63cf93c3" candidate_uuid: "5c9d9648cc8d4ebd99cec690cf87de9e" candidate_term: 2 candidate_status { last_received { term: 1 index: 4 } } ignore_live_leader: true dest_uuid: "0fd72882514c43feb04d68ce911f9265"
I20260710 11:00:34.260460 19527 raft_consensus.cc:3060] T c44dc84ce0dd4dc69ad463ee63cf93c3 P cb359dbe91054ae09bd3ec42ec64b732 [term 1 FOLLOWER]: Advancing to term 2
I20260710 11:00:34.260804 19675 raft_consensus.cc:3055] T c44dc84ce0dd4dc69ad463ee63cf93c3 P 0fd72882514c43feb04d68ce911f9265 [term 1 LEADER]: Stepping down as leader of term 1
I20260710 11:00:34.262835 19675 raft_consensus.cc:740] T c44dc84ce0dd4dc69ad463ee63cf93c3 P 0fd72882514c43feb04d68ce911f9265 [term 1 LEADER]: Becoming Follower/Learner. State: Replica: 0fd72882514c43feb04d68ce911f9265, State: Running, Role: LEADER
I20260710 11:00:34.263792 19675 consensus_queue.cc:260] T c44dc84ce0dd4dc69ad463ee63cf93c3 P 0fd72882514c43feb04d68ce911f9265 [NON_LEADER]: Queue going to NON_LEADER mode. State: All replicated index: 0, Majority replicated index: 4, Committed index: 4, Last appended: 1.4, Last appended by leader: 4, Current term: 1, Majority size: -1, State: 0, Mode: NON_LEADER, active raft config: opid_index: 4 OBSOLETE_local: false peers { permanent_uuid: "cb359dbe91054ae09bd3ec42ec64b732" member_type: VOTER last_known_addr { host: "127.17.252.193" port: 46223 } } peers { permanent_uuid: "0fd72882514c43feb04d68ce911f9265" member_type: VOTER last_known_addr { host: "127.17.252.195" port: 40703 } } peers { permanent_uuid: "5c9d9648cc8d4ebd99cec690cf87de9e" member_type: VOTER last_known_addr { host: "127.17.252.196" port: 36971 } attrs { promote: false } }
I20260710 11:00:34.265036 19675 raft_consensus.cc:3060] T c44dc84ce0dd4dc69ad463ee63cf93c3 P 0fd72882514c43feb04d68ce911f9265 [term 1 FOLLOWER]: Advancing to term 2
I20260710 11:00:34.266307 19426 catalog_manager.cc:5697] T ef89d0b9508b40be995184fa7790e635 P cb359dbe91054ae09bd3ec42ec64b732 reported cstate change: term changed from 1 to 2, leader changed from 0fd72882514c43feb04d68ce911f9265 (127.17.252.195) to cb359dbe91054ae09bd3ec42ec64b732 (127.17.252.193). New cstate: current_term: 2 leader_uuid: "cb359dbe91054ae09bd3ec42ec64b732" committed_config { opid_index: -1 OBSOLETE_local: false peers { permanent_uuid: "cb359dbe91054ae09bd3ec42ec64b732" member_type: VOTER last_known_addr { host: "127.17.252.193" port: 46223 } health_report { overall_health: HEALTHY } } peers { permanent_uuid: "29f6d6011d3d45d29265c1e48a1fdc20" member_type: VOTER last_known_addr { host: "127.17.252.194" port: 43251 } health_report { overall_health: UNKNOWN } } peers { permanent_uuid: "0fd72882514c43feb04d68ce911f9265" member_type: VOTER last_known_addr { host: "127.17.252.195" port: 40703 } health_report { overall_health: UNKNOWN } } }
I20260710 11:00:34.267215 19527 raft_consensus.cc:2468] T c44dc84ce0dd4dc69ad463ee63cf93c3 P cb359dbe91054ae09bd3ec42ec64b732 [term 2 FOLLOWER]: Leader election vote request: Granting yes vote for candidate 5c9d9648cc8d4ebd99cec690cf87de9e in term 2.
I20260710 11:00:34.268762 19925 leader_election.cc:304] T c44dc84ce0dd4dc69ad463ee63cf93c3 P 5c9d9648cc8d4ebd99cec690cf87de9e [CANDIDATE]: Term 2 election: Election decided. Result: candidate won. Election summary: received 2 responses out of 3 voters: 2 yes votes; 0 no votes. yes voters: 5c9d9648cc8d4ebd99cec690cf87de9e, cb359dbe91054ae09bd3ec42ec64b732; no voters: 
I20260710 11:00:34.271059 20307 raft_consensus.cc:2804] T c44dc84ce0dd4dc69ad463ee63cf93c3 P 5c9d9648cc8d4ebd99cec690cf87de9e [term 2 FOLLOWER]: Leader election won for term 2
I20260710 11:00:34.271811 19675 raft_consensus.cc:2468] T c44dc84ce0dd4dc69ad463ee63cf93c3 P 0fd72882514c43feb04d68ce911f9265 [term 2 FOLLOWER]: Leader election vote request: Granting yes vote for candidate 5c9d9648cc8d4ebd99cec690cf87de9e in term 2.
I20260710 11:00:34.273218 20307 raft_consensus.cc:697] T c44dc84ce0dd4dc69ad463ee63cf93c3 P 5c9d9648cc8d4ebd99cec690cf87de9e [term 2 LEADER]: Becoming Leader. State: Replica: 5c9d9648cc8d4ebd99cec690cf87de9e, State: Running, Role: LEADER
I20260710 11:00:34.274219 20307 consensus_queue.cc:237] T c44dc84ce0dd4dc69ad463ee63cf93c3 P 5c9d9648cc8d4ebd99cec690cf87de9e [LEADER]: Queue going to LEADER mode. State: All replicated index: 0, Majority replicated index: 4, Committed index: 4, Last appended: 1.4, Last appended by leader: 4, Current term: 2, Majority size: 2, State: 0, Mode: LEADER, active raft config: opid_index: 4 OBSOLETE_local: false peers { permanent_uuid: "cb359dbe91054ae09bd3ec42ec64b732" member_type: VOTER last_known_addr { host: "127.17.252.193" port: 46223 } } peers { permanent_uuid: "0fd72882514c43feb04d68ce911f9265" member_type: VOTER last_known_addr { host: "127.17.252.195" port: 40703 } } peers { permanent_uuid: "5c9d9648cc8d4ebd99cec690cf87de9e" member_type: VOTER last_known_addr { host: "127.17.252.196" port: 36971 } attrs { promote: false } }
I20260710 11:00:34.283915 19426 catalog_manager.cc:5697] T c44dc84ce0dd4dc69ad463ee63cf93c3 P 5c9d9648cc8d4ebd99cec690cf87de9e reported cstate change: term changed from 1 to 2, leader changed from 0fd72882514c43feb04d68ce911f9265 (127.17.252.195) to 5c9d9648cc8d4ebd99cec690cf87de9e (127.17.252.196). New cstate: current_term: 2 leader_uuid: "5c9d9648cc8d4ebd99cec690cf87de9e" committed_config { opid_index: 4 OBSOLETE_local: false peers { permanent_uuid: "cb359dbe91054ae09bd3ec42ec64b732" member_type: VOTER last_known_addr { host: "127.17.252.193" port: 46223 } health_report { overall_health: UNKNOWN } } peers { permanent_uuid: "0fd72882514c43feb04d68ce911f9265" member_type: VOTER last_known_addr { host: "127.17.252.195" port: 40703 } health_report { overall_health: UNKNOWN } } peers { permanent_uuid: "5c9d9648cc8d4ebd99cec690cf87de9e" member_type: VOTER last_known_addr { host: "127.17.252.196" port: 36971 } attrs { promote: false } health_report { overall_health: HEALTHY } } }
I20260710 11:00:34.376739 20304 raft_consensus.cc:993] T 6b9a1bdce79b45bf9c558200b7c2eb3f P 0fd72882514c43feb04d68ce911f9265: : Instructing follower 5c9d9648cc8d4ebd99cec690cf87de9e to start an election
I20260710 11:00:34.377298 20268 raft_consensus.cc:1081] T 6b9a1bdce79b45bf9c558200b7c2eb3f P 0fd72882514c43feb04d68ce911f9265 [term 1 LEADER]: Signalling peer 5c9d9648cc8d4ebd99cec690cf87de9e to start an election
I20260710 11:00:34.379006 19959 tablet_service.cc:2044] Received Run Leader Election RPC: tablet_id: "6b9a1bdce79b45bf9c558200b7c2eb3f"
dest_uuid: "5c9d9648cc8d4ebd99cec690cf87de9e"
 from {username='slave'} at 127.0.0.1:52628
I20260710 11:00:34.379554 19959 raft_consensus.cc:493] T 6b9a1bdce79b45bf9c558200b7c2eb3f P 5c9d9648cc8d4ebd99cec690cf87de9e [term 1 FOLLOWER]: Starting forced leader election (received explicit request)
I20260710 11:00:34.379932 19959 raft_consensus.cc:3060] T 6b9a1bdce79b45bf9c558200b7c2eb3f P 5c9d9648cc8d4ebd99cec690cf87de9e [term 1 FOLLOWER]: Advancing to term 2
I20260710 11:00:34.384773 19959 raft_consensus.cc:515] T 6b9a1bdce79b45bf9c558200b7c2eb3f P 5c9d9648cc8d4ebd99cec690cf87de9e [term 2 FOLLOWER]: Starting forced leader election with config: opid_index: 4 OBSOLETE_local: false peers { permanent_uuid: "0fd72882514c43feb04d68ce911f9265" member_type: VOTER last_known_addr { host: "127.17.252.195" port: 40703 } } peers { permanent_uuid: "cb359dbe91054ae09bd3ec42ec64b732" member_type: VOTER last_known_addr { host: "127.17.252.193" port: 46223 } } peers { permanent_uuid: "5c9d9648cc8d4ebd99cec690cf87de9e" member_type: VOTER last_known_addr { host: "127.17.252.196" port: 36971 } attrs { promote: false } }
I20260710 11:00:34.386552 19959 leader_election.cc:290] T 6b9a1bdce79b45bf9c558200b7c2eb3f P 5c9d9648cc8d4ebd99cec690cf87de9e [CANDIDATE]: Term 2 election: Requested vote from peers 0fd72882514c43feb04d68ce911f9265 (127.17.252.195:40703), cb359dbe91054ae09bd3ec42ec64b732 (127.17.252.193:46223)
I20260710 11:00:34.387151 19675 tablet_service.cc:1917] Received RequestConsensusVote() RPC: tablet_id: "6b9a1bdce79b45bf9c558200b7c2eb3f" candidate_uuid: "5c9d9648cc8d4ebd99cec690cf87de9e" candidate_term: 2 candidate_status { last_received { term: 1 index: 4 } } ignore_live_leader: true dest_uuid: "0fd72882514c43feb04d68ce911f9265"
I20260710 11:00:34.387655 19527 tablet_service.cc:1917] Received RequestConsensusVote() RPC: tablet_id: "6b9a1bdce79b45bf9c558200b7c2eb3f" candidate_uuid: "5c9d9648cc8d4ebd99cec690cf87de9e" candidate_term: 2 candidate_status { last_received { term: 1 index: 4 } } ignore_live_leader: true dest_uuid: "cb359dbe91054ae09bd3ec42ec64b732"
I20260710 11:00:34.387818 19675 raft_consensus.cc:3055] T 6b9a1bdce79b45bf9c558200b7c2eb3f P 0fd72882514c43feb04d68ce911f9265 [term 1 LEADER]: Stepping down as leader of term 1
I20260710 11:00:34.388402 19527 raft_consensus.cc:3060] T 6b9a1bdce79b45bf9c558200b7c2eb3f P cb359dbe91054ae09bd3ec42ec64b732 [term 1 FOLLOWER]: Advancing to term 2
I20260710 11:00:34.388602 19675 raft_consensus.cc:740] T 6b9a1bdce79b45bf9c558200b7c2eb3f P 0fd72882514c43feb04d68ce911f9265 [term 1 LEADER]: Becoming Follower/Learner. State: Replica: 0fd72882514c43feb04d68ce911f9265, State: Running, Role: LEADER
I20260710 11:00:34.389374 19675 consensus_queue.cc:260] T 6b9a1bdce79b45bf9c558200b7c2eb3f P 0fd72882514c43feb04d68ce911f9265 [NON_LEADER]: Queue going to NON_LEADER mode. State: All replicated index: 0, Majority replicated index: 4, Committed index: 4, Last appended: 1.4, Last appended by leader: 4, Current term: 1, Majority size: -1, State: 0, Mode: NON_LEADER, active raft config: opid_index: 4 OBSOLETE_local: false peers { permanent_uuid: "0fd72882514c43feb04d68ce911f9265" member_type: VOTER last_known_addr { host: "127.17.252.195" port: 40703 } } peers { permanent_uuid: "cb359dbe91054ae09bd3ec42ec64b732" member_type: VOTER last_known_addr { host: "127.17.252.193" port: 46223 } } peers { permanent_uuid: "5c9d9648cc8d4ebd99cec690cf87de9e" member_type: VOTER last_known_addr { host: "127.17.252.196" port: 36971 } attrs { promote: false } }
I20260710 11:00:34.390333 19675 raft_consensus.cc:3060] T 6b9a1bdce79b45bf9c558200b7c2eb3f P 0fd72882514c43feb04d68ce911f9265 [term 1 FOLLOWER]: Advancing to term 2
I20260710 11:00:34.393205 19527 raft_consensus.cc:2468] T 6b9a1bdce79b45bf9c558200b7c2eb3f P cb359dbe91054ae09bd3ec42ec64b732 [term 2 FOLLOWER]: Leader election vote request: Granting yes vote for candidate 5c9d9648cc8d4ebd99cec690cf87de9e in term 2.
I20260710 11:00:34.394316 19925 leader_election.cc:304] T 6b9a1bdce79b45bf9c558200b7c2eb3f P 5c9d9648cc8d4ebd99cec690cf87de9e [CANDIDATE]: Term 2 election: Election decided. Result: candidate won. Election summary: received 2 responses out of 3 voters: 2 yes votes; 0 no votes. yes voters: 5c9d9648cc8d4ebd99cec690cf87de9e, cb359dbe91054ae09bd3ec42ec64b732; no voters: 
I20260710 11:00:34.395172 20307 raft_consensus.cc:2804] T 6b9a1bdce79b45bf9c558200b7c2eb3f P 5c9d9648cc8d4ebd99cec690cf87de9e [term 2 FOLLOWER]: Leader election won for term 2
I20260710 11:00:34.395329 19675 raft_consensus.cc:2468] T 6b9a1bdce79b45bf9c558200b7c2eb3f P 0fd72882514c43feb04d68ce911f9265 [term 2 FOLLOWER]: Leader election vote request: Granting yes vote for candidate 5c9d9648cc8d4ebd99cec690cf87de9e in term 2.
I20260710 11:00:34.395696 20307 raft_consensus.cc:697] T 6b9a1bdce79b45bf9c558200b7c2eb3f P 5c9d9648cc8d4ebd99cec690cf87de9e [term 2 LEADER]: Becoming Leader. State: Replica: 5c9d9648cc8d4ebd99cec690cf87de9e, State: Running, Role: LEADER
I20260710 11:00:34.396649 20307 consensus_queue.cc:237] T 6b9a1bdce79b45bf9c558200b7c2eb3f P 5c9d9648cc8d4ebd99cec690cf87de9e [LEADER]: Queue going to LEADER mode. State: All replicated index: 0, Majority replicated index: 4, Committed index: 4, Last appended: 1.4, Last appended by leader: 4, Current term: 2, Majority size: 2, State: 0, Mode: LEADER, active raft config: opid_index: 4 OBSOLETE_local: false peers { permanent_uuid: "0fd72882514c43feb04d68ce911f9265" member_type: VOTER last_known_addr { host: "127.17.252.195" port: 40703 } } peers { permanent_uuid: "cb359dbe91054ae09bd3ec42ec64b732" member_type: VOTER last_known_addr { host: "127.17.252.193" port: 46223 } } peers { permanent_uuid: "5c9d9648cc8d4ebd99cec690cf87de9e" member_type: VOTER last_known_addr { host: "127.17.252.196" port: 36971 } attrs { promote: false } }
I20260710 11:00:34.406018 19426 catalog_manager.cc:5697] T 6b9a1bdce79b45bf9c558200b7c2eb3f P 5c9d9648cc8d4ebd99cec690cf87de9e reported cstate change: term changed from 1 to 2, leader changed from 0fd72882514c43feb04d68ce911f9265 (127.17.252.195) to 5c9d9648cc8d4ebd99cec690cf87de9e (127.17.252.196). New cstate: current_term: 2 leader_uuid: "5c9d9648cc8d4ebd99cec690cf87de9e" committed_config { opid_index: 4 OBSOLETE_local: false peers { permanent_uuid: "0fd72882514c43feb04d68ce911f9265" member_type: VOTER last_known_addr { host: "127.17.252.195" port: 40703 } health_report { overall_health: UNKNOWN } } peers { permanent_uuid: "cb359dbe91054ae09bd3ec42ec64b732" member_type: VOTER last_known_addr { host: "127.17.252.193" port: 46223 } health_report { overall_health: UNKNOWN } } peers { permanent_uuid: "5c9d9648cc8d4ebd99cec690cf87de9e" member_type: VOTER last_known_addr { host: "127.17.252.196" port: 36971 } attrs { promote: false } health_report { overall_health: HEALTHY } } }
I20260710 11:00:34.408821 20304 raft_consensus.cc:993] T e51b34a561104bb7a206d9a0eeffbb4d P 0fd72882514c43feb04d68ce911f9265: : Instructing follower cb359dbe91054ae09bd3ec42ec64b732 to start an election
I20260710 11:00:34.409423 20268 raft_consensus.cc:1081] T e51b34a561104bb7a206d9a0eeffbb4d P 0fd72882514c43feb04d68ce911f9265 [term 1 LEADER]: Signalling peer cb359dbe91054ae09bd3ec42ec64b732 to start an election
I20260710 11:00:34.411015 19527 tablet_service.cc:2044] Received Run Leader Election RPC: tablet_id: "e51b34a561104bb7a206d9a0eeffbb4d"
dest_uuid: "cb359dbe91054ae09bd3ec42ec64b732"
 from {username='slave'} at 127.0.0.1:38004
I20260710 11:00:34.411582 19527 raft_consensus.cc:493] T e51b34a561104bb7a206d9a0eeffbb4d P cb359dbe91054ae09bd3ec42ec64b732 [term 1 FOLLOWER]: Starting forced leader election (received explicit request)
I20260710 11:00:34.411904 19527 raft_consensus.cc:3060] T e51b34a561104bb7a206d9a0eeffbb4d P cb359dbe91054ae09bd3ec42ec64b732 [term 1 FOLLOWER]: Advancing to term 2
I20260710 11:00:34.417441 19527 raft_consensus.cc:515] T e51b34a561104bb7a206d9a0eeffbb4d P cb359dbe91054ae09bd3ec42ec64b732 [term 2 FOLLOWER]: Starting forced leader election with config: opid_index: -1 OBSOLETE_local: false peers { permanent_uuid: "cb359dbe91054ae09bd3ec42ec64b732" member_type: VOTER last_known_addr { host: "127.17.252.193" port: 46223 } } peers { permanent_uuid: "29f6d6011d3d45d29265c1e48a1fdc20" member_type: VOTER last_known_addr { host: "127.17.252.194" port: 43251 } } peers { permanent_uuid: "0fd72882514c43feb04d68ce911f9265" member_type: VOTER last_known_addr { host: "127.17.252.195" port: 40703 } }
I20260710 11:00:34.418889 19527 leader_election.cc:290] T e51b34a561104bb7a206d9a0eeffbb4d P cb359dbe91054ae09bd3ec42ec64b732 [CANDIDATE]: Term 2 election: Requested vote from peers 29f6d6011d3d45d29265c1e48a1fdc20 (127.17.252.194:43251), 0fd72882514c43feb04d68ce911f9265 (127.17.252.195:40703)
