I20260710 11:00:10.386574  6493 raft_consensus.cc:740] T 0bf586239589453aaa8f24087d45a63b P 3713080794684241a8cdd6d2224ad2ab [term 0 FOLLOWER]: Becoming Follower/Learner. State: Replica: 3713080794684241a8cdd6d2224ad2ab, State: Initialized, Role: FOLLOWER
W20260710 11:00:10.386641  6342 leader_election.cc:343] T 0a2de8726b8c4785805a41fd6d0ec20b P 84d8fbb5654b4067b91b21992a69d891 [CANDIDATE]: Term 1 pre-election: Tablet error from VoteRequest() call to peer 3713080794684241a8cdd6d2224ad2ab (127.5.17.193:32915): Illegal state: must be running to vote when last-logged opid is not known
I20260710 11:00:10.386139  6494 raft_consensus.cc:359] T 25044de8c7e6496fa489d56dcb2e1908 P 4d5b1b31858247439e781e15836aa862 [term 0 FOLLOWER]: Replica starting. Triggering 0 pending ops. Active config: opid_index: -1 OBSOLETE_local: false peers { permanent_uuid: "3713080794684241a8cdd6d2224ad2ab" member_type: VOTER last_known_addr { host: "127.5.17.193" port: 32915 } } peers { permanent_uuid: "84d8fbb5654b4067b91b21992a69d891" member_type: VOTER last_known_addr { host: "127.5.17.194" port: 40821 } } peers { permanent_uuid: "4d5b1b31858247439e781e15836aa862" member_type: VOTER last_known_addr { host: "127.5.17.195" port: 33355 } }
I20260710 11:00:10.387279  6494 raft_consensus.cc:385] T 25044de8c7e6496fa489d56dcb2e1908 P 4d5b1b31858247439e781e15836aa862 [term 0 FOLLOWER]: Consensus starting up: Expiring failure detector timer to make a prompt election more likely
I20260710 11:00:10.387637  6494 raft_consensus.cc:740] T 25044de8c7e6496fa489d56dcb2e1908 P 4d5b1b31858247439e781e15836aa862 [term 0 FOLLOWER]: Becoming Follower/Learner. State: Replica: 4d5b1b31858247439e781e15836aa862, State: Initialized, Role: FOLLOWER
I20260710 11:00:10.389042  6452 tablet_service.cc:1917] Received RequestConsensusVote() RPC: tablet_id: "0a2de8726b8c4785805a41fd6d0ec20b" candidate_uuid: "84d8fbb5654b4067b91b21992a69d891" candidate_term: 1 candidate_status { last_received { term: 0 index: 0 } } ignore_live_leader: false dest_uuid: "4d5b1b31858247439e781e15836aa862" is_pre_election: true
I20260710 11:00:10.389803  6452 raft_consensus.cc:2468] T 0a2de8726b8c4785805a41fd6d0ec20b P 4d5b1b31858247439e781e15836aa862 [term 0 FOLLOWER]: Leader pre-election vote request: Granting yes vote for candidate 84d8fbb5654b4067b91b21992a69d891 in term 0.
I20260710 11:00:10.391345  6345 leader_election.cc:304] T 0a2de8726b8c4785805a41fd6d0ec20b P 84d8fbb5654b4067b91b21992a69d891 [CANDIDATE]: Term 1 pre-election: Election decided. Result: candidate won. Election summary: received 3 responses out of 3 voters: 2 yes votes; 1 no votes. yes voters: 4d5b1b31858247439e781e15836aa862, 84d8fbb5654b4067b91b21992a69d891; no voters: 3713080794684241a8cdd6d2224ad2ab
I20260710 11:00:10.391386  6493 consensus_queue.cc:260] T 0bf586239589453aaa8f24087d45a63b P 3713080794684241a8cdd6d2224ad2ab [NON_LEADER]: Queue going to NON_LEADER mode. State: All replicated index: 0, Majority replicated index: 0, Committed index: 0, Last appended: 0.0, Last appended by leader: 0, Current term: 0, Majority size: -1, State: 0, Mode: NON_LEADER, active raft config: opid_index: -1 OBSOLETE_local: false peers { permanent_uuid: "3713080794684241a8cdd6d2224ad2ab" member_type: VOTER last_known_addr { host: "127.5.17.193" port: 32915 } } peers { permanent_uuid: "84d8fbb5654b4067b91b21992a69d891" member_type: VOTER last_known_addr { host: "127.5.17.194" port: 40821 } } peers { permanent_uuid: "4d5b1b31858247439e781e15836aa862" member_type: VOTER last_known_addr { host: "127.5.17.195" port: 33355 } }
I20260710 11:00:10.392869  6534 raft_consensus.cc:2804] T 0a2de8726b8c4785805a41fd6d0ec20b P 84d8fbb5654b4067b91b21992a69d891 [term 0 FOLLOWER]: Leader pre-election won for term 1
I20260710 11:00:10.393347  6534 raft_consensus.cc:493] T 0a2de8726b8c4785805a41fd6d0ec20b P 84d8fbb5654b4067b91b21992a69d891 [term 0 FOLLOWER]: Starting leader election (no leader contacted us within the election timeout)
I20260710 11:00:10.393745  6534 raft_consensus.cc:3060] T 0a2de8726b8c4785805a41fd6d0ec20b P 84d8fbb5654b4067b91b21992a69d891 [term 0 FOLLOWER]: Advancing to term 1
I20260710 11:00:10.394135  6493 ts_tablet_manager.cc:1434] T 0bf586239589453aaa8f24087d45a63b P 3713080794684241a8cdd6d2224ad2ab: Time spent starting tablet: real 0.016s	user 0.008s	sys 0.000s
I20260710 11:00:10.393090  6524 raft_consensus.cc:515] T 02bf914f063047589665cf99b14770ac P 3713080794684241a8cdd6d2224ad2ab [term 1 FOLLOWER]: Starting leader election with config: opid_index: -1 OBSOLETE_local: false peers { permanent_uuid: "3713080794684241a8cdd6d2224ad2ab" member_type: VOTER last_known_addr { host: "127.5.17.193" port: 32915 } } peers { permanent_uuid: "84d8fbb5654b4067b91b21992a69d891" member_type: VOTER last_known_addr { host: "127.5.17.194" port: 40821 } } peers { permanent_uuid: "4d5b1b31858247439e781e15836aa862" member_type: VOTER last_known_addr { host: "127.5.17.195" port: 33355 } }
I20260710 11:00:10.401347  6524 leader_election.cc:290] T 02bf914f063047589665cf99b14770ac P 3713080794684241a8cdd6d2224ad2ab [CANDIDATE]: Term 1 election: Requested vote from peers 84d8fbb5654b4067b91b21992a69d891 (127.5.17.194:40821), 4d5b1b31858247439e781e15836aa862 (127.5.17.195:33355)
I20260710 11:00:10.403053  6452 tablet_service.cc:1917] Received RequestConsensusVote() RPC: tablet_id: "02bf914f063047589665cf99b14770ac" candidate_uuid: "3713080794684241a8cdd6d2224ad2ab" candidate_term: 1 candidate_status { last_received { term: 0 index: 0 } } ignore_live_leader: false dest_uuid: "4d5b1b31858247439e781e15836aa862"
I20260710 11:00:10.403751  6452 raft_consensus.cc:3060] T 02bf914f063047589665cf99b14770ac P 4d5b1b31858247439e781e15836aa862 [term 0 FOLLOWER]: Advancing to term 1
I20260710 11:00:10.402985  6378 tablet_service.cc:1917] Received RequestConsensusVote() RPC: tablet_id: "02bf914f063047589665cf99b14770ac" candidate_uuid: "3713080794684241a8cdd6d2224ad2ab" candidate_term: 1 candidate_status { last_received { term: 0 index: 0 } } ignore_live_leader: false dest_uuid: "84d8fbb5654b4067b91b21992a69d891"
I20260710 11:00:10.403394  6494 consensus_queue.cc:260] T 25044de8c7e6496fa489d56dcb2e1908 P 4d5b1b31858247439e781e15836aa862 [NON_LEADER]: Queue going to NON_LEADER mode. State: All replicated index: 0, Majority replicated index: 0, Committed index: 0, Last appended: 0.0, Last appended by leader: 0, Current term: 0, Majority size: -1, State: 0, Mode: NON_LEADER, active raft config: opid_index: -1 OBSOLETE_local: false peers { permanent_uuid: "3713080794684241a8cdd6d2224ad2ab" member_type: VOTER last_known_addr { host: "127.5.17.193" port: 32915 } } peers { permanent_uuid: "84d8fbb5654b4067b91b21992a69d891" member_type: VOTER last_known_addr { host: "127.5.17.194" port: 40821 } } peers { permanent_uuid: "4d5b1b31858247439e781e15836aa862" member_type: VOTER last_known_addr { host: "127.5.17.195" port: 33355 } }
I20260710 11:00:10.402294  6534 raft_consensus.cc:515] T 0a2de8726b8c4785805a41fd6d0ec20b P 84d8fbb5654b4067b91b21992a69d891 [term 1 FOLLOWER]: Starting leader election with config: opid_index: -1 OBSOLETE_local: false peers { permanent_uuid: "3713080794684241a8cdd6d2224ad2ab" member_type: VOTER last_known_addr { host: "127.5.17.193" port: 32915 } } peers { permanent_uuid: "84d8fbb5654b4067b91b21992a69d891" member_type: VOTER last_known_addr { host: "127.5.17.194" port: 40821 } } peers { permanent_uuid: "4d5b1b31858247439e781e15836aa862" member_type: VOTER last_known_addr { host: "127.5.17.195" port: 33355 } }
I20260710 11:00:10.404995  6495 tablet_bootstrap.cc:492] T 4dc0a3ba4f1a4549a2d3315fe68d4ff2 P 84d8fbb5654b4067b91b21992a69d891: No bootstrap required, opened a new log
W20260710 11:00:10.404968  6270 leader_election.cc:343] T 02bf914f063047589665cf99b14770ac P 3713080794684241a8cdd6d2224ad2ab [CANDIDATE]: Term 1 election: Tablet error from VoteRequest() call to peer 84d8fbb5654b4067b91b21992a69d891 (127.5.17.194:40821): Illegal state: must be running to vote when last-logged opid is not known
I20260710 11:00:10.405589  6495 ts_tablet_manager.cc:1403] T 4dc0a3ba4f1a4549a2d3315fe68d4ff2 P 84d8fbb5654b4067b91b21992a69d891: Time spent bootstrapping tablet: real 0.055s	user 0.013s	sys 0.012s
I20260710 11:00:10.407147  6303 tablet_service.cc:1917] Received RequestConsensusVote() RPC: tablet_id: "0a2de8726b8c4785805a41fd6d0ec20b" candidate_uuid: "84d8fbb5654b4067b91b21992a69d891" candidate_term: 1 candidate_status { last_received { term: 0 index: 0 } } ignore_live_leader: false dest_uuid: "3713080794684241a8cdd6d2224ad2ab"
I20260710 11:00:10.407366  6451 tablet_service.cc:1917] Received RequestConsensusVote() RPC: tablet_id: "0a2de8726b8c4785805a41fd6d0ec20b" candidate_uuid: "84d8fbb5654b4067b91b21992a69d891" candidate_term: 1 candidate_status { last_received { term: 0 index: 0 } } ignore_live_leader: false dest_uuid: "4d5b1b31858247439e781e15836aa862"
I20260710 11:00:10.407905  6451 raft_consensus.cc:3060] T 0a2de8726b8c4785805a41fd6d0ec20b P 4d5b1b31858247439e781e15836aa862 [term 0 FOLLOWER]: Advancing to term 1
W20260710 11:00:10.408738  6342 leader_election.cc:343] T 0a2de8726b8c4785805a41fd6d0ec20b P 84d8fbb5654b4067b91b21992a69d891 [CANDIDATE]: Term 1 election: Tablet error from VoteRequest() call to peer 3713080794684241a8cdd6d2224ad2ab (127.5.17.193:32915): Illegal state: must be running to vote when last-logged opid is not known
I20260710 11:00:10.410729  6494 ts_tablet_manager.cc:1434] T 25044de8c7e6496fa489d56dcb2e1908 P 4d5b1b31858247439e781e15836aa862: Time spent starting tablet: real 0.033s	user 0.007s	sys 0.001s
I20260710 11:00:10.411631  6494 tablet_bootstrap.cc:492] T 4dc0a3ba4f1a4549a2d3315fe68d4ff2 P 4d5b1b31858247439e781e15836aa862: Bootstrap starting.
I20260710 11:00:10.412428  6452 raft_consensus.cc:2468] T 02bf914f063047589665cf99b14770ac P 4d5b1b31858247439e781e15836aa862 [term 1 FOLLOWER]: Leader election vote request: Granting yes vote for candidate 3713080794684241a8cdd6d2224ad2ab in term 1.
I20260710 11:00:10.395196  6493 tablet_bootstrap.cc:492] T 25044de8c7e6496fa489d56dcb2e1908 P 3713080794684241a8cdd6d2224ad2ab: Bootstrap starting.
I20260710 11:00:10.415747  6451 raft_consensus.cc:2468] T 0a2de8726b8c4785805a41fd6d0ec20b P 4d5b1b31858247439e781e15836aa862 [term 1 FOLLOWER]: Leader election vote request: Granting yes vote for candidate 84d8fbb5654b4067b91b21992a69d891 in term 1.
I20260710 11:00:10.416601  6534 leader_election.cc:290] T 0a2de8726b8c4785805a41fd6d0ec20b P 84d8fbb5654b4067b91b21992a69d891 [CANDIDATE]: Term 1 election: Requested vote from peers 3713080794684241a8cdd6d2224ad2ab (127.5.17.193:32915), 4d5b1b31858247439e781e15836aa862 (127.5.17.195:33355)
I20260710 11:00:10.416885  6345 leader_election.cc:304] T 0a2de8726b8c4785805a41fd6d0ec20b P 84d8fbb5654b4067b91b21992a69d891 [CANDIDATE]: Term 1 election: Election decided. Result: candidate won. Election summary: received 3 responses out of 3 voters: 2 yes votes; 1 no votes. yes voters: 4d5b1b31858247439e781e15836aa862, 84d8fbb5654b4067b91b21992a69d891; no voters: 3713080794684241a8cdd6d2224ad2ab
I20260710 11:00:10.417642  6534 raft_consensus.cc:2804] T 0a2de8726b8c4785805a41fd6d0ec20b P 84d8fbb5654b4067b91b21992a69d891 [term 1 FOLLOWER]: Leader election won for term 1
I20260710 11:00:10.418104  6534 raft_consensus.cc:697] T 0a2de8726b8c4785805a41fd6d0ec20b P 84d8fbb5654b4067b91b21992a69d891 [term 1 LEADER]: Becoming Leader. State: Replica: 84d8fbb5654b4067b91b21992a69d891, State: Running, Role: LEADER
I20260710 11:00:10.418424  6270 leader_election.cc:304] T 02bf914f063047589665cf99b14770ac P 3713080794684241a8cdd6d2224ad2ab [CANDIDATE]: Term 1 election: Election decided. Result: candidate won. Election summary: received 3 responses out of 3 voters: 2 yes votes; 1 no votes. yes voters: 3713080794684241a8cdd6d2224ad2ab, 4d5b1b31858247439e781e15836aa862; no voters: 84d8fbb5654b4067b91b21992a69d891
I20260710 11:00:10.418970  6534 consensus_queue.cc:237] T 0a2de8726b8c4785805a41fd6d0ec20b P 84d8fbb5654b4067b91b21992a69d891 [LEADER]: Queue going to LEADER mode. State: All replicated index: 0, Majority replicated index: 0, Committed index: 0, Last appended: 0.0, Last appended by leader: 0, Current term: 1, Majority size: 2, State: 0, Mode: LEADER, active raft config: opid_index: -1 OBSOLETE_local: false peers { permanent_uuid: "3713080794684241a8cdd6d2224ad2ab" member_type: VOTER last_known_addr { host: "127.5.17.193" port: 32915 } } peers { permanent_uuid: "84d8fbb5654b4067b91b21992a69d891" member_type: VOTER last_known_addr { host: "127.5.17.194" port: 40821 } } peers { permanent_uuid: "4d5b1b31858247439e781e15836aa862" member_type: VOTER last_known_addr { host: "127.5.17.195" port: 33355 } }
I20260710 11:00:10.419734  6495 raft_consensus.cc:359] T 4dc0a3ba4f1a4549a2d3315fe68d4ff2 P 84d8fbb5654b4067b91b21992a69d891 [term 0 FOLLOWER]: Replica starting. Triggering 0 pending ops. Active config: opid_index: -1 OBSOLETE_local: false peers { permanent_uuid: "3713080794684241a8cdd6d2224ad2ab" member_type: VOTER last_known_addr { host: "127.5.17.193" port: 32915 } } peers { permanent_uuid: "84d8fbb5654b4067b91b21992a69d891" member_type: VOTER last_known_addr { host: "127.5.17.194" port: 40821 } } peers { permanent_uuid: "4d5b1b31858247439e781e15836aa862" member_type: VOTER last_known_addr { host: "127.5.17.195" port: 33355 } }
I20260710 11:00:10.420429  6495 raft_consensus.cc:385] T 4dc0a3ba4f1a4549a2d3315fe68d4ff2 P 84d8fbb5654b4067b91b21992a69d891 [term 0 FOLLOWER]: Consensus starting up: Expiring failure detector timer to make a prompt election more likely
I20260710 11:00:10.420730  6495 raft_consensus.cc:740] T 4dc0a3ba4f1a4549a2d3315fe68d4ff2 P 84d8fbb5654b4067b91b21992a69d891 [term 0 FOLLOWER]: Becoming Follower/Learner. State: Replica: 84d8fbb5654b4067b91b21992a69d891, State: Initialized, Role: FOLLOWER
I20260710 11:00:10.421502  6495 consensus_queue.cc:260] T 4dc0a3ba4f1a4549a2d3315fe68d4ff2 P 84d8fbb5654b4067b91b21992a69d891 [NON_LEADER]: Queue going to NON_LEADER mode. State: All replicated index: 0, Majority replicated index: 0, Committed index: 0, Last appended: 0.0, Last appended by leader: 0, Current term: 0, Majority size: -1, State: 0, Mode: NON_LEADER, active raft config: opid_index: -1 OBSOLETE_local: false peers { permanent_uuid: "3713080794684241a8cdd6d2224ad2ab" member_type: VOTER last_known_addr { host: "127.5.17.193" port: 32915 } } peers { permanent_uuid: "84d8fbb5654b4067b91b21992a69d891" member_type: VOTER last_known_addr { host: "127.5.17.194" port: 40821 } } peers { permanent_uuid: "4d5b1b31858247439e781e15836aa862" member_type: VOTER last_known_addr { host: "127.5.17.195" port: 33355 } }
I20260710 11:00:10.422662  6494 tablet_bootstrap.cc:654] T 4dc0a3ba4f1a4549a2d3315fe68d4ff2 P 4d5b1b31858247439e781e15836aa862: Neither blocks nor log segments found. Creating new log.
I20260710 11:00:10.424202  6495 ts_tablet_manager.cc:1434] T 4dc0a3ba4f1a4549a2d3315fe68d4ff2 P 84d8fbb5654b4067b91b21992a69d891: Time spent starting tablet: real 0.018s	user 0.006s	sys 0.000s
I20260710 11:00:10.424312  6493 tablet_bootstrap.cc:654] T 25044de8c7e6496fa489d56dcb2e1908 P 3713080794684241a8cdd6d2224ad2ab: Neither blocks nor log segments found. Creating new log.
I20260710 11:00:10.425324  6495 tablet_bootstrap.cc:492] T 02bf914f063047589665cf99b14770ac P 84d8fbb5654b4067b91b21992a69d891: Bootstrap starting.
I20260710 11:00:10.426469  6524 raft_consensus.cc:2804] T 02bf914f063047589665cf99b14770ac P 3713080794684241a8cdd6d2224ad2ab [term 1 FOLLOWER]: Leader election won for term 1
I20260710 11:00:10.427270  6524 raft_consensus.cc:697] T 02bf914f063047589665cf99b14770ac P 3713080794684241a8cdd6d2224ad2ab [term 1 LEADER]: Becoming Leader. State: Replica: 3713080794684241a8cdd6d2224ad2ab, State: Running, Role: LEADER
I20260710 11:00:10.428414  6524 consensus_queue.cc:237] T 02bf914f063047589665cf99b14770ac P 3713080794684241a8cdd6d2224ad2ab [LEADER]: Queue going to LEADER mode. State: All replicated index: 0, Majority replicated index: 0, Committed index: 0, Last appended: 0.0, Last appended by leader: 0, Current term: 1, Majority size: 2, State: 0, Mode: LEADER, active raft config: opid_index: -1 OBSOLETE_local: false peers { permanent_uuid: "3713080794684241a8cdd6d2224ad2ab" member_type: VOTER last_known_addr { host: "127.5.17.193" port: 32915 } } peers { permanent_uuid: "84d8fbb5654b4067b91b21992a69d891" member_type: VOTER last_known_addr { host: "127.5.17.194" port: 40821 } } peers { permanent_uuid: "4d5b1b31858247439e781e15836aa862" member_type: VOTER last_known_addr { host: "127.5.17.195" port: 33355 } }
I20260710 11:00:10.433491  6494 tablet_bootstrap.cc:492] T 4dc0a3ba4f1a4549a2d3315fe68d4ff2 P 4d5b1b31858247439e781e15836aa862: No bootstrap required, opened a new log
I20260710 11:00:10.433913  6495 tablet_bootstrap.cc:654] T 02bf914f063047589665cf99b14770ac P 84d8fbb5654b4067b91b21992a69d891: Neither blocks nor log segments found. Creating new log.
I20260710 11:00:10.434010  6494 ts_tablet_manager.cc:1403] T 4dc0a3ba4f1a4549a2d3315fe68d4ff2 P 4d5b1b31858247439e781e15836aa862: Time spent bootstrapping tablet: real 0.023s	user 0.006s	sys 0.005s
I20260710 11:00:10.434756  6493 tablet_bootstrap.cc:492] T 25044de8c7e6496fa489d56dcb2e1908 P 3713080794684241a8cdd6d2224ad2ab: No bootstrap required, opened a new log
I20260710 11:00:10.435233  6493 ts_tablet_manager.cc:1403] T 25044de8c7e6496fa489d56dcb2e1908 P 3713080794684241a8cdd6d2224ad2ab: Time spent bootstrapping tablet: real 0.040s	user 0.004s	sys 0.007s
I20260710 11:00:10.438822  6493 raft_consensus.cc:359] T 25044de8c7e6496fa489d56dcb2e1908 P 3713080794684241a8cdd6d2224ad2ab [term 0 FOLLOWER]: Replica starting. Triggering 0 pending ops. Active config: opid_index: -1 OBSOLETE_local: false peers { permanent_uuid: "3713080794684241a8cdd6d2224ad2ab" member_type: VOTER last_known_addr { host: "127.5.17.193" port: 32915 } } peers { permanent_uuid: "84d8fbb5654b4067b91b21992a69d891" member_type: VOTER last_known_addr { host: "127.5.17.194" port: 40821 } } peers { permanent_uuid: "4d5b1b31858247439e781e15836aa862" member_type: VOTER last_known_addr { host: "127.5.17.195" port: 33355 } }
I20260710 11:00:10.439658  6493 raft_consensus.cc:385] T 25044de8c7e6496fa489d56dcb2e1908 P 3713080794684241a8cdd6d2224ad2ab [term 0 FOLLOWER]: Consensus starting up: Expiring failure detector timer to make a prompt election more likely
I20260710 11:00:10.439975  6493 raft_consensus.cc:740] T 25044de8c7e6496fa489d56dcb2e1908 P 3713080794684241a8cdd6d2224ad2ab [term 0 FOLLOWER]: Becoming Follower/Learner. State: Replica: 3713080794684241a8cdd6d2224ad2ab, State: Initialized, Role: FOLLOWER
I20260710 11:00:10.442037  6494 raft_consensus.cc:359] T 4dc0a3ba4f1a4549a2d3315fe68d4ff2 P 4d5b1b31858247439e781e15836aa862 [term 0 FOLLOWER]: Replica starting. Triggering 0 pending ops. Active config: opid_index: -1 OBSOLETE_local: false peers { permanent_uuid: "3713080794684241a8cdd6d2224ad2ab" member_type: VOTER last_known_addr { host: "127.5.17.193" port: 32915 } } peers { permanent_uuid: "84d8fbb5654b4067b91b21992a69d891" member_type: VOTER last_known_addr { host: "127.5.17.194" port: 40821 } } peers { permanent_uuid: "4d5b1b31858247439e781e15836aa862" member_type: VOTER last_known_addr { host: "127.5.17.195" port: 33355 } }
I20260710 11:00:10.443133  6494 raft_consensus.cc:385] T 4dc0a3ba4f1a4549a2d3315fe68d4ff2 P 4d5b1b31858247439e781e15836aa862 [term 0 FOLLOWER]: Consensus starting up: Expiring failure detector timer to make a prompt election more likely
I20260710 11:00:10.443509  6494 raft_consensus.cc:740] T 4dc0a3ba4f1a4549a2d3315fe68d4ff2 P 4d5b1b31858247439e781e15836aa862 [term 0 FOLLOWER]: Becoming Follower/Learner. State: Replica: 4d5b1b31858247439e781e15836aa862, State: Initialized, Role: FOLLOWER
I20260710 11:00:10.443832  6493 consensus_queue.cc:260] T 25044de8c7e6496fa489d56dcb2e1908 P 3713080794684241a8cdd6d2224ad2ab [NON_LEADER]: Queue going to NON_LEADER mode. State: All replicated index: 0, Majority replicated index: 0, Committed index: 0, Last appended: 0.0, Last appended by leader: 0, Current term: 0, Majority size: -1, State: 0, Mode: NON_LEADER, active raft config: opid_index: -1 OBSOLETE_local: false peers { permanent_uuid: "3713080794684241a8cdd6d2224ad2ab" member_type: VOTER last_known_addr { host: "127.5.17.193" port: 32915 } } peers { permanent_uuid: "84d8fbb5654b4067b91b21992a69d891" member_type: VOTER last_known_addr { host: "127.5.17.194" port: 40821 } } peers { permanent_uuid: "4d5b1b31858247439e781e15836aa862" member_type: VOTER last_known_addr { host: "127.5.17.195" port: 33355 } }
I20260710 11:00:10.444653  6536 raft_consensus.cc:493] T 5d27fac2f99645b4b2a6424bc5524534 P 4d5b1b31858247439e781e15836aa862 [term 0 FOLLOWER]: Starting pre-election (no leader contacted us within the election timeout)
I20260710 11:00:10.445369  6536 raft_consensus.cc:515] T 5d27fac2f99645b4b2a6424bc5524534 P 4d5b1b31858247439e781e15836aa862 [term 0 FOLLOWER]: Starting pre-election with config: opid_index: -1 OBSOLETE_local: false peers { permanent_uuid: "3713080794684241a8cdd6d2224ad2ab" member_type: VOTER last_known_addr { host: "127.5.17.193" port: 32915 } } peers { permanent_uuid: "84d8fbb5654b4067b91b21992a69d891" member_type: VOTER last_known_addr { host: "127.5.17.194" port: 40821 } } peers { permanent_uuid: "4d5b1b31858247439e781e15836aa862" member_type: VOTER last_known_addr { host: "127.5.17.195" port: 33355 } }
I20260710 11:00:10.446724  6493 ts_tablet_manager.cc:1434] T 25044de8c7e6496fa489d56dcb2e1908 P 3713080794684241a8cdd6d2224ad2ab: Time spent starting tablet: real 0.011s	user 0.009s	sys 0.000s
I20260710 11:00:10.447921  6493 tablet_bootstrap.cc:492] T 75237988f375424aa39ddce8f5816054 P 3713080794684241a8cdd6d2224ad2ab: Bootstrap starting.
I20260710 11:00:10.449834  6303 tablet_service.cc:1917] Received RequestConsensusVote() RPC: tablet_id: "5d27fac2f99645b4b2a6424bc5524534" candidate_uuid: "4d5b1b31858247439e781e15836aa862" candidate_term: 1 candidate_status { last_received { term: 0 index: 0 } } ignore_live_leader: false dest_uuid: "3713080794684241a8cdd6d2224ad2ab" is_pre_election: true
W20260710 11:00:10.451887  6416 leader_election.cc:343] T 5d27fac2f99645b4b2a6424bc5524534 P 4d5b1b31858247439e781e15836aa862 [CANDIDATE]: Term 1 pre-election: Tablet error from VoteRequest() call to peer 3713080794684241a8cdd6d2224ad2ab (127.5.17.193:32915): Illegal state: must be running to vote when last-logged opid is not known
I20260710 11:00:10.453332  6536 leader_election.cc:290] T 5d27fac2f99645b4b2a6424bc5524534 P 4d5b1b31858247439e781e15836aa862 [CANDIDATE]: Term 1 pre-election: Requested pre-vote from peers 3713080794684241a8cdd6d2224ad2ab (127.5.17.193:32915), 84d8fbb5654b4067b91b21992a69d891 (127.5.17.194:40821)
I20260710 11:00:10.453998  6202 catalog_manager.cc:5697] T 9871468a932344de8cd6ca5f4885dc90 P 84d8fbb5654b4067b91b21992a69d891 reported cstate change: term changed from 0 to 1, leader changed from <none> to 84d8fbb5654b4067b91b21992a69d891 (127.5.17.194). New cstate: current_term: 1 leader_uuid: "84d8fbb5654b4067b91b21992a69d891" committed_config { opid_index: -1 OBSOLETE_local: false peers { permanent_uuid: "3713080794684241a8cdd6d2224ad2ab" member_type: VOTER last_known_addr { host: "127.5.17.193" port: 32915 } health_report { overall_health: UNKNOWN } } peers { permanent_uuid: "84d8fbb5654b4067b91b21992a69d891" member_type: VOTER last_known_addr { host: "127.5.17.194" port: 40821 } health_report { overall_health: HEALTHY } } peers { permanent_uuid: "4d5b1b31858247439e781e15836aa862" member_type: VOTER last_known_addr { host: "127.5.17.195" port: 33355 } health_report { overall_health: UNKNOWN } } }
I20260710 11:00:10.455616  6494 consensus_queue.cc:260] T 4dc0a3ba4f1a4549a2d3315fe68d4ff2 P 4d5b1b31858247439e781e15836aa862 [NON_LEADER]: Queue going to NON_LEADER mode. State: All replicated index: 0, Majority replicated index: 0, Committed index: 0, Last appended: 0.0, Last appended by leader: 0, Current term: 0, Majority size: -1, State: 0, Mode: NON_LEADER, active raft config: opid_index: -1 OBSOLETE_local: false peers { permanent_uuid: "3713080794684241a8cdd6d2224ad2ab" member_type: VOTER last_known_addr { host: "127.5.17.193" port: 32915 } } peers { permanent_uuid: "84d8fbb5654b4067b91b21992a69d891" member_type: VOTER last_known_addr { host: "127.5.17.194" port: 40821 } } peers { permanent_uuid: "4d5b1b31858247439e781e15836aa862" member_type: VOTER last_known_addr { host: "127.5.17.195" port: 33355 } }
I20260710 11:00:10.455823  6202 catalog_manager.cc:5697] T 3edab4ed53cc4c02bd076d5a8fb16df6 P 84d8fbb5654b4067b91b21992a69d891 reported cstate change: term changed from 0 to 1, leader changed from <none> to 84d8fbb5654b4067b91b21992a69d891 (127.5.17.194). New cstate: current_term: 1 leader_uuid: "84d8fbb5654b4067b91b21992a69d891" committed_config { opid_index: -1 OBSOLETE_local: false peers { permanent_uuid: "3713080794684241a8cdd6d2224ad2ab" member_type: VOTER last_known_addr { host: "127.5.17.193" port: 32915 } health_report { overall_health: UNKNOWN } } peers { permanent_uuid: "84d8fbb5654b4067b91b21992a69d891" member_type: VOTER last_known_addr { host: "127.5.17.194" port: 40821 } health_report { overall_health: HEALTHY } } peers { permanent_uuid: "4d5b1b31858247439e781e15836aa862" member_type: VOTER last_known_addr { host: "127.5.17.195" port: 33355 } health_report { overall_health: UNKNOWN } } }
I20260710 11:00:10.456719  6495 tablet_bootstrap.cc:492] T 02bf914f063047589665cf99b14770ac P 84d8fbb5654b4067b91b21992a69d891: No bootstrap required, opened a new log
I20260710 11:00:10.457188  6495 ts_tablet_manager.cc:1403] T 02bf914f063047589665cf99b14770ac P 84d8fbb5654b4067b91b21992a69d891: Time spent bootstrapping tablet: real 0.032s	user 0.015s	sys 0.016s
I20260710 11:00:10.457337  6378 tablet_service.cc:1917] Received RequestConsensusVote() RPC: tablet_id: "5d27fac2f99645b4b2a6424bc5524534" candidate_uuid: "4d5b1b31858247439e781e15836aa862" candidate_term: 1 candidate_status { last_received { term: 0 index: 0 } } ignore_live_leader: false dest_uuid: "84d8fbb5654b4067b91b21992a69d891" is_pre_election: true
I20260710 11:00:10.457953  6378 raft_consensus.cc:2468] T 5d27fac2f99645b4b2a6424bc5524534 P 84d8fbb5654b4067b91b21992a69d891 [term 0 FOLLOWER]: Leader pre-election vote request: Granting yes vote for candidate 4d5b1b31858247439e781e15836aa862 in term 0.
I20260710 11:00:10.460012  6495 raft_consensus.cc:359] T 02bf914f063047589665cf99b14770ac P 84d8fbb5654b4067b91b21992a69d891 [term 0 FOLLOWER]: Replica starting. Triggering 0 pending ops. Active config: opid_index: -1 OBSOLETE_local: false peers { permanent_uuid: "3713080794684241a8cdd6d2224ad2ab" member_type: VOTER last_known_addr { host: "127.5.17.193" port: 32915 } } peers { permanent_uuid: "84d8fbb5654b4067b91b21992a69d891" member_type: VOTER last_known_addr { host: "127.5.17.194" port: 40821 } } peers { permanent_uuid: "4d5b1b31858247439e781e15836aa862" member_type: VOTER last_known_addr { host: "127.5.17.195" port: 33355 } }
I20260710 11:00:10.460731  6495 raft_consensus.cc:385] T 02bf914f063047589665cf99b14770ac P 84d8fbb5654b4067b91b21992a69d891 [term 0 FOLLOWER]: Consensus starting up: Expiring failure detector timer to make a prompt election more likely
I20260710 11:00:10.461014  6495 raft_consensus.cc:740] T 02bf914f063047589665cf99b14770ac P 84d8fbb5654b4067b91b21992a69d891 [term 0 FOLLOWER]: Becoming Follower/Learner. State: Replica: 84d8fbb5654b4067b91b21992a69d891, State: Initialized, Role: FOLLOWER
I20260710 11:00:10.461808  6495 consensus_queue.cc:260] T 02bf914f063047589665cf99b14770ac P 84d8fbb5654b4067b91b21992a69d891 [NON_LEADER]: Queue going to NON_LEADER mode. State: All replicated index: 0, Majority replicated index: 0, Committed index: 0, Last appended: 0.0, Last appended by leader: 0, Current term: 0, Majority size: -1, State: 0, Mode: NON_LEADER, active raft config: opid_index: -1 OBSOLETE_local: false peers { permanent_uuid: "3713080794684241a8cdd6d2224ad2ab" member_type: VOTER last_known_addr { host: "127.5.17.193" port: 32915 } } peers { permanent_uuid: "84d8fbb5654b4067b91b21992a69d891" member_type: VOTER last_known_addr { host: "127.5.17.194" port: 40821 } } peers { permanent_uuid: "4d5b1b31858247439e781e15836aa862" member_type: VOTER last_known_addr { host: "127.5.17.195" port: 33355 } }
I20260710 11:00:10.462291  6419 leader_election.cc:304] T 5d27fac2f99645b4b2a6424bc5524534 P 4d5b1b31858247439e781e15836aa862 [CANDIDATE]: Term 1 pre-election: Election decided. Result: candidate won. Election summary: received 3 responses out of 3 voters: 2 yes votes; 1 no votes. yes voters: 4d5b1b31858247439e781e15836aa862, 84d8fbb5654b4067b91b21992a69d891; no voters: 3713080794684241a8cdd6d2224ad2ab
I20260710 11:00:10.463901  6536 raft_consensus.cc:2804] T 5d27fac2f99645b4b2a6424bc5524534 P 4d5b1b31858247439e781e15836aa862 [term 0 FOLLOWER]: Leader pre-election won for term 1
I20260710 11:00:10.464150  6495 ts_tablet_manager.cc:1434] T 02bf914f063047589665cf99b14770ac P 84d8fbb5654b4067b91b21992a69d891: Time spent starting tablet: real 0.007s	user 0.006s	sys 0.000s
I20260710 11:00:10.464273  6536 raft_consensus.cc:493] T 5d27fac2f99645b4b2a6424bc5524534 P 4d5b1b31858247439e781e15836aa862 [term 0 FOLLOWER]: Starting leader election (no leader contacted us within the election timeout)
I20260710 11:00:10.464740  6536 raft_consensus.cc:3060] T 5d27fac2f99645b4b2a6424bc5524534 P 4d5b1b31858247439e781e15836aa862 [term 0 FOLLOWER]: Advancing to term 1
I20260710 11:00:10.465152  6495 tablet_bootstrap.cc:492] T 75237988f375424aa39ddce8f5816054 P 84d8fbb5654b4067b91b21992a69d891: Bootstrap starting.
I20260710 11:00:10.464287  6493 tablet_bootstrap.cc:654] T 75237988f375424aa39ddce8f5816054 P 3713080794684241a8cdd6d2224ad2ab: Neither blocks nor log segments found. Creating new log.
I20260710 11:00:10.471491  6495 tablet_bootstrap.cc:654] T 75237988f375424aa39ddce8f5816054 P 84d8fbb5654b4067b91b21992a69d891: Neither blocks nor log segments found. Creating new log.
I20260710 11:00:10.472434  6536 raft_consensus.cc:515] T 5d27fac2f99645b4b2a6424bc5524534 P 4d5b1b31858247439e781e15836aa862 [term 1 FOLLOWER]: Starting leader election with config: opid_index: -1 OBSOLETE_local: false peers { permanent_uuid: "3713080794684241a8cdd6d2224ad2ab" member_type: VOTER last_known_addr { host: "127.5.17.193" port: 32915 } } peers { permanent_uuid: "84d8fbb5654b4067b91b21992a69d891" member_type: VOTER last_known_addr { host: "127.5.17.194" port: 40821 } } peers { permanent_uuid: "4d5b1b31858247439e781e15836aa862" member_type: VOTER last_known_addr { host: "127.5.17.195" port: 33355 } }
I20260710 11:00:10.472083  6200 catalog_manager.cc:5697] T 02bf914f063047589665cf99b14770ac P 3713080794684241a8cdd6d2224ad2ab reported cstate change: term changed from 0 to 1, leader changed from <none> to 3713080794684241a8cdd6d2224ad2ab (127.5.17.193). New cstate: current_term: 1 leader_uuid: "3713080794684241a8cdd6d2224ad2ab" committed_config { opid_index: -1 OBSOLETE_local: false peers { permanent_uuid: "3713080794684241a8cdd6d2224ad2ab" member_type: VOTER last_known_addr { host: "127.5.17.193" port: 32915 } health_report { overall_health: HEALTHY } } peers { permanent_uuid: "84d8fbb5654b4067b91b21992a69d891" member_type: VOTER last_known_addr { host: "127.5.17.194" port: 40821 } health_report { overall_health: UNKNOWN } } peers { permanent_uuid: "4d5b1b31858247439e781e15836aa862" member_type: VOTER last_known_addr { host: "127.5.17.195" port: 33355 } health_report { overall_health: UNKNOWN } } }
I20260710 11:00:10.475997  6303 tablet_service.cc:1917] Received RequestConsensusVote() RPC: tablet_id: "5d27fac2f99645b4b2a6424bc5524534" candidate_uuid: "4d5b1b31858247439e781e15836aa862" candidate_term: 1 candidate_status { last_received { term: 0 index: 0 } } ignore_live_leader: false dest_uuid: "3713080794684241a8cdd6d2224ad2ab"
W20260710 11:00:10.478289  6416 leader_election.cc:343] T 5d27fac2f99645b4b2a6424bc5524534 P 4d5b1b31858247439e781e15836aa862 [CANDIDATE]: Term 1 election: Tablet error from VoteRequest() call to peer 3713080794684241a8cdd6d2224ad2ab (127.5.17.193:32915): Illegal state: must be running to vote when last-logged opid is not known
I20260710 11:00:10.480551  6494 ts_tablet_manager.cc:1434] T 4dc0a3ba4f1a4549a2d3315fe68d4ff2 P 4d5b1b31858247439e781e15836aa862: Time spent starting tablet: real 0.046s	user 0.007s	sys 0.001s
I20260710 11:00:10.484730  6494 tablet_bootstrap.cc:492] T 0bf586239589453aaa8f24087d45a63b P 4d5b1b31858247439e781e15836aa862: Bootstrap starting.
I20260710 11:00:10.488735  6495 tablet_bootstrap.cc:492] T 75237988f375424aa39ddce8f5816054 P 84d8fbb5654b4067b91b21992a69d891: No bootstrap required, opened a new log
I20260710 11:00:10.489249  6495 ts_tablet_manager.cc:1403] T 75237988f375424aa39ddce8f5816054 P 84d8fbb5654b4067b91b21992a69d891: Time spent bootstrapping tablet: real 0.024s	user 0.008s	sys 0.009s
I20260710 11:00:10.490975  6494 tablet_bootstrap.cc:654] T 0bf586239589453aaa8f24087d45a63b P 4d5b1b31858247439e781e15836aa862: Neither blocks nor log segments found. Creating new log.
I20260710 11:00:10.491950  6495 raft_consensus.cc:359] T 75237988f375424aa39ddce8f5816054 P 84d8fbb5654b4067b91b21992a69d891 [term 0 FOLLOWER]: Replica starting. Triggering 0 pending ops. Active config: opid_index: -1 OBSOLETE_local: false peers { permanent_uuid: "3713080794684241a8cdd6d2224ad2ab" member_type: VOTER last_known_addr { host: "127.5.17.193" port: 32915 } } peers { permanent_uuid: "84d8fbb5654b4067b91b21992a69d891" member_type: VOTER last_known_addr { host: "127.5.17.194" port: 40821 } } peers { permanent_uuid: "4d5b1b31858247439e781e15836aa862" member_type: VOTER last_known_addr { host: "127.5.17.195" port: 33355 } }
I20260710 11:00:10.492764  6495 raft_consensus.cc:385] T 75237988f375424aa39ddce8f5816054 P 84d8fbb5654b4067b91b21992a69d891 [term 0 FOLLOWER]: Consensus starting up: Expiring failure detector timer to make a prompt election more likely
I20260710 11:00:10.493063  6495 raft_consensus.cc:740] T 75237988f375424aa39ddce8f5816054 P 84d8fbb5654b4067b91b21992a69d891 [term 0 FOLLOWER]: Becoming Follower/Learner. State: Replica: 84d8fbb5654b4067b91b21992a69d891, State: Initialized, Role: FOLLOWER
I20260710 11:00:10.493963  6495 consensus_queue.cc:260] T 75237988f375424aa39ddce8f5816054 P 84d8fbb5654b4067b91b21992a69d891 [NON_LEADER]: Queue going to NON_LEADER mode. State: All replicated index: 0, Majority replicated index: 0, Committed index: 0, Last appended: 0.0, Last appended by leader: 0, Current term: 0, Majority size: -1, State: 0, Mode: NON_LEADER, active raft config: opid_index: -1 OBSOLETE_local: false peers { permanent_uuid: "3713080794684241a8cdd6d2224ad2ab" member_type: VOTER last_known_addr { host: "127.5.17.193" port: 32915 } } peers { permanent_uuid: "84d8fbb5654b4067b91b21992a69d891" member_type: VOTER last_known_addr { host: "127.5.17.194" port: 40821 } } peers { permanent_uuid: "4d5b1b31858247439e781e15836aa862" member_type: VOTER last_known_addr { host: "127.5.17.195" port: 33355 } }
I20260710 11:00:10.494932  6536 leader_election.cc:290] T 5d27fac2f99645b4b2a6424bc5524534 P 4d5b1b31858247439e781e15836aa862 [CANDIDATE]: Term 1 election: Requested vote from peers 3713080794684241a8cdd6d2224ad2ab (127.5.17.193:32915), 84d8fbb5654b4067b91b21992a69d891 (127.5.17.194:40821)
I20260710 11:00:10.495622  6378 tablet_service.cc:1917] Received RequestConsensusVote() RPC: tablet_id: "5d27fac2f99645b4b2a6424bc5524534" candidate_uuid: "4d5b1b31858247439e781e15836aa862" candidate_term: 1 candidate_status { last_received { term: 0 index: 0 } } ignore_live_leader: false dest_uuid: "84d8fbb5654b4067b91b21992a69d891"
I20260710 11:00:10.496263  6378 raft_consensus.cc:3060] T 5d27fac2f99645b4b2a6424bc5524534 P 84d8fbb5654b4067b91b21992a69d891 [term 0 FOLLOWER]: Advancing to term 1
I20260710 11:00:10.498104  6494 tablet_bootstrap.cc:492] T 0bf586239589453aaa8f24087d45a63b P 4d5b1b31858247439e781e15836aa862: No bootstrap required, opened a new log
I20260710 11:00:10.498617  6494 ts_tablet_manager.cc:1403] T 0bf586239589453aaa8f24087d45a63b P 4d5b1b31858247439e781e15836aa862: Time spent bootstrapping tablet: real 0.014s	user 0.009s	sys 0.000s
I20260710 11:00:10.497783  6199 catalog_manager.cc:5697] T 0a2de8726b8c4785805a41fd6d0ec20b P 84d8fbb5654b4067b91b21992a69d891 reported cstate change: term changed from 0 to 1, leader changed from <none> to 84d8fbb5654b4067b91b21992a69d891 (127.5.17.194). New cstate: current_term: 1 leader_uuid: "84d8fbb5654b4067b91b21992a69d891" committed_config { opid_index: -1 OBSOLETE_local: false peers { permanent_uuid: "3713080794684241a8cdd6d2224ad2ab" member_type: VOTER last_known_addr { host: "127.5.17.193" port: 32915 } health_report { overall_health: UNKNOWN } } peers { permanent_uuid: "84d8fbb5654b4067b91b21992a69d891" member_type: VOTER last_known_addr { host: "127.5.17.194" port: 40821 } health_report { overall_health: HEALTHY } } peers { permanent_uuid: "4d5b1b31858247439e781e15836aa862" member_type: VOTER last_known_addr { host: "127.5.17.195" port: 33355 } health_report { overall_health: UNKNOWN } } }
I20260710 11:00:10.500563  6199 catalog_manager.cc:5697] T 73e9874fb0eb4d3fb9ea2dbcce35d31d P 84d8fbb5654b4067b91b21992a69d891 reported cstate change: term changed from 0 to 1, leader changed from <none> to 84d8fbb5654b4067b91b21992a69d891 (127.5.17.194). New cstate: current_term: 1 leader_uuid: "84d8fbb5654b4067b91b21992a69d891" committed_config { opid_index: -1 OBSOLETE_local: false peers { permanent_uuid: "3713080794684241a8cdd6d2224ad2ab" member_type: VOTER last_known_addr { host: "127.5.17.193" port: 32915 } health_report { overall_health: UNKNOWN } } peers { permanent_uuid: "84d8fbb5654b4067b91b21992a69d891" member_type: VOTER last_known_addr { host: "127.5.17.194" port: 40821 } health_report { overall_health: HEALTHY } } peers { permanent_uuid: "4d5b1b31858247439e781e15836aa862" member_type: VOTER last_known_addr { host: "127.5.17.195" port: 33355 } health_report { overall_health: UNKNOWN } } }
I20260710 11:00:10.501598  6494 raft_consensus.cc:359] T 0bf586239589453aaa8f24087d45a63b P 4d5b1b31858247439e781e15836aa862 [term 0 FOLLOWER]: Replica starting. Triggering 0 pending ops. Active config: opid_index: -1 OBSOLETE_local: false peers { permanent_uuid: "3713080794684241a8cdd6d2224ad2ab" member_type: VOTER last_known_addr { host: "127.5.17.193" port: 32915 } } peers { permanent_uuid: "84d8fbb5654b4067b91b21992a69d891" member_type: VOTER last_known_addr { host: "127.5.17.194" port: 40821 } } peers { permanent_uuid: "4d5b1b31858247439e781e15836aa862" member_type: VOTER last_known_addr { host: "127.5.17.195" port: 33355 } }
I20260710 11:00:10.502357  6494 raft_consensus.cc:385] T 0bf586239589453aaa8f24087d45a63b P 4d5b1b31858247439e781e15836aa862 [term 0 FOLLOWER]: Consensus starting up: Expiring failure detector timer to make a prompt election more likely
I20260710 11:00:10.502713  6494 raft_consensus.cc:740] T 0bf586239589453aaa8f24087d45a63b P 4d5b1b31858247439e781e15836aa862 [term 0 FOLLOWER]: Becoming Follower/Learner. State: Replica: 4d5b1b31858247439e781e15836aa862, State: Initialized, Role: FOLLOWER
I20260710 11:00:10.503607  6494 consensus_queue.cc:260] T 0bf586239589453aaa8f24087d45a63b P 4d5b1b31858247439e781e15836aa862 [NON_LEADER]: Queue going to NON_LEADER mode. State: All replicated index: 0, Majority replicated index: 0, Committed index: 0, Last appended: 0.0, Last appended by leader: 0, Current term: 0, Majority size: -1, State: 0, Mode: NON_LEADER, active raft config: opid_index: -1 OBSOLETE_local: false peers { permanent_uuid: "3713080794684241a8cdd6d2224ad2ab" member_type: VOTER last_known_addr { host: "127.5.17.193" port: 32915 } } peers { permanent_uuid: "84d8fbb5654b4067b91b21992a69d891" member_type: VOTER last_known_addr { host: "127.5.17.194" port: 40821 } } peers { permanent_uuid: "4d5b1b31858247439e781e15836aa862" member_type: VOTER last_known_addr { host: "127.5.17.195" port: 33355 } }
I20260710 11:00:10.504822  6378 raft_consensus.cc:2468] T 5d27fac2f99645b4b2a6424bc5524534 P 84d8fbb5654b4067b91b21992a69d891 [term 1 FOLLOWER]: Leader election vote request: Granting yes vote for candidate 4d5b1b31858247439e781e15836aa862 in term 1.
I20260710 11:00:10.506132  6419 leader_election.cc:304] T 5d27fac2f99645b4b2a6424bc5524534 P 4d5b1b31858247439e781e15836aa862 [CANDIDATE]: Term 1 election: Election decided. Result: candidate won. Election summary: received 3 responses out of 3 voters: 2 yes votes; 1 no votes. yes voters: 4d5b1b31858247439e781e15836aa862, 84d8fbb5654b4067b91b21992a69d891; no voters: 3713080794684241a8cdd6d2224ad2ab
I20260710 11:00:10.507455  6536 raft_consensus.cc:2804] T 5d27fac2f99645b4b2a6424bc5524534 P 4d5b1b31858247439e781e15836aa862 [term 1 FOLLOWER]: Leader election won for term 1
I20260710 11:00:10.507979  6536 raft_consensus.cc:697] T 5d27fac2f99645b4b2a6424bc5524534 P 4d5b1b31858247439e781e15836aa862 [term 1 LEADER]: Becoming Leader. State: Replica: 4d5b1b31858247439e781e15836aa862, State: Running, Role: LEADER
I20260710 11:00:10.509255  6495 ts_tablet_manager.cc:1434] T 75237988f375424aa39ddce8f5816054 P 84d8fbb5654b4067b91b21992a69d891: Time spent starting tablet: real 0.020s	user 0.007s	sys 0.000s
I20260710 11:00:10.508858  6536 consensus_queue.cc:237] T 5d27fac2f99645b4b2a6424bc5524534 P 4d5b1b31858247439e781e15836aa862 [LEADER]: Queue going to LEADER mode. State: All replicated index: 0, Majority replicated index: 0, Committed index: 0, Last appended: 0.0, Last appended by leader: 0, Current term: 1, Majority size: 2, State: 0, Mode: LEADER, active raft config: opid_index: -1 OBSOLETE_local: false peers { permanent_uuid: "3713080794684241a8cdd6d2224ad2ab" member_type: VOTER last_known_addr { host: "127.5.17.193" port: 32915 } } peers { permanent_uuid: "84d8fbb5654b4067b91b21992a69d891" member_type: VOTER last_known_addr { host: "127.5.17.194" port: 40821 } } peers { permanent_uuid: "4d5b1b31858247439e781e15836aa862" member_type: VOTER last_known_addr { host: "127.5.17.195" port: 33355 } }
I20260710 11:00:10.510228  6495 tablet_bootstrap.cc:492] T bbd63e752fb54f5c89bcee22d7fa9c52 P 84d8fbb5654b4067b91b21992a69d891: Bootstrap starting.
I20260710 11:00:10.507993  6534 raft_consensus.cc:493] T 75237988f375424aa39ddce8f5816054 P 84d8fbb5654b4067b91b21992a69d891 [term 0 FOLLOWER]: Starting pre-election (no leader contacted us within the election timeout)
I20260710 11:00:10.512302  6534 raft_consensus.cc:515] T 75237988f375424aa39ddce8f5816054 P 84d8fbb5654b4067b91b21992a69d891 [term 0 FOLLOWER]: Starting pre-election with config: opid_index: -1 OBSOLETE_local: false peers { permanent_uuid: "3713080794684241a8cdd6d2224ad2ab" member_type: VOTER last_known_addr { host: "127.5.17.193" port: 32915 } } peers { permanent_uuid: "84d8fbb5654b4067b91b21992a69d891" member_type: VOTER last_known_addr { host: "127.5.17.194" port: 40821 } } peers { permanent_uuid: "4d5b1b31858247439e781e15836aa862" member_type: VOTER last_known_addr { host: "127.5.17.195" port: 33355 } }
I20260710 11:00:10.514688  6534 leader_election.cc:290] T 75237988f375424aa39ddce8f5816054 P 84d8fbb5654b4067b91b21992a69d891 [CANDIDATE]: Term 1 pre-election: Requested pre-vote from peers 3713080794684241a8cdd6d2224ad2ab (127.5.17.193:32915), 4d5b1b31858247439e781e15836aa862 (127.5.17.195:33355)
I20260710 11:00:10.515954  6451 tablet_service.cc:1917] Received RequestConsensusVote() RPC: tablet_id: "75237988f375424aa39ddce8f5816054" candidate_uuid: "84d8fbb5654b4067b91b21992a69d891" candidate_term: 1 candidate_status { last_received { term: 0 index: 0 } } ignore_live_leader: false dest_uuid: "4d5b1b31858247439e781e15836aa862" is_pre_election: true
I20260710 11:00:10.516289  6303 tablet_service.cc:1917] Received RequestConsensusVote() RPC: tablet_id: "75237988f375424aa39ddce8f5816054" candidate_uuid: "84d8fbb5654b4067b91b21992a69d891" candidate_term: 1 candidate_status { last_received { term: 0 index: 0 } } ignore_live_leader: false dest_uuid: "3713080794684241a8cdd6d2224ad2ab" is_pre_election: true
I20260710 11:00:10.516696  6451 raft_consensus.cc:2468] T 75237988f375424aa39ddce8f5816054 P 4d5b1b31858247439e781e15836aa862 [term 0 FOLLOWER]: Leader pre-election vote request: Granting yes vote for candidate 84d8fbb5654b4067b91b21992a69d891 in term 0.
W20260710 11:00:10.517845  6342 leader_election.cc:343] T 75237988f375424aa39ddce8f5816054 P 84d8fbb5654b4067b91b21992a69d891 [CANDIDATE]: Term 1 pre-election: Tablet error from VoteRequest() call to peer 3713080794684241a8cdd6d2224ad2ab (127.5.17.193:32915): Illegal state: must be running to vote when last-logged opid is not known
I20260710 11:00:10.521210  6345 leader_election.cc:304] T 75237988f375424aa39ddce8f5816054 P 84d8fbb5654b4067b91b21992a69d891 [CANDIDATE]: Term 1 pre-election: Election decided. Result: candidate won. Election summary: received 3 responses out of 3 voters: 2 yes votes; 1 no votes. yes voters: 4d5b1b31858247439e781e15836aa862, 84d8fbb5654b4067b91b21992a69d891; no voters: 3713080794684241a8cdd6d2224ad2ab
I20260710 11:00:10.523502  6493 tablet_bootstrap.cc:492] T 75237988f375424aa39ddce8f5816054 P 3713080794684241a8cdd6d2224ad2ab: No bootstrap required, opened a new log
I20260710 11:00:10.523926  6493 ts_tablet_manager.cc:1403] T 75237988f375424aa39ddce8f5816054 P 3713080794684241a8cdd6d2224ad2ab: Time spent bootstrapping tablet: real 0.076s	user 0.029s	sys 0.026s
I20260710 11:00:10.525871  6494 ts_tablet_manager.cc:1434] T 0bf586239589453aaa8f24087d45a63b P 4d5b1b31858247439e781e15836aa862: Time spent starting tablet: real 0.027s	user 0.006s	sys 0.001s
I20260710 11:00:10.526793  6534 raft_consensus.cc:2804] T 75237988f375424aa39ddce8f5816054 P 84d8fbb5654b4067b91b21992a69d891 [term 0 FOLLOWER]: Leader pre-election won for term 1
I20260710 11:00:10.527202  6534 raft_consensus.cc:493] T 75237988f375424aa39ddce8f5816054 P 84d8fbb5654b4067b91b21992a69d891 [term 0 FOLLOWER]: Starting leader election (no leader contacted us within the election timeout)
I20260710 11:00:10.527606  6534 raft_consensus.cc:3060] T 75237988f375424aa39ddce8f5816054 P 84d8fbb5654b4067b91b21992a69d891 [term 0 FOLLOWER]: Advancing to term 1
I20260710 11:00:10.526535  6493 raft_consensus.cc:359] T 75237988f375424aa39ddce8f5816054 P 3713080794684241a8cdd6d2224ad2ab [term 0 FOLLOWER]: Replica starting. Triggering 0 pending ops. Active config: opid_index: -1 OBSOLETE_local: false peers { permanent_uuid: "3713080794684241a8cdd6d2224ad2ab" member_type: VOTER last_known_addr { host: "127.5.17.193" port: 32915 } } peers { permanent_uuid: "84d8fbb5654b4067b91b21992a69d891" member_type: VOTER last_known_addr { host: "127.5.17.194" port: 40821 } } peers { permanent_uuid: "4d5b1b31858247439e781e15836aa862" member_type: VOTER last_known_addr { host: "127.5.17.195" port: 33355 } }
I20260710 11:00:10.529803  6493 raft_consensus.cc:385] T 75237988f375424aa39ddce8f5816054 P 3713080794684241a8cdd6d2224ad2ab [term 0 FOLLOWER]: Consensus starting up: Expiring failure detector timer to make a prompt election more likely
I20260710 11:00:10.529912  6495 tablet_bootstrap.cc:654] T bbd63e752fb54f5c89bcee22d7fa9c52 P 84d8fbb5654b4067b91b21992a69d891: Neither blocks nor log segments found. Creating new log.
I20260710 11:00:10.530150  6493 raft_consensus.cc:740] T 75237988f375424aa39ddce8f5816054 P 3713080794684241a8cdd6d2224ad2ab [term 0 FOLLOWER]: Becoming Follower/Learner. State: Replica: 3713080794684241a8cdd6d2224ad2ab, State: Initialized, Role: FOLLOWER
I20260710 11:00:10.530987  6493 consensus_queue.cc:260] T 75237988f375424aa39ddce8f5816054 P 3713080794684241a8cdd6d2224ad2ab [NON_LEADER]: Queue going to NON_LEADER mode. State: All replicated index: 0, Majority replicated index: 0, Committed index: 0, Last appended: 0.0, Last appended by leader: 0, Current term: 0, Majority size: -1, State: 0, Mode: NON_LEADER, active raft config: opid_index: -1 OBSOLETE_local: false peers { permanent_uuid: "3713080794684241a8cdd6d2224ad2ab" member_type: VOTER last_known_addr { host: "127.5.17.193" port: 32915 } } peers { permanent_uuid: "84d8fbb5654b4067b91b21992a69d891" member_type: VOTER last_known_addr { host: "127.5.17.194" port: 40821 } } peers { permanent_uuid: "4d5b1b31858247439e781e15836aa862" member_type: VOTER last_known_addr { host: "127.5.17.195" port: 33355 } }
I20260710 11:00:10.531278  6199 catalog_manager.cc:5697] T 5d27fac2f99645b4b2a6424bc5524534 P 4d5b1b31858247439e781e15836aa862 reported cstate change: term changed from 0 to 1, leader changed from <none> to 4d5b1b31858247439e781e15836aa862 (127.5.17.195). New cstate: current_term: 1 leader_uuid: "4d5b1b31858247439e781e15836aa862" committed_config { opid_index: -1 OBSOLETE_local: false peers { permanent_uuid: "3713080794684241a8cdd6d2224ad2ab" member_type: VOTER last_known_addr { host: "127.5.17.193" port: 32915 } health_report { overall_health: UNKNOWN } } peers { permanent_uuid: "84d8fbb5654b4067b91b21992a69d891" member_type: VOTER last_known_addr { host: "127.5.17.194" port: 40821 } health_report { overall_health: UNKNOWN } } peers { permanent_uuid: "4d5b1b31858247439e781e15836aa862" member_type: VOTER last_known_addr { host: "127.5.17.195" port: 33355 } health_report { overall_health: HEALTHY } } }
I20260710 11:00:10.527175  6494 tablet_bootstrap.cc:492] T ba7ed300fdea4dacac9b5bfbd43d4e25 P 4d5b1b31858247439e781e15836aa862: Bootstrap starting.
