I20260710 10:59:54.384752 25691 tablet_bootstrap.cc:654] T 5fae0d7d7b5b40818a1e6cc6ebfac83f P 89da816407cd4960b1607519f2aa02a2: Neither blocks nor log segments found. Creating new log.
I20260710 10:59:54.389599 25690 tablet_bootstrap.cc:654] T f90113e8cb094ebfa5db3adcab2feb6d P a887d57a34ef492ba7f01edaabaa87ec: Neither blocks nor log segments found. Creating new log.
I20260710 10:59:54.384770 25614 leader_election.cc:304] T fa3a651183b546a19b5f3a04bab9ab75 P c499dc3ff81b4902aa67ed16e674680f [CANDIDATE]: Term 1 pre-election: Election decided. Result: candidate won. Election summary: received 2 responses out of 3 voters: 2 yes votes; 0 no votes. yes voters: 89da816407cd4960b1607519f2aa02a2, c499dc3ff81b4902aa67ed16e674680f; no voters: 
I20260710 10:59:54.384779 25695 raft_consensus.cc:515] T bb28fa5849fb467b9cd5761752a41220 P a887d57a34ef492ba7f01edaabaa87ec [term 0 FOLLOWER]: Starting pre-election with config: opid_index: -1 OBSOLETE_local: false peers { permanent_uuid: "a887d57a34ef492ba7f01edaabaa87ec" member_type: VOTER last_known_addr { host: "127.24.75.129" port: 41001 } } peers { permanent_uuid: "89da816407cd4960b1607519f2aa02a2" member_type: VOTER last_known_addr { host: "127.24.75.130" port: 44775 } } peers { permanent_uuid: "c499dc3ff81b4902aa67ed16e674680f" member_type: VOTER last_known_addr { host: "127.24.75.131" port: 34171 } }
I20260710 10:59:54.395411 25698 raft_consensus.cc:493] T bb28fa5849fb467b9cd5761752a41220 P c499dc3ff81b4902aa67ed16e674680f [term 0 FOLLOWER]: Starting pre-election (no leader contacted us within the election timeout)
I20260710 10:59:54.395884 25698 raft_consensus.cc:515] T bb28fa5849fb467b9cd5761752a41220 P c499dc3ff81b4902aa67ed16e674680f [term 0 FOLLOWER]: Starting pre-election with config: opid_index: -1 OBSOLETE_local: false peers { permanent_uuid: "a887d57a34ef492ba7f01edaabaa87ec" member_type: VOTER last_known_addr { host: "127.24.75.129" port: 41001 } } peers { permanent_uuid: "89da816407cd4960b1607519f2aa02a2" member_type: VOTER last_known_addr { host: "127.24.75.130" port: 44775 } } peers { permanent_uuid: "c499dc3ff81b4902aa67ed16e674680f" member_type: VOTER last_known_addr { host: "127.24.75.131" port: 34171 } }
I20260710 10:59:54.398778 25695 leader_election.cc:290] T bb28fa5849fb467b9cd5761752a41220 P a887d57a34ef492ba7f01edaabaa87ec [CANDIDATE]: Term 1 pre-election: Requested pre-vote from peers 89da816407cd4960b1607519f2aa02a2 (127.24.75.130:44775), c499dc3ff81b4902aa67ed16e674680f (127.24.75.131:34171)
I20260710 10:59:54.382025 25501 tablet_service.cc:1917] Received RequestConsensusVote() RPC: tablet_id: "fa3a651183b546a19b5f3a04bab9ab75" candidate_uuid: "c499dc3ff81b4902aa67ed16e674680f" candidate_term: 1 candidate_status { last_received { term: 0 index: 0 } } ignore_live_leader: false dest_uuid: "a887d57a34ef492ba7f01edaabaa87ec" is_pre_election: true
I20260710 10:59:54.402583 25576 tablet_service.cc:1917] Received RequestConsensusVote() RPC: tablet_id: "bb28fa5849fb467b9cd5761752a41220" candidate_uuid: "c499dc3ff81b4902aa67ed16e674680f" candidate_term: 1 candidate_status { last_received { term: 0 index: 0 } } ignore_live_leader: false dest_uuid: "89da816407cd4960b1607519f2aa02a2" is_pre_election: true
W20260710 10:59:54.406888 25614 leader_election.cc:343] T bb28fa5849fb467b9cd5761752a41220 P c499dc3ff81b4902aa67ed16e674680f [CANDIDATE]: Term 1 pre-election: Tablet error from VoteRequest() call to peer 89da816407cd4960b1607519f2aa02a2 (127.24.75.130:44775): Illegal state: must be running to vote when last-logged opid is not known
I20260710 10:59:54.398140 25698 leader_election.cc:290] T bb28fa5849fb467b9cd5761752a41220 P c499dc3ff81b4902aa67ed16e674680f [CANDIDATE]: Term 1 pre-election: Requested pre-vote from peers a887d57a34ef492ba7f01edaabaa87ec (127.24.75.129:41001), 89da816407cd4960b1607519f2aa02a2 (127.24.75.130:44775)
I20260710 10:59:54.410578 25698 raft_consensus.cc:2804] T fa3a651183b546a19b5f3a04bab9ab75 P c499dc3ff81b4902aa67ed16e674680f [term 0 FOLLOWER]: Leader pre-election won for term 1
I20260710 10:59:54.411010 25698 raft_consensus.cc:493] T fa3a651183b546a19b5f3a04bab9ab75 P c499dc3ff81b4902aa67ed16e674680f [term 0 FOLLOWER]: Starting leader election (no leader contacted us within the election timeout)
I20260710 10:59:54.411401 25698 raft_consensus.cc:3060] T fa3a651183b546a19b5f3a04bab9ab75 P c499dc3ff81b4902aa67ed16e674680f [term 0 FOLLOWER]: Advancing to term 1
I20260710 10:59:54.414696 25708 raft_consensus.cc:493] T b74f29ed41ab48b3bdc2c75248bf67dd P c499dc3ff81b4902aa67ed16e674680f [term 0 FOLLOWER]: Starting pre-election (no leader contacted us within the election timeout)
I20260710 10:59:54.415269 25708 raft_consensus.cc:515] T b74f29ed41ab48b3bdc2c75248bf67dd P c499dc3ff81b4902aa67ed16e674680f [term 0 FOLLOWER]: Starting pre-election with config: opid_index: -1 OBSOLETE_local: false peers { permanent_uuid: "a887d57a34ef492ba7f01edaabaa87ec" member_type: VOTER last_known_addr { host: "127.24.75.129" port: 41001 } } peers { permanent_uuid: "89da816407cd4960b1607519f2aa02a2" member_type: VOTER last_known_addr { host: "127.24.75.130" port: 44775 } } peers { permanent_uuid: "c499dc3ff81b4902aa67ed16e674680f" member_type: VOTER last_known_addr { host: "127.24.75.131" port: 34171 } }
I20260710 10:59:54.419116 25576 tablet_service.cc:1917] Received RequestConsensusVote() RPC: tablet_id: "b74f29ed41ab48b3bdc2c75248bf67dd" candidate_uuid: "c499dc3ff81b4902aa67ed16e674680f" candidate_term: 1 candidate_status { last_received { term: 0 index: 0 } } ignore_live_leader: false dest_uuid: "89da816407cd4960b1607519f2aa02a2" is_pre_election: true
I20260710 10:59:54.427783 25708 leader_election.cc:290] T b74f29ed41ab48b3bdc2c75248bf67dd P c499dc3ff81b4902aa67ed16e674680f [CANDIDATE]: Term 1 pre-election: Requested pre-vote from peers a887d57a34ef492ba7f01edaabaa87ec (127.24.75.129:41001), 89da816407cd4960b1607519f2aa02a2 (127.24.75.130:44775)
W20260710 10:59:54.441198 25615 leader_election.cc:343] T fa3a651183b546a19b5f3a04bab9ab75 P c499dc3ff81b4902aa67ed16e674680f [CANDIDATE]: Term 1 pre-election: Tablet error from VoteRequest() call to peer a887d57a34ef492ba7f01edaabaa87ec (127.24.75.129:41001): Illegal state: must be running to vote when last-logged opid is not known
I20260710 10:59:54.444471 25691 tablet_bootstrap.cc:492] T 5fae0d7d7b5b40818a1e6cc6ebfac83f P 89da816407cd4960b1607519f2aa02a2: No bootstrap required, opened a new log
I20260710 10:59:54.444990 25691 ts_tablet_manager.cc:1403] T 5fae0d7d7b5b40818a1e6cc6ebfac83f P 89da816407cd4960b1607519f2aa02a2: Time spent bootstrapping tablet: real 0.068s	user 0.024s	sys 0.035s
I20260710 10:59:54.447479 25501 tablet_service.cc:1917] Received RequestConsensusVote() RPC: tablet_id: "bb28fa5849fb467b9cd5761752a41220" candidate_uuid: "c499dc3ff81b4902aa67ed16e674680f" candidate_term: 1 candidate_status { last_received { term: 0 index: 0 } } ignore_live_leader: false dest_uuid: "a887d57a34ef492ba7f01edaabaa87ec" is_pre_election: true
I20260710 10:59:54.448161 25501 raft_consensus.cc:2468] T bb28fa5849fb467b9cd5761752a41220 P a887d57a34ef492ba7f01edaabaa87ec [term 0 FOLLOWER]: Leader pre-election vote request: Granting yes vote for candidate c499dc3ff81b4902aa67ed16e674680f in term 0.
I20260710 10:59:54.448681 25691 raft_consensus.cc:359] T 5fae0d7d7b5b40818a1e6cc6ebfac83f P 89da816407cd4960b1607519f2aa02a2 [term 0 FOLLOWER]: Replica starting. Triggering 0 pending ops. Active config: opid_index: -1 OBSOLETE_local: false peers { permanent_uuid: "a887d57a34ef492ba7f01edaabaa87ec" member_type: VOTER last_known_addr { host: "127.24.75.129" port: 41001 } } peers { permanent_uuid: "89da816407cd4960b1607519f2aa02a2" member_type: VOTER last_known_addr { host: "127.24.75.130" port: 44775 } } peers { permanent_uuid: "c499dc3ff81b4902aa67ed16e674680f" member_type: VOTER last_known_addr { host: "127.24.75.131" port: 34171 } }
I20260710 10:59:54.449383 25691 raft_consensus.cc:385] T 5fae0d7d7b5b40818a1e6cc6ebfac83f P 89da816407cd4960b1607519f2aa02a2 [term 0 FOLLOWER]: Consensus starting up: Expiring failure detector timer to make a prompt election more likely
I20260710 10:59:54.449535 25501 tablet_service.cc:1917] Received RequestConsensusVote() RPC: tablet_id: "b74f29ed41ab48b3bdc2c75248bf67dd" candidate_uuid: "c499dc3ff81b4902aa67ed16e674680f" candidate_term: 1 candidate_status { last_received { term: 0 index: 0 } } ignore_live_leader: false dest_uuid: "a887d57a34ef492ba7f01edaabaa87ec" is_pre_election: true
I20260710 10:59:54.449718 25691 raft_consensus.cc:740] T 5fae0d7d7b5b40818a1e6cc6ebfac83f P 89da816407cd4960b1607519f2aa02a2 [term 0 FOLLOWER]: Becoming Follower/Learner. State: Replica: 89da816407cd4960b1607519f2aa02a2, State: Initialized, Role: FOLLOWER
I20260710 10:59:54.450354 25501 raft_consensus.cc:2393] T b74f29ed41ab48b3bdc2c75248bf67dd P a887d57a34ef492ba7f01edaabaa87ec [term 1 FOLLOWER]: Leader pre-election vote request: Denying vote to candidate c499dc3ff81b4902aa67ed16e674680f in current term 1: Already voted for candidate 89da816407cd4960b1607519f2aa02a2 in this term.
I20260710 10:59:54.450433 25691 consensus_queue.cc:260] T 5fae0d7d7b5b40818a1e6cc6ebfac83f P 89da816407cd4960b1607519f2aa02a2 [NON_LEADER]: Queue going to NON_LEADER mode. State: All replicated index: 0, Majority replicated index: 0, Committed index: 0, Last appended: 0.0, Last appended by leader: 0, Current term: 0, Majority size: -1, State: 0, Mode: NON_LEADER, active raft config: opid_index: -1 OBSOLETE_local: false peers { permanent_uuid: "a887d57a34ef492ba7f01edaabaa87ec" member_type: VOTER last_known_addr { host: "127.24.75.129" port: 41001 } } peers { permanent_uuid: "89da816407cd4960b1607519f2aa02a2" member_type: VOTER last_known_addr { host: "127.24.75.130" port: 44775 } } peers { permanent_uuid: "c499dc3ff81b4902aa67ed16e674680f" member_type: VOTER last_known_addr { host: "127.24.75.131" port: 34171 } }
I20260710 10:59:54.451882 25615 leader_election.cc:304] T bb28fa5849fb467b9cd5761752a41220 P c499dc3ff81b4902aa67ed16e674680f [CANDIDATE]: Term 1 pre-election: Election decided. Result: candidate won. Election summary: received 3 responses out of 3 voters: 2 yes votes; 1 no votes. yes voters: a887d57a34ef492ba7f01edaabaa87ec, c499dc3ff81b4902aa67ed16e674680f; no voters: 89da816407cd4960b1607519f2aa02a2
I20260710 10:59:54.452661 25691 ts_tablet_manager.cc:1434] T 5fae0d7d7b5b40818a1e6cc6ebfac83f P 89da816407cd4960b1607519f2aa02a2: Time spent starting tablet: real 0.007s	user 0.003s	sys 0.004s
I20260710 10:59:54.453147 25615 leader_election.cc:304] T b74f29ed41ab48b3bdc2c75248bf67dd P c499dc3ff81b4902aa67ed16e674680f [CANDIDATE]: Term 1 pre-election: Election decided. Result: candidate lost. Election summary: received 3 responses out of 3 voters: 1 yes votes; 2 no votes. yes voters: c499dc3ff81b4902aa67ed16e674680f; no voters: 89da816407cd4960b1607519f2aa02a2, a887d57a34ef492ba7f01edaabaa87ec
I20260710 10:59:54.453590 25691 tablet_bootstrap.cc:492] T f90113e8cb094ebfa5db3adcab2feb6d P 89da816407cd4960b1607519f2aa02a2: Bootstrap starting.
I20260710 10:59:54.449733 25698 raft_consensus.cc:515] T fa3a651183b546a19b5f3a04bab9ab75 P c499dc3ff81b4902aa67ed16e674680f [term 1 FOLLOWER]: Starting leader election with config: opid_index: -1 OBSOLETE_local: false peers { permanent_uuid: "89da816407cd4960b1607519f2aa02a2" member_type: VOTER last_known_addr { host: "127.24.75.130" port: 44775 } } peers { permanent_uuid: "c499dc3ff81b4902aa67ed16e674680f" member_type: VOTER last_known_addr { host: "127.24.75.131" port: 34171 } } peers { permanent_uuid: "a887d57a34ef492ba7f01edaabaa87ec" member_type: VOTER last_known_addr { host: "127.24.75.129" port: 41001 } }
I20260710 10:59:54.458040 25576 tablet_service.cc:1917] Received RequestConsensusVote() RPC: tablet_id: "fa3a651183b546a19b5f3a04bab9ab75" candidate_uuid: "c499dc3ff81b4902aa67ed16e674680f" candidate_term: 1 candidate_status { last_received { term: 0 index: 0 } } ignore_live_leader: false dest_uuid: "89da816407cd4960b1607519f2aa02a2"
I20260710 10:59:54.458745 25576 raft_consensus.cc:3060] T fa3a651183b546a19b5f3a04bab9ab75 P 89da816407cd4960b1607519f2aa02a2 [term 0 FOLLOWER]: Advancing to term 1
I20260710 10:59:54.459208 25708 raft_consensus.cc:2804] T bb28fa5849fb467b9cd5761752a41220 P c499dc3ff81b4902aa67ed16e674680f [term 0 FOLLOWER]: Leader pre-election won for term 1
I20260710 10:59:54.459714 25708 raft_consensus.cc:493] T bb28fa5849fb467b9cd5761752a41220 P c499dc3ff81b4902aa67ed16e674680f [term 0 FOLLOWER]: Starting leader election (no leader contacted us within the election timeout)
I20260710 10:59:54.460172 25708 raft_consensus.cc:3060] T bb28fa5849fb467b9cd5761752a41220 P c499dc3ff81b4902aa67ed16e674680f [term 0 FOLLOWER]: Advancing to term 1
I20260710 10:59:54.458766 25695 raft_consensus.cc:493] T 242bad663ee94d7fb5abac698944740b P a887d57a34ef492ba7f01edaabaa87ec [term 0 FOLLOWER]: Starting pre-election (no leader contacted us within the election timeout)
I20260710 10:59:54.465899 25731 raft_consensus.cc:3060] T b74f29ed41ab48b3bdc2c75248bf67dd P c499dc3ff81b4902aa67ed16e674680f [term 0 FOLLOWER]: Advancing to term 1
I20260710 10:59:54.466434 25695 raft_consensus.cc:515] T 242bad663ee94d7fb5abac698944740b P a887d57a34ef492ba7f01edaabaa87ec [term 0 FOLLOWER]: Starting pre-election with config: opid_index: -1 OBSOLETE_local: false peers { permanent_uuid: "a887d57a34ef492ba7f01edaabaa87ec" member_type: VOTER last_known_addr { host: "127.24.75.129" port: 41001 } } peers { permanent_uuid: "89da816407cd4960b1607519f2aa02a2" member_type: VOTER last_known_addr { host: "127.24.75.130" port: 44775 } } peers { permanent_uuid: "c499dc3ff81b4902aa67ed16e674680f" member_type: VOTER last_known_addr { host: "127.24.75.131" port: 34171 } }
I20260710 10:59:54.470081 25695 leader_election.cc:290] T 242bad663ee94d7fb5abac698944740b P a887d57a34ef492ba7f01edaabaa87ec [CANDIDATE]: Term 1 pre-election: Requested pre-vote from peers 89da816407cd4960b1607519f2aa02a2 (127.24.75.130:44775), c499dc3ff81b4902aa67ed16e674680f (127.24.75.131:34171)
I20260710 10:59:54.470728 25691 tablet_bootstrap.cc:654] T f90113e8cb094ebfa5db3adcab2feb6d P 89da816407cd4960b1607519f2aa02a2: Neither blocks nor log segments found. Creating new log.
I20260710 10:59:54.472730 25708 raft_consensus.cc:515] T bb28fa5849fb467b9cd5761752a41220 P c499dc3ff81b4902aa67ed16e674680f [term 1 FOLLOWER]: Starting leader election with config: opid_index: -1 OBSOLETE_local: false peers { permanent_uuid: "a887d57a34ef492ba7f01edaabaa87ec" member_type: VOTER last_known_addr { host: "127.24.75.129" port: 41001 } } peers { permanent_uuid: "89da816407cd4960b1607519f2aa02a2" member_type: VOTER last_known_addr { host: "127.24.75.130" port: 44775 } } peers { permanent_uuid: "c499dc3ff81b4902aa67ed16e674680f" member_type: VOTER last_known_addr { host: "127.24.75.131" port: 34171 } }
I20260710 10:59:54.476047 25698 leader_election.cc:290] T fa3a651183b546a19b5f3a04bab9ab75 P c499dc3ff81b4902aa67ed16e674680f [CANDIDATE]: Term 1 election: Requested vote from peers 89da816407cd4960b1607519f2aa02a2 (127.24.75.130:44775), a887d57a34ef492ba7f01edaabaa87ec (127.24.75.129:41001)
I20260710 10:59:54.479773 25501 tablet_service.cc:1917] Received RequestConsensusVote() RPC: tablet_id: "fa3a651183b546a19b5f3a04bab9ab75" candidate_uuid: "c499dc3ff81b4902aa67ed16e674680f" candidate_term: 1 candidate_status { last_received { term: 0 index: 0 } } ignore_live_leader: false dest_uuid: "a887d57a34ef492ba7f01edaabaa87ec"
I20260710 10:59:54.480396 25650 tablet_service.cc:1917] Received RequestConsensusVote() RPC: tablet_id: "bb28fa5849fb467b9cd5761752a41220" candidate_uuid: "a887d57a34ef492ba7f01edaabaa87ec" candidate_term: 1 candidate_status { last_received { term: 0 index: 0 } } ignore_live_leader: false dest_uuid: "c499dc3ff81b4902aa67ed16e674680f" is_pre_election: true
I20260710 10:59:54.480628 25690 tablet_bootstrap.cc:492] T f90113e8cb094ebfa5db3adcab2feb6d P a887d57a34ef492ba7f01edaabaa87ec: No bootstrap required, opened a new log
I20260710 10:59:54.481208 25650 raft_consensus.cc:2393] T bb28fa5849fb467b9cd5761752a41220 P c499dc3ff81b4902aa67ed16e674680f [term 1 FOLLOWER]: Leader pre-election vote request: Denying vote to candidate a887d57a34ef492ba7f01edaabaa87ec in current term 1: Already voted for candidate c499dc3ff81b4902aa67ed16e674680f in this term.
I20260710 10:59:54.482375 25649 tablet_service.cc:1917] Received RequestConsensusVote() RPC: tablet_id: "242bad663ee94d7fb5abac698944740b" candidate_uuid: "a887d57a34ef492ba7f01edaabaa87ec" candidate_term: 1 candidate_status { last_received { term: 0 index: 0 } } ignore_live_leader: false dest_uuid: "c499dc3ff81b4902aa67ed16e674680f" is_pre_election: true
I20260710 10:59:54.482722 25576 raft_consensus.cc:2468] T fa3a651183b546a19b5f3a04bab9ab75 P 89da816407cd4960b1607519f2aa02a2 [term 1 FOLLOWER]: Leader election vote request: Granting yes vote for candidate c499dc3ff81b4902aa67ed16e674680f in term 1.
W20260710 10:59:54.481274 25615 leader_election.cc:343] T fa3a651183b546a19b5f3a04bab9ab75 P c499dc3ff81b4902aa67ed16e674680f [CANDIDATE]: Term 1 election: Tablet error from VoteRequest() call to peer a887d57a34ef492ba7f01edaabaa87ec (127.24.75.129:41001): Illegal state: must be running to vote when last-logged opid is not known
I20260710 10:59:54.481285 25690 ts_tablet_manager.cc:1403] T f90113e8cb094ebfa5db3adcab2feb6d P a887d57a34ef492ba7f01edaabaa87ec: Time spent bootstrapping tablet: real 0.100s	user 0.040s	sys 0.041s
I20260710 10:59:54.484537 25614 leader_election.cc:304] T fa3a651183b546a19b5f3a04bab9ab75 P c499dc3ff81b4902aa67ed16e674680f [CANDIDATE]: Term 1 election: Election decided. Result: candidate won. Election summary: received 3 responses out of 3 voters: 2 yes votes; 1 no votes. yes voters: 89da816407cd4960b1607519f2aa02a2, c499dc3ff81b4902aa67ed16e674680f; no voters: a887d57a34ef492ba7f01edaabaa87ec
I20260710 10:59:54.485296 25692 tablet_bootstrap.cc:492] T 8d4d38fefdd540be974706e0477f8210 P c499dc3ff81b4902aa67ed16e674680f: No bootstrap required, opened a new log
I20260710 10:59:54.485759 25692 ts_tablet_manager.cc:1403] T 8d4d38fefdd540be974706e0477f8210 P c499dc3ff81b4902aa67ed16e674680f: Time spent bootstrapping tablet: real 0.111s	user 0.008s	sys 0.029s
I20260710 10:59:54.485661 25575 tablet_service.cc:1917] Received RequestConsensusVote() RPC: tablet_id: "242bad663ee94d7fb5abac698944740b" candidate_uuid: "a887d57a34ef492ba7f01edaabaa87ec" candidate_term: 1 candidate_status { last_received { term: 0 index: 0 } } ignore_live_leader: false dest_uuid: "89da816407cd4960b1607519f2aa02a2" is_pre_election: true
I20260710 10:59:54.486442 25575 raft_consensus.cc:2468] T 242bad663ee94d7fb5abac698944740b P 89da816407cd4960b1607519f2aa02a2 [term 0 FOLLOWER]: Leader pre-election vote request: Granting yes vote for candidate a887d57a34ef492ba7f01edaabaa87ec in term 0.
W20260710 10:59:54.486696 25467 leader_election.cc:343] T 242bad663ee94d7fb5abac698944740b P a887d57a34ef492ba7f01edaabaa87ec [CANDIDATE]: Term 1 pre-election: Tablet error from VoteRequest() call to peer c499dc3ff81b4902aa67ed16e674680f (127.24.75.131:34171): Illegal state: must be running to vote when last-logged opid is not known
I20260710 10:59:54.487847 25698 raft_consensus.cc:2804] T fa3a651183b546a19b5f3a04bab9ab75 P c499dc3ff81b4902aa67ed16e674680f [term 1 FOLLOWER]: Leader election won for term 1
I20260710 10:59:54.487918 25465 leader_election.cc:304] T 242bad663ee94d7fb5abac698944740b P a887d57a34ef492ba7f01edaabaa87ec [CANDIDATE]: Term 1 pre-election: Election decided. Result: candidate won. Election summary: received 3 responses out of 3 voters: 2 yes votes; 1 no votes. yes voters: 89da816407cd4960b1607519f2aa02a2, a887d57a34ef492ba7f01edaabaa87ec; no voters: c499dc3ff81b4902aa67ed16e674680f
I20260710 10:59:54.488462 25690 raft_consensus.cc:359] T f90113e8cb094ebfa5db3adcab2feb6d P a887d57a34ef492ba7f01edaabaa87ec [term 0 FOLLOWER]: Replica starting. Triggering 0 pending ops. Active config: opid_index: -1 OBSOLETE_local: false peers { permanent_uuid: "a887d57a34ef492ba7f01edaabaa87ec" member_type: VOTER last_known_addr { host: "127.24.75.129" port: 41001 } } peers { permanent_uuid: "89da816407cd4960b1607519f2aa02a2" member_type: VOTER last_known_addr { host: "127.24.75.130" port: 44775 } } peers { permanent_uuid: "c499dc3ff81b4902aa67ed16e674680f" member_type: VOTER last_known_addr { host: "127.24.75.131" port: 34171 } }
I20260710 10:59:54.488600 25692 raft_consensus.cc:359] T 8d4d38fefdd540be974706e0477f8210 P c499dc3ff81b4902aa67ed16e674680f [term 0 FOLLOWER]: Replica starting. Triggering 0 pending ops. Active config: opid_index: -1 OBSOLETE_local: false peers { permanent_uuid: "a887d57a34ef492ba7f01edaabaa87ec" member_type: VOTER last_known_addr { host: "127.24.75.129" port: 41001 } } peers { permanent_uuid: "89da816407cd4960b1607519f2aa02a2" member_type: VOTER last_known_addr { host: "127.24.75.130" port: 44775 } } peers { permanent_uuid: "c499dc3ff81b4902aa67ed16e674680f" member_type: VOTER last_known_addr { host: "127.24.75.131" port: 34171 } }
I20260710 10:59:54.485636 25576 tablet_service.cc:1917] Received RequestConsensusVote() RPC: tablet_id: "bb28fa5849fb467b9cd5761752a41220" candidate_uuid: "a887d57a34ef492ba7f01edaabaa87ec" candidate_term: 1 candidate_status { last_received { term: 0 index: 0 } } ignore_live_leader: false dest_uuid: "89da816407cd4960b1607519f2aa02a2" is_pre_election: true
I20260710 10:59:54.489465 25692 raft_consensus.cc:385] T 8d4d38fefdd540be974706e0477f8210 P c499dc3ff81b4902aa67ed16e674680f [term 0 FOLLOWER]: Consensus starting up: Expiring failure detector timer to make a prompt election more likely
I20260710 10:59:54.489930 25692 raft_consensus.cc:740] T 8d4d38fefdd540be974706e0477f8210 P c499dc3ff81b4902aa67ed16e674680f [term 0 FOLLOWER]: Becoming Follower/Learner. State: Replica: c499dc3ff81b4902aa67ed16e674680f, State: Initialized, Role: FOLLOWER
I20260710 10:59:54.489502 25695 raft_consensus.cc:493] T 756ecc732ed54058929159c454b91a20 P a887d57a34ef492ba7f01edaabaa87ec [term 0 FOLLOWER]: Starting pre-election (no leader contacted us within the election timeout)
I20260710 10:59:54.490957 25692 consensus_queue.cc:260] T 8d4d38fefdd540be974706e0477f8210 P c499dc3ff81b4902aa67ed16e674680f [NON_LEADER]: Queue going to NON_LEADER mode. State: All replicated index: 0, Majority replicated index: 0, Committed index: 0, Last appended: 0.0, Last appended by leader: 0, Current term: 0, Majority size: -1, State: 0, Mode: NON_LEADER, active raft config: opid_index: -1 OBSOLETE_local: false peers { permanent_uuid: "a887d57a34ef492ba7f01edaabaa87ec" member_type: VOTER last_known_addr { host: "127.24.75.129" port: 41001 } } peers { permanent_uuid: "89da816407cd4960b1607519f2aa02a2" member_type: VOTER last_known_addr { host: "127.24.75.130" port: 44775 } } peers { permanent_uuid: "c499dc3ff81b4902aa67ed16e674680f" member_type: VOTER last_known_addr { host: "127.24.75.131" port: 34171 } }
I20260710 10:59:54.491243 25695 raft_consensus.cc:515] T 756ecc732ed54058929159c454b91a20 P a887d57a34ef492ba7f01edaabaa87ec [term 0 FOLLOWER]: Starting pre-election with config: opid_index: -1 OBSOLETE_local: false peers { permanent_uuid: "a887d57a34ef492ba7f01edaabaa87ec" member_type: VOTER last_known_addr { host: "127.24.75.129" port: 41001 } } peers { permanent_uuid: "89da816407cd4960b1607519f2aa02a2" member_type: VOTER last_known_addr { host: "127.24.75.130" port: 44775 } } peers { permanent_uuid: "c499dc3ff81b4902aa67ed16e674680f" member_type: VOTER last_known_addr { host: "127.24.75.131" port: 34171 } }
I20260710 10:59:54.489414 25690 raft_consensus.cc:385] T f90113e8cb094ebfa5db3adcab2feb6d P a887d57a34ef492ba7f01edaabaa87ec [term 0 FOLLOWER]: Consensus starting up: Expiring failure detector timer to make a prompt election more likely
I20260710 10:59:54.493120 25690 raft_consensus.cc:740] T f90113e8cb094ebfa5db3adcab2feb6d P a887d57a34ef492ba7f01edaabaa87ec [term 0 FOLLOWER]: Becoming Follower/Learner. State: Replica: a887d57a34ef492ba7f01edaabaa87ec, State: Initialized, Role: FOLLOWER
I20260710 10:59:54.494043 25690 consensus_queue.cc:260] T f90113e8cb094ebfa5db3adcab2feb6d P a887d57a34ef492ba7f01edaabaa87ec [NON_LEADER]: Queue going to NON_LEADER mode. State: All replicated index: 0, Majority replicated index: 0, Committed index: 0, Last appended: 0.0, Last appended by leader: 0, Current term: 0, Majority size: -1, State: 0, Mode: NON_LEADER, active raft config: opid_index: -1 OBSOLETE_local: false peers { permanent_uuid: "a887d57a34ef492ba7f01edaabaa87ec" member_type: VOTER last_known_addr { host: "127.24.75.129" port: 41001 } } peers { permanent_uuid: "89da816407cd4960b1607519f2aa02a2" member_type: VOTER last_known_addr { host: "127.24.75.130" port: 44775 } } peers { permanent_uuid: "c499dc3ff81b4902aa67ed16e674680f" member_type: VOTER last_known_addr { host: "127.24.75.131" port: 34171 } }
I20260710 10:59:54.495743 25708 leader_election.cc:290] T bb28fa5849fb467b9cd5761752a41220 P c499dc3ff81b4902aa67ed16e674680f [CANDIDATE]: Term 1 election: Requested vote from peers a887d57a34ef492ba7f01edaabaa87ec (127.24.75.129:41001), 89da816407cd4960b1607519f2aa02a2 (127.24.75.130:44775)
I20260710 10:59:54.497282 25649 tablet_service.cc:1917] Received RequestConsensusVote() RPC: tablet_id: "756ecc732ed54058929159c454b91a20" candidate_uuid: "a887d57a34ef492ba7f01edaabaa87ec" candidate_term: 1 candidate_status { last_received { term: 0 index: 0 } } ignore_live_leader: false dest_uuid: "c499dc3ff81b4902aa67ed16e674680f" is_pre_election: true
I20260710 10:59:54.498251 25731 raft_consensus.cc:2749] T b74f29ed41ab48b3bdc2c75248bf67dd P c499dc3ff81b4902aa67ed16e674680f [term 1 FOLLOWER]: Leader pre-election lost for term 1. Reason: could not achieve majority
I20260710 10:59:54.498147 25649 raft_consensus.cc:2468] T 756ecc732ed54058929159c454b91a20 P c499dc3ff81b4902aa67ed16e674680f [term 0 FOLLOWER]: Leader pre-election vote request: Granting yes vote for candidate a887d57a34ef492ba7f01edaabaa87ec in term 0.
I20260710 10:59:54.499529 25576 tablet_service.cc:1917] Received RequestConsensusVote() RPC: tablet_id: "bb28fa5849fb467b9cd5761752a41220" candidate_uuid: "c499dc3ff81b4902aa67ed16e674680f" candidate_term: 1 candidate_status { last_received { term: 0 index: 0 } } ignore_live_leader: false dest_uuid: "89da816407cd4960b1607519f2aa02a2"
I20260710 10:59:54.500160 25467 leader_election.cc:304] T 756ecc732ed54058929159c454b91a20 P a887d57a34ef492ba7f01edaabaa87ec [CANDIDATE]: Term 1 pre-election: Election decided. Result: candidate won. Election summary: received 2 responses out of 3 voters: 2 yes votes; 0 no votes. yes voters: a887d57a34ef492ba7f01edaabaa87ec, c499dc3ff81b4902aa67ed16e674680f; no voters: 
I20260710 10:59:54.502311 25734 raft_consensus.cc:2804] T 242bad663ee94d7fb5abac698944740b P a887d57a34ef492ba7f01edaabaa87ec [term 0 FOLLOWER]: Leader pre-election won for term 1
I20260710 10:59:54.502851 25734 raft_consensus.cc:493] T 242bad663ee94d7fb5abac698944740b P a887d57a34ef492ba7f01edaabaa87ec [term 0 FOLLOWER]: Starting leader election (no leader contacted us within the election timeout)
I20260710 10:59:54.503319 25734 raft_consensus.cc:3060] T 242bad663ee94d7fb5abac698944740b P a887d57a34ef492ba7f01edaabaa87ec [term 0 FOLLOWER]: Advancing to term 1
I20260710 10:59:54.506661 25695 leader_election.cc:290] T 756ecc732ed54058929159c454b91a20 P a887d57a34ef492ba7f01edaabaa87ec [CANDIDATE]: Term 1 pre-election: Requested pre-vote from peers 89da816407cd4960b1607519f2aa02a2 (127.24.75.130:44775), c499dc3ff81b4902aa67ed16e674680f (127.24.75.131:34171)
I20260710 10:59:54.509222 25575 tablet_service.cc:1917] Received RequestConsensusVote() RPC: tablet_id: "756ecc732ed54058929159c454b91a20" candidate_uuid: "a887d57a34ef492ba7f01edaabaa87ec" candidate_term: 1 candidate_status { last_received { term: 0 index: 0 } } ignore_live_leader: false dest_uuid: "89da816407cd4960b1607519f2aa02a2" is_pre_election: true
I20260710 10:59:54.510270 25575 raft_consensus.cc:2468] T 756ecc732ed54058929159c454b91a20 P 89da816407cd4960b1607519f2aa02a2 [term 0 FOLLOWER]: Leader pre-election vote request: Granting yes vote for candidate a887d57a34ef492ba7f01edaabaa87ec in term 0.
W20260710 10:59:54.510891 25614 leader_election.cc:343] T bb28fa5849fb467b9cd5761752a41220 P c499dc3ff81b4902aa67ed16e674680f [CANDIDATE]: Term 1 election: Tablet error from VoteRequest() call to peer 89da816407cd4960b1607519f2aa02a2 (127.24.75.130:44775): Illegal state: must be running to vote when last-logged opid is not known
I20260710 10:59:54.511802 25695 raft_consensus.cc:493] T 8d4d38fefdd540be974706e0477f8210 P a887d57a34ef492ba7f01edaabaa87ec [term 0 FOLLOWER]: Starting pre-election (no leader contacted us within the election timeout)
I20260710 10:59:54.512790 25695 raft_consensus.cc:515] T 8d4d38fefdd540be974706e0477f8210 P a887d57a34ef492ba7f01edaabaa87ec [term 0 FOLLOWER]: Starting pre-election with config: opid_index: -1 OBSOLETE_local: false peers { permanent_uuid: "a887d57a34ef492ba7f01edaabaa87ec" member_type: VOTER last_known_addr { host: "127.24.75.129" port: 41001 } } peers { permanent_uuid: "89da816407cd4960b1607519f2aa02a2" member_type: VOTER last_known_addr { host: "127.24.75.130" port: 44775 } } peers { permanent_uuid: "c499dc3ff81b4902aa67ed16e674680f" member_type: VOTER last_known_addr { host: "127.24.75.131" port: 34171 } }
I20260710 10:59:54.507633 25737 raft_consensus.cc:2804] T 756ecc732ed54058929159c454b91a20 P a887d57a34ef492ba7f01edaabaa87ec [term 0 FOLLOWER]: Leader pre-election won for term 1
I20260710 10:59:54.515710 25501 tablet_service.cc:1917] Received RequestConsensusVote() RPC: tablet_id: "bb28fa5849fb467b9cd5761752a41220" candidate_uuid: "c499dc3ff81b4902aa67ed16e674680f" candidate_term: 1 candidate_status { last_received { term: 0 index: 0 } } ignore_live_leader: false dest_uuid: "a887d57a34ef492ba7f01edaabaa87ec"
I20260710 10:59:54.520069 25501 raft_consensus.cc:3060] T bb28fa5849fb467b9cd5761752a41220 P a887d57a34ef492ba7f01edaabaa87ec [term 0 FOLLOWER]: Advancing to term 1
I20260710 10:59:54.520484 25649 tablet_service.cc:1917] Received RequestConsensusVote() RPC: tablet_id: "8d4d38fefdd540be974706e0477f8210" candidate_uuid: "a887d57a34ef492ba7f01edaabaa87ec" candidate_term: 1 candidate_status { last_received { term: 0 index: 0 } } ignore_live_leader: false dest_uuid: "c499dc3ff81b4902aa67ed16e674680f" is_pre_election: true
I20260710 10:59:54.521289 25649 raft_consensus.cc:2468] T 8d4d38fefdd540be974706e0477f8210 P c499dc3ff81b4902aa67ed16e674680f [term 0 FOLLOWER]: Leader pre-election vote request: Granting yes vote for candidate a887d57a34ef492ba7f01edaabaa87ec in term 0.
I20260710 10:59:54.523046 25467 leader_election.cc:304] T 8d4d38fefdd540be974706e0477f8210 P a887d57a34ef492ba7f01edaabaa87ec [CANDIDATE]: Term 1 pre-election: Election decided. Result: candidate won. Election summary: received 2 responses out of 3 voters: 2 yes votes; 0 no votes. yes voters: a887d57a34ef492ba7f01edaabaa87ec, c499dc3ff81b4902aa67ed16e674680f; no voters: 
I20260710 10:59:54.529657 25501 raft_consensus.cc:2468] T bb28fa5849fb467b9cd5761752a41220 P a887d57a34ef492ba7f01edaabaa87ec [term 1 FOLLOWER]: Leader election vote request: Granting yes vote for candidate c499dc3ff81b4902aa67ed16e674680f in term 1.
I20260710 10:59:54.530352 25737 raft_consensus.cc:493] T 756ecc732ed54058929159c454b91a20 P a887d57a34ef492ba7f01edaabaa87ec [term 0 FOLLOWER]: Starting leader election (no leader contacted us within the election timeout)
I20260710 10:59:54.532166 25737 raft_consensus.cc:3060] T 756ecc732ed54058929159c454b91a20 P a887d57a34ef492ba7f01edaabaa87ec [term 0 FOLLOWER]: Advancing to term 1
I20260710 10:59:54.532524 25690 ts_tablet_manager.cc:1434] T f90113e8cb094ebfa5db3adcab2feb6d P a887d57a34ef492ba7f01edaabaa87ec: Time spent starting tablet: real 0.048s	user 0.006s	sys 0.017s
I20260710 10:59:54.530632 25692 ts_tablet_manager.cc:1434] T 8d4d38fefdd540be974706e0477f8210 P c499dc3ff81b4902aa67ed16e674680f: Time spent starting tablet: real 0.044s	user 0.005s	sys 0.021s
I20260710 10:59:54.533751 25690 tablet_bootstrap.cc:492] T a5c8764993ba4f73a7d56f82f058c54b P a887d57a34ef492ba7f01edaabaa87ec: Bootstrap starting.
I20260710 10:59:54.534225 25692 tablet_bootstrap.cc:492] T a5c8764993ba4f73a7d56f82f058c54b P c499dc3ff81b4902aa67ed16e674680f: Bootstrap starting.
I20260710 10:59:54.540277 25692 tablet_bootstrap.cc:654] T a5c8764993ba4f73a7d56f82f058c54b P c499dc3ff81b4902aa67ed16e674680f: Neither blocks nor log segments found. Creating new log.
I20260710 10:59:54.541254 25690 tablet_bootstrap.cc:654] T a5c8764993ba4f73a7d56f82f058c54b P a887d57a34ef492ba7f01edaabaa87ec: Neither blocks nor log segments found. Creating new log.
I20260710 10:59:54.542563 25695 leader_election.cc:290] T 8d4d38fefdd540be974706e0477f8210 P a887d57a34ef492ba7f01edaabaa87ec [CANDIDATE]: Term 1 pre-election: Requested pre-vote from peers 89da816407cd4960b1607519f2aa02a2 (127.24.75.130:44775), c499dc3ff81b4902aa67ed16e674680f (127.24.75.131:34171)
I20260710 10:59:54.543238 25691 tablet_bootstrap.cc:492] T f90113e8cb094ebfa5db3adcab2feb6d P 89da816407cd4960b1607519f2aa02a2: No bootstrap required, opened a new log
I20260710 10:59:54.543323 25737 raft_consensus.cc:515] T 756ecc732ed54058929159c454b91a20 P a887d57a34ef492ba7f01edaabaa87ec [term 1 FOLLOWER]: Starting leader election with config: opid_index: -1 OBSOLETE_local: false peers { permanent_uuid: "a887d57a34ef492ba7f01edaabaa87ec" member_type: VOTER last_known_addr { host: "127.24.75.129" port: 41001 } } peers { permanent_uuid: "89da816407cd4960b1607519f2aa02a2" member_type: VOTER last_known_addr { host: "127.24.75.130" port: 44775 } } peers { permanent_uuid: "c499dc3ff81b4902aa67ed16e674680f" member_type: VOTER last_known_addr { host: "127.24.75.131" port: 34171 } }
I20260710 10:59:54.544061 25691 ts_tablet_manager.cc:1403] T f90113e8cb094ebfa5db3adcab2feb6d P 89da816407cd4960b1607519f2aa02a2: Time spent bootstrapping tablet: real 0.091s	user 0.021s	sys 0.037s
I20260710 10:59:54.545665 25737 leader_election.cc:290] T 756ecc732ed54058929159c454b91a20 P a887d57a34ef492ba7f01edaabaa87ec [CANDIDATE]: Term 1 election: Requested vote from peers 89da816407cd4960b1607519f2aa02a2 (127.24.75.130:44775), c499dc3ff81b4902aa67ed16e674680f (127.24.75.131:34171)
I20260710 10:59:54.546751 25691 raft_consensus.cc:359] T f90113e8cb094ebfa5db3adcab2feb6d P 89da816407cd4960b1607519f2aa02a2 [term 0 FOLLOWER]: Replica starting. Triggering 0 pending ops. Active config: opid_index: -1 OBSOLETE_local: false peers { permanent_uuid: "a887d57a34ef492ba7f01edaabaa87ec" member_type: VOTER last_known_addr { host: "127.24.75.129" port: 41001 } } peers { permanent_uuid: "89da816407cd4960b1607519f2aa02a2" member_type: VOTER last_known_addr { host: "127.24.75.130" port: 44775 } } peers { permanent_uuid: "c499dc3ff81b4902aa67ed16e674680f" member_type: VOTER last_known_addr { host: "127.24.75.131" port: 34171 } }
I20260710 10:59:54.547524 25691 raft_consensus.cc:385] T f90113e8cb094ebfa5db3adcab2feb6d P 89da816407cd4960b1607519f2aa02a2 [term 0 FOLLOWER]: Consensus starting up: Expiring failure detector timer to make a prompt election more likely
I20260710 10:59:54.547874 25691 raft_consensus.cc:740] T f90113e8cb094ebfa5db3adcab2feb6d P 89da816407cd4960b1607519f2aa02a2 [term 0 FOLLOWER]: Becoming Follower/Learner. State: Replica: 89da816407cd4960b1607519f2aa02a2, State: Initialized, Role: FOLLOWER
I20260710 10:59:54.548699 25691 consensus_queue.cc:260] T f90113e8cb094ebfa5db3adcab2feb6d P 89da816407cd4960b1607519f2aa02a2 [NON_LEADER]: Queue going to NON_LEADER mode. State: All replicated index: 0, Majority replicated index: 0, Committed index: 0, Last appended: 0.0, Last appended by leader: 0, Current term: 0, Majority size: -1, State: 0, Mode: NON_LEADER, active raft config: opid_index: -1 OBSOLETE_local: false peers { permanent_uuid: "a887d57a34ef492ba7f01edaabaa87ec" member_type: VOTER last_known_addr { host: "127.24.75.129" port: 41001 } } peers { permanent_uuid: "89da816407cd4960b1607519f2aa02a2" member_type: VOTER last_known_addr { host: "127.24.75.130" port: 44775 } } peers { permanent_uuid: "c499dc3ff81b4902aa67ed16e674680f" member_type: VOTER last_known_addr { host: "127.24.75.131" port: 34171 } }
I20260710 10:59:54.549250 25649 tablet_service.cc:1917] Received RequestConsensusVote() RPC: tablet_id: "756ecc732ed54058929159c454b91a20" candidate_uuid: "a887d57a34ef492ba7f01edaabaa87ec" candidate_term: 1 candidate_status { last_received { term: 0 index: 0 } } ignore_live_leader: false dest_uuid: "c499dc3ff81b4902aa67ed16e674680f"
I20260710 10:59:54.550060 25649 raft_consensus.cc:3060] T 756ecc732ed54058929159c454b91a20 P c499dc3ff81b4902aa67ed16e674680f [term 0 FOLLOWER]: Advancing to term 1
I20260710 10:59:54.553025 25690 tablet_bootstrap.cc:492] T a5c8764993ba4f73a7d56f82f058c54b P a887d57a34ef492ba7f01edaabaa87ec: No bootstrap required, opened a new log
I20260710 10:59:54.553512 25690 ts_tablet_manager.cc:1403] T a5c8764993ba4f73a7d56f82f058c54b P a887d57a34ef492ba7f01edaabaa87ec: Time spent bootstrapping tablet: real 0.020s	user 0.013s	sys 0.004s
I20260710 10:59:54.553893 25691 ts_tablet_manager.cc:1434] T f90113e8cb094ebfa5db3adcab2feb6d P 89da816407cd4960b1607519f2aa02a2: Time spent starting tablet: real 0.010s	user 0.006s	sys 0.000s
I20260710 10:59:54.555068 25691 tablet_bootstrap.cc:492] T bb28fa5849fb467b9cd5761752a41220 P 89da816407cd4960b1607519f2aa02a2: Bootstrap starting.
I20260710 10:59:54.556317 25690 raft_consensus.cc:359] T a5c8764993ba4f73a7d56f82f058c54b P a887d57a34ef492ba7f01edaabaa87ec [term 0 FOLLOWER]: Replica starting. Triggering 0 pending ops. Active config: opid_index: -1 OBSOLETE_local: false peers { permanent_uuid: "a887d57a34ef492ba7f01edaabaa87ec" member_type: VOTER last_known_addr { host: "127.24.75.129" port: 41001 } } peers { permanent_uuid: "89da816407cd4960b1607519f2aa02a2" member_type: VOTER last_known_addr { host: "127.24.75.130" port: 44775 } } peers { permanent_uuid: "c499dc3ff81b4902aa67ed16e674680f" member_type: VOTER last_known_addr { host: "127.24.75.131" port: 34171 } }
I20260710 10:59:54.557049 25690 raft_consensus.cc:385] T a5c8764993ba4f73a7d56f82f058c54b P a887d57a34ef492ba7f01edaabaa87ec [term 0 FOLLOWER]: Consensus starting up: Expiring failure detector timer to make a prompt election more likely
I20260710 10:59:54.557344 25690 raft_consensus.cc:740] T a5c8764993ba4f73a7d56f82f058c54b P a887d57a34ef492ba7f01edaabaa87ec [term 0 FOLLOWER]: Becoming Follower/Learner. State: Replica: a887d57a34ef492ba7f01edaabaa87ec, State: Initialized, Role: FOLLOWER
I20260710 10:59:54.558032 25690 consensus_queue.cc:260] T a5c8764993ba4f73a7d56f82f058c54b P a887d57a34ef492ba7f01edaabaa87ec [NON_LEADER]: Queue going to NON_LEADER mode. State: All replicated index: 0, Majority replicated index: 0, Committed index: 0, Last appended: 0.0, Last appended by leader: 0, Current term: 0, Majority size: -1, State: 0, Mode: NON_LEADER, active raft config: opid_index: -1 OBSOLETE_local: false peers { permanent_uuid: "a887d57a34ef492ba7f01edaabaa87ec" member_type: VOTER last_known_addr { host: "127.24.75.129" port: 41001 } } peers { permanent_uuid: "89da816407cd4960b1607519f2aa02a2" member_type: VOTER last_known_addr { host: "127.24.75.130" port: 44775 } } peers { permanent_uuid: "c499dc3ff81b4902aa67ed16e674680f" member_type: VOTER last_known_addr { host: "127.24.75.131" port: 34171 } }
I20260710 10:59:54.530747 25736 raft_consensus.cc:2804] T 8d4d38fefdd540be974706e0477f8210 P a887d57a34ef492ba7f01edaabaa87ec [term 0 FOLLOWER]: Leader pre-election won for term 1
I20260710 10:59:54.530910 25698 raft_consensus.cc:697] T fa3a651183b546a19b5f3a04bab9ab75 P c499dc3ff81b4902aa67ed16e674680f [term 1 LEADER]: Becoming Leader. State: Replica: c499dc3ff81b4902aa67ed16e674680f, State: Running, Role: LEADER
I20260710 10:59:54.562518 25690 ts_tablet_manager.cc:1434] T a5c8764993ba4f73a7d56f82f058c54b P a887d57a34ef492ba7f01edaabaa87ec: Time spent starting tablet: real 0.009s	user 0.008s	sys 0.000s
I20260710 10:59:54.562625 25698 consensus_queue.cc:237] T fa3a651183b546a19b5f3a04bab9ab75 P c499dc3ff81b4902aa67ed16e674680f [LEADER]: Queue going to LEADER mode. State: All replicated index: 0, Majority replicated index: 0, Committed index: 0, Last appended: 0.0, Last appended by leader: 0, Current term: 1, Majority size: 2, State: 0, Mode: LEADER, active raft config: opid_index: -1 OBSOLETE_local: false peers { permanent_uuid: "89da816407cd4960b1607519f2aa02a2" member_type: VOTER last_known_addr { host: "127.24.75.130" port: 44775 } } peers { permanent_uuid: "c499dc3ff81b4902aa67ed16e674680f" member_type: VOTER last_known_addr { host: "127.24.75.131" port: 34171 } } peers { permanent_uuid: "a887d57a34ef492ba7f01edaabaa87ec" member_type: VOTER last_known_addr { host: "127.24.75.129" port: 41001 } }
I20260710 10:59:54.563515 25690 tablet_bootstrap.cc:492] T 5fae0d7d7b5b40818a1e6cc6ebfac83f P a887d57a34ef492ba7f01edaabaa87ec: Bootstrap starting.
W20260710 10:59:54.516507 25465 leader_election.cc:343] T bb28fa5849fb467b9cd5761752a41220 P a887d57a34ef492ba7f01edaabaa87ec [CANDIDATE]: Term 1 pre-election: Tablet error from VoteRequest() call to peer 89da816407cd4960b1607519f2aa02a2 (127.24.75.130:44775): Illegal state: must be running to vote when last-logged opid is not known
I20260710 10:59:54.565613 25691 tablet_bootstrap.cc:654] T bb28fa5849fb467b9cd5761752a41220 P 89da816407cd4960b1607519f2aa02a2: Neither blocks nor log segments found. Creating new log.
I20260710 10:59:54.567018 25692 tablet_bootstrap.cc:492] T a5c8764993ba4f73a7d56f82f058c54b P c499dc3ff81b4902aa67ed16e674680f: No bootstrap required, opened a new log
I20260710 10:59:54.566978 25465 leader_election.cc:304] T bb28fa5849fb467b9cd5761752a41220 P a887d57a34ef492ba7f01edaabaa87ec [CANDIDATE]: Term 1 pre-election: Election decided. Result: candidate lost. Election summary: received 3 responses out of 3 voters: 1 yes votes; 2 no votes. yes voters: a887d57a34ef492ba7f01edaabaa87ec; no voters: 89da816407cd4960b1607519f2aa02a2, c499dc3ff81b4902aa67ed16e674680f
I20260710 10:59:54.567606 25692 ts_tablet_manager.cc:1403] T a5c8764993ba4f73a7d56f82f058c54b P c499dc3ff81b4902aa67ed16e674680f: Time spent bootstrapping tablet: real 0.034s	user 0.018s	sys 0.003s
I20260710 10:59:54.567858 25737 raft_consensus.cc:2749] T bb28fa5849fb467b9cd5761752a41220 P a887d57a34ef492ba7f01edaabaa87ec [term 1 FOLLOWER]: Leader pre-election lost for term 1. Reason: could not achieve majority
I20260710 10:59:54.568079 25649 raft_consensus.cc:2468] T 756ecc732ed54058929159c454b91a20 P c499dc3ff81b4902aa67ed16e674680f [term 1 FOLLOWER]: Leader election vote request: Granting yes vote for candidate a887d57a34ef492ba7f01edaabaa87ec in term 1.
W20260710 10:59:54.568032 25465 outbound_call.cc:321] RPC callback for RPC call kudu.consensus.ConsensusService.RequestConsensusVote -> {remote=127.24.75.130:44775, user_credentials={real_user=slave}} blocked reactor thread for 51553.7us
I20260710 10:59:54.569478 25467 leader_election.cc:304] T 756ecc732ed54058929159c454b91a20 P a887d57a34ef492ba7f01edaabaa87ec [CANDIDATE]: Term 1 election: Election decided. Result: candidate won. Election summary: received 2 responses out of 3 voters: 2 yes votes; 0 no votes. yes voters: a887d57a34ef492ba7f01edaabaa87ec, c499dc3ff81b4902aa67ed16e674680f; no voters: 
I20260710 10:59:54.570328 25692 raft_consensus.cc:359] T a5c8764993ba4f73a7d56f82f058c54b P c499dc3ff81b4902aa67ed16e674680f [term 0 FOLLOWER]: Replica starting. Triggering 0 pending ops. Active config: opid_index: -1 OBSOLETE_local: false peers { permanent_uuid: "a887d57a34ef492ba7f01edaabaa87ec" member_type: VOTER last_known_addr { host: "127.24.75.129" port: 41001 } } peers { permanent_uuid: "89da816407cd4960b1607519f2aa02a2" member_type: VOTER last_known_addr { host: "127.24.75.130" port: 44775 } } peers { permanent_uuid: "c499dc3ff81b4902aa67ed16e674680f" member_type: VOTER last_known_addr { host: "127.24.75.131" port: 34171 } }
I20260710 10:59:54.570762 25737 raft_consensus.cc:2804] T 756ecc732ed54058929159c454b91a20 P a887d57a34ef492ba7f01edaabaa87ec [term 1 FOLLOWER]: Leader election won for term 1
I20260710 10:59:54.571085 25692 raft_consensus.cc:385] T a5c8764993ba4f73a7d56f82f058c54b P c499dc3ff81b4902aa67ed16e674680f [term 0 FOLLOWER]: Consensus starting up: Expiring failure detector timer to make a prompt election more likely
I20260710 10:59:54.571419 25692 raft_consensus.cc:740] T a5c8764993ba4f73a7d56f82f058c54b P c499dc3ff81b4902aa67ed16e674680f [term 0 FOLLOWER]: Becoming Follower/Learner. State: Replica: c499dc3ff81b4902aa67ed16e674680f, State: Initialized, Role: FOLLOWER
I20260710 10:59:54.571395 25737 raft_consensus.cc:697] T 756ecc732ed54058929159c454b91a20 P a887d57a34ef492ba7f01edaabaa87ec [term 1 LEADER]: Becoming Leader. State: Replica: a887d57a34ef492ba7f01edaabaa87ec, State: Running, Role: LEADER
I20260710 10:59:54.570591 25736 raft_consensus.cc:493] T 8d4d38fefdd540be974706e0477f8210 P a887d57a34ef492ba7f01edaabaa87ec [term 0 FOLLOWER]: Starting leader election (no leader contacted us within the election timeout)
I20260710 10:59:54.570683 25615 leader_election.cc:304] T bb28fa5849fb467b9cd5761752a41220 P c499dc3ff81b4902aa67ed16e674680f [CANDIDATE]: Term 1 election: Election decided. Result: candidate won. Election summary: received 3 responses out of 3 voters: 2 yes votes; 1 no votes. yes voters: a887d57a34ef492ba7f01edaabaa87ec, c499dc3ff81b4902aa67ed16e674680f; no voters: 89da816407cd4960b1607519f2aa02a2
I20260710 10:59:54.573323 25576 tablet_service.cc:1917] Received RequestConsensusVote() RPC: tablet_id: "756ecc732ed54058929159c454b91a20" candidate_uuid: "a887d57a34ef492ba7f01edaabaa87ec" candidate_term: 1 candidate_status { last_received { term: 0 index: 0 } } ignore_live_leader: false dest_uuid: "89da816407cd4960b1607519f2aa02a2"
I20260710 10:59:54.573498 25736 raft_consensus.cc:3060] T 8d4d38fefdd540be974706e0477f8210 P a887d57a34ef492ba7f01edaabaa87ec [term 0 FOLLOWER]: Advancing to term 1
I20260710 10:59:54.570621 25575 tablet_service.cc:1917] Received RequestConsensusVote() RPC: tablet_id: "8d4d38fefdd540be974706e0477f8210" candidate_uuid: "a887d57a34ef492ba7f01edaabaa87ec" candidate_term: 1 candidate_status { last_received { term: 0 index: 0 } } ignore_live_leader: false dest_uuid: "89da816407cd4960b1607519f2aa02a2" is_pre_election: true
I20260710 10:59:54.572643 25737 consensus_queue.cc:237] T 756ecc732ed54058929159c454b91a20 P a887d57a34ef492ba7f01edaabaa87ec [LEADER]: Queue going to LEADER mode. State: All replicated index: 0, Majority replicated index: 0, Committed index: 0, Last appended: 0.0, Last appended by leader: 0, Current term: 1, Majority size: 2, State: 0, Mode: LEADER, active raft config: opid_index: -1 OBSOLETE_local: false peers { permanent_uuid: "a887d57a34ef492ba7f01edaabaa87ec" member_type: VOTER last_known_addr { host: "127.24.75.129" port: 41001 } } peers { permanent_uuid: "89da816407cd4960b1607519f2aa02a2" member_type: VOTER last_known_addr { host: "127.24.75.130" port: 44775 } } peers { permanent_uuid: "c499dc3ff81b4902aa67ed16e674680f" member_type: VOTER last_known_addr { host: "127.24.75.131" port: 34171 } }
I20260710 10:59:54.573920 25576 raft_consensus.cc:3060] T 756ecc732ed54058929159c454b91a20 P 89da816407cd4960b1607519f2aa02a2 [term 0 FOLLOWER]: Advancing to term 1
I20260710 10:59:54.574615 25575 raft_consensus.cc:2468] T 8d4d38fefdd540be974706e0477f8210 P 89da816407cd4960b1607519f2aa02a2 [term 0 FOLLOWER]: Leader pre-election vote request: Granting yes vote for candidate a887d57a34ef492ba7f01edaabaa87ec in term 0.
I20260710 10:59:54.580940 25692 consensus_queue.cc:260] T a5c8764993ba4f73a7d56f82f058c54b P c499dc3ff81b4902aa67ed16e674680f [NON_LEADER]: Queue going to NON_LEADER mode. State: All replicated index: 0, Majority replicated index: 0, Committed index: 0, Last appended: 0.0, Last appended by leader: 0, Current term: 0, Majority size: -1, State: 0, Mode: NON_LEADER, active raft config: opid_index: -1 OBSOLETE_local: false peers { permanent_uuid: "a887d57a34ef492ba7f01edaabaa87ec" member_type: VOTER last_known_addr { host: "127.24.75.129" port: 41001 } } peers { permanent_uuid: "89da816407cd4960b1607519f2aa02a2" member_type: VOTER last_known_addr { host: "127.24.75.130" port: 44775 } } peers { permanent_uuid: "c499dc3ff81b4902aa67ed16e674680f" member_type: VOTER last_known_addr { host: "127.24.75.131" port: 34171 } }
I20260710 10:59:54.590641 25735 raft_consensus.cc:2804] T bb28fa5849fb467b9cd5761752a41220 P c499dc3ff81b4902aa67ed16e674680f [term 1 FOLLOWER]: Leader election won for term 1
I20260710 10:59:54.591408 25735 raft_consensus.cc:697] T bb28fa5849fb467b9cd5761752a41220 P c499dc3ff81b4902aa67ed16e674680f [term 1 LEADER]: Becoming Leader. State: Replica: c499dc3ff81b4902aa67ed16e674680f, State: Running, Role: LEADER
I20260710 10:59:54.587393 25692 ts_tablet_manager.cc:1434] T a5c8764993ba4f73a7d56f82f058c54b P c499dc3ff81b4902aa67ed16e674680f: Time spent starting tablet: real 0.019s	user 0.007s	sys 0.001s
I20260710 10:59:54.592633 25735 consensus_queue.cc:237] T bb28fa5849fb467b9cd5761752a41220 P c499dc3ff81b4902aa67ed16e674680f [LEADER]: Queue going to LEADER mode. State: All replicated index: 0, Majority replicated index: 0, Committed index: 0, Last appended: 0.0, Last appended by leader: 0, Current term: 1, Majority size: 2, State: 0, Mode: LEADER, active raft config: opid_index: -1 OBSOLETE_local: false peers { permanent_uuid: "a887d57a34ef492ba7f01edaabaa87ec" member_type: VOTER last_known_addr { host: "127.24.75.129" port: 41001 } } peers { permanent_uuid: "89da816407cd4960b1607519f2aa02a2" member_type: VOTER last_known_addr { host: "127.24.75.130" port: 44775 } } peers { permanent_uuid: "c499dc3ff81b4902aa67ed16e674680f" member_type: VOTER last_known_addr { host: "127.24.75.131" port: 34171 } }
