I20260710 11:00:18.724066 26660 raft_consensus.cc:359] T 92af3b2393b6470dae14311b7e07e267 P 96974217ca41483a90ae951da7c818ad [term 1 LEARNER]: Replica starting. Triggering 0 pending ops. Active config: opid_index: 2 OBSOLETE_local: false peers { permanent_uuid: "173794d910db467c8c0bd9fbd8818592" member_type: VOTER last_known_addr { host: "127.24.75.129" port: 33499 } } peers { permanent_uuid: "d528aeb81525469ebdd1806f61c3a87e" member_type: VOTER last_known_addr { host: "127.24.75.130" port: 33501 } } peers { permanent_uuid: "36e94f657097428b9e994129363f503f" member_type: VOTER last_known_addr { host: "127.24.75.131" port: 37295 } attrs { replace: true } } peers { permanent_uuid: "96974217ca41483a90ae951da7c818ad" member_type: NON_VOTER last_known_addr { host: "127.24.75.132" port: 44935 } attrs { promote: true } }
I20260710 11:00:18.724876 26660 raft_consensus.cc:740] T 92af3b2393b6470dae14311b7e07e267 P 96974217ca41483a90ae951da7c818ad [term 1 LEARNER]: Becoming Follower/Learner. State: Replica: 96974217ca41483a90ae951da7c818ad, State: Initialized, Role: LEARNER
I20260710 11:00:18.725750 26660 consensus_queue.cc:260] T 92af3b2393b6470dae14311b7e07e267 P 96974217ca41483a90ae951da7c818ad [NON_LEADER]: Queue going to NON_LEADER mode. State: All replicated index: 0, Majority replicated index: 0, Committed index: 2, Last appended: 1.2, Last appended by leader: 2, Current term: 0, Majority size: -1, State: 0, Mode: NON_LEADER, active raft config: opid_index: 2 OBSOLETE_local: false peers { permanent_uuid: "173794d910db467c8c0bd9fbd8818592" member_type: VOTER last_known_addr { host: "127.24.75.129" port: 33499 } } peers { permanent_uuid: "d528aeb81525469ebdd1806f61c3a87e" member_type: VOTER last_known_addr { host: "127.24.75.130" port: 33501 } } peers { permanent_uuid: "36e94f657097428b9e994129363f503f" member_type: VOTER last_known_addr { host: "127.24.75.131" port: 37295 } attrs { replace: true } } peers { permanent_uuid: "96974217ca41483a90ae951da7c818ad" member_type: NON_VOTER last_known_addr { host: "127.24.75.132" port: 44935 } attrs { promote: true } }
I20260710 11:00:18.728279 26660 ts_tablet_manager.cc:1434] T 92af3b2393b6470dae14311b7e07e267 P 96974217ca41483a90ae951da7c818ad: Time spent starting tablet: real 0.007s	user 0.006s	sys 0.002s
I20260710 11:00:18.730046 25992 tablet_copy_service.cc:342] P 173794d910db467c8c0bd9fbd8818592: Request end of tablet copy session 96974217ca41483a90ae951da7c818ad-92af3b2393b6470dae14311b7e07e267 received from {username='slave'} at 127.0.0.1:42766
I20260710 11:00:18.730512 25992 tablet_copy_service.cc:434] P 173794d910db467c8c0bd9fbd8818592: ending tablet copy session 96974217ca41483a90ae951da7c818ad-92af3b2393b6470dae14311b7e07e267 on tablet 92af3b2393b6470dae14311b7e07e267 with peer 96974217ca41483a90ae951da7c818ad
I20260710 11:00:18.814810 26660 ts_tablet_manager.cc:933] T eb09a063733c4eeea42d0c7bbb3b4c4b P 96974217ca41483a90ae951da7c818ad: Initiating tablet copy from peer 36e94f657097428b9e994129363f503f (127.24.75.131:37295)
I20260710 11:00:18.817092 26660 tablet_copy_client.cc:323] T eb09a063733c4eeea42d0c7bbb3b4c4b P 96974217ca41483a90ae951da7c818ad: tablet copy: Beginning tablet copy session from remote peer at address 127.24.75.131:37295
I20260710 11:00:18.818894 26140 tablet_copy_service.cc:140] P 36e94f657097428b9e994129363f503f: Received BeginTabletCopySession request for tablet eb09a063733c4eeea42d0c7bbb3b4c4b from peer 96974217ca41483a90ae951da7c818ad ({username='slave'} at 127.0.0.1:60488)
I20260710 11:00:18.819478 26140 tablet_copy_service.cc:161] P 36e94f657097428b9e994129363f503f: Beginning new tablet copy session on tablet eb09a063733c4eeea42d0c7bbb3b4c4b from peer 96974217ca41483a90ae951da7c818ad at {username='slave'} at 127.0.0.1:60488: session id = 96974217ca41483a90ae951da7c818ad-eb09a063733c4eeea42d0c7bbb3b4c4b
I20260710 11:00:18.827066 26140 tablet_copy_source_session.cc:215] T eb09a063733c4eeea42d0c7bbb3b4c4b P 36e94f657097428b9e994129363f503f: Tablet Copy: opened 0 blocks and 1 log segments
I20260710 11:00:18.830209 26660 data_dirs.cc:400] Could only allocate 1 dirs of requested 3 for tablet eb09a063733c4eeea42d0c7bbb3b4c4b. 1 dirs total, 0 dirs full, 0 dirs failed
I20260710 11:00:18.844939 26660 tablet_copy_client.cc:806] T eb09a063733c4eeea42d0c7bbb3b4c4b P 96974217ca41483a90ae951da7c818ad: tablet copy: Starting download of 0 data blocks...
I20260710 11:00:18.845629 26660 tablet_copy_client.cc:670] T eb09a063733c4eeea42d0c7bbb3b4c4b P 96974217ca41483a90ae951da7c818ad: tablet copy: Starting download of 1 WAL segments...
I20260710 11:00:18.849987 26660 tablet_copy_client.cc:538] T eb09a063733c4eeea42d0c7bbb3b4c4b P 96974217ca41483a90ae951da7c818ad: tablet copy: Tablet Copy complete. Replacing tablet superblock.
I20260710 11:00:18.859234 26660 tablet_bootstrap.cc:492] T eb09a063733c4eeea42d0c7bbb3b4c4b P 96974217ca41483a90ae951da7c818ad: Bootstrap starting.
I20260710 11:00:18.877974 26658 ts_tablet_manager.cc:933] T 51ba2c99213c45ccb1905d16fe24fdde P 96974217ca41483a90ae951da7c818ad: Initiating tablet copy from peer 173794d910db467c8c0bd9fbd8818592 (127.24.75.129:33499)
I20260710 11:00:18.878480 26660 tablet_bootstrap.cc:492] T eb09a063733c4eeea42d0c7bbb3b4c4b P 96974217ca41483a90ae951da7c818ad: Bootstrap replayed 1/1 log segments. Stats: ops{read=2 overwritten=0 applied=2 ignored=0} inserts{seen=0 ignored=0} mutations{seen=0 ignored=0} orphaned_commits=0. Pending: 0 replicates
I20260710 11:00:18.879683 26660 tablet_bootstrap.cc:492] T eb09a063733c4eeea42d0c7bbb3b4c4b P 96974217ca41483a90ae951da7c818ad: Bootstrap complete.
I20260710 11:00:18.880247 26658 tablet_copy_client.cc:323] T 51ba2c99213c45ccb1905d16fe24fdde P 96974217ca41483a90ae951da7c818ad: tablet copy: Beginning tablet copy session from remote peer at address 127.24.75.129:33499
I20260710 11:00:18.880705 26660 ts_tablet_manager.cc:1403] T eb09a063733c4eeea42d0c7bbb3b4c4b P 96974217ca41483a90ae951da7c818ad: Time spent bootstrapping tablet: real 0.022s	user 0.016s	sys 0.004s
I20260710 11:00:18.883059 25992 tablet_copy_service.cc:140] P 173794d910db467c8c0bd9fbd8818592: Received BeginTabletCopySession request for tablet 51ba2c99213c45ccb1905d16fe24fdde from peer 96974217ca41483a90ae951da7c818ad ({username='slave'} at 127.0.0.1:42766)
I20260710 11:00:18.883682 25992 tablet_copy_service.cc:161] P 173794d910db467c8c0bd9fbd8818592: Beginning new tablet copy session on tablet 51ba2c99213c45ccb1905d16fe24fdde from peer 96974217ca41483a90ae951da7c818ad at {username='slave'} at 127.0.0.1:42766: session id = 96974217ca41483a90ae951da7c818ad-51ba2c99213c45ccb1905d16fe24fdde
I20260710 11:00:18.884457 26660 raft_consensus.cc:359] T eb09a063733c4eeea42d0c7bbb3b4c4b P 96974217ca41483a90ae951da7c818ad [term 1 LEARNER]: Replica starting. Triggering 0 pending ops. Active config: opid_index: 2 OBSOLETE_local: false peers { permanent_uuid: "173794d910db467c8c0bd9fbd8818592" member_type: VOTER last_known_addr { host: "127.24.75.129" port: 33499 } } peers { permanent_uuid: "d528aeb81525469ebdd1806f61c3a87e" member_type: VOTER last_known_addr { host: "127.24.75.130" port: 33501 } attrs { replace: true } } peers { permanent_uuid: "36e94f657097428b9e994129363f503f" member_type: VOTER last_known_addr { host: "127.24.75.131" port: 37295 } } peers { permanent_uuid: "96974217ca41483a90ae951da7c818ad" member_type: NON_VOTER last_known_addr { host: "127.24.75.132" port: 44935 } attrs { promote: true } }
I20260710 11:00:18.885553 26660 raft_consensus.cc:740] T eb09a063733c4eeea42d0c7bbb3b4c4b P 96974217ca41483a90ae951da7c818ad [term 1 LEARNER]: Becoming Follower/Learner. State: Replica: 96974217ca41483a90ae951da7c818ad, State: Initialized, Role: LEARNER
I20260710 11:00:18.886411 26660 consensus_queue.cc:260] T eb09a063733c4eeea42d0c7bbb3b4c4b P 96974217ca41483a90ae951da7c818ad [NON_LEADER]: Queue going to NON_LEADER mode. State: All replicated index: 0, Majority replicated index: 0, Committed index: 2, Last appended: 1.2, Last appended by leader: 2, Current term: 0, Majority size: -1, State: 0, Mode: NON_LEADER, active raft config: opid_index: 2 OBSOLETE_local: false peers { permanent_uuid: "173794d910db467c8c0bd9fbd8818592" member_type: VOTER last_known_addr { host: "127.24.75.129" port: 33499 } } peers { permanent_uuid: "d528aeb81525469ebdd1806f61c3a87e" member_type: VOTER last_known_addr { host: "127.24.75.130" port: 33501 } attrs { replace: true } } peers { permanent_uuid: "36e94f657097428b9e994129363f503f" member_type: VOTER last_known_addr { host: "127.24.75.131" port: 37295 } } peers { permanent_uuid: "96974217ca41483a90ae951da7c818ad" member_type: NON_VOTER last_known_addr { host: "127.24.75.132" port: 44935 } attrs { promote: true } }
I20260710 11:00:18.889802 26660 ts_tablet_manager.cc:1434] T eb09a063733c4eeea42d0c7bbb3b4c4b P 96974217ca41483a90ae951da7c818ad: Time spent starting tablet: real 0.009s	user 0.008s	sys 0.000s
I20260710 11:00:18.891703 26140 tablet_copy_service.cc:342] P 36e94f657097428b9e994129363f503f: Request end of tablet copy session 96974217ca41483a90ae951da7c818ad-eb09a063733c4eeea42d0c7bbb3b4c4b received from {username='slave'} at 127.0.0.1:60488
I20260710 11:00:18.892170 26140 tablet_copy_service.cc:434] P 36e94f657097428b9e994129363f503f: ending tablet copy session 96974217ca41483a90ae951da7c818ad-eb09a063733c4eeea42d0c7bbb3b4c4b on tablet eb09a063733c4eeea42d0c7bbb3b4c4b with peer 96974217ca41483a90ae951da7c818ad
I20260710 11:00:18.906107 25992 tablet_copy_source_session.cc:215] T 51ba2c99213c45ccb1905d16fe24fdde P 173794d910db467c8c0bd9fbd8818592: Tablet Copy: opened 0 blocks and 1 log segments
I20260710 11:00:18.909833 26658 data_dirs.cc:400] Could only allocate 1 dirs of requested 3 for tablet 51ba2c99213c45ccb1905d16fe24fdde. 1 dirs total, 0 dirs full, 0 dirs failed
I20260710 11:00:18.925547 26658 tablet_copy_client.cc:806] T 51ba2c99213c45ccb1905d16fe24fdde P 96974217ca41483a90ae951da7c818ad: tablet copy: Starting download of 0 data blocks...
I20260710 11:00:18.926132 26658 tablet_copy_client.cc:670] T 51ba2c99213c45ccb1905d16fe24fdde P 96974217ca41483a90ae951da7c818ad: tablet copy: Starting download of 1 WAL segments...
I20260710 11:00:18.930132 26658 tablet_copy_client.cc:538] T 51ba2c99213c45ccb1905d16fe24fdde P 96974217ca41483a90ae951da7c818ad: tablet copy: Tablet Copy complete. Replacing tablet superblock.
I20260710 11:00:18.938742 26658 tablet_bootstrap.cc:492] T 51ba2c99213c45ccb1905d16fe24fdde P 96974217ca41483a90ae951da7c818ad: Bootstrap starting.
I20260710 11:00:18.958324 26658 tablet_bootstrap.cc:492] T 51ba2c99213c45ccb1905d16fe24fdde P 96974217ca41483a90ae951da7c818ad: Bootstrap replayed 1/1 log segments. Stats: ops{read=2 overwritten=0 applied=2 ignored=0} inserts{seen=0 ignored=0} mutations{seen=0 ignored=0} orphaned_commits=0. Pending: 0 replicates
I20260710 11:00:18.959189 26658 tablet_bootstrap.cc:492] T 51ba2c99213c45ccb1905d16fe24fdde P 96974217ca41483a90ae951da7c818ad: Bootstrap complete.
I20260710 11:00:18.959798 26658 ts_tablet_manager.cc:1403] T 51ba2c99213c45ccb1905d16fe24fdde P 96974217ca41483a90ae951da7c818ad: Time spent bootstrapping tablet: real 0.021s	user 0.012s	sys 0.007s
I20260710 11:00:18.962613 26658 raft_consensus.cc:359] T 51ba2c99213c45ccb1905d16fe24fdde P 96974217ca41483a90ae951da7c818ad [term 1 LEARNER]: Replica starting. Triggering 0 pending ops. Active config: opid_index: 2 OBSOLETE_local: false peers { permanent_uuid: "173794d910db467c8c0bd9fbd8818592" member_type: VOTER last_known_addr { host: "127.24.75.129" port: 33499 } } peers { permanent_uuid: "d528aeb81525469ebdd1806f61c3a87e" member_type: VOTER last_known_addr { host: "127.24.75.130" port: 33501 } attrs { replace: true } } peers { permanent_uuid: "36e94f657097428b9e994129363f503f" member_type: VOTER last_known_addr { host: "127.24.75.131" port: 37295 } } peers { permanent_uuid: "96974217ca41483a90ae951da7c818ad" member_type: NON_VOTER last_known_addr { host: "127.24.75.132" port: 44935 } attrs { promote: true } }
I20260710 11:00:18.963428 26658 raft_consensus.cc:740] T 51ba2c99213c45ccb1905d16fe24fdde P 96974217ca41483a90ae951da7c818ad [term 1 LEARNER]: Becoming Follower/Learner. State: Replica: 96974217ca41483a90ae951da7c818ad, State: Initialized, Role: LEARNER
I20260710 11:00:18.964031 26658 consensus_queue.cc:260] T 51ba2c99213c45ccb1905d16fe24fdde P 96974217ca41483a90ae951da7c818ad [NON_LEADER]: Queue going to NON_LEADER mode. State: All replicated index: 0, Majority replicated index: 0, Committed index: 2, Last appended: 1.2, Last appended by leader: 2, Current term: 0, Majority size: -1, State: 0, Mode: NON_LEADER, active raft config: opid_index: 2 OBSOLETE_local: false peers { permanent_uuid: "173794d910db467c8c0bd9fbd8818592" member_type: VOTER last_known_addr { host: "127.24.75.129" port: 33499 } } peers { permanent_uuid: "d528aeb81525469ebdd1806f61c3a87e" member_type: VOTER last_known_addr { host: "127.24.75.130" port: 33501 } attrs { replace: true } } peers { permanent_uuid: "36e94f657097428b9e994129363f503f" member_type: VOTER last_known_addr { host: "127.24.75.131" port: 37295 } } peers { permanent_uuid: "96974217ca41483a90ae951da7c818ad" member_type: NON_VOTER last_known_addr { host: "127.24.75.132" port: 44935 } attrs { promote: true } }
I20260710 11:00:18.967124 26658 ts_tablet_manager.cc:1434] T 51ba2c99213c45ccb1905d16fe24fdde P 96974217ca41483a90ae951da7c818ad: Time spent starting tablet: real 0.007s	user 0.004s	sys 0.004s
I20260710 11:00:18.969033 25992 tablet_copy_service.cc:342] P 173794d910db467c8c0bd9fbd8818592: Request end of tablet copy session 96974217ca41483a90ae951da7c818ad-51ba2c99213c45ccb1905d16fe24fdde received from {username='slave'} at 127.0.0.1:42766
I20260710 11:00:18.969558 25992 tablet_copy_service.cc:434] P 173794d910db467c8c0bd9fbd8818592: ending tablet copy session 96974217ca41483a90ae951da7c818ad-51ba2c99213c45ccb1905d16fe24fdde on tablet 51ba2c99213c45ccb1905d16fe24fdde with peer 96974217ca41483a90ae951da7c818ad
I20260710 11:00:19.126684 26399 raft_consensus.cc:1217] T 92af3b2393b6470dae14311b7e07e267 P 96974217ca41483a90ae951da7c818ad [term 1 LEARNER]: Deduplicated request from leader. Original: 1.1->[1.2-1.2]   Dedup: 1.2->[]
I20260710 11:00:19.132783 26399 raft_consensus.cc:1217] T c9e2adc2031a4412853986ed7d621698 P 96974217ca41483a90ae951da7c818ad [term 1 LEARNER]: Deduplicated request from leader. Original: 1.1->[1.2-1.2]   Dedup: 1.2->[]
I20260710 11:00:19.361392 26399 raft_consensus.cc:1217] T eb09a063733c4eeea42d0c7bbb3b4c4b P 96974217ca41483a90ae951da7c818ad [term 1 LEARNER]: Deduplicated request from leader. Original: 1.1->[1.2-1.2]   Dedup: 1.2->[]
I20260710 11:00:19.380656 26399 raft_consensus.cc:1217] T 51ba2c99213c45ccb1905d16fe24fdde P 96974217ca41483a90ae951da7c818ad [term 1 LEARNER]: Deduplicated request from leader. Original: 1.1->[1.2-1.2]   Dedup: 1.2->[]
I20260710 11:00:19.636538 26669 raft_consensus.cc:1064] T 92af3b2393b6470dae14311b7e07e267 P 173794d910db467c8c0bd9fbd8818592: attempting to promote NON_VOTER 96974217ca41483a90ae951da7c818ad to VOTER
I20260710 11:00:19.639156 26669 consensus_queue.cc:237] T 92af3b2393b6470dae14311b7e07e267 P 173794d910db467c8c0bd9fbd8818592 [LEADER]: Queue going to LEADER mode. State: All replicated index: 0, Majority replicated index: 2, Committed index: 2, Last appended: 1.2, Last appended by leader: 0, Current term: 1, Majority size: 3, State: 0, Mode: LEADER, active raft config: opid_index: 3 OBSOLETE_local: false peers { permanent_uuid: "173794d910db467c8c0bd9fbd8818592" member_type: VOTER last_known_addr { host: "127.24.75.129" port: 33499 } } peers { permanent_uuid: "d528aeb81525469ebdd1806f61c3a87e" member_type: VOTER last_known_addr { host: "127.24.75.130" port: 33501 } } peers { permanent_uuid: "36e94f657097428b9e994129363f503f" member_type: VOTER last_known_addr { host: "127.24.75.131" port: 37295 } attrs { replace: true } } peers { permanent_uuid: "96974217ca41483a90ae951da7c818ad" member_type: VOTER last_known_addr { host: "127.24.75.132" port: 44935 } attrs { promote: false } }
I20260710 11:00:19.646068 26399 raft_consensus.cc:1275] T 92af3b2393b6470dae14311b7e07e267 P 96974217ca41483a90ae951da7c818ad [term 1 LEARNER]: Refusing update from remote peer 173794d910db467c8c0bd9fbd8818592: Log matching property violated. Preceding OpId in replica: term: 1 index: 2. Preceding OpId from leader: term: 1 index: 3. (index mismatch)
I20260710 11:00:19.647136 26131 raft_consensus.cc:1275] T 92af3b2393b6470dae14311b7e07e267 P 36e94f657097428b9e994129363f503f [term 1 FOLLOWER]: Refusing update from remote peer 173794d910db467c8c0bd9fbd8818592: Log matching property violated. Preceding OpId in replica: term: 1 index: 2. Preceding OpId from leader: term: 1 index: 3. (index mismatch)
I20260710 11:00:19.647550 26056 raft_consensus.cc:1275] T 92af3b2393b6470dae14311b7e07e267 P d528aeb81525469ebdd1806f61c3a87e [term 1 FOLLOWER]: Refusing update from remote peer 173794d910db467c8c0bd9fbd8818592: Log matching property violated. Preceding OpId in replica: term: 1 index: 2. Preceding OpId from leader: term: 1 index: 3. (index mismatch)
I20260710 11:00:19.648531 26605 consensus_queue.cc:1048] T 92af3b2393b6470dae14311b7e07e267 P 173794d910db467c8c0bd9fbd8818592 [LEADER]: Connected to new peer: Peer: permanent_uuid: "96974217ca41483a90ae951da7c818ad" member_type: VOTER last_known_addr { host: "127.24.75.132" port: 44935 } attrs { promote: false }, Status: LMP_MISMATCH, Last received: 0.0, Next index: 3, Last known committed idx: 2, Time since last communication: 0.000s
I20260710 11:00:19.649555 26532 consensus_queue.cc:1048] T 92af3b2393b6470dae14311b7e07e267 P 173794d910db467c8c0bd9fbd8818592 [LEADER]: Connected to new peer: Peer: permanent_uuid: "36e94f657097428b9e994129363f503f" member_type: VOTER last_known_addr { host: "127.24.75.131" port: 37295 } attrs { replace: true }, Status: LMP_MISMATCH, Last received: 0.0, Next index: 3, Last known committed idx: 2, Time since last communication: 0.000s
I20260710 11:00:19.651585 26532 consensus_queue.cc:1048] T 92af3b2393b6470dae14311b7e07e267 P 173794d910db467c8c0bd9fbd8818592 [LEADER]: Connected to new peer: Peer: permanent_uuid: "d528aeb81525469ebdd1806f61c3a87e" member_type: VOTER last_known_addr { host: "127.24.75.130" port: 33501 }, Status: LMP_MISMATCH, Last received: 0.0, Next index: 3, Last known committed idx: 2, Time since last communication: 0.000s
I20260710 11:00:19.680739 26669 raft_consensus.cc:2955] T 92af3b2393b6470dae14311b7e07e267 P 173794d910db467c8c0bd9fbd8818592 [term 1 LEADER]: Committing config change with OpId 1.3: config changed from index 2 to 3, 96974217ca41483a90ae951da7c818ad (127.24.75.132) changed from NON_VOTER to VOTER. New config: { opid_index: 3 OBSOLETE_local: false peers { permanent_uuid: "173794d910db467c8c0bd9fbd8818592" member_type: VOTER last_known_addr { host: "127.24.75.129" port: 33499 } } peers { permanent_uuid: "d528aeb81525469ebdd1806f61c3a87e" member_type: VOTER last_known_addr { host: "127.24.75.130" port: 33501 } } peers { permanent_uuid: "36e94f657097428b9e994129363f503f" member_type: VOTER last_known_addr { host: "127.24.75.131" port: 37295 } attrs { replace: true } } peers { permanent_uuid: "96974217ca41483a90ae951da7c818ad" member_type: VOTER last_known_addr { host: "127.24.75.132" port: 44935 } attrs { promote: false } } }
I20260710 11:00:19.683379 26131 raft_consensus.cc:2955] T 92af3b2393b6470dae14311b7e07e267 P 36e94f657097428b9e994129363f503f [term 1 FOLLOWER]: Committing config change with OpId 1.3: config changed from index 2 to 3, 96974217ca41483a90ae951da7c818ad (127.24.75.132) changed from NON_VOTER to VOTER. New config: { opid_index: 3 OBSOLETE_local: false peers { permanent_uuid: "173794d910db467c8c0bd9fbd8818592" member_type: VOTER last_known_addr { host: "127.24.75.129" port: 33499 } } peers { permanent_uuid: "d528aeb81525469ebdd1806f61c3a87e" member_type: VOTER last_known_addr { host: "127.24.75.130" port: 33501 } } peers { permanent_uuid: "36e94f657097428b9e994129363f503f" member_type: VOTER last_known_addr { host: "127.24.75.131" port: 37295 } attrs { replace: true } } peers { permanent_uuid: "96974217ca41483a90ae951da7c818ad" member_type: VOTER last_known_addr { host: "127.24.75.132" port: 44935 } attrs { promote: false } } }
I20260710 11:00:19.688962 26401 raft_consensus.cc:2955] T 92af3b2393b6470dae14311b7e07e267 P 96974217ca41483a90ae951da7c818ad [term 1 FOLLOWER]: Committing config change with OpId 1.3: config changed from index 2 to 3, 96974217ca41483a90ae951da7c818ad (127.24.75.132) changed from NON_VOTER to VOTER. New config: { opid_index: 3 OBSOLETE_local: false peers { permanent_uuid: "173794d910db467c8c0bd9fbd8818592" member_type: VOTER last_known_addr { host: "127.24.75.129" port: 33499 } } peers { permanent_uuid: "d528aeb81525469ebdd1806f61c3a87e" member_type: VOTER last_known_addr { host: "127.24.75.130" port: 33501 } } peers { permanent_uuid: "36e94f657097428b9e994129363f503f" member_type: VOTER last_known_addr { host: "127.24.75.131" port: 37295 } attrs { replace: true } } peers { permanent_uuid: "96974217ca41483a90ae951da7c818ad" member_type: VOTER last_known_addr { host: "127.24.75.132" port: 44935 } attrs { promote: false } } }
I20260710 11:00:19.696519 26056 raft_consensus.cc:2955] T 92af3b2393b6470dae14311b7e07e267 P d528aeb81525469ebdd1806f61c3a87e [term 1 FOLLOWER]: Committing config change with OpId 1.3: config changed from index 2 to 3, 96974217ca41483a90ae951da7c818ad (127.24.75.132) changed from NON_VOTER to VOTER. New config: { opid_index: 3 OBSOLETE_local: false peers { permanent_uuid: "173794d910db467c8c0bd9fbd8818592" member_type: VOTER last_known_addr { host: "127.24.75.129" port: 33499 } } peers { permanent_uuid: "d528aeb81525469ebdd1806f61c3a87e" member_type: VOTER last_known_addr { host: "127.24.75.130" port: 33501 } } peers { permanent_uuid: "36e94f657097428b9e994129363f503f" member_type: VOTER last_known_addr { host: "127.24.75.131" port: 37295 } attrs { replace: true } } peers { permanent_uuid: "96974217ca41483a90ae951da7c818ad" member_type: VOTER last_known_addr { host: "127.24.75.132" port: 44935 } attrs { promote: false } } }
I20260710 11:00:19.703497 25880 catalog_manager.cc:5697] T 92af3b2393b6470dae14311b7e07e267 P 173794d910db467c8c0bd9fbd8818592 reported cstate change: config changed from index 2 to 3, 96974217ca41483a90ae951da7c818ad (127.24.75.132) changed from NON_VOTER to VOTER. New cstate: current_term: 1 leader_uuid: "173794d910db467c8c0bd9fbd8818592" committed_config { opid_index: 3 OBSOLETE_local: false peers { permanent_uuid: "173794d910db467c8c0bd9fbd8818592" member_type: VOTER last_known_addr { host: "127.24.75.129" port: 33499 } health_report { overall_health: HEALTHY } } peers { permanent_uuid: "d528aeb81525469ebdd1806f61c3a87e" member_type: VOTER last_known_addr { host: "127.24.75.130" port: 33501 } health_report { overall_health: HEALTHY } } peers { permanent_uuid: "36e94f657097428b9e994129363f503f" member_type: VOTER last_known_addr { host: "127.24.75.131" port: 37295 } attrs { replace: true } health_report { overall_health: HEALTHY } } peers { permanent_uuid: "96974217ca41483a90ae951da7c818ad" member_type: VOTER last_known_addr { host: "127.24.75.132" port: 44935 } attrs { promote: false } health_report { overall_health: HEALTHY } } }
I20260710 11:00:19.717882 26646 raft_consensus.cc:1064] T c9e2adc2031a4412853986ed7d621698 P d528aeb81525469ebdd1806f61c3a87e: attempting to promote NON_VOTER 96974217ca41483a90ae951da7c818ad to VOTER
I20260710 11:00:19.728492 26646 consensus_queue.cc:237] T c9e2adc2031a4412853986ed7d621698 P d528aeb81525469ebdd1806f61c3a87e [LEADER]: Queue going to LEADER mode. State: All replicated index: 0, Majority replicated index: 2, Committed index: 2, Last appended: 1.2, Last appended by leader: 0, Current term: 1, Majority size: 3, State: 0, Mode: LEADER, active raft config: opid_index: 3 OBSOLETE_local: false peers { permanent_uuid: "173794d910db467c8c0bd9fbd8818592" member_type: VOTER last_known_addr { host: "127.24.75.129" port: 33499 } attrs { replace: true } } peers { permanent_uuid: "d528aeb81525469ebdd1806f61c3a87e" member_type: VOTER last_known_addr { host: "127.24.75.130" port: 33501 } } peers { permanent_uuid: "36e94f657097428b9e994129363f503f" member_type: VOTER last_known_addr { host: "127.24.75.131" port: 37295 } } peers { permanent_uuid: "96974217ca41483a90ae951da7c818ad" member_type: VOTER last_known_addr { host: "127.24.75.132" port: 44935 } attrs { promote: false } }
I20260710 11:00:19.745954 25978 consensus_queue.cc:237] T 92af3b2393b6470dae14311b7e07e267 P 173794d910db467c8c0bd9fbd8818592 [LEADER]: Queue going to LEADER mode. State: All replicated index: 0, Majority replicated index: 3, Committed index: 3, Last appended: 1.3, Last appended by leader: 0, Current term: 1, Majority size: 2, State: 0, Mode: LEADER, active raft config: opid_index: 4 OBSOLETE_local: false peers { permanent_uuid: "173794d910db467c8c0bd9fbd8818592" member_type: VOTER last_known_addr { host: "127.24.75.129" port: 33499 } } peers { permanent_uuid: "d528aeb81525469ebdd1806f61c3a87e" member_type: VOTER last_known_addr { host: "127.24.75.130" port: 33501 } } peers { permanent_uuid: "96974217ca41483a90ae951da7c818ad" member_type: VOTER last_known_addr { host: "127.24.75.132" port: 44935 } attrs { promote: false } }
I20260710 11:00:19.753108 26399 raft_consensus.cc:1275] T c9e2adc2031a4412853986ed7d621698 P 96974217ca41483a90ae951da7c818ad [term 1 LEARNER]: Refusing update from remote peer d528aeb81525469ebdd1806f61c3a87e: Log matching property violated. Preceding OpId in replica: term: 1 index: 2. Preceding OpId from leader: term: 1 index: 3. (index mismatch)
I20260710 11:00:19.753880 26131 raft_consensus.cc:1275] T c9e2adc2031a4412853986ed7d621698 P 36e94f657097428b9e994129363f503f [term 1 FOLLOWER]: Refusing update from remote peer d528aeb81525469ebdd1806f61c3a87e: Log matching property violated. Preceding OpId in replica: term: 1 index: 2. Preceding OpId from leader: term: 1 index: 3. (index mismatch)
I20260710 11:00:19.756686 26633 consensus_queue.cc:1048] T c9e2adc2031a4412853986ed7d621698 P d528aeb81525469ebdd1806f61c3a87e [LEADER]: Connected to new peer: Peer: permanent_uuid: "96974217ca41483a90ae951da7c818ad" member_type: VOTER last_known_addr { host: "127.24.75.132" port: 44935 } attrs { promote: false }, Status: LMP_MISMATCH, Last received: 0.0, Next index: 3, Last known committed idx: 2, Time since last communication: 0.000s
I20260710 11:00:19.757948 26684 consensus_queue.cc:1048] T c9e2adc2031a4412853986ed7d621698 P d528aeb81525469ebdd1806f61c3a87e [LEADER]: Connected to new peer: Peer: permanent_uuid: "36e94f657097428b9e994129363f503f" member_type: VOTER last_known_addr { host: "127.24.75.131" port: 37295 }, Status: LMP_MISMATCH, Last received: 0.0, Next index: 3, Last known committed idx: 2, Time since last communication: 0.001s
I20260710 11:00:19.760354 26056 raft_consensus.cc:1275] T 92af3b2393b6470dae14311b7e07e267 P d528aeb81525469ebdd1806f61c3a87e [term 1 FOLLOWER]: Refusing update from remote peer 173794d910db467c8c0bd9fbd8818592: Log matching property violated. Preceding OpId in replica: term: 1 index: 3. Preceding OpId from leader: term: 1 index: 4. (index mismatch)
I20260710 11:00:19.762660 26674 consensus_queue.cc:1048] T 92af3b2393b6470dae14311b7e07e267 P 173794d910db467c8c0bd9fbd8818592 [LEADER]: Connected to new peer: Peer: permanent_uuid: "d528aeb81525469ebdd1806f61c3a87e" member_type: VOTER last_known_addr { host: "127.24.75.130" port: 33501 }, Status: LMP_MISMATCH, Last received: 0.0, Next index: 4, Last known committed idx: 3, Time since last communication: 0.001s
I20260710 11:00:19.772253 26605 raft_consensus.cc:2955] T 92af3b2393b6470dae14311b7e07e267 P 173794d910db467c8c0bd9fbd8818592 [term 1 LEADER]: Committing config change with OpId 1.4: config changed from index 3 to 4, VOTER 36e94f657097428b9e994129363f503f (127.24.75.131) evicted. New config: { opid_index: 4 OBSOLETE_local: false peers { permanent_uuid: "173794d910db467c8c0bd9fbd8818592" member_type: VOTER last_known_addr { host: "127.24.75.129" port: 33499 } } peers { permanent_uuid: "d528aeb81525469ebdd1806f61c3a87e" member_type: VOTER last_known_addr { host: "127.24.75.130" port: 33501 } } peers { permanent_uuid: "96974217ca41483a90ae951da7c818ad" member_type: VOTER last_known_addr { host: "127.24.75.132" port: 44935 } attrs { promote: false } } }
I20260710 11:00:19.775213 26399 raft_consensus.cc:1275] T 92af3b2393b6470dae14311b7e07e267 P 96974217ca41483a90ae951da7c818ad [term 1 FOLLOWER]: Refusing update from remote peer 173794d910db467c8c0bd9fbd8818592: Log matching property violated. Preceding OpId in replica: term: 1 index: 3. Preceding OpId from leader: term: 1 index: 4. (index mismatch)
I20260710 11:00:19.776163 26054 raft_consensus.cc:2955] T 92af3b2393b6470dae14311b7e07e267 P d528aeb81525469ebdd1806f61c3a87e [term 1 FOLLOWER]: Committing config change with OpId 1.4: config changed from index 3 to 4, VOTER 36e94f657097428b9e994129363f503f (127.24.75.131) evicted. New config: { opid_index: 4 OBSOLETE_local: false peers { permanent_uuid: "173794d910db467c8c0bd9fbd8818592" member_type: VOTER last_known_addr { host: "127.24.75.129" port: 33499 } } peers { permanent_uuid: "d528aeb81525469ebdd1806f61c3a87e" member_type: VOTER last_known_addr { host: "127.24.75.130" port: 33501 } } peers { permanent_uuid: "96974217ca41483a90ae951da7c818ad" member_type: VOTER last_known_addr { host: "127.24.75.132" port: 44935 } attrs { promote: false } } }
I20260710 11:00:19.781008 26669 consensus_queue.cc:1048] T 92af3b2393b6470dae14311b7e07e267 P 173794d910db467c8c0bd9fbd8818592 [LEADER]: Connected to new peer: Peer: permanent_uuid: "96974217ca41483a90ae951da7c818ad" member_type: VOTER last_known_addr { host: "127.24.75.132" port: 44935 } attrs { promote: false }, Status: LMP_MISMATCH, Last received: 0.0, Next index: 4, Last known committed idx: 3, Time since last communication: 0.001s
I20260710 11:00:19.781038 25978 raft_consensus.cc:1275] T c9e2adc2031a4412853986ed7d621698 P 173794d910db467c8c0bd9fbd8818592 [term 1 FOLLOWER]: Refusing update from remote peer d528aeb81525469ebdd1806f61c3a87e: Log matching property violated. Preceding OpId in replica: term: 1 index: 2. Preceding OpId from leader: term: 1 index: 3. (index mismatch)
I20260710 11:00:19.786662 26399 raft_consensus.cc:2955] T 92af3b2393b6470dae14311b7e07e267 P 96974217ca41483a90ae951da7c818ad [term 1 FOLLOWER]: Committing config change with OpId 1.4: config changed from index 3 to 4, VOTER 36e94f657097428b9e994129363f503f (127.24.75.131) evicted. New config: { opid_index: 4 OBSOLETE_local: false peers { permanent_uuid: "173794d910db467c8c0bd9fbd8818592" member_type: VOTER last_known_addr { host: "127.24.75.129" port: 33499 } } peers { permanent_uuid: "d528aeb81525469ebdd1806f61c3a87e" member_type: VOTER last_known_addr { host: "127.24.75.130" port: 33501 } } peers { permanent_uuid: "96974217ca41483a90ae951da7c818ad" member_type: VOTER last_known_addr { host: "127.24.75.132" port: 44935 } attrs { promote: false } } }
I20260710 11:00:19.792349 26684 consensus_queue.cc:1048] T c9e2adc2031a4412853986ed7d621698 P d528aeb81525469ebdd1806f61c3a87e [LEADER]: Connected to new peer: Peer: permanent_uuid: "173794d910db467c8c0bd9fbd8818592" member_type: VOTER last_known_addr { host: "127.24.75.129" port: 33499 } attrs { replace: true }, Status: LMP_MISMATCH, Last received: 0.0, Next index: 3, Last known committed idx: 2, Time since last communication: 0.001s
I20260710 11:00:19.812786 25880 catalog_manager.cc:5697] T 92af3b2393b6470dae14311b7e07e267 P 96974217ca41483a90ae951da7c818ad reported cstate change: config changed from index 3 to 4, VOTER 36e94f657097428b9e994129363f503f (127.24.75.131) evicted. New cstate: current_term: 1 leader_uuid: "173794d910db467c8c0bd9fbd8818592" committed_config { opid_index: 4 OBSOLETE_local: false peers { permanent_uuid: "173794d910db467c8c0bd9fbd8818592" member_type: VOTER last_known_addr { host: "127.24.75.129" port: 33499 } } peers { permanent_uuid: "d528aeb81525469ebdd1806f61c3a87e" member_type: VOTER last_known_addr { host: "127.24.75.130" port: 33501 } } peers { permanent_uuid: "96974217ca41483a90ae951da7c818ad" member_type: VOTER last_known_addr { host: "127.24.75.132" port: 44935 } attrs { promote: false } } }
I20260710 11:00:19.829785 26116 tablet_service.cc:1558] Processing DeleteTablet for tablet 92af3b2393b6470dae14311b7e07e267 with delete_type TABLET_DATA_TOMBSTONED (TS 36e94f657097428b9e994129363f503f not found in new config with opid_index 4) from {username='slave'} at 127.0.0.1:54826
I20260710 11:00:19.831216 26684 raft_consensus.cc:2955] T c9e2adc2031a4412853986ed7d621698 P d528aeb81525469ebdd1806f61c3a87e [term 1 LEADER]: Committing config change with OpId 1.3: config changed from index 2 to 3, 96974217ca41483a90ae951da7c818ad (127.24.75.132) changed from NON_VOTER to VOTER. New config: { opid_index: 3 OBSOLETE_local: false peers { permanent_uuid: "173794d910db467c8c0bd9fbd8818592" member_type: VOTER last_known_addr { host: "127.24.75.129" port: 33499 } attrs { replace: true } } peers { permanent_uuid: "d528aeb81525469ebdd1806f61c3a87e" member_type: VOTER last_known_addr { host: "127.24.75.130" port: 33501 } } peers { permanent_uuid: "36e94f657097428b9e994129363f503f" member_type: VOTER last_known_addr { host: "127.24.75.131" port: 37295 } } peers { permanent_uuid: "96974217ca41483a90ae951da7c818ad" member_type: VOTER last_known_addr { host: "127.24.75.132" port: 44935 } attrs { promote: false } } }
I20260710 11:00:19.832844 25978 raft_consensus.cc:2955] T c9e2adc2031a4412853986ed7d621698 P 173794d910db467c8c0bd9fbd8818592 [term 1 FOLLOWER]: Committing config change with OpId 1.3: config changed from index 2 to 3, 96974217ca41483a90ae951da7c818ad (127.24.75.132) changed from NON_VOTER to VOTER. New config: { opid_index: 3 OBSOLETE_local: false peers { permanent_uuid: "173794d910db467c8c0bd9fbd8818592" member_type: VOTER last_known_addr { host: "127.24.75.129" port: 33499 } attrs { replace: true } } peers { permanent_uuid: "d528aeb81525469ebdd1806f61c3a87e" member_type: VOTER last_known_addr { host: "127.24.75.130" port: 33501 } } peers { permanent_uuid: "36e94f657097428b9e994129363f503f" member_type: VOTER last_known_addr { host: "127.24.75.131" port: 37295 } } peers { permanent_uuid: "96974217ca41483a90ae951da7c818ad" member_type: VOTER last_known_addr { host: "127.24.75.132" port: 44935 } attrs { promote: false } } }
I20260710 11:00:19.842346 26401 raft_consensus.cc:2955] T c9e2adc2031a4412853986ed7d621698 P 96974217ca41483a90ae951da7c818ad [term 1 FOLLOWER]: Committing config change with OpId 1.3: config changed from index 2 to 3, 96974217ca41483a90ae951da7c818ad (127.24.75.132) changed from NON_VOTER to VOTER. New config: { opid_index: 3 OBSOLETE_local: false peers { permanent_uuid: "173794d910db467c8c0bd9fbd8818592" member_type: VOTER last_known_addr { host: "127.24.75.129" port: 33499 } attrs { replace: true } } peers { permanent_uuid: "d528aeb81525469ebdd1806f61c3a87e" member_type: VOTER last_known_addr { host: "127.24.75.130" port: 33501 } } peers { permanent_uuid: "36e94f657097428b9e994129363f503f" member_type: VOTER last_known_addr { host: "127.24.75.131" port: 37295 } } peers { permanent_uuid: "96974217ca41483a90ae951da7c818ad" member_type: VOTER last_known_addr { host: "127.24.75.132" port: 44935 } attrs { promote: false } } }
I20260710 11:00:19.845793 25864 catalog_manager.cc:5210] ChangeConfig:REMOVE_PEER RPC for tablet 92af3b2393b6470dae14311b7e07e267 with cas_config_opid_index 3: ChangeConfig:REMOVE_PEER succeeded (attempt 1)
I20260710 11:00:19.852223 26689 tablet_replica.cc:333] T 92af3b2393b6470dae14311b7e07e267 P 36e94f657097428b9e994129363f503f: stopping tablet replica
I20260710 11:00:19.853291 26689 raft_consensus.cc:2243] T 92af3b2393b6470dae14311b7e07e267 P 36e94f657097428b9e994129363f503f [term 1 FOLLOWER]: Raft consensus shutting down.
I20260710 11:00:19.854090 26689 raft_consensus.cc:2272] T 92af3b2393b6470dae14311b7e07e267 P 36e94f657097428b9e994129363f503f [term 1 FOLLOWER]: Raft consensus is shut down!
I20260710 11:00:19.856472 26131 raft_consensus.cc:2955] T c9e2adc2031a4412853986ed7d621698 P 36e94f657097428b9e994129363f503f [term 1 FOLLOWER]: Committing config change with OpId 1.3: config changed from index 2 to 3, 96974217ca41483a90ae951da7c818ad (127.24.75.132) changed from NON_VOTER to VOTER. New config: { opid_index: 3 OBSOLETE_local: false peers { permanent_uuid: "173794d910db467c8c0bd9fbd8818592" member_type: VOTER last_known_addr { host: "127.24.75.129" port: 33499 } attrs { replace: true } } peers { permanent_uuid: "d528aeb81525469ebdd1806f61c3a87e" member_type: VOTER last_known_addr { host: "127.24.75.130" port: 33501 } } peers { permanent_uuid: "36e94f657097428b9e994129363f503f" member_type: VOTER last_known_addr { host: "127.24.75.131" port: 37295 } } peers { permanent_uuid: "96974217ca41483a90ae951da7c818ad" member_type: VOTER last_known_addr { host: "127.24.75.132" port: 44935 } attrs { promote: false } } }
I20260710 11:00:19.862732 26689 ts_tablet_manager.cc:1916] T 92af3b2393b6470dae14311b7e07e267 P 36e94f657097428b9e994129363f503f: Deleting tablet data with delete state TABLET_DATA_TOMBSTONED
I20260710 11:00:19.861936 25877 catalog_manager.cc:5697] T c9e2adc2031a4412853986ed7d621698 P d528aeb81525469ebdd1806f61c3a87e reported cstate change: config changed from index 2 to 3, 96974217ca41483a90ae951da7c818ad (127.24.75.132) changed from NON_VOTER to VOTER. New cstate: current_term: 1 leader_uuid: "d528aeb81525469ebdd1806f61c3a87e" committed_config { opid_index: 3 OBSOLETE_local: false peers { permanent_uuid: "173794d910db467c8c0bd9fbd8818592" member_type: VOTER last_known_addr { host: "127.24.75.129" port: 33499 } attrs { replace: true } health_report { overall_health: HEALTHY } } peers { permanent_uuid: "d528aeb81525469ebdd1806f61c3a87e" member_type: VOTER last_known_addr { host: "127.24.75.130" port: 33501 } health_report { overall_health: HEALTHY } } peers { permanent_uuid: "36e94f657097428b9e994129363f503f" member_type: VOTER last_known_addr { host: "127.24.75.131" port: 37295 } health_report { overall_health: HEALTHY } } peers { permanent_uuid: "96974217ca41483a90ae951da7c818ad" member_type: VOTER last_known_addr { host: "127.24.75.132" port: 44935 } attrs { promote: false } health_report { overall_health: HEALTHY } } }
I20260710 11:00:19.882184 26054 consensus_queue.cc:237] T c9e2adc2031a4412853986ed7d621698 P d528aeb81525469ebdd1806f61c3a87e [LEADER]: Queue going to LEADER mode. State: All replicated index: 0, Majority replicated index: 3, Committed index: 3, Last appended: 1.3, Last appended by leader: 0, Current term: 1, Majority size: 2, State: 0, Mode: LEADER, active raft config: opid_index: 4 OBSOLETE_local: false peers { permanent_uuid: "d528aeb81525469ebdd1806f61c3a87e" member_type: VOTER last_known_addr { host: "127.24.75.130" port: 33501 } } peers { permanent_uuid: "36e94f657097428b9e994129363f503f" member_type: VOTER last_known_addr { host: "127.24.75.131" port: 37295 } } peers { permanent_uuid: "96974217ca41483a90ae951da7c818ad" member_type: VOTER last_known_addr { host: "127.24.75.132" port: 44935 } attrs { promote: false } }
I20260710 11:00:19.886767 26689 ts_tablet_manager.cc:1929] T 92af3b2393b6470dae14311b7e07e267 P 36e94f657097428b9e994129363f503f: tablet deleted with delete type TABLET_DATA_TOMBSTONED: last-logged OpId 1.3
I20260710 11:00:19.889281 26131 raft_consensus.cc:1275] T c9e2adc2031a4412853986ed7d621698 P 36e94f657097428b9e994129363f503f [term 1 FOLLOWER]: Refusing update from remote peer d528aeb81525469ebdd1806f61c3a87e: Log matching property violated. Preceding OpId in replica: term: 1 index: 3. Preceding OpId from leader: term: 1 index: 4. (index mismatch)
I20260710 11:00:19.889592 26401 raft_consensus.cc:1275] T c9e2adc2031a4412853986ed7d621698 P 96974217ca41483a90ae951da7c818ad [term 1 FOLLOWER]: Refusing update from remote peer d528aeb81525469ebdd1806f61c3a87e: Log matching property violated. Preceding OpId in replica: term: 1 index: 3. Preceding OpId from leader: term: 1 index: 4. (index mismatch)
I20260710 11:00:19.889333 26689 log.cc:1199] T 92af3b2393b6470dae14311b7e07e267 P 36e94f657097428b9e994129363f503f: Deleting WAL directory at /tmp/dist-test-tasknHiJT0/test-tmp/auto_leader_rebalancer-test.0.LeaderRebalancerTest.AddTserver.1783681179901769-24878-0/minicluster-data/ts-2-root/wals/92af3b2393b6470dae14311b7e07e267
I20260710 11:00:19.890906 26646 consensus_queue.cc:1048] T c9e2adc2031a4412853986ed7d621698 P d528aeb81525469ebdd1806f61c3a87e [LEADER]: Connected to new peer: Peer: permanent_uuid: "36e94f657097428b9e994129363f503f" member_type: VOTER last_known_addr { host: "127.24.75.131" port: 37295 }, Status: LMP_MISMATCH, Last received: 0.0, Next index: 4, Last known committed idx: 3, Time since last communication: 0.000s
I20260710 11:00:19.891716 25867 catalog_manager.cc:5028] TS 36e94f657097428b9e994129363f503f (127.24.75.131:37295): tablet 92af3b2393b6470dae14311b7e07e267 (table test-workload [id=6d64286b34904b099500edd6d96ed7b8]) successfully deleted
I20260710 11:00:19.892685 26684 consensus_queue.cc:1048] T c9e2adc2031a4412853986ed7d621698 P d528aeb81525469ebdd1806f61c3a87e [LEADER]: Connected to new peer: Peer: permanent_uuid: "96974217ca41483a90ae951da7c818ad" member_type: VOTER last_known_addr { host: "127.24.75.132" port: 44935 } attrs { promote: false }, Status: LMP_MISMATCH, Last received: 0.0, Next index: 4, Last known committed idx: 3, Time since last communication: 0.000s
I20260710 11:00:19.899108 26633 raft_consensus.cc:2955] T c9e2adc2031a4412853986ed7d621698 P d528aeb81525469ebdd1806f61c3a87e [term 1 LEADER]: Committing config change with OpId 1.4: config changed from index 3 to 4, VOTER 173794d910db467c8c0bd9fbd8818592 (127.24.75.129) evicted. New config: { opid_index: 4 OBSOLETE_local: false peers { permanent_uuid: "d528aeb81525469ebdd1806f61c3a87e" member_type: VOTER last_known_addr { host: "127.24.75.130" port: 33501 } } peers { permanent_uuid: "36e94f657097428b9e994129363f503f" member_type: VOTER last_known_addr { host: "127.24.75.131" port: 37295 } } peers { permanent_uuid: "96974217ca41483a90ae951da7c818ad" member_type: VOTER last_known_addr { host: "127.24.75.132" port: 44935 } attrs { promote: false } } }
I20260710 11:00:19.904093 26401 raft_consensus.cc:2955] T c9e2adc2031a4412853986ed7d621698 P 96974217ca41483a90ae951da7c818ad [term 1 FOLLOWER]: Committing config change with OpId 1.4: config changed from index 3 to 4, VOTER 173794d910db467c8c0bd9fbd8818592 (127.24.75.129) evicted. New config: { opid_index: 4 OBSOLETE_local: false peers { permanent_uuid: "d528aeb81525469ebdd1806f61c3a87e" member_type: VOTER last_known_addr { host: "127.24.75.130" port: 33501 } } peers { permanent_uuid: "36e94f657097428b9e994129363f503f" member_type: VOTER last_known_addr { host: "127.24.75.131" port: 37295 } } peers { permanent_uuid: "96974217ca41483a90ae951da7c818ad" member_type: VOTER last_known_addr { host: "127.24.75.132" port: 44935 } attrs { promote: false } } }
I20260710 11:00:19.905267 26131 raft_consensus.cc:2955] T c9e2adc2031a4412853986ed7d621698 P 36e94f657097428b9e994129363f503f [term 1 FOLLOWER]: Committing config change with OpId 1.4: config changed from index 3 to 4, VOTER 173794d910db467c8c0bd9fbd8818592 (127.24.75.129) evicted. New config: { opid_index: 4 OBSOLETE_local: false peers { permanent_uuid: "d528aeb81525469ebdd1806f61c3a87e" member_type: VOTER last_known_addr { host: "127.24.75.130" port: 33501 } } peers { permanent_uuid: "36e94f657097428b9e994129363f503f" member_type: VOTER last_known_addr { host: "127.24.75.131" port: 37295 } } peers { permanent_uuid: "96974217ca41483a90ae951da7c818ad" member_type: VOTER last_known_addr { host: "127.24.75.132" port: 44935 } attrs { promote: false } } }
I20260710 11:00:19.909507 25865 catalog_manager.cc:5210] ChangeConfig:REMOVE_PEER RPC for tablet c9e2adc2031a4412853986ed7d621698 with cas_config_opid_index 3: ChangeConfig:REMOVE_PEER succeeded (attempt 1)
I20260710 11:00:19.920161 25879 catalog_manager.cc:5697] T c9e2adc2031a4412853986ed7d621698 P 96974217ca41483a90ae951da7c818ad reported cstate change: config changed from index 3 to 4, VOTER 173794d910db467c8c0bd9fbd8818592 (127.24.75.129) evicted. New cstate: current_term: 1 leader_uuid: "d528aeb81525469ebdd1806f61c3a87e" committed_config { opid_index: 4 OBSOLETE_local: false peers { permanent_uuid: "d528aeb81525469ebdd1806f61c3a87e" member_type: VOTER last_known_addr { host: "127.24.75.130" port: 33501 } } peers { permanent_uuid: "36e94f657097428b9e994129363f503f" member_type: VOTER last_known_addr { host: "127.24.75.131" port: 37295 } } peers { permanent_uuid: "96974217ca41483a90ae951da7c818ad" member_type: VOTER last_known_addr { host: "127.24.75.132" port: 44935 } attrs { promote: false } } }
I20260710 11:00:19.932180 26672 raft_consensus.cc:1064] T eb09a063733c4eeea42d0c7bbb3b4c4b P 36e94f657097428b9e994129363f503f: attempting to promote NON_VOTER 96974217ca41483a90ae951da7c818ad to VOTER
I20260710 11:00:19.935153 25964 tablet_service.cc:1558] Processing DeleteTablet for tablet c9e2adc2031a4412853986ed7d621698 with delete_type TABLET_DATA_TOMBSTONED (TS 173794d910db467c8c0bd9fbd8818592 not found in new config with opid_index 4) from {username='slave'} at 127.0.0.1:59062
I20260710 11:00:19.935120 26672 consensus_queue.cc:237] T eb09a063733c4eeea42d0c7bbb3b4c4b P 36e94f657097428b9e994129363f503f [LEADER]: Queue going to LEADER mode. State: All replicated index: 0, Majority replicated index: 2, Committed index: 2, Last appended: 1.2, Last appended by leader: 0, Current term: 1, Majority size: 3, State: 0, Mode: LEADER, active raft config: opid_index: 3 OBSOLETE_local: false peers { permanent_uuid: "173794d910db467c8c0bd9fbd8818592" member_type: VOTER last_known_addr { host: "127.24.75.129" port: 33499 } } peers { permanent_uuid: "d528aeb81525469ebdd1806f61c3a87e" member_type: VOTER last_known_addr { host: "127.24.75.130" port: 33501 } attrs { replace: true } } peers { permanent_uuid: "36e94f657097428b9e994129363f503f" member_type: VOTER last_known_addr { host: "127.24.75.131" port: 37295 } } peers { permanent_uuid: "96974217ca41483a90ae951da7c818ad" member_type: VOTER last_known_addr { host: "127.24.75.132" port: 44935 } attrs { promote: false } }
I20260710 11:00:19.941393 26691 tablet_replica.cc:333] T c9e2adc2031a4412853986ed7d621698 P 173794d910db467c8c0bd9fbd8818592: stopping tablet replica
I20260710 11:00:19.942358 26691 raft_consensus.cc:2243] T c9e2adc2031a4412853986ed7d621698 P 173794d910db467c8c0bd9fbd8818592 [term 1 FOLLOWER]: Raft consensus shutting down.
I20260710 11:00:19.943007 26691 raft_consensus.cc:2272] T c9e2adc2031a4412853986ed7d621698 P 173794d910db467c8c0bd9fbd8818592 [term 1 FOLLOWER]: Raft consensus is shut down!
I20260710 11:00:19.948510 26691 ts_tablet_manager.cc:1916] T c9e2adc2031a4412853986ed7d621698 P 173794d910db467c8c0bd9fbd8818592: Deleting tablet data with delete state TABLET_DATA_TOMBSTONED
I20260710 11:00:19.949973 26401 raft_consensus.cc:1275] T eb09a063733c4eeea42d0c7bbb3b4c4b P 96974217ca41483a90ae951da7c818ad [term 1 LEARNER]: Refusing update from remote peer 36e94f657097428b9e994129363f503f: Log matching property violated. Preceding OpId in replica: term: 1 index: 2. Preceding OpId from leader: term: 1 index: 3. (index mismatch)
I20260710 11:00:19.951435 26672 consensus_queue.cc:1048] T eb09a063733c4eeea42d0c7bbb3b4c4b P 36e94f657097428b9e994129363f503f [LEADER]: Connected to new peer: Peer: permanent_uuid: "96974217ca41483a90ae951da7c818ad" member_type: VOTER last_known_addr { host: "127.24.75.132" port: 44935 } attrs { promote: false }, Status: LMP_MISMATCH, Last received: 0.0, Next index: 3, Last known committed idx: 2, Time since last communication: 0.001s
I20260710 11:00:19.955345 26054 raft_consensus.cc:1275] T eb09a063733c4eeea42d0c7bbb3b4c4b P d528aeb81525469ebdd1806f61c3a87e [term 1 FOLLOWER]: Refusing update from remote peer 36e94f657097428b9e994129363f503f: Log matching property violated. Preceding OpId in replica: term: 1 index: 2. Preceding OpId from leader: term: 1 index: 3. (index mismatch)
I20260710 11:00:19.955595 25978 raft_consensus.cc:1275] T eb09a063733c4eeea42d0c7bbb3b4c4b P 173794d910db467c8c0bd9fbd8818592 [term 1 FOLLOWER]: Refusing update from remote peer 36e94f657097428b9e994129363f503f: Log matching property violated. Preceding OpId in replica: term: 1 index: 2. Preceding OpId from leader: term: 1 index: 3. (index mismatch)
I20260710 11:00:19.957301 26672 consensus_queue.cc:1048] T eb09a063733c4eeea42d0c7bbb3b4c4b P 36e94f657097428b9e994129363f503f [LEADER]: Connected to new peer: Peer: permanent_uuid: "173794d910db467c8c0bd9fbd8818592" member_type: VOTER last_known_addr { host: "127.24.75.129" port: 33499 }, Status: LMP_MISMATCH, Last received: 0.0, Next index: 3, Last known committed idx: 2, Time since last communication: 0.001s
I20260710 11:00:19.958416 26690 consensus_queue.cc:1048] T eb09a063733c4eeea42d0c7bbb3b4c4b P 36e94f657097428b9e994129363f503f [LEADER]: Connected to new peer: Peer: permanent_uuid: "d528aeb81525469ebdd1806f61c3a87e" member_type: VOTER last_known_addr { host: "127.24.75.130" port: 33501 } attrs { replace: true }, Status: LMP_MISMATCH, Last received: 0.0, Next index: 3, Last known committed idx: 2, Time since last communication: 0.000s
I20260710 11:00:19.972981 26691 ts_tablet_manager.cc:1929] T c9e2adc2031a4412853986ed7d621698 P 173794d910db467c8c0bd9fbd8818592: tablet deleted with delete type TABLET_DATA_TOMBSTONED: last-logged OpId 1.3
I20260710 11:00:19.973464 26691 log.cc:1199] T c9e2adc2031a4412853986ed7d621698 P 173794d910db467c8c0bd9fbd8818592: Deleting WAL directory at /tmp/dist-test-tasknHiJT0/test-tmp/auto_leader_rebalancer-test.0.LeaderRebalancerTest.AddTserver.1783681179901769-24878-0/minicluster-data/ts-0-root/wals/c9e2adc2031a4412853986ed7d621698
