I20260710 11:00:27.179101 10074 catalog_manager.cc:5697] T 20c1d9457a43463da99629692e4bf1d4 P e814e677915d4c069cf5a7204a7b6aa8 reported cstate change: config changed from index 3 to 4, VOTER 4ba359b76ca74b0fb8c20ad982f81b73 (127.8.209.67) evicted. New cstate: current_term: 1 leader_uuid: "e814e677915d4c069cf5a7204a7b6aa8" committed_config { opid_index: 4 OBSOLETE_local: false peers { permanent_uuid: "ad237ca78c1f4ecf8874dec16ed11a22" member_type: VOTER last_known_addr { host: "127.8.209.65" port: 34841 } health_report { overall_health: HEALTHY } } peers { permanent_uuid: "e814e677915d4c069cf5a7204a7b6aa8" member_type: VOTER last_known_addr { host: "127.8.209.66" port: 43223 } health_report { overall_health: HEALTHY } } peers { permanent_uuid: "67e4e7de92ad4158acd3b2897c22ddf2" member_type: VOTER last_known_addr { host: "127.8.209.68" port: 44539 } attrs { promote: false } health_report { overall_health: HEALTHY } } }
I20260710 11:00:27.203532 10176 consensus_queue.cc:237] T 078be2c24917464686856e952290030d P ad237ca78c1f4ecf8874dec16ed11a22 [LEADER]: Queue going to LEADER mode. State: All replicated index: 0, Majority replicated index: 3, Committed index: 3, Last appended: 1.3, Last appended by leader: 0, Current term: 1, Majority size: 2, State: 0, Mode: LEADER, active raft config: opid_index: 4 OBSOLETE_local: false peers { permanent_uuid: "ad237ca78c1f4ecf8874dec16ed11a22" member_type: VOTER last_known_addr { host: "127.8.209.65" port: 34841 } } peers { permanent_uuid: "e814e677915d4c069cf5a7204a7b6aa8" member_type: VOTER last_known_addr { host: "127.8.209.66" port: 43223 } } peers { permanent_uuid: "67e4e7de92ad4158acd3b2897c22ddf2" member_type: VOTER last_known_addr { host: "127.8.209.68" port: 44539 } attrs { promote: false } }
I20260710 11:00:27.203522 10313 tablet_service.cc:1558] Processing DeleteTablet for tablet 20c1d9457a43463da99629692e4bf1d4 with delete_type TABLET_DATA_TOMBSTONED (TS 4ba359b76ca74b0fb8c20ad982f81b73 not found in new config with opid_index 4) from {username='slave'} at 127.0.0.1:40720
I20260710 11:00:27.212227 10905 tablet_replica.cc:333] T 20c1d9457a43463da99629692e4bf1d4 P 4ba359b76ca74b0fb8c20ad982f81b73: stopping tablet replica
I20260710 11:00:27.213189 10252 raft_consensus.cc:1275] T 078be2c24917464686856e952290030d P e814e677915d4c069cf5a7204a7b6aa8 [term 1 FOLLOWER]: Refusing update from remote peer ad237ca78c1f4ecf8874dec16ed11a22: Log matching property violated. Preceding OpId in replica: term: 1 index: 3. Preceding OpId from leader: term: 1 index: 4. (index mismatch)
I20260710 11:00:27.213376 10905 raft_consensus.cc:2243] T 20c1d9457a43463da99629692e4bf1d4 P 4ba359b76ca74b0fb8c20ad982f81b73 [term 1 FOLLOWER]: Raft consensus shutting down.
I20260710 11:00:27.214303 10905 raft_consensus.cc:2272] T 20c1d9457a43463da99629692e4bf1d4 P 4ba359b76ca74b0fb8c20ad982f81b73 [term 1 FOLLOWER]: Raft consensus is shut down!
I20260710 11:00:27.215114 10592 raft_consensus.cc:1275] T 078be2c24917464686856e952290030d P 67e4e7de92ad4158acd3b2897c22ddf2 [term 1 FOLLOWER]: Refusing update from remote peer ad237ca78c1f4ecf8874dec16ed11a22: Log matching property violated. Preceding OpId in replica: term: 1 index: 3. Preceding OpId from leader: term: 1 index: 4. (index mismatch)
I20260710 11:00:27.216357 10853 consensus_queue.cc:1048] T 078be2c24917464686856e952290030d P ad237ca78c1f4ecf8874dec16ed11a22 [LEADER]: Connected to new peer: Peer: permanent_uuid: "e814e677915d4c069cf5a7204a7b6aa8" member_type: VOTER last_known_addr { host: "127.8.209.66" port: 43223 }, Status: LMP_MISMATCH, Last received: 0.0, Next index: 4, Last known committed idx: 3, Time since last communication: 0.000s
I20260710 11:00:27.218812 10905 ts_tablet_manager.cc:1916] T 20c1d9457a43463da99629692e4bf1d4 P 4ba359b76ca74b0fb8c20ad982f81b73: Deleting tablet data with delete state TABLET_DATA_TOMBSTONED
I20260710 11:00:27.219911 10853 consensus_queue.cc:1048] T 078be2c24917464686856e952290030d P ad237ca78c1f4ecf8874dec16ed11a22 [LEADER]: Connected to new peer: Peer: permanent_uuid: "67e4e7de92ad4158acd3b2897c22ddf2" member_type: VOTER last_known_addr { host: "127.8.209.68" port: 44539 } attrs { promote: false }, Status: LMP_MISMATCH, Last received: 0.0, Next index: 4, Last known committed idx: 3, Time since last communication: 0.000s
I20260710 11:00:27.233397 10904 raft_consensus.cc:2955] T 078be2c24917464686856e952290030d P ad237ca78c1f4ecf8874dec16ed11a22 [term 1 LEADER]: Committing config change with OpId 1.4: config changed from index 3 to 4, VOTER 4ba359b76ca74b0fb8c20ad982f81b73 (127.8.209.67) evicted. New config: { opid_index: 4 OBSOLETE_local: false peers { permanent_uuid: "ad237ca78c1f4ecf8874dec16ed11a22" member_type: VOTER last_known_addr { host: "127.8.209.65" port: 34841 } } peers { permanent_uuid: "e814e677915d4c069cf5a7204a7b6aa8" member_type: VOTER last_known_addr { host: "127.8.209.66" port: 43223 } } peers { permanent_uuid: "67e4e7de92ad4158acd3b2897c22ddf2" member_type: VOTER last_known_addr { host: "127.8.209.68" port: 44539 } attrs { promote: false } } }
I20260710 11:00:27.235194 10252 raft_consensus.cc:2955] T 078be2c24917464686856e952290030d P e814e677915d4c069cf5a7204a7b6aa8 [term 1 FOLLOWER]: Committing config change with OpId 1.4: config changed from index 3 to 4, VOTER 4ba359b76ca74b0fb8c20ad982f81b73 (127.8.209.67) evicted. New config: { opid_index: 4 OBSOLETE_local: false peers { permanent_uuid: "ad237ca78c1f4ecf8874dec16ed11a22" member_type: VOTER last_known_addr { host: "127.8.209.65" port: 34841 } } peers { permanent_uuid: "e814e677915d4c069cf5a7204a7b6aa8" member_type: VOTER last_known_addr { host: "127.8.209.66" port: 43223 } } peers { permanent_uuid: "67e4e7de92ad4158acd3b2897c22ddf2" member_type: VOTER last_known_addr { host: "127.8.209.68" port: 44539 } attrs { promote: false } } }
I20260710 11:00:27.240283 10592 raft_consensus.cc:2955] T 078be2c24917464686856e952290030d P 67e4e7de92ad4158acd3b2897c22ddf2 [term 1 FOLLOWER]: Committing config change with OpId 1.4: config changed from index 3 to 4, VOTER 4ba359b76ca74b0fb8c20ad982f81b73 (127.8.209.67) evicted. New config: { opid_index: 4 OBSOLETE_local: false peers { permanent_uuid: "ad237ca78c1f4ecf8874dec16ed11a22" member_type: VOTER last_known_addr { host: "127.8.209.65" port: 34841 } } peers { permanent_uuid: "e814e677915d4c069cf5a7204a7b6aa8" member_type: VOTER last_known_addr { host: "127.8.209.66" port: 43223 } } peers { permanent_uuid: "67e4e7de92ad4158acd3b2897c22ddf2" member_type: VOTER last_known_addr { host: "127.8.209.68" port: 44539 } attrs { promote: false } } }
I20260710 11:00:27.242661 10905 ts_tablet_manager.cc:1929] T 20c1d9457a43463da99629692e4bf1d4 P 4ba359b76ca74b0fb8c20ad982f81b73: tablet deleted with delete type TABLET_DATA_TOMBSTONED: last-logged OpId 1.3
I20260710 11:00:27.243170 10905 log.cc:1199] T 20c1d9457a43463da99629692e4bf1d4 P 4ba359b76ca74b0fb8c20ad982f81b73: Deleting WAL directory at /tmp/dist-test-taskuG7Rjs/test-tmp/auto_leader_rebalancer-test.0.LeaderRebalancerTest.AddTserver.1783681184955073-9029-0/minicluster-data/ts-2-root/wals/20c1d9457a43463da99629692e4bf1d4
I20260710 11:00:27.247287 10059 catalog_manager.cc:5028] TS 4ba359b76ca74b0fb8c20ad982f81b73 (127.8.209.67:37461): tablet 20c1d9457a43463da99629692e4bf1d4 (table test-workload [id=69b66206faa3410ba6ae2408d139ec14]) successfully deleted
I20260710 11:00:27.249289 10073 catalog_manager.cc:5697] T 078be2c24917464686856e952290030d P e814e677915d4c069cf5a7204a7b6aa8 reported cstate change: config changed from index 3 to 4, VOTER 4ba359b76ca74b0fb8c20ad982f81b73 (127.8.209.67) evicted. New cstate: current_term: 1 leader_uuid: "ad237ca78c1f4ecf8874dec16ed11a22" committed_config { opid_index: 4 OBSOLETE_local: false peers { permanent_uuid: "ad237ca78c1f4ecf8874dec16ed11a22" member_type: VOTER last_known_addr { host: "127.8.209.65" port: 34841 } } peers { permanent_uuid: "e814e677915d4c069cf5a7204a7b6aa8" member_type: VOTER last_known_addr { host: "127.8.209.66" port: 43223 } } peers { permanent_uuid: "67e4e7de92ad4158acd3b2897c22ddf2" member_type: VOTER last_known_addr { host: "127.8.209.68" port: 44539 } attrs { promote: false } } }
I20260710 11:00:27.257767 10060 catalog_manager.cc:5210] ChangeConfig:REMOVE_PEER RPC for tablet 078be2c24917464686856e952290030d with cas_config_opid_index 3: ChangeConfig:REMOVE_PEER succeeded (attempt 1)
I20260710 11:00:27.263494 10313 tablet_service.cc:1558] Processing DeleteTablet for tablet 078be2c24917464686856e952290030d with delete_type TABLET_DATA_TOMBSTONED (TS 4ba359b76ca74b0fb8c20ad982f81b73 not found in new config with opid_index 4) from {username='slave'} at 127.0.0.1:40720
I20260710 11:00:27.264622 10905 tablet_replica.cc:333] T 078be2c24917464686856e952290030d P 4ba359b76ca74b0fb8c20ad982f81b73: stopping tablet replica
I20260710 11:00:27.265441 10905 raft_consensus.cc:2243] T 078be2c24917464686856e952290030d P 4ba359b76ca74b0fb8c20ad982f81b73 [term 1 FOLLOWER]: Raft consensus shutting down.
I20260710 11:00:27.265985 10905 raft_consensus.cc:2272] T 078be2c24917464686856e952290030d P 4ba359b76ca74b0fb8c20ad982f81b73 [term 1 FOLLOWER]: Raft consensus is shut down!
I20260710 11:00:27.269475 10905 ts_tablet_manager.cc:1916] T 078be2c24917464686856e952290030d P 4ba359b76ca74b0fb8c20ad982f81b73: Deleting tablet data with delete state TABLET_DATA_TOMBSTONED
I20260710 11:00:27.283248 10905 ts_tablet_manager.cc:1929] T 078be2c24917464686856e952290030d P 4ba359b76ca74b0fb8c20ad982f81b73: tablet deleted with delete type TABLET_DATA_TOMBSTONED: last-logged OpId 1.3
I20260710 11:00:27.283646 10905 log.cc:1199] T 078be2c24917464686856e952290030d P 4ba359b76ca74b0fb8c20ad982f81b73: Deleting WAL directory at /tmp/dist-test-taskuG7Rjs/test-tmp/auto_leader_rebalancer-test.0.LeaderRebalancerTest.AddTserver.1783681184955073-9029-0/minicluster-data/ts-2-root/wals/078be2c24917464686856e952290030d
I20260710 11:00:27.285193 10059 catalog_manager.cc:5028] TS 4ba359b76ca74b0fb8c20ad982f81b73 (127.8.209.67:37461): tablet 078be2c24917464686856e952290030d (table test-workload [id=69b66206faa3410ba6ae2408d139ec14]) successfully deleted
I20260710 11:00:28.294143 10176 consensus_queue.cc:237] T 91643797d87c4f25a303b862a6e9e0cc P ad237ca78c1f4ecf8874dec16ed11a22 [LEADER]: Queue going to LEADER mode. State: All replicated index: 0, Majority replicated index: 1, Committed index: 1, Last appended: 1.1, Last appended by leader: 0, Current term: 1, Majority size: 2, State: 0, Mode: LEADER, active raft config: opid_index: 2 OBSOLETE_local: false peers { permanent_uuid: "ad237ca78c1f4ecf8874dec16ed11a22" member_type: VOTER last_known_addr { host: "127.8.209.65" port: 34841 } } peers { permanent_uuid: "e814e677915d4c069cf5a7204a7b6aa8" member_type: VOTER last_known_addr { host: "127.8.209.66" port: 43223 } attrs { replace: true } } peers { permanent_uuid: "4ba359b76ca74b0fb8c20ad982f81b73" member_type: VOTER last_known_addr { host: "127.8.209.67" port: 37461 } } peers { permanent_uuid: "67e4e7de92ad4158acd3b2897c22ddf2" member_type: NON_VOTER last_known_addr { host: "127.8.209.68" port: 44539 } attrs { promote: true } }
I20260710 11:00:28.300530 10324 raft_consensus.cc:1275] T 91643797d87c4f25a303b862a6e9e0cc P 4ba359b76ca74b0fb8c20ad982f81b73 [term 1 FOLLOWER]: Refusing update from remote peer ad237ca78c1f4ecf8874dec16ed11a22: Log matching property violated. Preceding OpId in replica: term: 1 index: 1. Preceding OpId from leader: term: 1 index: 2. (index mismatch)
I20260710 11:00:28.301808 10251 raft_consensus.cc:1275] T 91643797d87c4f25a303b862a6e9e0cc P e814e677915d4c069cf5a7204a7b6aa8 [term 1 FOLLOWER]: Refusing update from remote peer ad237ca78c1f4ecf8874dec16ed11a22: Log matching property violated. Preceding OpId in replica: term: 1 index: 1. Preceding OpId from leader: term: 1 index: 2. (index mismatch)
I20260710 11:00:28.301823 10906 consensus_queue.cc:1048] T 91643797d87c4f25a303b862a6e9e0cc P ad237ca78c1f4ecf8874dec16ed11a22 [LEADER]: Connected to new peer: Peer: permanent_uuid: "4ba359b76ca74b0fb8c20ad982f81b73" member_type: VOTER last_known_addr { host: "127.8.209.67" port: 37461 }, Status: LMP_MISMATCH, Last received: 0.0, Next index: 2, Last known committed idx: 1, Time since last communication: 0.001s
W20260710 11:00:28.302912 10141 consensus_peers.cc:597] T 91643797d87c4f25a303b862a6e9e0cc P ad237ca78c1f4ecf8874dec16ed11a22 -> Peer 67e4e7de92ad4158acd3b2897c22ddf2 (127.8.209.68:44539): Couldn't send request to peer 67e4e7de92ad4158acd3b2897c22ddf2. Error code: TABLET_NOT_FOUND (6). Status: Not found: Tablet not found: 91643797d87c4f25a303b862a6e9e0cc. This is attempt 1: this message will repeat every 5th retry.
I20260710 11:00:28.303218 10904 consensus_queue.cc:1048] T 91643797d87c4f25a303b862a6e9e0cc P ad237ca78c1f4ecf8874dec16ed11a22 [LEADER]: Connected to new peer: Peer: permanent_uuid: "e814e677915d4c069cf5a7204a7b6aa8" member_type: VOTER last_known_addr { host: "127.8.209.66" port: 43223 } attrs { replace: true }, Status: LMP_MISMATCH, Last received: 0.0, Next index: 2, Last known committed idx: 1, Time since last communication: 0.000s
I20260710 11:00:28.310787 10906 raft_consensus.cc:2955] T 91643797d87c4f25a303b862a6e9e0cc P ad237ca78c1f4ecf8874dec16ed11a22 [term 1 LEADER]: Committing config change with OpId 1.2: config changed from index -1 to 2, NON_VOTER 67e4e7de92ad4158acd3b2897c22ddf2 (127.8.209.68) added. New config: { opid_index: 2 OBSOLETE_local: false peers { permanent_uuid: "ad237ca78c1f4ecf8874dec16ed11a22" member_type: VOTER last_known_addr { host: "127.8.209.65" port: 34841 } } peers { permanent_uuid: "e814e677915d4c069cf5a7204a7b6aa8" member_type: VOTER last_known_addr { host: "127.8.209.66" port: 43223 } attrs { replace: true } } peers { permanent_uuid: "4ba359b76ca74b0fb8c20ad982f81b73" member_type: VOTER last_known_addr { host: "127.8.209.67" port: 37461 } } peers { permanent_uuid: "67e4e7de92ad4158acd3b2897c22ddf2" member_type: NON_VOTER last_known_addr { host: "127.8.209.68" port: 44539 } attrs { promote: true } } }
I20260710 11:00:28.312701 10324 raft_consensus.cc:2955] T 91643797d87c4f25a303b862a6e9e0cc P 4ba359b76ca74b0fb8c20ad982f81b73 [term 1 FOLLOWER]: Committing config change with OpId 1.2: config changed from index -1 to 2, NON_VOTER 67e4e7de92ad4158acd3b2897c22ddf2 (127.8.209.68) added. New config: { opid_index: 2 OBSOLETE_local: false peers { permanent_uuid: "ad237ca78c1f4ecf8874dec16ed11a22" member_type: VOTER last_known_addr { host: "127.8.209.65" port: 34841 } } peers { permanent_uuid: "e814e677915d4c069cf5a7204a7b6aa8" member_type: VOTER last_known_addr { host: "127.8.209.66" port: 43223 } attrs { replace: true } } peers { permanent_uuid: "4ba359b76ca74b0fb8c20ad982f81b73" member_type: VOTER last_known_addr { host: "127.8.209.67" port: 37461 } } peers { permanent_uuid: "67e4e7de92ad4158acd3b2897c22ddf2" member_type: NON_VOTER last_known_addr { host: "127.8.209.68" port: 44539 } attrs { promote: true } } }
I20260710 11:00:28.313419 10251 raft_consensus.cc:2955] T 91643797d87c4f25a303b862a6e9e0cc P e814e677915d4c069cf5a7204a7b6aa8 [term 1 FOLLOWER]: Committing config change with OpId 1.2: config changed from index -1 to 2, NON_VOTER 67e4e7de92ad4158acd3b2897c22ddf2 (127.8.209.68) added. New config: { opid_index: 2 OBSOLETE_local: false peers { permanent_uuid: "ad237ca78c1f4ecf8874dec16ed11a22" member_type: VOTER last_known_addr { host: "127.8.209.65" port: 34841 } } peers { permanent_uuid: "e814e677915d4c069cf5a7204a7b6aa8" member_type: VOTER last_known_addr { host: "127.8.209.66" port: 43223 } attrs { replace: true } } peers { permanent_uuid: "4ba359b76ca74b0fb8c20ad982f81b73" member_type: VOTER last_known_addr { host: "127.8.209.67" port: 37461 } } peers { permanent_uuid: "67e4e7de92ad4158acd3b2897c22ddf2" member_type: NON_VOTER last_known_addr { host: "127.8.209.68" port: 44539 } attrs { promote: true } } }
I20260710 11:00:28.324692 10252 consensus_queue.cc:237] T 15a757b39b944b638eb9a6d39d13e583 P e814e677915d4c069cf5a7204a7b6aa8 [LEADER]: Queue going to LEADER mode. State: All replicated index: 0, Majority replicated index: 1, Committed index: 1, Last appended: 1.1, Last appended by leader: 0, Current term: 1, Majority size: 2, State: 0, Mode: LEADER, active raft config: opid_index: 2 OBSOLETE_local: false peers { permanent_uuid: "ad237ca78c1f4ecf8874dec16ed11a22" member_type: VOTER last_known_addr { host: "127.8.209.65" port: 34841 } attrs { replace: true } } peers { permanent_uuid: "e814e677915d4c069cf5a7204a7b6aa8" member_type: VOTER last_known_addr { host: "127.8.209.66" port: 43223 } } peers { permanent_uuid: "4ba359b76ca74b0fb8c20ad982f81b73" member_type: VOTER last_known_addr { host: "127.8.209.67" port: 37461 } } peers { permanent_uuid: "67e4e7de92ad4158acd3b2897c22ddf2" member_type: NON_VOTER last_known_addr { host: "127.8.209.68" port: 44539 } attrs { promote: true } }
I20260710 11:00:28.325448 10075 catalog_manager.cc:5697] T 91643797d87c4f25a303b862a6e9e0cc P ad237ca78c1f4ecf8874dec16ed11a22 reported cstate change: config changed from index -1 to 2, NON_VOTER 67e4e7de92ad4158acd3b2897c22ddf2 (127.8.209.68) added. New cstate: current_term: 1 leader_uuid: "ad237ca78c1f4ecf8874dec16ed11a22" committed_config { opid_index: 2 OBSOLETE_local: false peers { permanent_uuid: "ad237ca78c1f4ecf8874dec16ed11a22" member_type: VOTER last_known_addr { host: "127.8.209.65" port: 34841 } health_report { overall_health: HEALTHY } } peers { permanent_uuid: "e814e677915d4c069cf5a7204a7b6aa8" member_type: VOTER last_known_addr { host: "127.8.209.66" port: 43223 } attrs { replace: true } health_report { overall_health: HEALTHY } } peers { permanent_uuid: "4ba359b76ca74b0fb8c20ad982f81b73" member_type: VOTER last_known_addr { host: "127.8.209.67" port: 37461 } health_report { overall_health: HEALTHY } } peers { permanent_uuid: "67e4e7de92ad4158acd3b2897c22ddf2" member_type: NON_VOTER last_known_addr { host: "127.8.209.68" port: 44539 } attrs { promote: true } health_report { overall_health: UNKNOWN } } }
W20260710 11:00:28.341568 10216 consensus_peers.cc:597] T 15a757b39b944b638eb9a6d39d13e583 P e814e677915d4c069cf5a7204a7b6aa8 -> Peer 67e4e7de92ad4158acd3b2897c22ddf2 (127.8.209.68:44539): Couldn't send request to peer 67e4e7de92ad4158acd3b2897c22ddf2. Error code: TABLET_NOT_FOUND (6). Status: Not found: Tablet not found: 15a757b39b944b638eb9a6d39d13e583. This is attempt 1: this message will repeat every 5th retry.
I20260710 11:00:28.341801 10324 raft_consensus.cc:1275] T 15a757b39b944b638eb9a6d39d13e583 P 4ba359b76ca74b0fb8c20ad982f81b73 [term 1 FOLLOWER]: Refusing update from remote peer e814e677915d4c069cf5a7204a7b6aa8: Log matching property violated. Preceding OpId in replica: term: 1 index: 1. Preceding OpId from leader: term: 1 index: 2. (index mismatch)
I20260710 11:00:28.344193 10174 raft_consensus.cc:1275] T 15a757b39b944b638eb9a6d39d13e583 P ad237ca78c1f4ecf8874dec16ed11a22 [term 1 FOLLOWER]: Refusing update from remote peer e814e677915d4c069cf5a7204a7b6aa8: Log matching property violated. Preceding OpId in replica: term: 1 index: 1. Preceding OpId from leader: term: 1 index: 2. (index mismatch)
I20260710 11:00:28.345063 10893 consensus_queue.cc:1048] T 15a757b39b944b638eb9a6d39d13e583 P e814e677915d4c069cf5a7204a7b6aa8 [LEADER]: Connected to new peer: Peer: permanent_uuid: "4ba359b76ca74b0fb8c20ad982f81b73" member_type: VOTER last_known_addr { host: "127.8.209.67" port: 37461 }, Status: LMP_MISMATCH, Last received: 0.0, Next index: 2, Last known committed idx: 1, Time since last communication: 0.000s
I20260710 11:00:28.347652 10875 consensus_queue.cc:1048] T 15a757b39b944b638eb9a6d39d13e583 P e814e677915d4c069cf5a7204a7b6aa8 [LEADER]: Connected to new peer: Peer: permanent_uuid: "ad237ca78c1f4ecf8874dec16ed11a22" member_type: VOTER last_known_addr { host: "127.8.209.65" port: 34841 } attrs { replace: true }, Status: LMP_MISMATCH, Last received: 0.0, Next index: 2, Last known committed idx: 1, Time since last communication: 0.000s
I20260710 11:00:28.364364 10893 raft_consensus.cc:2955] T 15a757b39b944b638eb9a6d39d13e583 P e814e677915d4c069cf5a7204a7b6aa8 [term 1 LEADER]: Committing config change with OpId 1.2: config changed from index -1 to 2, NON_VOTER 67e4e7de92ad4158acd3b2897c22ddf2 (127.8.209.68) added. New config: { opid_index: 2 OBSOLETE_local: false peers { permanent_uuid: "ad237ca78c1f4ecf8874dec16ed11a22" member_type: VOTER last_known_addr { host: "127.8.209.65" port: 34841 } attrs { replace: true } } peers { permanent_uuid: "e814e677915d4c069cf5a7204a7b6aa8" member_type: VOTER last_known_addr { host: "127.8.209.66" port: 43223 } } peers { permanent_uuid: "4ba359b76ca74b0fb8c20ad982f81b73" member_type: VOTER last_known_addr { host: "127.8.209.67" port: 37461 } } peers { permanent_uuid: "67e4e7de92ad4158acd3b2897c22ddf2" member_type: NON_VOTER last_known_addr { host: "127.8.209.68" port: 44539 } attrs { promote: true } } }
I20260710 11:00:28.366128 10324 raft_consensus.cc:2955] T 15a757b39b944b638eb9a6d39d13e583 P 4ba359b76ca74b0fb8c20ad982f81b73 [term 1 FOLLOWER]: Committing config change with OpId 1.2: config changed from index -1 to 2, NON_VOTER 67e4e7de92ad4158acd3b2897c22ddf2 (127.8.209.68) added. New config: { opid_index: 2 OBSOLETE_local: false peers { permanent_uuid: "ad237ca78c1f4ecf8874dec16ed11a22" member_type: VOTER last_known_addr { host: "127.8.209.65" port: 34841 } attrs { replace: true } } peers { permanent_uuid: "e814e677915d4c069cf5a7204a7b6aa8" member_type: VOTER last_known_addr { host: "127.8.209.66" port: 43223 } } peers { permanent_uuid: "4ba359b76ca74b0fb8c20ad982f81b73" member_type: VOTER last_known_addr { host: "127.8.209.67" port: 37461 } } peers { permanent_uuid: "67e4e7de92ad4158acd3b2897c22ddf2" member_type: NON_VOTER last_known_addr { host: "127.8.209.68" port: 44539 } attrs { promote: true } } }
I20260710 11:00:28.371853 10174 raft_consensus.cc:2955] T 15a757b39b944b638eb9a6d39d13e583 P ad237ca78c1f4ecf8874dec16ed11a22 [term 1 FOLLOWER]: Committing config change with OpId 1.2: config changed from index -1 to 2, NON_VOTER 67e4e7de92ad4158acd3b2897c22ddf2 (127.8.209.68) added. New config: { opid_index: 2 OBSOLETE_local: false peers { permanent_uuid: "ad237ca78c1f4ecf8874dec16ed11a22" member_type: VOTER last_known_addr { host: "127.8.209.65" port: 34841 } attrs { replace: true } } peers { permanent_uuid: "e814e677915d4c069cf5a7204a7b6aa8" member_type: VOTER last_known_addr { host: "127.8.209.66" port: 43223 } } peers { permanent_uuid: "4ba359b76ca74b0fb8c20ad982f81b73" member_type: VOTER last_known_addr { host: "127.8.209.67" port: 37461 } } peers { permanent_uuid: "67e4e7de92ad4158acd3b2897c22ddf2" member_type: NON_VOTER last_known_addr { host: "127.8.209.68" port: 44539 } attrs { promote: true } } }
I20260710 11:00:28.382520 10074 catalog_manager.cc:5697] T 15a757b39b944b638eb9a6d39d13e583 P 4ba359b76ca74b0fb8c20ad982f81b73 reported cstate change: config changed from index -1 to 2, NON_VOTER 67e4e7de92ad4158acd3b2897c22ddf2 (127.8.209.68) added. New cstate: current_term: 1 leader_uuid: "e814e677915d4c069cf5a7204a7b6aa8" committed_config { opid_index: 2 OBSOLETE_local: false peers { permanent_uuid: "ad237ca78c1f4ecf8874dec16ed11a22" member_type: VOTER last_known_addr { host: "127.8.209.65" port: 34841 } attrs { replace: true } } peers { permanent_uuid: "e814e677915d4c069cf5a7204a7b6aa8" member_type: VOTER last_known_addr { host: "127.8.209.66" port: 43223 } } peers { permanent_uuid: "4ba359b76ca74b0fb8c20ad982f81b73" member_type: VOTER last_known_addr { host: "127.8.209.67" port: 37461 } } peers { permanent_uuid: "67e4e7de92ad4158acd3b2897c22ddf2" member_type: NON_VOTER last_known_addr { host: "127.8.209.68" port: 44539 } attrs { promote: true } } }
I20260710 11:00:28.728890 10920 ts_tablet_manager.cc:933] T 15a757b39b944b638eb9a6d39d13e583 P 67e4e7de92ad4158acd3b2897c22ddf2: Initiating tablet copy from peer e814e677915d4c069cf5a7204a7b6aa8 (127.8.209.66:43223)
I20260710 11:00:28.729344 10919 ts_tablet_manager.cc:933] T 91643797d87c4f25a303b862a6e9e0cc P 67e4e7de92ad4158acd3b2897c22ddf2: Initiating tablet copy from peer ad237ca78c1f4ecf8874dec16ed11a22 (127.8.209.65:34841)
I20260710 11:00:28.730894 10920 tablet_copy_client.cc:323] T 15a757b39b944b638eb9a6d39d13e583 P 67e4e7de92ad4158acd3b2897c22ddf2: tablet copy: Beginning tablet copy session from remote peer at address 127.8.209.66:43223
I20260710 11:00:28.732009 10919 tablet_copy_client.cc:323] T 91643797d87c4f25a303b862a6e9e0cc P 67e4e7de92ad4158acd3b2897c22ddf2: tablet copy: Beginning tablet copy session from remote peer at address 127.8.209.65:34841
I20260710 11:00:28.733036 10262 tablet_copy_service.cc:140] P e814e677915d4c069cf5a7204a7b6aa8: Received BeginTabletCopySession request for tablet 15a757b39b944b638eb9a6d39d13e583 from peer 67e4e7de92ad4158acd3b2897c22ddf2 ({username='slave'} at 127.0.0.1:49612)
I20260710 11:00:28.733570 10262 tablet_copy_service.cc:161] P e814e677915d4c069cf5a7204a7b6aa8: Beginning new tablet copy session on tablet 15a757b39b944b638eb9a6d39d13e583 from peer 67e4e7de92ad4158acd3b2897c22ddf2 at {username='slave'} at 127.0.0.1:49612: session id = 67e4e7de92ad4158acd3b2897c22ddf2-15a757b39b944b638eb9a6d39d13e583
I20260710 11:00:28.733805 10187 tablet_copy_service.cc:140] P ad237ca78c1f4ecf8874dec16ed11a22: Received BeginTabletCopySession request for tablet 91643797d87c4f25a303b862a6e9e0cc from peer 67e4e7de92ad4158acd3b2897c22ddf2 ({username='slave'} at 127.0.0.1:58558)
I20260710 11:00:28.734323 10187 tablet_copy_service.cc:161] P ad237ca78c1f4ecf8874dec16ed11a22: Beginning new tablet copy session on tablet 91643797d87c4f25a303b862a6e9e0cc from peer 67e4e7de92ad4158acd3b2897c22ddf2 at {username='slave'} at 127.0.0.1:58558: session id = 67e4e7de92ad4158acd3b2897c22ddf2-91643797d87c4f25a303b862a6e9e0cc
I20260710 11:00:28.741358 10262 tablet_copy_source_session.cc:215] T 15a757b39b944b638eb9a6d39d13e583 P e814e677915d4c069cf5a7204a7b6aa8: Tablet Copy: opened 0 blocks and 1 log segments
I20260710 11:00:28.741617 10187 tablet_copy_source_session.cc:215] T 91643797d87c4f25a303b862a6e9e0cc P ad237ca78c1f4ecf8874dec16ed11a22: Tablet Copy: opened 0 blocks and 1 log segments
I20260710 11:00:28.745016 10919 data_dirs.cc:400] Could only allocate 1 dirs of requested 3 for tablet 91643797d87c4f25a303b862a6e9e0cc. 1 dirs total, 0 dirs full, 0 dirs failed
I20260710 11:00:28.745806 10920 data_dirs.cc:400] Could only allocate 1 dirs of requested 3 for tablet 15a757b39b944b638eb9a6d39d13e583. 1 dirs total, 0 dirs full, 0 dirs failed
I20260710 11:00:28.762616 10920 tablet_copy_client.cc:806] T 15a757b39b944b638eb9a6d39d13e583 P 67e4e7de92ad4158acd3b2897c22ddf2: tablet copy: Starting download of 0 data blocks...
I20260710 11:00:28.763253 10920 tablet_copy_client.cc:670] T 15a757b39b944b638eb9a6d39d13e583 P 67e4e7de92ad4158acd3b2897c22ddf2: tablet copy: Starting download of 1 WAL segments...
I20260710 11:00:28.763163 10919 tablet_copy_client.cc:806] T 91643797d87c4f25a303b862a6e9e0cc P 67e4e7de92ad4158acd3b2897c22ddf2: tablet copy: Starting download of 0 data blocks...
I20260710 11:00:28.764700 10919 tablet_copy_client.cc:670] T 91643797d87c4f25a303b862a6e9e0cc P 67e4e7de92ad4158acd3b2897c22ddf2: tablet copy: Starting download of 1 WAL segments...
I20260710 11:00:28.767386 10920 tablet_copy_client.cc:538] T 15a757b39b944b638eb9a6d39d13e583 P 67e4e7de92ad4158acd3b2897c22ddf2: tablet copy: Tablet Copy complete. Replacing tablet superblock.
I20260710 11:00:28.769119 10919 tablet_copy_client.cc:538] T 91643797d87c4f25a303b862a6e9e0cc P 67e4e7de92ad4158acd3b2897c22ddf2: tablet copy: Tablet Copy complete. Replacing tablet superblock.
I20260710 11:00:28.777526 10920 tablet_bootstrap.cc:492] T 15a757b39b944b638eb9a6d39d13e583 P 67e4e7de92ad4158acd3b2897c22ddf2: Bootstrap starting.
I20260710 11:00:28.778177 10919 tablet_bootstrap.cc:492] T 91643797d87c4f25a303b862a6e9e0cc P 67e4e7de92ad4158acd3b2897c22ddf2: Bootstrap starting.
I20260710 11:00:28.808019 10920 tablet_bootstrap.cc:492] T 15a757b39b944b638eb9a6d39d13e583 P 67e4e7de92ad4158acd3b2897c22ddf2: Bootstrap replayed 1/1 log segments. Stats: ops{read=2 overwritten=0 applied=2 ignored=0} inserts{seen=0 ignored=0} mutations{seen=0 ignored=0} orphaned_commits=0. Pending: 0 replicates
I20260710 11:00:28.809105 10920 tablet_bootstrap.cc:492] T 15a757b39b944b638eb9a6d39d13e583 P 67e4e7de92ad4158acd3b2897c22ddf2: Bootstrap complete.
I20260710 11:00:28.809926 10920 ts_tablet_manager.cc:1403] T 15a757b39b944b638eb9a6d39d13e583 P 67e4e7de92ad4158acd3b2897c22ddf2: Time spent bootstrapping tablet: real 0.033s	user 0.024s	sys 0.008s
I20260710 11:00:28.811010 10919 tablet_bootstrap.cc:492] T 91643797d87c4f25a303b862a6e9e0cc P 67e4e7de92ad4158acd3b2897c22ddf2: Bootstrap replayed 1/1 log segments. Stats: ops{read=2 overwritten=0 applied=2 ignored=0} inserts{seen=0 ignored=0} mutations{seen=0 ignored=0} orphaned_commits=0. Pending: 0 replicates
I20260710 11:00:28.812072 10919 tablet_bootstrap.cc:492] T 91643797d87c4f25a303b862a6e9e0cc P 67e4e7de92ad4158acd3b2897c22ddf2: Bootstrap complete.
I20260710 11:00:28.812839 10919 ts_tablet_manager.cc:1403] T 91643797d87c4f25a303b862a6e9e0cc P 67e4e7de92ad4158acd3b2897c22ddf2: Time spent bootstrapping tablet: real 0.035s	user 0.027s	sys 0.004s
I20260710 11:00:28.813542 10920 raft_consensus.cc:359] T 15a757b39b944b638eb9a6d39d13e583 P 67e4e7de92ad4158acd3b2897c22ddf2 [term 1 LEARNER]: Replica starting. Triggering 0 pending ops. Active config: opid_index: 2 OBSOLETE_local: false peers { permanent_uuid: "ad237ca78c1f4ecf8874dec16ed11a22" member_type: VOTER last_known_addr { host: "127.8.209.65" port: 34841 } attrs { replace: true } } peers { permanent_uuid: "e814e677915d4c069cf5a7204a7b6aa8" member_type: VOTER last_known_addr { host: "127.8.209.66" port: 43223 } } peers { permanent_uuid: "4ba359b76ca74b0fb8c20ad982f81b73" member_type: VOTER last_known_addr { host: "127.8.209.67" port: 37461 } } peers { permanent_uuid: "67e4e7de92ad4158acd3b2897c22ddf2" member_type: NON_VOTER last_known_addr { host: "127.8.209.68" port: 44539 } attrs { promote: true } }
I20260710 11:00:28.814539 10920 raft_consensus.cc:740] T 15a757b39b944b638eb9a6d39d13e583 P 67e4e7de92ad4158acd3b2897c22ddf2 [term 1 LEARNER]: Becoming Follower/Learner. State: Replica: 67e4e7de92ad4158acd3b2897c22ddf2, State: Initialized, Role: LEARNER
I20260710 11:00:28.815310 10920 consensus_queue.cc:260] T 15a757b39b944b638eb9a6d39d13e583 P 67e4e7de92ad4158acd3b2897c22ddf2 [NON_LEADER]: Queue going to NON_LEADER mode. State: All replicated index: 0, Majority replicated index: 0, Committed index: 2, Last appended: 1.2, Last appended by leader: 2, Current term: 0, Majority size: -1, State: 0, Mode: NON_LEADER, active raft config: opid_index: 2 OBSOLETE_local: false peers { permanent_uuid: "ad237ca78c1f4ecf8874dec16ed11a22" member_type: VOTER last_known_addr { host: "127.8.209.65" port: 34841 } attrs { replace: true } } peers { permanent_uuid: "e814e677915d4c069cf5a7204a7b6aa8" member_type: VOTER last_known_addr { host: "127.8.209.66" port: 43223 } } peers { permanent_uuid: "4ba359b76ca74b0fb8c20ad982f81b73" member_type: VOTER last_known_addr { host: "127.8.209.67" port: 37461 } } peers { permanent_uuid: "67e4e7de92ad4158acd3b2897c22ddf2" member_type: NON_VOTER last_known_addr { host: "127.8.209.68" port: 44539 } attrs { promote: true } }
I20260710 11:00:28.816244 10919 raft_consensus.cc:359] T 91643797d87c4f25a303b862a6e9e0cc P 67e4e7de92ad4158acd3b2897c22ddf2 [term 1 LEARNER]: Replica starting. Triggering 0 pending ops. Active config: opid_index: 2 OBSOLETE_local: false peers { permanent_uuid: "ad237ca78c1f4ecf8874dec16ed11a22" member_type: VOTER last_known_addr { host: "127.8.209.65" port: 34841 } } peers { permanent_uuid: "e814e677915d4c069cf5a7204a7b6aa8" member_type: VOTER last_known_addr { host: "127.8.209.66" port: 43223 } attrs { replace: true } } peers { permanent_uuid: "4ba359b76ca74b0fb8c20ad982f81b73" member_type: VOTER last_known_addr { host: "127.8.209.67" port: 37461 } } peers { permanent_uuid: "67e4e7de92ad4158acd3b2897c22ddf2" member_type: NON_VOTER last_known_addr { host: "127.8.209.68" port: 44539 } attrs { promote: true } }
I20260710 11:00:28.817412 10919 raft_consensus.cc:740] T 91643797d87c4f25a303b862a6e9e0cc P 67e4e7de92ad4158acd3b2897c22ddf2 [term 1 LEARNER]: Becoming Follower/Learner. State: Replica: 67e4e7de92ad4158acd3b2897c22ddf2, State: Initialized, Role: LEARNER
I20260710 11:00:28.818229 10919 consensus_queue.cc:260] T 91643797d87c4f25a303b862a6e9e0cc P 67e4e7de92ad4158acd3b2897c22ddf2 [NON_LEADER]: Queue going to NON_LEADER mode. State: All replicated index: 0, Majority replicated index: 0, Committed index: 2, Last appended: 1.2, Last appended by leader: 2, Current term: 0, Majority size: -1, State: 0, Mode: NON_LEADER, active raft config: opid_index: 2 OBSOLETE_local: false peers { permanent_uuid: "ad237ca78c1f4ecf8874dec16ed11a22" member_type: VOTER last_known_addr { host: "127.8.209.65" port: 34841 } } peers { permanent_uuid: "e814e677915d4c069cf5a7204a7b6aa8" member_type: VOTER last_known_addr { host: "127.8.209.66" port: 43223 } attrs { replace: true } } peers { permanent_uuid: "4ba359b76ca74b0fb8c20ad982f81b73" member_type: VOTER last_known_addr { host: "127.8.209.67" port: 37461 } } peers { permanent_uuid: "67e4e7de92ad4158acd3b2897c22ddf2" member_type: NON_VOTER last_known_addr { host: "127.8.209.68" port: 44539 } attrs { promote: true } }
I20260710 11:00:28.819075 10920 ts_tablet_manager.cc:1434] T 15a757b39b944b638eb9a6d39d13e583 P 67e4e7de92ad4158acd3b2897c22ddf2: Time spent starting tablet: real 0.009s	user 0.007s	sys 0.000s
I20260710 11:00:28.821718 10262 tablet_copy_service.cc:342] P e814e677915d4c069cf5a7204a7b6aa8: Request end of tablet copy session 67e4e7de92ad4158acd3b2897c22ddf2-15a757b39b944b638eb9a6d39d13e583 received from {username='slave'} at 127.0.0.1:49612
I20260710 11:00:28.822175 10262 tablet_copy_service.cc:434] P e814e677915d4c069cf5a7204a7b6aa8: ending tablet copy session 67e4e7de92ad4158acd3b2897c22ddf2-15a757b39b944b638eb9a6d39d13e583 on tablet 15a757b39b944b638eb9a6d39d13e583 with peer 67e4e7de92ad4158acd3b2897c22ddf2
I20260710 11:00:28.824651 10919 ts_tablet_manager.cc:1434] T 91643797d87c4f25a303b862a6e9e0cc P 67e4e7de92ad4158acd3b2897c22ddf2: Time spent starting tablet: real 0.011s	user 0.007s	sys 0.003s
I20260710 11:00:28.826498 10187 tablet_copy_service.cc:342] P ad237ca78c1f4ecf8874dec16ed11a22: Request end of tablet copy session 67e4e7de92ad4158acd3b2897c22ddf2-91643797d87c4f25a303b862a6e9e0cc received from {username='slave'} at 127.0.0.1:58558
I20260710 11:00:28.826987 10187 tablet_copy_service.cc:434] P ad237ca78c1f4ecf8874dec16ed11a22: ending tablet copy session 67e4e7de92ad4158acd3b2897c22ddf2-91643797d87c4f25a303b862a6e9e0cc on tablet 91643797d87c4f25a303b862a6e9e0cc with peer 67e4e7de92ad4158acd3b2897c22ddf2
I20260710 11:00:29.100853 10592 raft_consensus.cc:1217] T 15a757b39b944b638eb9a6d39d13e583 P 67e4e7de92ad4158acd3b2897c22ddf2 [term 1 LEARNER]: Deduplicated request from leader. Original: 1.1->[1.2-1.2]   Dedup: 1.2->[]
I20260710 11:00:29.179138 10592 raft_consensus.cc:1217] T 91643797d87c4f25a303b862a6e9e0cc P 67e4e7de92ad4158acd3b2897c22ddf2 [term 1 LEARNER]: Deduplicated request from leader. Original: 1.1->[1.2-1.2]   Dedup: 1.2->[]
I20260710 11:00:29.582155 10931 raft_consensus.cc:1064] T 91643797d87c4f25a303b862a6e9e0cc P ad237ca78c1f4ecf8874dec16ed11a22: attempting to promote NON_VOTER 67e4e7de92ad4158acd3b2897c22ddf2 to VOTER
I20260710 11:00:29.584713 10931 consensus_queue.cc:237] T 91643797d87c4f25a303b862a6e9e0cc P ad237ca78c1f4ecf8874dec16ed11a22 [LEADER]: Queue going to LEADER mode. State: All replicated index: 0, Majority replicated index: 2, Committed index: 2, Last appended: 1.2, Last appended by leader: 0, Current term: 1, Majority size: 3, State: 0, Mode: LEADER, active raft config: opid_index: 3 OBSOLETE_local: false peers { permanent_uuid: "ad237ca78c1f4ecf8874dec16ed11a22" member_type: VOTER last_known_addr { host: "127.8.209.65" port: 34841 } } peers { permanent_uuid: "e814e677915d4c069cf5a7204a7b6aa8" member_type: VOTER last_known_addr { host: "127.8.209.66" port: 43223 } attrs { replace: true } } peers { permanent_uuid: "4ba359b76ca74b0fb8c20ad982f81b73" member_type: VOTER last_known_addr { host: "127.8.209.67" port: 37461 } } peers { permanent_uuid: "67e4e7de92ad4158acd3b2897c22ddf2" member_type: VOTER last_known_addr { host: "127.8.209.68" port: 44539 } attrs { promote: false } }
I20260710 11:00:29.593071 10324 raft_consensus.cc:1275] T 91643797d87c4f25a303b862a6e9e0cc P 4ba359b76ca74b0fb8c20ad982f81b73 [term 1 FOLLOWER]: Refusing update from remote peer ad237ca78c1f4ecf8874dec16ed11a22: Log matching property violated. Preceding OpId in replica: term: 1 index: 2. Preceding OpId from leader: term: 1 index: 3. (index mismatch)
I20260710 11:00:29.594686 10592 raft_consensus.cc:1275] T 91643797d87c4f25a303b862a6e9e0cc P 67e4e7de92ad4158acd3b2897c22ddf2 [term 1 LEARNER]: Refusing update from remote peer ad237ca78c1f4ecf8874dec16ed11a22: Log matching property violated. Preceding OpId in replica: term: 1 index: 2. Preceding OpId from leader: term: 1 index: 3. (index mismatch)
I20260710 11:00:29.594527 10931 consensus_queue.cc:1048] T 91643797d87c4f25a303b862a6e9e0cc P ad237ca78c1f4ecf8874dec16ed11a22 [LEADER]: Connected to new peer: Peer: permanent_uuid: "4ba359b76ca74b0fb8c20ad982f81b73" member_type: VOTER last_known_addr { host: "127.8.209.67" port: 37461 }, Status: LMP_MISMATCH, Last received: 0.0, Next index: 3, Last known committed idx: 2, Time since last communication: 0.000s
I20260710 11:00:29.595463 10252 raft_consensus.cc:1275] T 91643797d87c4f25a303b862a6e9e0cc P e814e677915d4c069cf5a7204a7b6aa8 [term 1 FOLLOWER]: Refusing update from remote peer ad237ca78c1f4ecf8874dec16ed11a22: Log matching property violated. Preceding OpId in replica: term: 1 index: 2. Preceding OpId from leader: term: 1 index: 3. (index mismatch)
I20260710 11:00:29.599632 10904 consensus_queue.cc:1048] T 91643797d87c4f25a303b862a6e9e0cc P ad237ca78c1f4ecf8874dec16ed11a22 [LEADER]: Connected to new peer: Peer: permanent_uuid: "e814e677915d4c069cf5a7204a7b6aa8" member_type: VOTER last_known_addr { host: "127.8.209.66" port: 43223 } attrs { replace: true }, Status: LMP_MISMATCH, Last received: 0.0, Next index: 3, Last known committed idx: 2, Time since last communication: 0.001s
I20260710 11:00:29.600664 10906 consensus_queue.cc:1048] T 91643797d87c4f25a303b862a6e9e0cc P ad237ca78c1f4ecf8874dec16ed11a22 [LEADER]: Connected to new peer: Peer: permanent_uuid: "67e4e7de92ad4158acd3b2897c22ddf2" member_type: VOTER last_known_addr { host: "127.8.209.68" port: 44539 } attrs { promote: false }, Status: LMP_MISMATCH, Last received: 0.0, Next index: 3, Last known committed idx: 2, Time since last communication: 0.000s
I20260710 11:00:29.618888 10931 raft_consensus.cc:2955] T 91643797d87c4f25a303b862a6e9e0cc P ad237ca78c1f4ecf8874dec16ed11a22 [term 1 LEADER]: Committing config change with OpId 1.3: config changed from index 2 to 3, 67e4e7de92ad4158acd3b2897c22ddf2 (127.8.209.68) changed from NON_VOTER to VOTER. New config: { opid_index: 3 OBSOLETE_local: false peers { permanent_uuid: "ad237ca78c1f4ecf8874dec16ed11a22" member_type: VOTER last_known_addr { host: "127.8.209.65" port: 34841 } } peers { permanent_uuid: "e814e677915d4c069cf5a7204a7b6aa8" member_type: VOTER last_known_addr { host: "127.8.209.66" port: 43223 } attrs { replace: true } } peers { permanent_uuid: "4ba359b76ca74b0fb8c20ad982f81b73" member_type: VOTER last_known_addr { host: "127.8.209.67" port: 37461 } } peers { permanent_uuid: "67e4e7de92ad4158acd3b2897c22ddf2" member_type: VOTER last_known_addr { host: "127.8.209.68" port: 44539 } attrs { promote: false } } }
I20260710 11:00:29.626551 10324 raft_consensus.cc:2955] T 91643797d87c4f25a303b862a6e9e0cc P 4ba359b76ca74b0fb8c20ad982f81b73 [term 1 FOLLOWER]: Committing config change with OpId 1.3: config changed from index 2 to 3, 67e4e7de92ad4158acd3b2897c22ddf2 (127.8.209.68) changed from NON_VOTER to VOTER. New config: { opid_index: 3 OBSOLETE_local: false peers { permanent_uuid: "ad237ca78c1f4ecf8874dec16ed11a22" member_type: VOTER last_known_addr { host: "127.8.209.65" port: 34841 } } peers { permanent_uuid: "e814e677915d4c069cf5a7204a7b6aa8" member_type: VOTER last_known_addr { host: "127.8.209.66" port: 43223 } attrs { replace: true } } peers { permanent_uuid: "4ba359b76ca74b0fb8c20ad982f81b73" member_type: VOTER last_known_addr { host: "127.8.209.67" port: 37461 } } peers { permanent_uuid: "67e4e7de92ad4158acd3b2897c22ddf2" member_type: VOTER last_known_addr { host: "127.8.209.68" port: 44539 } attrs { promote: false } } }
I20260710 11:00:29.630023 10252 raft_consensus.cc:2955] T 91643797d87c4f25a303b862a6e9e0cc P e814e677915d4c069cf5a7204a7b6aa8 [term 1 FOLLOWER]: Committing config change with OpId 1.3: config changed from index 2 to 3, 67e4e7de92ad4158acd3b2897c22ddf2 (127.8.209.68) changed from NON_VOTER to VOTER. New config: { opid_index: 3 OBSOLETE_local: false peers { permanent_uuid: "ad237ca78c1f4ecf8874dec16ed11a22" member_type: VOTER last_known_addr { host: "127.8.209.65" port: 34841 } } peers { permanent_uuid: "e814e677915d4c069cf5a7204a7b6aa8" member_type: VOTER last_known_addr { host: "127.8.209.66" port: 43223 } attrs { replace: true } } peers { permanent_uuid: "4ba359b76ca74b0fb8c20ad982f81b73" member_type: VOTER last_known_addr { host: "127.8.209.67" port: 37461 } } peers { permanent_uuid: "67e4e7de92ad4158acd3b2897c22ddf2" member_type: VOTER last_known_addr { host: "127.8.209.68" port: 44539 } attrs { promote: false } } }
I20260710 11:00:29.634267 10073 catalog_manager.cc:5697] T 91643797d87c4f25a303b862a6e9e0cc P ad237ca78c1f4ecf8874dec16ed11a22 reported cstate change: config changed from index 2 to 3, 67e4e7de92ad4158acd3b2897c22ddf2 (127.8.209.68) changed from NON_VOTER to VOTER. New cstate: current_term: 1 leader_uuid: "ad237ca78c1f4ecf8874dec16ed11a22" committed_config { opid_index: 3 OBSOLETE_local: false peers { permanent_uuid: "ad237ca78c1f4ecf8874dec16ed11a22" member_type: VOTER last_known_addr { host: "127.8.209.65" port: 34841 } health_report { overall_health: HEALTHY } } peers { permanent_uuid: "e814e677915d4c069cf5a7204a7b6aa8" member_type: VOTER last_known_addr { host: "127.8.209.66" port: 43223 } attrs { replace: true } health_report { overall_health: HEALTHY } } peers { permanent_uuid: "4ba359b76ca74b0fb8c20ad982f81b73" member_type: VOTER last_known_addr { host: "127.8.209.67" port: 37461 } health_report { overall_health: HEALTHY } } peers { permanent_uuid: "67e4e7de92ad4158acd3b2897c22ddf2" member_type: VOTER last_known_addr { host: "127.8.209.68" port: 44539 } attrs { promote: false } health_report { overall_health: UNKNOWN } } }
I20260710 11:00:29.654315 10591 raft_consensus.cc:2955] T 91643797d87c4f25a303b862a6e9e0cc P 67e4e7de92ad4158acd3b2897c22ddf2 [term 1 FOLLOWER]: Committing config change with OpId 1.3: config changed from index 2 to 3, 67e4e7de92ad4158acd3b2897c22ddf2 (127.8.209.68) changed from NON_VOTER to VOTER. New config: { opid_index: 3 OBSOLETE_local: false peers { permanent_uuid: "ad237ca78c1f4ecf8874dec16ed11a22" member_type: VOTER last_known_addr { host: "127.8.209.65" port: 34841 } } peers { permanent_uuid: "e814e677915d4c069cf5a7204a7b6aa8" member_type: VOTER last_known_addr { host: "127.8.209.66" port: 43223 } attrs { replace: true } } peers { permanent_uuid: "4ba359b76ca74b0fb8c20ad982f81b73" member_type: VOTER last_known_addr { host: "127.8.209.67" port: 37461 } } peers { permanent_uuid: "67e4e7de92ad4158acd3b2897c22ddf2" member_type: VOTER last_known_addr { host: "127.8.209.68" port: 44539 } attrs { promote: false } } }
I20260710 11:00:29.688086 10174 consensus_queue.cc:237] T 91643797d87c4f25a303b862a6e9e0cc P ad237ca78c1f4ecf8874dec16ed11a22 [LEADER]: Queue going to LEADER mode. State: All replicated index: 0, Majority replicated index: 3, Committed index: 3, Last appended: 1.3, Last appended by leader: 0, Current term: 1, Majority size: 2, State: 0, Mode: LEADER, active raft config: opid_index: 4 OBSOLETE_local: false peers { permanent_uuid: "ad237ca78c1f4ecf8874dec16ed11a22" member_type: VOTER last_known_addr { host: "127.8.209.65" port: 34841 } } peers { permanent_uuid: "4ba359b76ca74b0fb8c20ad982f81b73" member_type: VOTER last_known_addr { host: "127.8.209.67" port: 37461 } } peers { permanent_uuid: "67e4e7de92ad4158acd3b2897c22ddf2" member_type: VOTER last_known_addr { host: "127.8.209.68" port: 44539 } attrs { promote: false } }
I20260710 11:00:29.693955 10591 raft_consensus.cc:1275] T 91643797d87c4f25a303b862a6e9e0cc P 67e4e7de92ad4158acd3b2897c22ddf2 [term 1 FOLLOWER]: Refusing update from remote peer ad237ca78c1f4ecf8874dec16ed11a22: Log matching property violated. Preceding OpId in replica: term: 1 index: 3. Preceding OpId from leader: term: 1 index: 4. (index mismatch)
I20260710 11:00:29.694003 10324 raft_consensus.cc:1275] T 91643797d87c4f25a303b862a6e9e0cc P 4ba359b76ca74b0fb8c20ad982f81b73 [term 1 FOLLOWER]: Refusing update from remote peer ad237ca78c1f4ecf8874dec16ed11a22: Log matching property violated. Preceding OpId in replica: term: 1 index: 3. Preceding OpId from leader: term: 1 index: 4. (index mismatch)
I20260710 11:00:29.695252 10931 consensus_queue.cc:1048] T 91643797d87c4f25a303b862a6e9e0cc P ad237ca78c1f4ecf8874dec16ed11a22 [LEADER]: Connected to new peer: Peer: permanent_uuid: "67e4e7de92ad4158acd3b2897c22ddf2" member_type: VOTER last_known_addr { host: "127.8.209.68" port: 44539 } attrs { promote: false }, Status: LMP_MISMATCH, Last received: 0.0, Next index: 4, Last known committed idx: 3, Time since last communication: 0.000s
I20260710 11:00:29.696099 10906 consensus_queue.cc:1048] T 91643797d87c4f25a303b862a6e9e0cc P ad237ca78c1f4ecf8874dec16ed11a22 [LEADER]: Connected to new peer: Peer: permanent_uuid: "4ba359b76ca74b0fb8c20ad982f81b73" member_type: VOTER last_known_addr { host: "127.8.209.67" port: 37461 }, Status: LMP_MISMATCH, Last received: 0.0, Next index: 4, Last known committed idx: 3, Time since last communication: 0.000s
I20260710 11:00:29.703306 10929 raft_consensus.cc:1064] T 15a757b39b944b638eb9a6d39d13e583 P e814e677915d4c069cf5a7204a7b6aa8: attempting to promote NON_VOTER 67e4e7de92ad4158acd3b2897c22ddf2 to VOTER
I20260710 11:00:29.704612 10324 raft_consensus.cc:2955] T 91643797d87c4f25a303b862a6e9e0cc P 4ba359b76ca74b0fb8c20ad982f81b73 [term 1 FOLLOWER]: Committing config change with OpId 1.4: config changed from index 3 to 4, VOTER e814e677915d4c069cf5a7204a7b6aa8 (127.8.209.66) evicted. New config: { opid_index: 4 OBSOLETE_local: false peers { permanent_uuid: "ad237ca78c1f4ecf8874dec16ed11a22" member_type: VOTER last_known_addr { host: "127.8.209.65" port: 34841 } } peers { permanent_uuid: "4ba359b76ca74b0fb8c20ad982f81b73" member_type: VOTER last_known_addr { host: "127.8.209.67" port: 37461 } } peers { permanent_uuid: "67e4e7de92ad4158acd3b2897c22ddf2" member_type: VOTER last_known_addr { host: "127.8.209.68" port: 44539 } attrs { promote: false } } }
I20260710 11:00:29.705324 10908 raft_consensus.cc:2955] T 91643797d87c4f25a303b862a6e9e0cc P ad237ca78c1f4ecf8874dec16ed11a22 [term 1 LEADER]: Committing config change with OpId 1.4: config changed from index 3 to 4, VOTER e814e677915d4c069cf5a7204a7b6aa8 (127.8.209.66) evicted. New config: { opid_index: 4 OBSOLETE_local: false peers { permanent_uuid: "ad237ca78c1f4ecf8874dec16ed11a22" member_type: VOTER last_known_addr { host: "127.8.209.65" port: 34841 } } peers { permanent_uuid: "4ba359b76ca74b0fb8c20ad982f81b73" member_type: VOTER last_known_addr { host: "127.8.209.67" port: 37461 } } peers { permanent_uuid: "67e4e7de92ad4158acd3b2897c22ddf2" member_type: VOTER last_known_addr { host: "127.8.209.68" port: 44539 } attrs { promote: false } } }
I20260710 11:00:29.709906 10929 consensus_queue.cc:237] T 15a757b39b944b638eb9a6d39d13e583 P e814e677915d4c069cf5a7204a7b6aa8 [LEADER]: Queue going to LEADER mode. State: All replicated index: 0, Majority replicated index: 2, Committed index: 2, Last appended: 1.2, Last appended by leader: 0, Current term: 1, Majority size: 3, State: 0, Mode: LEADER, active raft config: opid_index: 3 OBSOLETE_local: false peers { permanent_uuid: "ad237ca78c1f4ecf8874dec16ed11a22" member_type: VOTER last_known_addr { host: "127.8.209.65" port: 34841 } attrs { replace: true } } peers { permanent_uuid: "e814e677915d4c069cf5a7204a7b6aa8" member_type: VOTER last_known_addr { host: "127.8.209.66" port: 43223 } } peers { permanent_uuid: "4ba359b76ca74b0fb8c20ad982f81b73" member_type: VOTER last_known_addr { host: "127.8.209.67" port: 37461 } } peers { permanent_uuid: "67e4e7de92ad4158acd3b2897c22ddf2" member_type: VOTER last_known_addr { host: "127.8.209.68" port: 44539 } attrs { promote: false } }
I20260710 11:00:29.713385 10589 raft_consensus.cc:2955] T 91643797d87c4f25a303b862a6e9e0cc P 67e4e7de92ad4158acd3b2897c22ddf2 [term 1 FOLLOWER]: Committing config change with OpId 1.4: config changed from index 3 to 4, VOTER e814e677915d4c069cf5a7204a7b6aa8 (127.8.209.66) evicted. New config: { opid_index: 4 OBSOLETE_local: false peers { permanent_uuid: "ad237ca78c1f4ecf8874dec16ed11a22" member_type: VOTER last_known_addr { host: "127.8.209.65" port: 34841 } } peers { permanent_uuid: "4ba359b76ca74b0fb8c20ad982f81b73" member_type: VOTER last_known_addr { host: "127.8.209.67" port: 37461 } } peers { permanent_uuid: "67e4e7de92ad4158acd3b2897c22ddf2" member_type: VOTER last_known_addr { host: "127.8.209.68" port: 44539 } attrs { promote: false } } }
