I20260710 11:00:21.665203  2810 tablet_copy_service.cc:140] P 9a76e2da053f42139f70e267b2c719d5: Received BeginTabletCopySession request for tablet 5759bfade4e043f0b91dd5e1699b9460 from peer c7a05395321c466f928fa8ff4e0b9bd3 ({username='slave'} at 127.0.0.1:35248)
I20260710 11:00:21.665693  2810 tablet_copy_service.cc:161] P 9a76e2da053f42139f70e267b2c719d5: Beginning new tablet copy session on tablet 5759bfade4e043f0b91dd5e1699b9460 from peer c7a05395321c466f928fa8ff4e0b9bd3 at {username='slave'} at 127.0.0.1:35248: session id = c7a05395321c466f928fa8ff4e0b9bd3-5759bfade4e043f0b91dd5e1699b9460
I20260710 11:00:21.671293  2810 tablet_copy_source_session.cc:215] T 5759bfade4e043f0b91dd5e1699b9460 P 9a76e2da053f42139f70e267b2c719d5: Tablet Copy: opened 0 blocks and 1 log segments
I20260710 11:00:21.674510  3524 data_dirs.cc:400] Could only allocate 1 dirs of requested 3 for tablet 5759bfade4e043f0b91dd5e1699b9460. 1 dirs total, 0 dirs full, 0 dirs failed
I20260710 11:00:21.692168  3524 tablet_copy_client.cc:806] T 5759bfade4e043f0b91dd5e1699b9460 P c7a05395321c466f928fa8ff4e0b9bd3: tablet copy: Starting download of 0 data blocks...
I20260710 11:00:21.692986  3524 tablet_copy_client.cc:670] T 5759bfade4e043f0b91dd5e1699b9460 P c7a05395321c466f928fa8ff4e0b9bd3: tablet copy: Starting download of 1 WAL segments...
I20260710 11:00:21.696854  3524 tablet_copy_client.cc:538] T 5759bfade4e043f0b91dd5e1699b9460 P c7a05395321c466f928fa8ff4e0b9bd3: tablet copy: Tablet Copy complete. Replacing tablet superblock.
I20260710 11:00:21.707175  3524 tablet_bootstrap.cc:492] T 5759bfade4e043f0b91dd5e1699b9460 P c7a05395321c466f928fa8ff4e0b9bd3: Bootstrap starting.
I20260710 11:00:21.728173  3524 tablet_bootstrap.cc:492] T 5759bfade4e043f0b91dd5e1699b9460 P c7a05395321c466f928fa8ff4e0b9bd3: Bootstrap replayed 1/1 log segments. Stats: ops{read=3 overwritten=0 applied=3 ignored=0} inserts{seen=0 ignored=0} mutations{seen=0 ignored=0} orphaned_commits=0. Pending: 0 replicates
I20260710 11:00:21.728924  3524 tablet_bootstrap.cc:492] T 5759bfade4e043f0b91dd5e1699b9460 P c7a05395321c466f928fa8ff4e0b9bd3: Bootstrap complete.
I20260710 11:00:21.729538  3524 ts_tablet_manager.cc:1403] T 5759bfade4e043f0b91dd5e1699b9460 P c7a05395321c466f928fa8ff4e0b9bd3: Time spent bootstrapping tablet: real 0.023s	user 0.019s	sys 0.004s
I20260710 11:00:21.732611  3524 raft_consensus.cc:359] T 5759bfade4e043f0b91dd5e1699b9460 P c7a05395321c466f928fa8ff4e0b9bd3 [term 2 LEARNER]: Replica starting. Triggering 0 pending ops. Active config: opid_index: 3 OBSOLETE_local: false peers { permanent_uuid: "9a76e2da053f42139f70e267b2c719d5" member_type: VOTER last_known_addr { host: "127.1.165.129" port: 41215 } } peers { permanent_uuid: "1ab2e5d4b5d64d229c1a88d4b83c082c" member_type: VOTER last_known_addr { host: "127.1.165.130" port: 44067 } attrs { replace: true } } peers { permanent_uuid: "c3b5e4e0251743ea8a8d12d266c70639" member_type: VOTER last_known_addr { host: "127.1.165.131" port: 33205 } } peers { permanent_uuid: "c7a05395321c466f928fa8ff4e0b9bd3" member_type: NON_VOTER last_known_addr { host: "127.1.165.132" port: 46169 } attrs { promote: true } }
I20260710 11:00:21.732934  3530 ts_tablet_manager.cc:933] T c18ab36cbf254819bc882c2e3ee0255e P c7a05395321c466f928fa8ff4e0b9bd3: Initiating tablet copy from peer c3b5e4e0251743ea8a8d12d266c70639 (127.1.165.131:33205)
I20260710 11:00:21.733314  3524 raft_consensus.cc:740] T 5759bfade4e043f0b91dd5e1699b9460 P c7a05395321c466f928fa8ff4e0b9bd3 [term 2 LEARNER]: Becoming Follower/Learner. State: Replica: c7a05395321c466f928fa8ff4e0b9bd3, State: Initialized, Role: LEARNER
I20260710 11:00:21.734027  3524 consensus_queue.cc:260] T 5759bfade4e043f0b91dd5e1699b9460 P c7a05395321c466f928fa8ff4e0b9bd3 [NON_LEADER]: Queue going to NON_LEADER mode. State: All replicated index: 0, Majority replicated index: 0, Committed index: 3, Last appended: 2.3, Last appended by leader: 3, Current term: 0, Majority size: -1, State: 0, Mode: NON_LEADER, active raft config: opid_index: 3 OBSOLETE_local: false peers { permanent_uuid: "9a76e2da053f42139f70e267b2c719d5" member_type: VOTER last_known_addr { host: "127.1.165.129" port: 41215 } } peers { permanent_uuid: "1ab2e5d4b5d64d229c1a88d4b83c082c" member_type: VOTER last_known_addr { host: "127.1.165.130" port: 44067 } attrs { replace: true } } peers { permanent_uuid: "c3b5e4e0251743ea8a8d12d266c70639" member_type: VOTER last_known_addr { host: "127.1.165.131" port: 33205 } } peers { permanent_uuid: "c7a05395321c466f928fa8ff4e0b9bd3" member_type: NON_VOTER last_known_addr { host: "127.1.165.132" port: 46169 } attrs { promote: true } }
I20260710 11:00:21.734881  3530 tablet_copy_client.cc:323] T c18ab36cbf254819bc882c2e3ee0255e P c7a05395321c466f928fa8ff4e0b9bd3: tablet copy: Beginning tablet copy session from remote peer at address 127.1.165.131:33205
I20260710 11:00:21.736783  2958 tablet_copy_service.cc:140] P c3b5e4e0251743ea8a8d12d266c70639: Received BeginTabletCopySession request for tablet c18ab36cbf254819bc882c2e3ee0255e from peer c7a05395321c466f928fa8ff4e0b9bd3 ({username='slave'} at 127.0.0.1:55410)
I20260710 11:00:21.736967  3524 ts_tablet_manager.cc:1434] T 5759bfade4e043f0b91dd5e1699b9460 P c7a05395321c466f928fa8ff4e0b9bd3: Time spent starting tablet: real 0.007s	user 0.005s	sys 0.004s
I20260710 11:00:21.737386  2958 tablet_copy_service.cc:161] P c3b5e4e0251743ea8a8d12d266c70639: Beginning new tablet copy session on tablet c18ab36cbf254819bc882c2e3ee0255e from peer c7a05395321c466f928fa8ff4e0b9bd3 at {username='slave'} at 127.0.0.1:55410: session id = c7a05395321c466f928fa8ff4e0b9bd3-c18ab36cbf254819bc882c2e3ee0255e
I20260710 11:00:21.746006  2810 tablet_copy_service.cc:342] P 9a76e2da053f42139f70e267b2c719d5: Request end of tablet copy session c7a05395321c466f928fa8ff4e0b9bd3-5759bfade4e043f0b91dd5e1699b9460 received from {username='slave'} at 127.0.0.1:35248
I20260710 11:00:21.746548  2810 tablet_copy_service.cc:434] P 9a76e2da053f42139f70e267b2c719d5: ending tablet copy session c7a05395321c466f928fa8ff4e0b9bd3-5759bfade4e043f0b91dd5e1699b9460 on tablet 5759bfade4e043f0b91dd5e1699b9460 with peer c7a05395321c466f928fa8ff4e0b9bd3
I20260710 11:00:21.753408  2958 tablet_copy_source_session.cc:215] T c18ab36cbf254819bc882c2e3ee0255e P c3b5e4e0251743ea8a8d12d266c70639: Tablet Copy: opened 0 blocks and 1 log segments
I20260710 11:00:21.769774  3524 ts_tablet_manager.cc:933] T 32e3823d4ef540bb956082b18ac766ae P c7a05395321c466f928fa8ff4e0b9bd3: Initiating tablet copy from peer 9a76e2da053f42139f70e267b2c719d5 (127.1.165.129:41215)
I20260710 11:00:21.770932  3530 data_dirs.cc:400] Could only allocate 1 dirs of requested 3 for tablet c18ab36cbf254819bc882c2e3ee0255e. 1 dirs total, 0 dirs full, 0 dirs failed
I20260710 11:00:21.787873  3524 tablet_copy_client.cc:323] T 32e3823d4ef540bb956082b18ac766ae P c7a05395321c466f928fa8ff4e0b9bd3: tablet copy: Beginning tablet copy session from remote peer at address 127.1.165.129:41215
I20260710 11:00:21.789475  3530 tablet_copy_client.cc:806] T c18ab36cbf254819bc882c2e3ee0255e P c7a05395321c466f928fa8ff4e0b9bd3: tablet copy: Starting download of 0 data blocks...
I20260710 11:00:21.790058  3530 tablet_copy_client.cc:670] T c18ab36cbf254819bc882c2e3ee0255e P c7a05395321c466f928fa8ff4e0b9bd3: tablet copy: Starting download of 1 WAL segments...
I20260710 11:00:21.791118  2810 tablet_copy_service.cc:140] P 9a76e2da053f42139f70e267b2c719d5: Received BeginTabletCopySession request for tablet 32e3823d4ef540bb956082b18ac766ae from peer c7a05395321c466f928fa8ff4e0b9bd3 ({username='slave'} at 127.0.0.1:35248)
I20260710 11:00:21.791664  2810 tablet_copy_service.cc:161] P 9a76e2da053f42139f70e267b2c719d5: Beginning new tablet copy session on tablet 32e3823d4ef540bb956082b18ac766ae from peer c7a05395321c466f928fa8ff4e0b9bd3 at {username='slave'} at 127.0.0.1:35248: session id = c7a05395321c466f928fa8ff4e0b9bd3-32e3823d4ef540bb956082b18ac766ae
I20260710 11:00:21.793921  3530 tablet_copy_client.cc:538] T c18ab36cbf254819bc882c2e3ee0255e P c7a05395321c466f928fa8ff4e0b9bd3: tablet copy: Tablet Copy complete. Replacing tablet superblock.
I20260710 11:00:21.799289  2810 tablet_copy_source_session.cc:215] T 32e3823d4ef540bb956082b18ac766ae P 9a76e2da053f42139f70e267b2c719d5: Tablet Copy: opened 0 blocks and 1 log segments
I20260710 11:00:21.801932  3524 data_dirs.cc:400] Could only allocate 1 dirs of requested 3 for tablet 32e3823d4ef540bb956082b18ac766ae. 1 dirs total, 0 dirs full, 0 dirs failed
I20260710 11:00:21.807088  3530 tablet_bootstrap.cc:492] T c18ab36cbf254819bc882c2e3ee0255e P c7a05395321c466f928fa8ff4e0b9bd3: Bootstrap starting.
I20260710 11:00:21.812587  3524 tablet_copy_client.cc:806] T 32e3823d4ef540bb956082b18ac766ae P c7a05395321c466f928fa8ff4e0b9bd3: tablet copy: Starting download of 0 data blocks...
I20260710 11:00:21.813385  3524 tablet_copy_client.cc:670] T 32e3823d4ef540bb956082b18ac766ae P c7a05395321c466f928fa8ff4e0b9bd3: tablet copy: Starting download of 1 WAL segments...
I20260710 11:00:21.816672  3524 tablet_copy_client.cc:538] T 32e3823d4ef540bb956082b18ac766ae P c7a05395321c466f928fa8ff4e0b9bd3: tablet copy: Tablet Copy complete. Replacing tablet superblock.
I20260710 11:00:21.829465  3530 tablet_bootstrap.cc:492] T c18ab36cbf254819bc882c2e3ee0255e P c7a05395321c466f928fa8ff4e0b9bd3: Bootstrap replayed 1/1 log segments. Stats: ops{read=2 overwritten=0 applied=2 ignored=0} inserts{seen=0 ignored=0} mutations{seen=0 ignored=0} orphaned_commits=0. Pending: 0 replicates
I20260710 11:00:21.830452  3524 tablet_bootstrap.cc:492] T 32e3823d4ef540bb956082b18ac766ae P c7a05395321c466f928fa8ff4e0b9bd3: Bootstrap starting.
I20260710 11:00:21.830523  3530 tablet_bootstrap.cc:492] T c18ab36cbf254819bc882c2e3ee0255e P c7a05395321c466f928fa8ff4e0b9bd3: Bootstrap complete.
I20260710 11:00:21.831444  3530 ts_tablet_manager.cc:1403] T c18ab36cbf254819bc882c2e3ee0255e P c7a05395321c466f928fa8ff4e0b9bd3: Time spent bootstrapping tablet: real 0.025s	user 0.026s	sys 0.000s
I20260710 11:00:21.834618  3530 raft_consensus.cc:359] T c18ab36cbf254819bc882c2e3ee0255e P c7a05395321c466f928fa8ff4e0b9bd3 [term 1 LEARNER]: Replica starting. Triggering 0 pending ops. Active config: opid_index: 2 OBSOLETE_local: false peers { permanent_uuid: "9a76e2da053f42139f70e267b2c719d5" member_type: VOTER last_known_addr { host: "127.1.165.129" port: 41215 } attrs { replace: true } } peers { permanent_uuid: "1ab2e5d4b5d64d229c1a88d4b83c082c" member_type: VOTER last_known_addr { host: "127.1.165.130" port: 44067 } } peers { permanent_uuid: "c3b5e4e0251743ea8a8d12d266c70639" member_type: VOTER last_known_addr { host: "127.1.165.131" port: 33205 } } peers { permanent_uuid: "c7a05395321c466f928fa8ff4e0b9bd3" member_type: NON_VOTER last_known_addr { host: "127.1.165.132" port: 46169 } attrs { promote: true } }
I20260710 11:00:21.835517  3530 raft_consensus.cc:740] T c18ab36cbf254819bc882c2e3ee0255e P c7a05395321c466f928fa8ff4e0b9bd3 [term 1 LEARNER]: Becoming Follower/Learner. State: Replica: c7a05395321c466f928fa8ff4e0b9bd3, State: Initialized, Role: LEARNER
I20260710 11:00:21.836179  3530 consensus_queue.cc:260] T c18ab36cbf254819bc882c2e3ee0255e P c7a05395321c466f928fa8ff4e0b9bd3 [NON_LEADER]: Queue going to NON_LEADER mode. State: All replicated index: 0, Majority replicated index: 0, Committed index: 2, Last appended: 1.2, Last appended by leader: 2, Current term: 0, Majority size: -1, State: 0, Mode: NON_LEADER, active raft config: opid_index: 2 OBSOLETE_local: false peers { permanent_uuid: "9a76e2da053f42139f70e267b2c719d5" member_type: VOTER last_known_addr { host: "127.1.165.129" port: 41215 } attrs { replace: true } } peers { permanent_uuid: "1ab2e5d4b5d64d229c1a88d4b83c082c" member_type: VOTER last_known_addr { host: "127.1.165.130" port: 44067 } } peers { permanent_uuid: "c3b5e4e0251743ea8a8d12d266c70639" member_type: VOTER last_known_addr { host: "127.1.165.131" port: 33205 } } peers { permanent_uuid: "c7a05395321c466f928fa8ff4e0b9bd3" member_type: NON_VOTER last_known_addr { host: "127.1.165.132" port: 46169 } attrs { promote: true } }
I20260710 11:00:21.838795  3530 ts_tablet_manager.cc:1434] T c18ab36cbf254819bc882c2e3ee0255e P c7a05395321c466f928fa8ff4e0b9bd3: Time spent starting tablet: real 0.007s	user 0.005s	sys 0.000s
I20260710 11:00:21.840484  2958 tablet_copy_service.cc:342] P c3b5e4e0251743ea8a8d12d266c70639: Request end of tablet copy session c7a05395321c466f928fa8ff4e0b9bd3-c18ab36cbf254819bc882c2e3ee0255e received from {username='slave'} at 127.0.0.1:55410
I20260710 11:00:21.840916  2958 tablet_copy_service.cc:434] P c3b5e4e0251743ea8a8d12d266c70639: ending tablet copy session c7a05395321c466f928fa8ff4e0b9bd3-c18ab36cbf254819bc882c2e3ee0255e on tablet c18ab36cbf254819bc882c2e3ee0255e with peer c7a05395321c466f928fa8ff4e0b9bd3
I20260710 11:00:21.852813  3524 tablet_bootstrap.cc:492] T 32e3823d4ef540bb956082b18ac766ae P c7a05395321c466f928fa8ff4e0b9bd3: Bootstrap replayed 1/1 log segments. Stats: ops{read=3 overwritten=0 applied=3 ignored=0} inserts{seen=0 ignored=0} mutations{seen=0 ignored=0} orphaned_commits=0. Pending: 0 replicates
I20260710 11:00:21.853571  3524 tablet_bootstrap.cc:492] T 32e3823d4ef540bb956082b18ac766ae P c7a05395321c466f928fa8ff4e0b9bd3: Bootstrap complete.
I20260710 11:00:21.854113  3524 ts_tablet_manager.cc:1403] T 32e3823d4ef540bb956082b18ac766ae P c7a05395321c466f928fa8ff4e0b9bd3: Time spent bootstrapping tablet: real 0.024s	user 0.019s	sys 0.000s
I20260710 11:00:21.856468  3524 raft_consensus.cc:359] T 32e3823d4ef540bb956082b18ac766ae P c7a05395321c466f928fa8ff4e0b9bd3 [term 3 LEARNER]: Replica starting. Triggering 0 pending ops. Active config: opid_index: 3 OBSOLETE_local: false peers { permanent_uuid: "9a76e2da053f42139f70e267b2c719d5" member_type: VOTER last_known_addr { host: "127.1.165.129" port: 41215 } } peers { permanent_uuid: "1ab2e5d4b5d64d229c1a88d4b83c082c" member_type: VOTER last_known_addr { host: "127.1.165.130" port: 44067 } } peers { permanent_uuid: "c3b5e4e0251743ea8a8d12d266c70639" member_type: VOTER last_known_addr { host: "127.1.165.131" port: 33205 } attrs { replace: true } } peers { permanent_uuid: "c7a05395321c466f928fa8ff4e0b9bd3" member_type: NON_VOTER last_known_addr { host: "127.1.165.132" port: 46169 } attrs { promote: true } }
I20260710 11:00:21.857024  3524 raft_consensus.cc:740] T 32e3823d4ef540bb956082b18ac766ae P c7a05395321c466f928fa8ff4e0b9bd3 [term 3 LEARNER]: Becoming Follower/Learner. State: Replica: c7a05395321c466f928fa8ff4e0b9bd3, State: Initialized, Role: LEARNER
I20260710 11:00:21.857508  3524 consensus_queue.cc:260] T 32e3823d4ef540bb956082b18ac766ae P c7a05395321c466f928fa8ff4e0b9bd3 [NON_LEADER]: Queue going to NON_LEADER mode. State: All replicated index: 0, Majority replicated index: 0, Committed index: 3, Last appended: 3.3, Last appended by leader: 3, Current term: 0, Majority size: -1, State: 0, Mode: NON_LEADER, active raft config: opid_index: 3 OBSOLETE_local: false peers { permanent_uuid: "9a76e2da053f42139f70e267b2c719d5" member_type: VOTER last_known_addr { host: "127.1.165.129" port: 41215 } } peers { permanent_uuid: "1ab2e5d4b5d64d229c1a88d4b83c082c" member_type: VOTER last_known_addr { host: "127.1.165.130" port: 44067 } } peers { permanent_uuid: "c3b5e4e0251743ea8a8d12d266c70639" member_type: VOTER last_known_addr { host: "127.1.165.131" port: 33205 } attrs { replace: true } } peers { permanent_uuid: "c7a05395321c466f928fa8ff4e0b9bd3" member_type: NON_VOTER last_known_addr { host: "127.1.165.132" port: 46169 } attrs { promote: true } }
I20260710 11:00:21.859127  3524 ts_tablet_manager.cc:1434] T 32e3823d4ef540bb956082b18ac766ae P c7a05395321c466f928fa8ff4e0b9bd3: Time spent starting tablet: real 0.005s	user 0.007s	sys 0.000s
I20260710 11:00:21.861011  2810 tablet_copy_service.cc:342] P 9a76e2da053f42139f70e267b2c719d5: Request end of tablet copy session c7a05395321c466f928fa8ff4e0b9bd3-32e3823d4ef540bb956082b18ac766ae received from {username='slave'} at 127.0.0.1:35248
I20260710 11:00:21.861430  2810 tablet_copy_service.cc:434] P 9a76e2da053f42139f70e267b2c719d5: ending tablet copy session c7a05395321c466f928fa8ff4e0b9bd3-32e3823d4ef540bb956082b18ac766ae on tablet 32e3823d4ef540bb956082b18ac766ae with peer c7a05395321c466f928fa8ff4e0b9bd3
I20260710 11:00:22.055574  3213 raft_consensus.cc:1217] T 855b8ee839e94f24ac643275c06b260c P c7a05395321c466f928fa8ff4e0b9bd3 [term 3 LEARNER]: Deduplicated request from leader. Original: 3.2->[3.3-3.3]   Dedup: 3.3->[]
I20260710 11:00:22.201395  3213 raft_consensus.cc:1217] T 32e3823d4ef540bb956082b18ac766ae P c7a05395321c466f928fa8ff4e0b9bd3 [term 3 LEARNER]: Deduplicated request from leader. Original: 3.2->[3.3-3.3]   Dedup: 3.3->[]
I20260710 11:00:22.239657  3213 raft_consensus.cc:1217] T c18ab36cbf254819bc882c2e3ee0255e P c7a05395321c466f928fa8ff4e0b9bd3 [term 1 LEARNER]: Deduplicated request from leader. Original: 1.1->[1.2-1.2]   Dedup: 1.2->[]
I20260710 11:00:22.247167  3213 raft_consensus.cc:1217] T 5759bfade4e043f0b91dd5e1699b9460 P c7a05395321c466f928fa8ff4e0b9bd3 [term 2 LEARNER]: Deduplicated request from leader. Original: 2.2->[2.3-2.3]   Dedup: 2.3->[]
I20260710 11:00:22.597532  3504 raft_consensus.cc:1064] T 855b8ee839e94f24ac643275c06b260c P 1ab2e5d4b5d64d229c1a88d4b83c082c: attempting to promote NON_VOTER c7a05395321c466f928fa8ff4e0b9bd3 to VOTER
I20260710 11:00:22.602372  3504 consensus_queue.cc:237] T 855b8ee839e94f24ac643275c06b260c P 1ab2e5d4b5d64d229c1a88d4b83c082c [LEADER]: Queue going to LEADER mode. State: All replicated index: 0, Majority replicated index: 3, Committed index: 3, Last appended: 3.3, Last appended by leader: 1, Current term: 3, Majority size: 3, State: 0, Mode: LEADER, active raft config: opid_index: 4 OBSOLETE_local: false peers { permanent_uuid: "9a76e2da053f42139f70e267b2c719d5" member_type: VOTER last_known_addr { host: "127.1.165.129" port: 41215 } } peers { permanent_uuid: "1ab2e5d4b5d64d229c1a88d4b83c082c" member_type: VOTER last_known_addr { host: "127.1.165.130" port: 44067 } } peers { permanent_uuid: "c3b5e4e0251743ea8a8d12d266c70639" member_type: VOTER last_known_addr { host: "127.1.165.131" port: 33205 } attrs { replace: true } } peers { permanent_uuid: "c7a05395321c466f928fa8ff4e0b9bd3" member_type: VOTER last_known_addr { host: "127.1.165.132" port: 46169 } attrs { promote: false } }
I20260710 11:00:22.614435  2791 raft_consensus.cc:1275] T 855b8ee839e94f24ac643275c06b260c P 9a76e2da053f42139f70e267b2c719d5 [term 3 FOLLOWER]: Refusing update from remote peer 1ab2e5d4b5d64d229c1a88d4b83c082c: Log matching property violated. Preceding OpId in replica: term: 3 index: 3. Preceding OpId from leader: term: 3 index: 4. (index mismatch)
I20260710 11:00:22.614982  3213 raft_consensus.cc:1275] T 855b8ee839e94f24ac643275c06b260c P c7a05395321c466f928fa8ff4e0b9bd3 [term 3 LEARNER]: Refusing update from remote peer 1ab2e5d4b5d64d229c1a88d4b83c082c: Log matching property violated. Preceding OpId in replica: term: 3 index: 3. Preceding OpId from leader: term: 3 index: 4. (index mismatch)
I20260710 11:00:22.615151  2949 raft_consensus.cc:1275] T 855b8ee839e94f24ac643275c06b260c P c3b5e4e0251743ea8a8d12d266c70639 [term 3 FOLLOWER]: Refusing update from remote peer 1ab2e5d4b5d64d229c1a88d4b83c082c: Log matching property violated. Preceding OpId in replica: term: 3 index: 3. Preceding OpId from leader: term: 3 index: 4. (index mismatch)
I20260710 11:00:22.616371  3542 consensus_queue.cc:1048] T 855b8ee839e94f24ac643275c06b260c P 1ab2e5d4b5d64d229c1a88d4b83c082c [LEADER]: Connected to new peer: Peer: permanent_uuid: "9a76e2da053f42139f70e267b2c719d5" member_type: VOTER last_known_addr { host: "127.1.165.129" port: 41215 }, Status: LMP_MISMATCH, Last received: 0.0, Next index: 4, Last known committed idx: 3, Time since last communication: 0.001s
I20260710 11:00:22.617368  3504 consensus_queue.cc:1048] T 855b8ee839e94f24ac643275c06b260c P 1ab2e5d4b5d64d229c1a88d4b83c082c [LEADER]: Connected to new peer: Peer: permanent_uuid: "c3b5e4e0251743ea8a8d12d266c70639" member_type: VOTER last_known_addr { host: "127.1.165.131" port: 33205 } attrs { replace: true }, Status: LMP_MISMATCH, Last received: 0.0, Next index: 4, Last known committed idx: 3, Time since last communication: 0.000s
I20260710 11:00:22.618290  3544 consensus_queue.cc:1048] T 855b8ee839e94f24ac643275c06b260c P 1ab2e5d4b5d64d229c1a88d4b83c082c [LEADER]: Connected to new peer: Peer: permanent_uuid: "c7a05395321c466f928fa8ff4e0b9bd3" member_type: VOTER last_known_addr { host: "127.1.165.132" port: 46169 } attrs { promote: false }, Status: LMP_MISMATCH, Last received: 0.0, Next index: 4, Last known committed idx: 3, Time since last communication: 0.001s
I20260710 11:00:22.645640  3544 raft_consensus.cc:2955] T 855b8ee839e94f24ac643275c06b260c P 1ab2e5d4b5d64d229c1a88d4b83c082c [term 3 LEADER]: Committing config change with OpId 3.4: config changed from index 3 to 4, c7a05395321c466f928fa8ff4e0b9bd3 (127.1.165.132) changed from NON_VOTER to VOTER. New config: { opid_index: 4 OBSOLETE_local: false peers { permanent_uuid: "9a76e2da053f42139f70e267b2c719d5" member_type: VOTER last_known_addr { host: "127.1.165.129" port: 41215 } } peers { permanent_uuid: "1ab2e5d4b5d64d229c1a88d4b83c082c" member_type: VOTER last_known_addr { host: "127.1.165.130" port: 44067 } } peers { permanent_uuid: "c3b5e4e0251743ea8a8d12d266c70639" member_type: VOTER last_known_addr { host: "127.1.165.131" port: 33205 } attrs { replace: true } } peers { permanent_uuid: "c7a05395321c466f928fa8ff4e0b9bd3" member_type: VOTER last_known_addr { host: "127.1.165.132" port: 46169 } attrs { promote: false } } }
I20260710 11:00:22.648816  2798 raft_consensus.cc:2955] T 855b8ee839e94f24ac643275c06b260c P 9a76e2da053f42139f70e267b2c719d5 [term 3 FOLLOWER]: Committing config change with OpId 3.4: config changed from index 3 to 4, c7a05395321c466f928fa8ff4e0b9bd3 (127.1.165.132) changed from NON_VOTER to VOTER. New config: { opid_index: 4 OBSOLETE_local: false peers { permanent_uuid: "9a76e2da053f42139f70e267b2c719d5" member_type: VOTER last_known_addr { host: "127.1.165.129" port: 41215 } } peers { permanent_uuid: "1ab2e5d4b5d64d229c1a88d4b83c082c" member_type: VOTER last_known_addr { host: "127.1.165.130" port: 44067 } } peers { permanent_uuid: "c3b5e4e0251743ea8a8d12d266c70639" member_type: VOTER last_known_addr { host: "127.1.165.131" port: 33205 } attrs { replace: true } } peers { permanent_uuid: "c7a05395321c466f928fa8ff4e0b9bd3" member_type: VOTER last_known_addr { host: "127.1.165.132" port: 46169 } attrs { promote: false } } }
I20260710 11:00:22.667339  3212 raft_consensus.cc:2955] T 855b8ee839e94f24ac643275c06b260c P c7a05395321c466f928fa8ff4e0b9bd3 [term 3 FOLLOWER]: Committing config change with OpId 3.4: config changed from index 3 to 4, c7a05395321c466f928fa8ff4e0b9bd3 (127.1.165.132) changed from NON_VOTER to VOTER. New config: { opid_index: 4 OBSOLETE_local: false peers { permanent_uuid: "9a76e2da053f42139f70e267b2c719d5" member_type: VOTER last_known_addr { host: "127.1.165.129" port: 41215 } } peers { permanent_uuid: "1ab2e5d4b5d64d229c1a88d4b83c082c" member_type: VOTER last_known_addr { host: "127.1.165.130" port: 44067 } } peers { permanent_uuid: "c3b5e4e0251743ea8a8d12d266c70639" member_type: VOTER last_known_addr { host: "127.1.165.131" port: 33205 } attrs { replace: true } } peers { permanent_uuid: "c7a05395321c466f928fa8ff4e0b9bd3" member_type: VOTER last_known_addr { host: "127.1.165.132" port: 46169 } attrs { promote: false } } }
I20260710 11:00:22.671834  2949 raft_consensus.cc:2955] T 855b8ee839e94f24ac643275c06b260c P c3b5e4e0251743ea8a8d12d266c70639 [term 3 FOLLOWER]: Committing config change with OpId 3.4: config changed from index 3 to 4, c7a05395321c466f928fa8ff4e0b9bd3 (127.1.165.132) changed from NON_VOTER to VOTER. New config: { opid_index: 4 OBSOLETE_local: false peers { permanent_uuid: "9a76e2da053f42139f70e267b2c719d5" member_type: VOTER last_known_addr { host: "127.1.165.129" port: 41215 } } peers { permanent_uuid: "1ab2e5d4b5d64d229c1a88d4b83c082c" member_type: VOTER last_known_addr { host: "127.1.165.130" port: 44067 } } peers { permanent_uuid: "c3b5e4e0251743ea8a8d12d266c70639" member_type: VOTER last_known_addr { host: "127.1.165.131" port: 33205 } attrs { replace: true } } peers { permanent_uuid: "c7a05395321c466f928fa8ff4e0b9bd3" member_type: VOTER last_known_addr { host: "127.1.165.132" port: 46169 } attrs { promote: false } } }
I20260710 11:00:22.678784  2695 catalog_manager.cc:5697] T 855b8ee839e94f24ac643275c06b260c P 1ab2e5d4b5d64d229c1a88d4b83c082c reported cstate change: config changed from index 3 to 4, c7a05395321c466f928fa8ff4e0b9bd3 (127.1.165.132) changed from NON_VOTER to VOTER. New cstate: current_term: 3 leader_uuid: "1ab2e5d4b5d64d229c1a88d4b83c082c" committed_config { opid_index: 4 OBSOLETE_local: false peers { permanent_uuid: "9a76e2da053f42139f70e267b2c719d5" member_type: VOTER last_known_addr { host: "127.1.165.129" port: 41215 } health_report { overall_health: HEALTHY } } peers { permanent_uuid: "1ab2e5d4b5d64d229c1a88d4b83c082c" member_type: VOTER last_known_addr { host: "127.1.165.130" port: 44067 } health_report { overall_health: HEALTHY } } peers { permanent_uuid: "c3b5e4e0251743ea8a8d12d266c70639" member_type: VOTER last_known_addr { host: "127.1.165.131" port: 33205 } attrs { replace: true } health_report { overall_health: HEALTHY } } peers { permanent_uuid: "c7a05395321c466f928fa8ff4e0b9bd3" member_type: VOTER last_known_addr { host: "127.1.165.132" port: 46169 } attrs { promote: false } health_report { overall_health: UNKNOWN } } }
I20260710 11:00:22.695600  3532 raft_consensus.cc:1064] T 32e3823d4ef540bb956082b18ac766ae P 9a76e2da053f42139f70e267b2c719d5: attempting to promote NON_VOTER c7a05395321c466f928fa8ff4e0b9bd3 to VOTER
I20260710 11:00:22.698696  3532 consensus_queue.cc:237] T 32e3823d4ef540bb956082b18ac766ae P 9a76e2da053f42139f70e267b2c719d5 [LEADER]: Queue going to LEADER mode. State: All replicated index: 0, Majority replicated index: 3, Committed index: 3, Last appended: 3.3, Last appended by leader: 1, Current term: 3, Majority size: 3, State: 0, Mode: LEADER, active raft config: opid_index: 4 OBSOLETE_local: false peers { permanent_uuid: "9a76e2da053f42139f70e267b2c719d5" member_type: VOTER last_known_addr { host: "127.1.165.129" port: 41215 } } peers { permanent_uuid: "1ab2e5d4b5d64d229c1a88d4b83c082c" member_type: VOTER last_known_addr { host: "127.1.165.130" port: 44067 } } peers { permanent_uuid: "c3b5e4e0251743ea8a8d12d266c70639" member_type: VOTER last_known_addr { host: "127.1.165.131" port: 33205 } attrs { replace: true } } peers { permanent_uuid: "c7a05395321c466f928fa8ff4e0b9bd3" member_type: VOTER last_known_addr { host: "127.1.165.132" port: 46169 } attrs { promote: false } }
I20260710 11:00:22.701736  3538 raft_consensus.cc:1064] T 5759bfade4e043f0b91dd5e1699b9460 P 9a76e2da053f42139f70e267b2c719d5: attempting to promote NON_VOTER c7a05395321c466f928fa8ff4e0b9bd3 to VOTER
I20260710 11:00:22.708169  3538 consensus_queue.cc:237] T 5759bfade4e043f0b91dd5e1699b9460 P 9a76e2da053f42139f70e267b2c719d5 [LEADER]: Queue going to LEADER mode. State: All replicated index: 0, Majority replicated index: 3, Committed index: 3, Last appended: 2.3, Last appended by leader: 1, Current term: 2, Majority size: 3, State: 0, Mode: LEADER, active raft config: opid_index: 4 OBSOLETE_local: false peers { permanent_uuid: "9a76e2da053f42139f70e267b2c719d5" member_type: VOTER last_known_addr { host: "127.1.165.129" port: 41215 } } peers { permanent_uuid: "1ab2e5d4b5d64d229c1a88d4b83c082c" member_type: VOTER last_known_addr { host: "127.1.165.130" port: 44067 } attrs { replace: true } } peers { permanent_uuid: "c3b5e4e0251743ea8a8d12d266c70639" member_type: VOTER last_known_addr { host: "127.1.165.131" port: 33205 } } peers { permanent_uuid: "c7a05395321c466f928fa8ff4e0b9bd3" member_type: VOTER last_known_addr { host: "127.1.165.132" port: 46169 } attrs { promote: false } }
I20260710 11:00:22.721870  2949 raft_consensus.cc:1275] T 5759bfade4e043f0b91dd5e1699b9460 P c3b5e4e0251743ea8a8d12d266c70639 [term 2 FOLLOWER]: Refusing update from remote peer 9a76e2da053f42139f70e267b2c719d5: Log matching property violated. Preceding OpId in replica: term: 2 index: 3. Preceding OpId from leader: term: 2 index: 4. (index mismatch)
I20260710 11:00:22.724279  3213 raft_consensus.cc:1275] T 5759bfade4e043f0b91dd5e1699b9460 P c7a05395321c466f928fa8ff4e0b9bd3 [term 2 LEARNER]: Refusing update from remote peer 9a76e2da053f42139f70e267b2c719d5: Log matching property violated. Preceding OpId in replica: term: 2 index: 3. Preceding OpId from leader: term: 2 index: 4. (index mismatch)
I20260710 11:00:22.730513  3510 consensus_queue.cc:1048] T 5759bfade4e043f0b91dd5e1699b9460 P 9a76e2da053f42139f70e267b2c719d5 [LEADER]: Connected to new peer: Peer: permanent_uuid: "c3b5e4e0251743ea8a8d12d266c70639" member_type: VOTER last_known_addr { host: "127.1.165.131" port: 33205 }, Status: LMP_MISMATCH, Last received: 0.0, Next index: 4, Last known committed idx: 3, Time since last communication: 0.002s
I20260710 11:00:22.742055  2875 raft_consensus.cc:1275] T 5759bfade4e043f0b91dd5e1699b9460 P 1ab2e5d4b5d64d229c1a88d4b83c082c [term 2 FOLLOWER]: Refusing update from remote peer 9a76e2da053f42139f70e267b2c719d5: Log matching property violated. Preceding OpId in replica: term: 2 index: 3. Preceding OpId from leader: term: 2 index: 4. (index mismatch)
I20260710 11:00:22.747419  2875 raft_consensus.cc:1275] T 32e3823d4ef540bb956082b18ac766ae P 1ab2e5d4b5d64d229c1a88d4b83c082c [term 3 FOLLOWER]: Refusing update from remote peer 9a76e2da053f42139f70e267b2c719d5: Log matching property violated. Preceding OpId in replica: term: 3 index: 3. Preceding OpId from leader: term: 3 index: 4. (index mismatch)
I20260710 11:00:22.752213  3510 consensus_queue.cc:1048] T 32e3823d4ef540bb956082b18ac766ae P 9a76e2da053f42139f70e267b2c719d5 [LEADER]: Connected to new peer: Peer: permanent_uuid: "1ab2e5d4b5d64d229c1a88d4b83c082c" member_type: VOTER last_known_addr { host: "127.1.165.130" port: 44067 }, Status: LMP_MISMATCH, Last received: 0.0, Next index: 4, Last known committed idx: 3, Time since last communication: 0.001s
I20260710 11:00:22.766147  2947 raft_consensus.cc:1275] T 32e3823d4ef540bb956082b18ac766ae P c3b5e4e0251743ea8a8d12d266c70639 [term 3 FOLLOWER]: Refusing update from remote peer 9a76e2da053f42139f70e267b2c719d5: Log matching property violated. Preceding OpId in replica: term: 3 index: 3. Preceding OpId from leader: term: 3 index: 4. (index mismatch)
I20260710 11:00:22.767627  3502 raft_consensus.cc:1064] T c18ab36cbf254819bc882c2e3ee0255e P c3b5e4e0251743ea8a8d12d266c70639: attempting to promote NON_VOTER c7a05395321c466f928fa8ff4e0b9bd3 to VOTER
I20260710 11:00:22.771099  3213 raft_consensus.cc:1275] T 32e3823d4ef540bb956082b18ac766ae P c7a05395321c466f928fa8ff4e0b9bd3 [term 3 LEARNER]: Refusing update from remote peer 9a76e2da053f42139f70e267b2c719d5: Log matching property violated. Preceding OpId in replica: term: 3 index: 3. Preceding OpId from leader: term: 3 index: 4. (index mismatch)
I20260710 11:00:22.780854  3502 consensus_queue.cc:237] T c18ab36cbf254819bc882c2e3ee0255e P c3b5e4e0251743ea8a8d12d266c70639 [LEADER]: Queue going to LEADER mode. State: All replicated index: 0, Majority replicated index: 2, Committed index: 2, Last appended: 1.2, Last appended by leader: 0, Current term: 1, Majority size: 3, State: 0, Mode: LEADER, active raft config: opid_index: 3 OBSOLETE_local: false peers { permanent_uuid: "9a76e2da053f42139f70e267b2c719d5" member_type: VOTER last_known_addr { host: "127.1.165.129" port: 41215 } attrs { replace: true } } peers { permanent_uuid: "1ab2e5d4b5d64d229c1a88d4b83c082c" member_type: VOTER last_known_addr { host: "127.1.165.130" port: 44067 } } peers { permanent_uuid: "c3b5e4e0251743ea8a8d12d266c70639" member_type: VOTER last_known_addr { host: "127.1.165.131" port: 33205 } } peers { permanent_uuid: "c7a05395321c466f928fa8ff4e0b9bd3" member_type: VOTER last_known_addr { host: "127.1.165.132" port: 46169 } attrs { promote: false } }
I20260710 11:00:22.795045  3213 raft_consensus.cc:1275] T c18ab36cbf254819bc882c2e3ee0255e P c7a05395321c466f928fa8ff4e0b9bd3 [term 1 LEARNER]: Refusing update from remote peer c3b5e4e0251743ea8a8d12d266c70639: Log matching property violated. Preceding OpId in replica: term: 1 index: 2. Preceding OpId from leader: term: 1 index: 3. (index mismatch)
I20260710 11:00:22.797222  3539 consensus_queue.cc:1048] T c18ab36cbf254819bc882c2e3ee0255e P c3b5e4e0251743ea8a8d12d266c70639 [LEADER]: Connected to new peer: Peer: permanent_uuid: "c7a05395321c466f928fa8ff4e0b9bd3" member_type: VOTER last_known_addr { host: "127.1.165.132" port: 46169 } attrs { promote: false }, Status: LMP_MISMATCH, Last received: 0.0, Next index: 3, Last known committed idx: 2, Time since last communication: 0.001s
I20260710 11:00:22.797385  3510 consensus_queue.cc:1048] T 5759bfade4e043f0b91dd5e1699b9460 P 9a76e2da053f42139f70e267b2c719d5 [LEADER]: Connected to new peer: Peer: permanent_uuid: "c7a05395321c466f928fa8ff4e0b9bd3" member_type: VOTER last_known_addr { host: "127.1.165.132" port: 46169 } attrs { promote: false }, Status: LMP_MISMATCH, Last received: 0.0, Next index: 4, Last known committed idx: 3, Time since last communication: 0.001s
I20260710 11:00:22.800117  3510 consensus_queue.cc:1048] T 32e3823d4ef540bb956082b18ac766ae P 9a76e2da053f42139f70e267b2c719d5 [LEADER]: Connected to new peer: Peer: permanent_uuid: "c7a05395321c466f928fa8ff4e0b9bd3" member_type: VOTER last_known_addr { host: "127.1.165.132" port: 46169 } attrs { promote: false }, Status: LMP_MISMATCH, Last received: 0.0, Next index: 4, Last known committed idx: 3, Time since last communication: 0.001s
I20260710 11:00:22.817716  3553 consensus_queue.cc:1048] T 5759bfade4e043f0b91dd5e1699b9460 P 9a76e2da053f42139f70e267b2c719d5 [LEADER]: Connected to new peer: Peer: permanent_uuid: "1ab2e5d4b5d64d229c1a88d4b83c082c" member_type: VOTER last_known_addr { host: "127.1.165.130" port: 44067 } attrs { replace: true }, Status: LMP_MISMATCH, Last received: 0.0, Next index: 4, Last known committed idx: 3, Time since last communication: 0.001s
I20260710 11:00:22.820696  3553 consensus_queue.cc:1048] T 32e3823d4ef540bb956082b18ac766ae P 9a76e2da053f42139f70e267b2c719d5 [LEADER]: Connected to new peer: Peer: permanent_uuid: "c3b5e4e0251743ea8a8d12d266c70639" member_type: VOTER last_known_addr { host: "127.1.165.131" port: 33205 } attrs { replace: true }, Status: LMP_MISMATCH, Last received: 0.0, Next index: 4, Last known committed idx: 3, Time since last communication: 0.001s
I20260710 11:00:22.833281  2875 raft_consensus.cc:1275] T c18ab36cbf254819bc882c2e3ee0255e P 1ab2e5d4b5d64d229c1a88d4b83c082c [term 1 FOLLOWER]: Refusing update from remote peer c3b5e4e0251743ea8a8d12d266c70639: Log matching property violated. Preceding OpId in replica: term: 1 index: 2. Preceding OpId from leader: term: 1 index: 3. (index mismatch)
W20260710 11:00:22.833477  2765 outbound_call.cc:321] RPC callback for RPC call kudu.consensus.ConsensusService.UpdateConsensus -> {remote=127.1.165.130:44067, user_credentials={real_user=slave}} blocked reactor thread for 45464.8us
I20260710 11:00:22.835125  3539 consensus_queue.cc:1048] T c18ab36cbf254819bc882c2e3ee0255e P c3b5e4e0251743ea8a8d12d266c70639 [LEADER]: Connected to new peer: Peer: permanent_uuid: "1ab2e5d4b5d64d229c1a88d4b83c082c" member_type: VOTER last_known_addr { host: "127.1.165.130" port: 44067 }, Status: LMP_MISMATCH, Last received: 0.0, Next index: 3, Last known committed idx: 2, Time since last communication: 0.000s
I20260710 11:00:22.853056  2799 raft_consensus.cc:1275] T c18ab36cbf254819bc882c2e3ee0255e P 9a76e2da053f42139f70e267b2c719d5 [term 1 FOLLOWER]: Refusing update from remote peer c3b5e4e0251743ea8a8d12d266c70639: Log matching property violated. Preceding OpId in replica: term: 1 index: 2. Preceding OpId from leader: term: 1 index: 3. (index mismatch)
I20260710 11:00:22.854635  3502 consensus_queue.cc:1048] T c18ab36cbf254819bc882c2e3ee0255e P c3b5e4e0251743ea8a8d12d266c70639 [LEADER]: Connected to new peer: Peer: permanent_uuid: "9a76e2da053f42139f70e267b2c719d5" member_type: VOTER last_known_addr { host: "127.1.165.129" port: 41215 } attrs { replace: true }, Status: LMP_MISMATCH, Last received: 0.0, Next index: 3, Last known committed idx: 2, Time since last communication: 0.001s
I20260710 11:00:22.858402  3559 raft_consensus.cc:2955] T 5759bfade4e043f0b91dd5e1699b9460 P 9a76e2da053f42139f70e267b2c719d5 [term 2 LEADER]: Committing config change with OpId 2.4: config changed from index 3 to 4, c7a05395321c466f928fa8ff4e0b9bd3 (127.1.165.132) changed from NON_VOTER to VOTER. New config: { opid_index: 4 OBSOLETE_local: false peers { permanent_uuid: "9a76e2da053f42139f70e267b2c719d5" member_type: VOTER last_known_addr { host: "127.1.165.129" port: 41215 } } peers { permanent_uuid: "1ab2e5d4b5d64d229c1a88d4b83c082c" member_type: VOTER last_known_addr { host: "127.1.165.130" port: 44067 } attrs { replace: true } } peers { permanent_uuid: "c3b5e4e0251743ea8a8d12d266c70639" member_type: VOTER last_known_addr { host: "127.1.165.131" port: 33205 } } peers { permanent_uuid: "c7a05395321c466f928fa8ff4e0b9bd3" member_type: VOTER last_known_addr { host: "127.1.165.132" port: 46169 } attrs { promote: false } } }
I20260710 11:00:22.864346  3212 raft_consensus.cc:2955] T 32e3823d4ef540bb956082b18ac766ae P c7a05395321c466f928fa8ff4e0b9bd3 [term 3 FOLLOWER]: Committing config change with OpId 3.4: config changed from index 3 to 4, c7a05395321c466f928fa8ff4e0b9bd3 (127.1.165.132) changed from NON_VOTER to VOTER. New config: { opid_index: 4 OBSOLETE_local: false peers { permanent_uuid: "9a76e2da053f42139f70e267b2c719d5" member_type: VOTER last_known_addr { host: "127.1.165.129" port: 41215 } } peers { permanent_uuid: "1ab2e5d4b5d64d229c1a88d4b83c082c" member_type: VOTER last_known_addr { host: "127.1.165.130" port: 44067 } } peers { permanent_uuid: "c3b5e4e0251743ea8a8d12d266c70639" member_type: VOTER last_known_addr { host: "127.1.165.131" port: 33205 } attrs { replace: true } } peers { permanent_uuid: "c7a05395321c466f928fa8ff4e0b9bd3" member_type: VOTER last_known_addr { host: "127.1.165.132" port: 46169 } attrs { promote: false } } }
I20260710 11:00:22.873270  2868 raft_consensus.cc:2955] T 5759bfade4e043f0b91dd5e1699b9460 P 1ab2e5d4b5d64d229c1a88d4b83c082c [term 2 FOLLOWER]: Committing config change with OpId 2.4: config changed from index 3 to 4, c7a05395321c466f928fa8ff4e0b9bd3 (127.1.165.132) changed from NON_VOTER to VOTER. New config: { opid_index: 4 OBSOLETE_local: false peers { permanent_uuid: "9a76e2da053f42139f70e267b2c719d5" member_type: VOTER last_known_addr { host: "127.1.165.129" port: 41215 } } peers { permanent_uuid: "1ab2e5d4b5d64d229c1a88d4b83c082c" member_type: VOTER last_known_addr { host: "127.1.165.130" port: 44067 } attrs { replace: true } } peers { permanent_uuid: "c3b5e4e0251743ea8a8d12d266c70639" member_type: VOTER last_known_addr { host: "127.1.165.131" port: 33205 } } peers { permanent_uuid: "c7a05395321c466f928fa8ff4e0b9bd3" member_type: VOTER last_known_addr { host: "127.1.165.132" port: 46169 } attrs { promote: false } } }
I20260710 11:00:22.875094  3510 raft_consensus.cc:2955] T 32e3823d4ef540bb956082b18ac766ae P 9a76e2da053f42139f70e267b2c719d5 [term 3 LEADER]: Committing config change with OpId 3.4: config changed from index 3 to 4, c7a05395321c466f928fa8ff4e0b9bd3 (127.1.165.132) changed from NON_VOTER to VOTER. New config: { opid_index: 4 OBSOLETE_local: false peers { permanent_uuid: "9a76e2da053f42139f70e267b2c719d5" member_type: VOTER last_known_addr { host: "127.1.165.129" port: 41215 } } peers { permanent_uuid: "1ab2e5d4b5d64d229c1a88d4b83c082c" member_type: VOTER last_known_addr { host: "127.1.165.130" port: 44067 } } peers { permanent_uuid: "c3b5e4e0251743ea8a8d12d266c70639" member_type: VOTER last_known_addr { host: "127.1.165.131" port: 33205 } attrs { replace: true } } peers { permanent_uuid: "c7a05395321c466f928fa8ff4e0b9bd3" member_type: VOTER last_known_addr { host: "127.1.165.132" port: 46169 } attrs { promote: false } } }
I20260710 11:00:22.882520  2872 consensus_queue.cc:237] T 855b8ee839e94f24ac643275c06b260c P 1ab2e5d4b5d64d229c1a88d4b83c082c [LEADER]: Queue going to LEADER mode. State: All replicated index: 0, Majority replicated index: 4, Committed index: 4, Last appended: 3.4, Last appended by leader: 1, Current term: 3, Majority size: 2, State: 0, Mode: LEADER, active raft config: opid_index: 5 OBSOLETE_local: false peers { permanent_uuid: "9a76e2da053f42139f70e267b2c719d5" member_type: VOTER last_known_addr { host: "127.1.165.129" port: 41215 } } peers { permanent_uuid: "1ab2e5d4b5d64d229c1a88d4b83c082c" member_type: VOTER last_known_addr { host: "127.1.165.130" port: 44067 } } peers { permanent_uuid: "c7a05395321c466f928fa8ff4e0b9bd3" member_type: VOTER last_known_addr { host: "127.1.165.132" port: 46169 } attrs { promote: false } }
I20260710 11:00:22.882097  3502 raft_consensus.cc:2955] T c18ab36cbf254819bc882c2e3ee0255e P c3b5e4e0251743ea8a8d12d266c70639 [term 1 LEADER]: Committing config change with OpId 1.3: config changed from index 2 to 3, c7a05395321c466f928fa8ff4e0b9bd3 (127.1.165.132) changed from NON_VOTER to VOTER. New config: { opid_index: 3 OBSOLETE_local: false peers { permanent_uuid: "9a76e2da053f42139f70e267b2c719d5" member_type: VOTER last_known_addr { host: "127.1.165.129" port: 41215 } attrs { replace: true } } peers { permanent_uuid: "1ab2e5d4b5d64d229c1a88d4b83c082c" member_type: VOTER last_known_addr { host: "127.1.165.130" port: 44067 } } peers { permanent_uuid: "c3b5e4e0251743ea8a8d12d266c70639" member_type: VOTER last_known_addr { host: "127.1.165.131" port: 33205 } } peers { permanent_uuid: "c7a05395321c466f928fa8ff4e0b9bd3" member_type: VOTER last_known_addr { host: "127.1.165.132" port: 46169 } attrs { promote: false } } }
I20260710 11:00:22.889307  3210 raft_consensus.cc:1275] T 855b8ee839e94f24ac643275c06b260c P c7a05395321c466f928fa8ff4e0b9bd3 [term 3 FOLLOWER]: Refusing update from remote peer 1ab2e5d4b5d64d229c1a88d4b83c082c: Log matching property violated. Preceding OpId in replica: term: 3 index: 4. Preceding OpId from leader: term: 3 index: 5. (index mismatch)
I20260710 11:00:22.891044  3504 consensus_queue.cc:1048] T 855b8ee839e94f24ac643275c06b260c P 1ab2e5d4b5d64d229c1a88d4b83c082c [LEADER]: Connected to new peer: Peer: permanent_uuid: "c7a05395321c466f928fa8ff4e0b9bd3" member_type: VOTER last_known_addr { host: "127.1.165.132" port: 46169 } attrs { promote: false }, Status: LMP_MISMATCH, Last received: 0.0, Next index: 5, Last known committed idx: 4, Time since last communication: 0.000s
I20260710 11:00:22.891259  3213 raft_consensus.cc:2955] T 5759bfade4e043f0b91dd5e1699b9460 P c7a05395321c466f928fa8ff4e0b9bd3 [term 2 FOLLOWER]: Committing config change with OpId 2.4: config changed from index 3 to 4, c7a05395321c466f928fa8ff4e0b9bd3 (127.1.165.132) changed from NON_VOTER to VOTER. New config: { opid_index: 4 OBSOLETE_local: false peers { permanent_uuid: "9a76e2da053f42139f70e267b2c719d5" member_type: VOTER last_known_addr { host: "127.1.165.129" port: 41215 } } peers { permanent_uuid: "1ab2e5d4b5d64d229c1a88d4b83c082c" member_type: VOTER last_known_addr { host: "127.1.165.130" port: 44067 } attrs { replace: true } } peers { permanent_uuid: "c3b5e4e0251743ea8a8d12d266c70639" member_type: VOTER last_known_addr { host: "127.1.165.131" port: 33205 } } peers { permanent_uuid: "c7a05395321c466f928fa8ff4e0b9bd3" member_type: VOTER last_known_addr { host: "127.1.165.132" port: 46169 } attrs { promote: false } } }
I20260710 11:00:22.892452  2875 raft_consensus.cc:2955] T c18ab36cbf254819bc882c2e3ee0255e P 1ab2e5d4b5d64d229c1a88d4b83c082c [term 1 FOLLOWER]: Committing config change with OpId 1.3: config changed from index 2 to 3, c7a05395321c466f928fa8ff4e0b9bd3 (127.1.165.132) changed from NON_VOTER to VOTER. New config: { opid_index: 3 OBSOLETE_local: false peers { permanent_uuid: "9a76e2da053f42139f70e267b2c719d5" member_type: VOTER last_known_addr { host: "127.1.165.129" port: 41215 } attrs { replace: true } } peers { permanent_uuid: "1ab2e5d4b5d64d229c1a88d4b83c082c" member_type: VOTER last_known_addr { host: "127.1.165.130" port: 44067 } } peers { permanent_uuid: "c3b5e4e0251743ea8a8d12d266c70639" member_type: VOTER last_known_addr { host: "127.1.165.131" port: 33205 } } peers { permanent_uuid: "c7a05395321c466f928fa8ff4e0b9bd3" member_type: VOTER last_known_addr { host: "127.1.165.132" port: 46169 } attrs { promote: false } } }
I20260710 11:00:22.913729  3211 raft_consensus.cc:2955] T 855b8ee839e94f24ac643275c06b260c P c7a05395321c466f928fa8ff4e0b9bd3 [term 3 FOLLOWER]: Committing config change with OpId 3.5: config changed from index 4 to 5, VOTER c3b5e4e0251743ea8a8d12d266c70639 (127.1.165.131) evicted. New config: { opid_index: 5 OBSOLETE_local: false peers { permanent_uuid: "9a76e2da053f42139f70e267b2c719d5" member_type: VOTER last_known_addr { host: "127.1.165.129" port: 41215 } } peers { permanent_uuid: "1ab2e5d4b5d64d229c1a88d4b83c082c" member_type: VOTER last_known_addr { host: "127.1.165.130" port: 44067 } } peers { permanent_uuid: "c7a05395321c466f928fa8ff4e0b9bd3" member_type: VOTER last_known_addr { host: "127.1.165.132" port: 46169 } attrs { promote: false } } }
I20260710 11:00:22.934425  2791 raft_consensus.cc:1275] T 855b8ee839e94f24ac643275c06b260c P 9a76e2da053f42139f70e267b2c719d5 [term 3 FOLLOWER]: Refusing update from remote peer 1ab2e5d4b5d64d229c1a88d4b83c082c: Log matching property violated. Preceding OpId in replica: term: 3 index: 4. Preceding OpId from leader: term: 3 index: 5. (index mismatch)
I20260710 11:00:22.905937  3544 raft_consensus.cc:2955] T 855b8ee839e94f24ac643275c06b260c P 1ab2e5d4b5d64d229c1a88d4b83c082c [term 3 LEADER]: Committing config change with OpId 3.5: config changed from index 4 to 5, VOTER c3b5e4e0251743ea8a8d12d266c70639 (127.1.165.131) evicted. New config: { opid_index: 5 OBSOLETE_local: false peers { permanent_uuid: "9a76e2da053f42139f70e267b2c719d5" member_type: VOTER last_known_addr { host: "127.1.165.129" port: 41215 } } peers { permanent_uuid: "1ab2e5d4b5d64d229c1a88d4b83c082c" member_type: VOTER last_known_addr { host: "127.1.165.130" port: 44067 } } peers { permanent_uuid: "c7a05395321c466f928fa8ff4e0b9bd3" member_type: VOTER last_known_addr { host: "127.1.165.132" port: 46169 } attrs { promote: false } } }
I20260710 11:00:22.938943  2947 raft_consensus.cc:2955] T 5759bfade4e043f0b91dd5e1699b9460 P c3b5e4e0251743ea8a8d12d266c70639 [term 2 FOLLOWER]: Committing config change with OpId 2.4: config changed from index 3 to 4, c7a05395321c466f928fa8ff4e0b9bd3 (127.1.165.132) changed from NON_VOTER to VOTER. New config: { opid_index: 4 OBSOLETE_local: false peers { permanent_uuid: "9a76e2da053f42139f70e267b2c719d5" member_type: VOTER last_known_addr { host: "127.1.165.129" port: 41215 } } peers { permanent_uuid: "1ab2e5d4b5d64d229c1a88d4b83c082c" member_type: VOTER last_known_addr { host: "127.1.165.130" port: 44067 } attrs { replace: true } } peers { permanent_uuid: "c3b5e4e0251743ea8a8d12d266c70639" member_type: VOTER last_known_addr { host: "127.1.165.131" port: 33205 } } peers { permanent_uuid: "c7a05395321c466f928fa8ff4e0b9bd3" member_type: VOTER last_known_addr { host: "127.1.165.132" port: 46169 } attrs { promote: false } } }
I20260710 11:00:22.940138  2697 catalog_manager.cc:5697] T 5759bfade4e043f0b91dd5e1699b9460 P 1ab2e5d4b5d64d229c1a88d4b83c082c reported cstate change: config changed from index 3 to 4, c7a05395321c466f928fa8ff4e0b9bd3 (127.1.165.132) changed from NON_VOTER to VOTER. New cstate: current_term: 2 leader_uuid: "9a76e2da053f42139f70e267b2c719d5" committed_config { opid_index: 4 OBSOLETE_local: false peers { permanent_uuid: "9a76e2da053f42139f70e267b2c719d5" member_type: VOTER last_known_addr { host: "127.1.165.129" port: 41215 } } peers { permanent_uuid: "1ab2e5d4b5d64d229c1a88d4b83c082c" member_type: VOTER last_known_addr { host: "127.1.165.130" port: 44067 } attrs { replace: true } } peers { permanent_uuid: "c3b5e4e0251743ea8a8d12d266c70639" member_type: VOTER last_known_addr { host: "127.1.165.131" port: 33205 } } peers { permanent_uuid: "c7a05395321c466f928fa8ff4e0b9bd3" member_type: VOTER last_known_addr { host: "127.1.165.132" port: 46169 } attrs { promote: false } } }
I20260710 11:00:22.951370  3504 consensus_queue.cc:1048] T 855b8ee839e94f24ac643275c06b260c P 1ab2e5d4b5d64d229c1a88d4b83c082c [LEADER]: Connected to new peer: Peer: permanent_uuid: "9a76e2da053f42139f70e267b2c719d5" member_type: VOTER last_known_addr { host: "127.1.165.129" port: 41215 }, Status: LMP_MISMATCH, Last received: 0.0, Next index: 5, Last known committed idx: 4, Time since last communication: 0.000s
I20260710 11:00:22.956714  2799 raft_consensus.cc:2955] T 855b8ee839e94f24ac643275c06b260c P 9a76e2da053f42139f70e267b2c719d5 [term 3 FOLLOWER]: Committing config change with OpId 3.5: config changed from index 4 to 5, VOTER c3b5e4e0251743ea8a8d12d266c70639 (127.1.165.131) evicted. New config: { opid_index: 5 OBSOLETE_local: false peers { permanent_uuid: "9a76e2da053f42139f70e267b2c719d5" member_type: VOTER last_known_addr { host: "127.1.165.129" port: 41215 } } peers { permanent_uuid: "1ab2e5d4b5d64d229c1a88d4b83c082c" member_type: VOTER last_known_addr { host: "127.1.165.130" port: 44067 } } peers { permanent_uuid: "c7a05395321c466f928fa8ff4e0b9bd3" member_type: VOTER last_known_addr { host: "127.1.165.132" port: 46169 } attrs { promote: false } } }
