I20260710 10:59:47.984304 13481 tablet_service.cc:1917] Received RequestConsensusVote() RPC: tablet_id: "903fd936682944158e4dfdd17dcc10df" candidate_uuid: "41dc6f2c0a15432ca01056991b40eda9" candidate_term: 1 candidate_status { last_received { term: 0 index: 0 } } ignore_live_leader: false dest_uuid: "e9608fbde1c745a0a40e530073d97eb0" is_pre_election: true
I20260710 10:59:47.999876 13599 tablet_bootstrap.cc:654] T 0bb9ff763f8f49fc8ba54463c36dbe88 P 41dc6f2c0a15432ca01056991b40eda9: Neither blocks nor log segments found. Creating new log.
I20260710 10:59:48.003587 13605 raft_consensus.cc:515] T 0ff7e885a4cd4a5bbc2c627087bae2a0 P 41dc6f2c0a15432ca01056991b40eda9 [term 1 FOLLOWER]: Starting leader election with config: opid_index: -1 OBSOLETE_local: false peers { permanent_uuid: "41dc6f2c0a15432ca01056991b40eda9" member_type: VOTER last_known_addr { host: "127.12.245.193" port: 35779 } } peers { permanent_uuid: "e9608fbde1c745a0a40e530073d97eb0" member_type: VOTER last_known_addr { host: "127.12.245.194" port: 33515 } } peers { permanent_uuid: "8c8425924aea4ff7bb29a7a470fc63ec" member_type: VOTER last_known_addr { host: "127.12.245.195" port: 40569 } }
I20260710 10:59:48.004869 13606 raft_consensus.cc:515] T 903fd936682944158e4dfdd17dcc10df P e9608fbde1c745a0a40e530073d97eb0 [term 1 FOLLOWER]: Starting leader election with config: opid_index: -1 OBSOLETE_local: false peers { permanent_uuid: "8c8425924aea4ff7bb29a7a470fc63ec" member_type: VOTER last_known_addr { host: "127.12.245.195" port: 40569 } } peers { permanent_uuid: "e9608fbde1c745a0a40e530073d97eb0" member_type: VOTER last_known_addr { host: "127.12.245.194" port: 33515 } } peers { permanent_uuid: "41dc6f2c0a15432ca01056991b40eda9" member_type: VOTER last_known_addr { host: "127.12.245.193" port: 35779 } }
I20260710 10:59:48.012274 13480 tablet_service.cc:1917] Received RequestConsensusVote() RPC: tablet_id: "0ff7e885a4cd4a5bbc2c627087bae2a0" candidate_uuid: "41dc6f2c0a15432ca01056991b40eda9" candidate_term: 1 candidate_status { last_received { term: 0 index: 0 } } ignore_live_leader: false dest_uuid: "e9608fbde1c745a0a40e530073d97eb0"
I20260710 10:59:48.015460 13481 raft_consensus.cc:2393] T 903fd936682944158e4dfdd17dcc10df P e9608fbde1c745a0a40e530073d97eb0 [term 1 FOLLOWER]: Leader pre-election vote request: Denying vote to candidate 41dc6f2c0a15432ca01056991b40eda9 in current term 1: Already voted for candidate e9608fbde1c745a0a40e530073d97eb0 in this term.
I20260710 10:59:48.010102 13406 tablet_service.cc:1917] Received RequestConsensusVote() RPC: tablet_id: "903fd936682944158e4dfdd17dcc10df" candidate_uuid: "e9608fbde1c745a0a40e530073d97eb0" candidate_term: 1 candidate_status { last_received { term: 0 index: 0 } } ignore_live_leader: false dest_uuid: "41dc6f2c0a15432ca01056991b40eda9" is_pre_election: true
I20260710 10:59:48.015621 13480 raft_consensus.cc:3060] T 0ff7e885a4cd4a5bbc2c627087bae2a0 P e9608fbde1c745a0a40e530073d97eb0 [term 0 FOLLOWER]: Advancing to term 1
I20260710 10:59:48.016091 13604 raft_consensus.cc:493] T ad6124c4c67542538642bce37720e621 P 8c8425924aea4ff7bb29a7a470fc63ec [term 0 FOLLOWER]: Starting pre-election (no leader contacted us within the election timeout)
I20260710 10:59:48.022581 13604 raft_consensus.cc:515] T ad6124c4c67542538642bce37720e621 P 8c8425924aea4ff7bb29a7a470fc63ec [term 0 FOLLOWER]: Starting pre-election with config: opid_index: -1 OBSOLETE_local: false peers { permanent_uuid: "41dc6f2c0a15432ca01056991b40eda9" member_type: VOTER last_known_addr { host: "127.12.245.193" port: 35779 } } peers { permanent_uuid: "e9608fbde1c745a0a40e530073d97eb0" member_type: VOTER last_known_addr { host: "127.12.245.194" port: 33515 } } peers { permanent_uuid: "8c8425924aea4ff7bb29a7a470fc63ec" member_type: VOTER last_known_addr { host: "127.12.245.195" port: 40569 } }
I20260710 10:59:48.024626 13604 leader_election.cc:290] T ad6124c4c67542538642bce37720e621 P 8c8425924aea4ff7bb29a7a470fc63ec [CANDIDATE]: Term 1 pre-election: Requested pre-vote from peers 41dc6f2c0a15432ca01056991b40eda9 (127.12.245.193:35779), e9608fbde1c745a0a40e530073d97eb0 (127.12.245.194:33515)
I20260710 10:59:48.020630 13605 leader_election.cc:290] T 0ff7e885a4cd4a5bbc2c627087bae2a0 P 41dc6f2c0a15432ca01056991b40eda9 [CANDIDATE]: Term 1 election: Requested vote from peers e9608fbde1c745a0a40e530073d97eb0 (127.12.245.194:33515), 8c8425924aea4ff7bb29a7a470fc63ec (127.12.245.195:40569)
I20260710 10:59:48.025328 13555 tablet_service.cc:1917] Received RequestConsensusVote() RPC: tablet_id: "0ff7e885a4cd4a5bbc2c627087bae2a0" candidate_uuid: "41dc6f2c0a15432ca01056991b40eda9" candidate_term: 1 candidate_status { last_received { term: 0 index: 0 } } ignore_live_leader: false dest_uuid: "8c8425924aea4ff7bb29a7a470fc63ec"
W20260710 10:59:48.031836 13371 leader_election.cc:343] T 0ff7e885a4cd4a5bbc2c627087bae2a0 P 41dc6f2c0a15432ca01056991b40eda9 [CANDIDATE]: Term 1 election: Tablet error from VoteRequest() call to peer 8c8425924aea4ff7bb29a7a470fc63ec (127.12.245.195:40569): Illegal state: must be running to vote when last-logged opid is not known
I20260710 10:59:48.035673 13555 tablet_service.cc:1917] Received RequestConsensusVote() RPC: tablet_id: "903fd936682944158e4dfdd17dcc10df" candidate_uuid: "e9608fbde1c745a0a40e530073d97eb0" candidate_term: 1 candidate_status { last_received { term: 0 index: 0 } } ignore_live_leader: false dest_uuid: "8c8425924aea4ff7bb29a7a470fc63ec"
I20260710 10:59:48.029665 13628 raft_consensus.cc:493] T 3003ff98b6e643bba87ec706040d0d13 P 41dc6f2c0a15432ca01056991b40eda9 [term 0 FOLLOWER]: Starting pre-election (no leader contacted us within the election timeout)
I20260710 10:59:48.036702 13555 raft_consensus.cc:3060] T 903fd936682944158e4dfdd17dcc10df P 8c8425924aea4ff7bb29a7a470fc63ec [term 0 FOLLOWER]: Advancing to term 1
I20260710 10:59:48.042184 13606 leader_election.cc:290] T 903fd936682944158e4dfdd17dcc10df P e9608fbde1c745a0a40e530073d97eb0 [CANDIDATE]: Term 1 election: Requested vote from peers 8c8425924aea4ff7bb29a7a470fc63ec (127.12.245.195:40569), 41dc6f2c0a15432ca01056991b40eda9 (127.12.245.193:35779)
I20260710 10:59:48.045936 13405 tablet_service.cc:1917] Received RequestConsensusVote() RPC: tablet_id: "0bb9ff763f8f49fc8ba54463c36dbe88" candidate_uuid: "8c8425924aea4ff7bb29a7a470fc63ec" candidate_term: 1 candidate_status { last_received { term: 0 index: 0 } } ignore_live_leader: false dest_uuid: "41dc6f2c0a15432ca01056991b40eda9" is_pre_election: true
I20260710 10:59:48.046420 13403 tablet_service.cc:1917] Received RequestConsensusVote() RPC: tablet_id: "903fd936682944158e4dfdd17dcc10df" candidate_uuid: "e9608fbde1c745a0a40e530073d97eb0" candidate_term: 1 candidate_status { last_received { term: 0 index: 0 } } ignore_live_leader: false dest_uuid: "41dc6f2c0a15432ca01056991b40eda9"
I20260710 10:59:48.045922 13629 raft_consensus.cc:2804] T 903fd936682944158e4dfdd17dcc10df P 41dc6f2c0a15432ca01056991b40eda9 [term 0 FOLLOWER]: Leader pre-election won for term 1
I20260710 10:59:48.037461 13628 raft_consensus.cc:515] T 3003ff98b6e643bba87ec706040d0d13 P 41dc6f2c0a15432ca01056991b40eda9 [term 0 FOLLOWER]: Starting pre-election with config: opid_index: -1 OBSOLETE_local: false peers { permanent_uuid: "41dc6f2c0a15432ca01056991b40eda9" member_type: VOTER last_known_addr { host: "127.12.245.193" port: 35779 } } peers { permanent_uuid: "e9608fbde1c745a0a40e530073d97eb0" member_type: VOTER last_known_addr { host: "127.12.245.194" port: 33515 } } peers { permanent_uuid: "8c8425924aea4ff7bb29a7a470fc63ec" member_type: VOTER last_known_addr { host: "127.12.245.195" port: 40569 } }
W20260710 10:59:48.052179 13518 leader_election.cc:343] T 0bb9ff763f8f49fc8ba54463c36dbe88 P 8c8425924aea4ff7bb29a7a470fc63ec [CANDIDATE]: Term 1 pre-election: Tablet error from VoteRequest() call to peer 41dc6f2c0a15432ca01056991b40eda9 (127.12.245.193:35779): Illegal state: must be running to vote when last-logged opid is not known
I20260710 10:59:48.055154 13481 tablet_service.cc:1917] Received RequestConsensusVote() RPC: tablet_id: "0bb9ff763f8f49fc8ba54463c36dbe88" candidate_uuid: "8c8425924aea4ff7bb29a7a470fc63ec" candidate_term: 1 candidate_status { last_received { term: 0 index: 0 } } ignore_live_leader: false dest_uuid: "e9608fbde1c745a0a40e530073d97eb0" is_pre_election: true
I20260710 10:59:48.049711 13629 raft_consensus.cc:493] T 903fd936682944158e4dfdd17dcc10df P 41dc6f2c0a15432ca01056991b40eda9 [term 0 FOLLOWER]: Starting leader election (no leader contacted us within the election timeout)
I20260710 10:59:48.056147 13600 tablet_bootstrap.cc:492] T ef5acffad8d3448baa6460b2f80af455 P e9608fbde1c745a0a40e530073d97eb0: No bootstrap required, opened a new log
I20260710 10:59:48.057453 13600 ts_tablet_manager.cc:1403] T ef5acffad8d3448baa6460b2f80af455 P e9608fbde1c745a0a40e530073d97eb0: Time spent bootstrapping tablet: real 0.149s	user 0.006s	sys 0.017s
I20260710 10:59:48.055895 13629 raft_consensus.cc:3060] T 903fd936682944158e4dfdd17dcc10df P 41dc6f2c0a15432ca01056991b40eda9 [term 0 FOLLOWER]: Advancing to term 1
I20260710 10:59:48.047303 13404 tablet_service.cc:1917] Received RequestConsensusVote() RPC: tablet_id: "ad6124c4c67542538642bce37720e621" candidate_uuid: "8c8425924aea4ff7bb29a7a470fc63ec" candidate_term: 1 candidate_status { last_received { term: 0 index: 0 } } ignore_live_leader: false dest_uuid: "41dc6f2c0a15432ca01056991b40eda9" is_pre_election: true
I20260710 10:59:48.058702 13481 tablet_service.cc:1917] Received RequestConsensusVote() RPC: tablet_id: "ad6124c4c67542538642bce37720e621" candidate_uuid: "8c8425924aea4ff7bb29a7a470fc63ec" candidate_term: 1 candidate_status { last_received { term: 0 index: 0 } } ignore_live_leader: false dest_uuid: "e9608fbde1c745a0a40e530073d97eb0" is_pre_election: true
I20260710 10:59:48.059013 13404 raft_consensus.cc:2468] T ad6124c4c67542538642bce37720e621 P 41dc6f2c0a15432ca01056991b40eda9 [term 0 FOLLOWER]: Leader pre-election vote request: Granting yes vote for candidate 8c8425924aea4ff7bb29a7a470fc63ec in term 0.
I20260710 10:59:48.059299 13481 raft_consensus.cc:2468] T ad6124c4c67542538642bce37720e621 P e9608fbde1c745a0a40e530073d97eb0 [term 0 FOLLOWER]: Leader pre-election vote request: Granting yes vote for candidate 8c8425924aea4ff7bb29a7a470fc63ec in term 0.
I20260710 10:59:48.061847 13518 leader_election.cc:304] T ad6124c4c67542538642bce37720e621 P 8c8425924aea4ff7bb29a7a470fc63ec [CANDIDATE]: Term 1 pre-election: Election decided. Result: candidate won. Election summary: received 2 responses out of 3 voters: 2 yes votes; 0 no votes. yes voters: 41dc6f2c0a15432ca01056991b40eda9, 8c8425924aea4ff7bb29a7a470fc63ec; no voters: 
I20260710 10:59:48.063725 13600 raft_consensus.cc:359] T ef5acffad8d3448baa6460b2f80af455 P e9608fbde1c745a0a40e530073d97eb0 [term 0 FOLLOWER]: Replica starting. Triggering 0 pending ops. Active config: opid_index: -1 OBSOLETE_local: false peers { permanent_uuid: "41dc6f2c0a15432ca01056991b40eda9" member_type: VOTER last_known_addr { host: "127.12.245.193" port: 35779 } } peers { permanent_uuid: "e9608fbde1c745a0a40e530073d97eb0" member_type: VOTER last_known_addr { host: "127.12.245.194" port: 33515 } } peers { permanent_uuid: "8c8425924aea4ff7bb29a7a470fc63ec" member_type: VOTER last_known_addr { host: "127.12.245.195" port: 40569 } }
I20260710 10:59:48.063849 13604 raft_consensus.cc:2804] T ad6124c4c67542538642bce37720e621 P 8c8425924aea4ff7bb29a7a470fc63ec [term 0 FOLLOWER]: Leader pre-election won for term 1
I20260710 10:59:48.064456 13600 raft_consensus.cc:385] T ef5acffad8d3448baa6460b2f80af455 P e9608fbde1c745a0a40e530073d97eb0 [term 0 FOLLOWER]: Consensus starting up: Expiring failure detector timer to make a prompt election more likely
I20260710 10:59:48.064620 13604 raft_consensus.cc:493] T ad6124c4c67542538642bce37720e621 P 8c8425924aea4ff7bb29a7a470fc63ec [term 0 FOLLOWER]: Starting leader election (no leader contacted us within the election timeout)
I20260710 10:59:48.064795 13600 raft_consensus.cc:740] T ef5acffad8d3448baa6460b2f80af455 P e9608fbde1c745a0a40e530073d97eb0 [term 0 FOLLOWER]: Becoming Follower/Learner. State: Replica: e9608fbde1c745a0a40e530073d97eb0, State: Initialized, Role: FOLLOWER
I20260710 10:59:48.063946 13481 tablet_service.cc:1917] Received RequestConsensusVote() RPC: tablet_id: "3003ff98b6e643bba87ec706040d0d13" candidate_uuid: "41dc6f2c0a15432ca01056991b40eda9" candidate_term: 1 candidate_status { last_received { term: 0 index: 0 } } ignore_live_leader: false dest_uuid: "e9608fbde1c745a0a40e530073d97eb0" is_pre_election: true
I20260710 10:59:48.065174 13604 raft_consensus.cc:3060] T ad6124c4c67542538642bce37720e621 P 8c8425924aea4ff7bb29a7a470fc63ec [term 0 FOLLOWER]: Advancing to term 1
I20260710 10:59:48.065482 13481 raft_consensus.cc:2468] T 3003ff98b6e643bba87ec706040d0d13 P e9608fbde1c745a0a40e530073d97eb0 [term 0 FOLLOWER]: Leader pre-election vote request: Granting yes vote for candidate 41dc6f2c0a15432ca01056991b40eda9 in term 0.
I20260710 10:59:48.065665 13600 consensus_queue.cc:260] T ef5acffad8d3448baa6460b2f80af455 P e9608fbde1c745a0a40e530073d97eb0 [NON_LEADER]: Queue going to NON_LEADER mode. State: All replicated index: 0, Majority replicated index: 0, Committed index: 0, Last appended: 0.0, Last appended by leader: 0, Current term: 0, Majority size: -1, State: 0, Mode: NON_LEADER, active raft config: opid_index: -1 OBSOLETE_local: false peers { permanent_uuid: "41dc6f2c0a15432ca01056991b40eda9" member_type: VOTER last_known_addr { host: "127.12.245.193" port: 35779 } } peers { permanent_uuid: "e9608fbde1c745a0a40e530073d97eb0" member_type: VOTER last_known_addr { host: "127.12.245.194" port: 33515 } } peers { permanent_uuid: "8c8425924aea4ff7bb29a7a470fc63ec" member_type: VOTER last_known_addr { host: "127.12.245.195" port: 40569 } }
I20260710 10:59:48.066645 13628 leader_election.cc:290] T 3003ff98b6e643bba87ec706040d0d13 P 41dc6f2c0a15432ca01056991b40eda9 [CANDIDATE]: Term 1 pre-election: Requested pre-vote from peers e9608fbde1c745a0a40e530073d97eb0 (127.12.245.194:33515), 8c8425924aea4ff7bb29a7a470fc63ec (127.12.245.195:40569)
W20260710 10:59:48.067834 13519 leader_election.cc:343] T 0bb9ff763f8f49fc8ba54463c36dbe88 P 8c8425924aea4ff7bb29a7a470fc63ec [CANDIDATE]: Term 1 pre-election: Tablet error from VoteRequest() call to peer e9608fbde1c745a0a40e530073d97eb0 (127.12.245.194:33515): Illegal state: must be running to vote when last-logged opid is not known
I20260710 10:59:48.069048 13600 ts_tablet_manager.cc:1434] T ef5acffad8d3448baa6460b2f80af455 P e9608fbde1c745a0a40e530073d97eb0: Time spent starting tablet: real 0.011s	user 0.006s	sys 0.001s
I20260710 10:59:48.069831 13370 leader_election.cc:304] T 3003ff98b6e643bba87ec706040d0d13 P 41dc6f2c0a15432ca01056991b40eda9 [CANDIDATE]: Term 1 pre-election: Election decided. Result: candidate won. Election summary: received 2 responses out of 3 voters: 2 yes votes; 0 no votes. yes voters: 41dc6f2c0a15432ca01056991b40eda9, e9608fbde1c745a0a40e530073d97eb0; no voters: 
I20260710 10:59:48.071484 13628 raft_consensus.cc:2804] T 3003ff98b6e643bba87ec706040d0d13 P 41dc6f2c0a15432ca01056991b40eda9 [term 0 FOLLOWER]: Leader pre-election won for term 1
I20260710 10:59:48.071838 13628 raft_consensus.cc:493] T 3003ff98b6e643bba87ec706040d0d13 P 41dc6f2c0a15432ca01056991b40eda9 [term 0 FOLLOWER]: Starting leader election (no leader contacted us within the election timeout)
I20260710 10:59:48.072178 13628 raft_consensus.cc:3060] T 3003ff98b6e643bba87ec706040d0d13 P 41dc6f2c0a15432ca01056991b40eda9 [term 0 FOLLOWER]: Advancing to term 1
I20260710 10:59:48.075124 13480 raft_consensus.cc:2468] T 0ff7e885a4cd4a5bbc2c627087bae2a0 P e9608fbde1c745a0a40e530073d97eb0 [term 1 FOLLOWER]: Leader election vote request: Granting yes vote for candidate 41dc6f2c0a15432ca01056991b40eda9 in term 1.
I20260710 10:59:48.075868 13598 tablet_bootstrap.cc:492] T 0ff7e885a4cd4a5bbc2c627087bae2a0 P 8c8425924aea4ff7bb29a7a470fc63ec: No bootstrap required, opened a new log
I20260710 10:59:48.076318 13598 ts_tablet_manager.cc:1403] T 0ff7e885a4cd4a5bbc2c627087bae2a0 P 8c8425924aea4ff7bb29a7a470fc63ec: Time spent bootstrapping tablet: real 0.167s	user 0.026s	sys 0.025s
I20260710 10:59:48.076237 13370 leader_election.cc:304] T 0ff7e885a4cd4a5bbc2c627087bae2a0 P 41dc6f2c0a15432ca01056991b40eda9 [CANDIDATE]: Term 1 election: Election decided. Result: candidate won. Election summary: received 3 responses out of 3 voters: 2 yes votes; 1 no votes. yes voters: 41dc6f2c0a15432ca01056991b40eda9, e9608fbde1c745a0a40e530073d97eb0; no voters: 8c8425924aea4ff7bb29a7a470fc63ec
I20260710 10:59:48.073096 13519 leader_election.cc:304] T 0bb9ff763f8f49fc8ba54463c36dbe88 P 8c8425924aea4ff7bb29a7a470fc63ec [CANDIDATE]: Term 1 pre-election: Election decided. Result: candidate lost. Election summary: received 3 responses out of 3 voters: 1 yes votes; 2 no votes. yes voters: 8c8425924aea4ff7bb29a7a470fc63ec; no voters: 41dc6f2c0a15432ca01056991b40eda9, e9608fbde1c745a0a40e530073d97eb0
I20260710 10:59:48.076249 13555 raft_consensus.cc:2468] T 903fd936682944158e4dfdd17dcc10df P 8c8425924aea4ff7bb29a7a470fc63ec [term 1 FOLLOWER]: Leader election vote request: Granting yes vote for candidate e9608fbde1c745a0a40e530073d97eb0 in term 1.
I20260710 10:59:48.077448 13605 raft_consensus.cc:2804] T 0ff7e885a4cd4a5bbc2c627087bae2a0 P 41dc6f2c0a15432ca01056991b40eda9 [term 1 FOLLOWER]: Leader election won for term 1
I20260710 10:59:48.090881 13598 raft_consensus.cc:359] T 0ff7e885a4cd4a5bbc2c627087bae2a0 P 8c8425924aea4ff7bb29a7a470fc63ec [term 0 FOLLOWER]: Replica starting. Triggering 0 pending ops. Active config: opid_index: -1 OBSOLETE_local: false peers { permanent_uuid: "41dc6f2c0a15432ca01056991b40eda9" member_type: VOTER last_known_addr { host: "127.12.245.193" port: 35779 } } peers { permanent_uuid: "e9608fbde1c745a0a40e530073d97eb0" member_type: VOTER last_known_addr { host: "127.12.245.194" port: 33515 } } peers { permanent_uuid: "8c8425924aea4ff7bb29a7a470fc63ec" member_type: VOTER last_known_addr { host: "127.12.245.195" port: 40569 } }
I20260710 10:59:48.083472 13600 tablet_bootstrap.cc:492] T dbec03205db649bbb9fb632d4c860b99 P e9608fbde1c745a0a40e530073d97eb0: Bootstrap starting.
I20260710 10:59:48.094213 13598 raft_consensus.cc:385] T 0ff7e885a4cd4a5bbc2c627087bae2a0 P 8c8425924aea4ff7bb29a7a470fc63ec [term 0 FOLLOWER]: Consensus starting up: Expiring failure detector timer to make a prompt election more likely
I20260710 10:59:48.099053 13598 raft_consensus.cc:740] T 0ff7e885a4cd4a5bbc2c627087bae2a0 P 8c8425924aea4ff7bb29a7a470fc63ec [term 0 FOLLOWER]: Becoming Follower/Learner. State: Replica: 8c8425924aea4ff7bb29a7a470fc63ec, State: Initialized, Role: FOLLOWER
I20260710 10:59:48.102504 13604 raft_consensus.cc:515] T ad6124c4c67542538642bce37720e621 P 8c8425924aea4ff7bb29a7a470fc63ec [term 1 FOLLOWER]: Starting leader election with config: opid_index: -1 OBSOLETE_local: false peers { permanent_uuid: "41dc6f2c0a15432ca01056991b40eda9" member_type: VOTER last_known_addr { host: "127.12.245.193" port: 35779 } } peers { permanent_uuid: "e9608fbde1c745a0a40e530073d97eb0" member_type: VOTER last_known_addr { host: "127.12.245.194" port: 33515 } } peers { permanent_uuid: "8c8425924aea4ff7bb29a7a470fc63ec" member_type: VOTER last_known_addr { host: "127.12.245.195" port: 40569 } }
I20260710 10:59:48.111732 13605 raft_consensus.cc:697] T 0ff7e885a4cd4a5bbc2c627087bae2a0 P 41dc6f2c0a15432ca01056991b40eda9 [term 1 LEADER]: Becoming Leader. State: Replica: 41dc6f2c0a15432ca01056991b40eda9, State: Running, Role: LEADER
I20260710 10:59:48.113668 13598 consensus_queue.cc:260] T 0ff7e885a4cd4a5bbc2c627087bae2a0 P 8c8425924aea4ff7bb29a7a470fc63ec [NON_LEADER]: Queue going to NON_LEADER mode. State: All replicated index: 0, Majority replicated index: 0, Committed index: 0, Last appended: 0.0, Last appended by leader: 0, Current term: 0, Majority size: -1, State: 0, Mode: NON_LEADER, active raft config: opid_index: -1 OBSOLETE_local: false peers { permanent_uuid: "41dc6f2c0a15432ca01056991b40eda9" member_type: VOTER last_known_addr { host: "127.12.245.193" port: 35779 } } peers { permanent_uuid: "e9608fbde1c745a0a40e530073d97eb0" member_type: VOTER last_known_addr { host: "127.12.245.194" port: 33515 } } peers { permanent_uuid: "8c8425924aea4ff7bb29a7a470fc63ec" member_type: VOTER last_known_addr { host: "127.12.245.195" port: 40569 } }
I20260710 10:59:48.115821 13633 raft_consensus.cc:2749] T 0bb9ff763f8f49fc8ba54463c36dbe88 P 8c8425924aea4ff7bb29a7a470fc63ec [term 0 FOLLOWER]: Leader pre-election lost for term 1. Reason: could not achieve majority
I20260710 10:59:48.116297 13605 consensus_queue.cc:237] T 0ff7e885a4cd4a5bbc2c627087bae2a0 P 41dc6f2c0a15432ca01056991b40eda9 [LEADER]: Queue going to LEADER mode. State: All replicated index: 0, Majority replicated index: 0, Committed index: 0, Last appended: 0.0, Last appended by leader: 0, Current term: 1, Majority size: 2, State: 0, Mode: LEADER, active raft config: opid_index: -1 OBSOLETE_local: false peers { permanent_uuid: "41dc6f2c0a15432ca01056991b40eda9" member_type: VOTER last_known_addr { host: "127.12.245.193" port: 35779 } } peers { permanent_uuid: "e9608fbde1c745a0a40e530073d97eb0" member_type: VOTER last_known_addr { host: "127.12.245.194" port: 33515 } } peers { permanent_uuid: "8c8425924aea4ff7bb29a7a470fc63ec" member_type: VOTER last_known_addr { host: "127.12.245.195" port: 40569 } }
I20260710 10:59:48.119707 13404 tablet_service.cc:1917] Received RequestConsensusVote() RPC: tablet_id: "ad6124c4c67542538642bce37720e621" candidate_uuid: "8c8425924aea4ff7bb29a7a470fc63ec" candidate_term: 1 candidate_status { last_received { term: 0 index: 0 } } ignore_live_leader: false dest_uuid: "41dc6f2c0a15432ca01056991b40eda9"
W20260710 10:59:48.115105 13519 outbound_call.cc:321] RPC callback for RPC call kudu.consensus.ConsensusService.RequestConsensusVote -> {remote=127.12.245.194:33515, user_credentials={real_user=slave}} blocked reactor thread for 53085.3us
I20260710 10:59:48.120944 13404 raft_consensus.cc:3060] T ad6124c4c67542538642bce37720e621 P 41dc6f2c0a15432ca01056991b40eda9 [term 0 FOLLOWER]: Advancing to term 1
I20260710 10:59:48.119570 13629 raft_consensus.cc:515] T 903fd936682944158e4dfdd17dcc10df P 41dc6f2c0a15432ca01056991b40eda9 [term 1 FOLLOWER]: Starting leader election with config: opid_index: -1 OBSOLETE_local: false peers { permanent_uuid: "8c8425924aea4ff7bb29a7a470fc63ec" member_type: VOTER last_known_addr { host: "127.12.245.195" port: 40569 } } peers { permanent_uuid: "e9608fbde1c745a0a40e530073d97eb0" member_type: VOTER last_known_addr { host: "127.12.245.194" port: 33515 } } peers { permanent_uuid: "41dc6f2c0a15432ca01056991b40eda9" member_type: VOTER last_known_addr { host: "127.12.245.193" port: 35779 } }
I20260710 10:59:48.125602 13606 raft_consensus.cc:493] T acfa70be12a24d989b374914a4e922e0 P e9608fbde1c745a0a40e530073d97eb0 [term 0 FOLLOWER]: Starting pre-election (no leader contacted us within the election timeout)
I20260710 10:59:48.123255 13446 leader_election.cc:304] T 903fd936682944158e4dfdd17dcc10df P e9608fbde1c745a0a40e530073d97eb0 [CANDIDATE]: Term 1 election: Election decided. Result: candidate won. Election summary: received 3 responses out of 3 voters: 2 yes votes; 1 no votes. yes voters: 8c8425924aea4ff7bb29a7a470fc63ec, e9608fbde1c745a0a40e530073d97eb0; no voters: 41dc6f2c0a15432ca01056991b40eda9
I20260710 10:59:48.128110 13406 raft_consensus.cc:2393] T 903fd936682944158e4dfdd17dcc10df P 41dc6f2c0a15432ca01056991b40eda9 [term 1 FOLLOWER]: Leader pre-election vote request: Denying vote to candidate e9608fbde1c745a0a40e530073d97eb0 in current term 1: Already voted for candidate 41dc6f2c0a15432ca01056991b40eda9 in this term.
I20260710 10:59:48.122252 13604 leader_election.cc:290] T ad6124c4c67542538642bce37720e621 P 8c8425924aea4ff7bb29a7a470fc63ec [CANDIDATE]: Term 1 election: Requested vote from peers 41dc6f2c0a15432ca01056991b40eda9 (127.12.245.193:35779), e9608fbde1c745a0a40e530073d97eb0 (127.12.245.194:33515)
I20260710 10:59:48.122499 13599 tablet_bootstrap.cc:492] T 0bb9ff763f8f49fc8ba54463c36dbe88 P 41dc6f2c0a15432ca01056991b40eda9: No bootstrap required, opened a new log
I20260710 10:59:48.127925 13480 tablet_service.cc:1917] Received RequestConsensusVote() RPC: tablet_id: "ad6124c4c67542538642bce37720e621" candidate_uuid: "8c8425924aea4ff7bb29a7a470fc63ec" candidate_term: 1 candidate_status { last_received { term: 0 index: 0 } } ignore_live_leader: false dest_uuid: "e9608fbde1c745a0a40e530073d97eb0"
I20260710 10:59:48.123620 13628 raft_consensus.cc:515] T 3003ff98b6e643bba87ec706040d0d13 P 41dc6f2c0a15432ca01056991b40eda9 [term 1 FOLLOWER]: Starting leader election with config: opid_index: -1 OBSOLETE_local: false peers { permanent_uuid: "41dc6f2c0a15432ca01056991b40eda9" member_type: VOTER last_known_addr { host: "127.12.245.193" port: 35779 } } peers { permanent_uuid: "e9608fbde1c745a0a40e530073d97eb0" member_type: VOTER last_known_addr { host: "127.12.245.194" port: 33515 } } peers { permanent_uuid: "8c8425924aea4ff7bb29a7a470fc63ec" member_type: VOTER last_known_addr { host: "127.12.245.195" port: 40569 } }
I20260710 10:59:48.131023 13555 tablet_service.cc:1917] Received RequestConsensusVote() RPC: tablet_id: "3003ff98b6e643bba87ec706040d0d13" candidate_uuid: "41dc6f2c0a15432ca01056991b40eda9" candidate_term: 1 candidate_status { last_received { term: 0 index: 0 } } ignore_live_leader: false dest_uuid: "8c8425924aea4ff7bb29a7a470fc63ec" is_pre_election: true
I20260710 10:59:48.131047 13635 raft_consensus.cc:493] T cdde993db3f049ed890927645fc2a657 P 8c8425924aea4ff7bb29a7a470fc63ec [term 0 FOLLOWER]: Starting pre-election (no leader contacted us within the election timeout)
I20260710 10:59:48.132934 13555 raft_consensus.cc:2468] T 3003ff98b6e643bba87ec706040d0d13 P 8c8425924aea4ff7bb29a7a470fc63ec [term 0 FOLLOWER]: Leader pre-election vote request: Granting yes vote for candidate 41dc6f2c0a15432ca01056991b40eda9 in term 0.
I20260710 10:59:48.127883 13606 raft_consensus.cc:515] T acfa70be12a24d989b374914a4e922e0 P e9608fbde1c745a0a40e530073d97eb0 [term 0 FOLLOWER]: Starting pre-election with config: opid_index: -1 OBSOLETE_local: false peers { permanent_uuid: "41dc6f2c0a15432ca01056991b40eda9" member_type: VOTER last_known_addr { host: "127.12.245.193" port: 35779 } } peers { permanent_uuid: "e9608fbde1c745a0a40e530073d97eb0" member_type: VOTER last_known_addr { host: "127.12.245.194" port: 33515 } } peers { permanent_uuid: "8c8425924aea4ff7bb29a7a470fc63ec" member_type: VOTER last_known_addr { host: "127.12.245.195" port: 40569 } }
I20260710 10:59:48.134020 13599 ts_tablet_manager.cc:1403] T 0bb9ff763f8f49fc8ba54463c36dbe88 P 41dc6f2c0a15432ca01056991b40eda9: Time spent bootstrapping tablet: real 0.224s	user 0.008s	sys 0.039s
I20260710 10:59:48.134220 13480 raft_consensus.cc:3060] T ad6124c4c67542538642bce37720e621 P e9608fbde1c745a0a40e530073d97eb0 [term 0 FOLLOWER]: Advancing to term 1
I20260710 10:59:48.133034 13635 raft_consensus.cc:515] T cdde993db3f049ed890927645fc2a657 P 8c8425924aea4ff7bb29a7a470fc63ec [term 0 FOLLOWER]: Starting pre-election with config: opid_index: -1 OBSOLETE_local: false peers { permanent_uuid: "41dc6f2c0a15432ca01056991b40eda9" member_type: VOTER last_known_addr { host: "127.12.245.193" port: 35779 } } peers { permanent_uuid: "e9608fbde1c745a0a40e530073d97eb0" member_type: VOTER last_known_addr { host: "127.12.245.194" port: 33515 } } peers { permanent_uuid: "8c8425924aea4ff7bb29a7a470fc63ec" member_type: VOTER last_known_addr { host: "127.12.245.195" port: 40569 } }
I20260710 10:59:48.140226 13606 leader_election.cc:290] T acfa70be12a24d989b374914a4e922e0 P e9608fbde1c745a0a40e530073d97eb0 [CANDIDATE]: Term 1 pre-election: Requested pre-vote from peers 41dc6f2c0a15432ca01056991b40eda9 (127.12.245.193:35779), 8c8425924aea4ff7bb29a7a470fc63ec (127.12.245.195:40569)
I20260710 10:59:48.140309 13406 tablet_service.cc:1917] Received RequestConsensusVote() RPC: tablet_id: "acfa70be12a24d989b374914a4e922e0" candidate_uuid: "e9608fbde1c745a0a40e530073d97eb0" candidate_term: 1 candidate_status { last_received { term: 0 index: 0 } } ignore_live_leader: false dest_uuid: "41dc6f2c0a15432ca01056991b40eda9" is_pre_election: true
I20260710 10:59:48.142812 13606 raft_consensus.cc:2804] T 903fd936682944158e4dfdd17dcc10df P e9608fbde1c745a0a40e530073d97eb0 [term 1 FOLLOWER]: Leader election won for term 1
I20260710 10:59:48.143565 13606 raft_consensus.cc:697] T 903fd936682944158e4dfdd17dcc10df P e9608fbde1c745a0a40e530073d97eb0 [term 1 LEADER]: Becoming Leader. State: Replica: e9608fbde1c745a0a40e530073d97eb0, State: Running, Role: LEADER
I20260710 10:59:48.144361 13606 consensus_queue.cc:237] T 903fd936682944158e4dfdd17dcc10df P e9608fbde1c745a0a40e530073d97eb0 [LEADER]: Queue going to LEADER mode. State: All replicated index: 0, Majority replicated index: 0, Committed index: 0, Last appended: 0.0, Last appended by leader: 0, Current term: 1, Majority size: 2, State: 0, Mode: LEADER, active raft config: opid_index: -1 OBSOLETE_local: false peers { permanent_uuid: "8c8425924aea4ff7bb29a7a470fc63ec" member_type: VOTER last_known_addr { host: "127.12.245.195" port: 40569 } } peers { permanent_uuid: "e9608fbde1c745a0a40e530073d97eb0" member_type: VOTER last_known_addr { host: "127.12.245.194" port: 33515 } } peers { permanent_uuid: "41dc6f2c0a15432ca01056991b40eda9" member_type: VOTER last_known_addr { host: "127.12.245.193" port: 35779 } }
I20260710 10:59:48.147272 13481 tablet_service.cc:1917] Received RequestConsensusVote() RPC: tablet_id: "3003ff98b6e643bba87ec706040d0d13" candidate_uuid: "41dc6f2c0a15432ca01056991b40eda9" candidate_term: 1 candidate_status { last_received { term: 0 index: 0 } } ignore_live_leader: false dest_uuid: "e9608fbde1c745a0a40e530073d97eb0"
W20260710 10:59:48.149082 13444 leader_election.cc:343] T acfa70be12a24d989b374914a4e922e0 P e9608fbde1c745a0a40e530073d97eb0 [CANDIDATE]: Term 1 pre-election: Tablet error from VoteRequest() call to peer 41dc6f2c0a15432ca01056991b40eda9 (127.12.245.193:35779): Illegal state: must be running to vote when last-logged opid is not known
I20260710 10:59:48.148524 13481 raft_consensus.cc:3060] T 3003ff98b6e643bba87ec706040d0d13 P e9608fbde1c745a0a40e530073d97eb0 [term 0 FOLLOWER]: Advancing to term 1
I20260710 10:59:48.151255 13599 raft_consensus.cc:359] T 0bb9ff763f8f49fc8ba54463c36dbe88 P 41dc6f2c0a15432ca01056991b40eda9 [term 0 FOLLOWER]: Replica starting. Triggering 0 pending ops. Active config: opid_index: -1 OBSOLETE_local: false peers { permanent_uuid: "41dc6f2c0a15432ca01056991b40eda9" member_type: VOTER last_known_addr { host: "127.12.245.193" port: 35779 } } peers { permanent_uuid: "e9608fbde1c745a0a40e530073d97eb0" member_type: VOTER last_known_addr { host: "127.12.245.194" port: 33515 } } peers { permanent_uuid: "8c8425924aea4ff7bb29a7a470fc63ec" member_type: VOTER last_known_addr { host: "127.12.245.195" port: 40569 } }
I20260710 10:59:48.152005 13599 raft_consensus.cc:385] T 0bb9ff763f8f49fc8ba54463c36dbe88 P 41dc6f2c0a15432ca01056991b40eda9 [term 0 FOLLOWER]: Consensus starting up: Expiring failure detector timer to make a prompt election more likely
I20260710 10:59:48.152293 13599 raft_consensus.cc:740] T 0bb9ff763f8f49fc8ba54463c36dbe88 P 41dc6f2c0a15432ca01056991b40eda9 [term 0 FOLLOWER]: Becoming Follower/Learner. State: Replica: 41dc6f2c0a15432ca01056991b40eda9, State: Initialized, Role: FOLLOWER
I20260710 10:59:48.155642 13598 ts_tablet_manager.cc:1434] T 0ff7e885a4cd4a5bbc2c627087bae2a0 P 8c8425924aea4ff7bb29a7a470fc63ec: Time spent starting tablet: real 0.079s	user 0.012s	sys 0.004s
I20260710 10:59:48.156653 13598 tablet_bootstrap.cc:492] T dbec03205db649bbb9fb632d4c860b99 P 8c8425924aea4ff7bb29a7a470fc63ec: Bootstrap starting.
I20260710 10:59:48.157820 13600 tablet_bootstrap.cc:654] T dbec03205db649bbb9fb632d4c860b99 P e9608fbde1c745a0a40e530073d97eb0: Neither blocks nor log segments found. Creating new log.
I20260710 10:59:48.157709 13481 raft_consensus.cc:2468] T 3003ff98b6e643bba87ec706040d0d13 P e9608fbde1c745a0a40e530073d97eb0 [term 1 FOLLOWER]: Leader election vote request: Granting yes vote for candidate 41dc6f2c0a15432ca01056991b40eda9 in term 1.
I20260710 10:59:48.161335 13628 leader_election.cc:290] T 3003ff98b6e643bba87ec706040d0d13 P 41dc6f2c0a15432ca01056991b40eda9 [CANDIDATE]: Term 1 election: Requested vote from peers e9608fbde1c745a0a40e530073d97eb0 (127.12.245.194:33515), 8c8425924aea4ff7bb29a7a470fc63ec (127.12.245.195:40569)
I20260710 10:59:48.161792 13635 leader_election.cc:290] T cdde993db3f049ed890927645fc2a657 P 8c8425924aea4ff7bb29a7a470fc63ec [CANDIDATE]: Term 1 pre-election: Requested pre-vote from peers 41dc6f2c0a15432ca01056991b40eda9 (127.12.245.193:35779), e9608fbde1c745a0a40e530073d97eb0 (127.12.245.194:33515)
I20260710 10:59:48.163918 13406 tablet_service.cc:1917] Received RequestConsensusVote() RPC: tablet_id: "cdde993db3f049ed890927645fc2a657" candidate_uuid: "8c8425924aea4ff7bb29a7a470fc63ec" candidate_term: 1 candidate_status { last_received { term: 0 index: 0 } } ignore_live_leader: false dest_uuid: "41dc6f2c0a15432ca01056991b40eda9" is_pre_election: true
I20260710 10:59:48.165071 13555 tablet_service.cc:1917] Received RequestConsensusVote() RPC: tablet_id: "903fd936682944158e4dfdd17dcc10df" candidate_uuid: "41dc6f2c0a15432ca01056991b40eda9" candidate_term: 1 candidate_status { last_received { term: 0 index: 0 } } ignore_live_leader: false dest_uuid: "8c8425924aea4ff7bb29a7a470fc63ec"
W20260710 10:59:48.165611 13518 leader_election.cc:343] T cdde993db3f049ed890927645fc2a657 P 8c8425924aea4ff7bb29a7a470fc63ec [CANDIDATE]: Term 1 pre-election: Tablet error from VoteRequest() call to peer 41dc6f2c0a15432ca01056991b40eda9 (127.12.245.193:35779): Illegal state: must be running to vote when last-logged opid is not known
I20260710 10:59:48.165822 13555 raft_consensus.cc:2393] T 903fd936682944158e4dfdd17dcc10df P 8c8425924aea4ff7bb29a7a470fc63ec [term 1 FOLLOWER]: Leader election vote request: Denying vote to candidate 41dc6f2c0a15432ca01056991b40eda9 in current term 1: Already voted for candidate e9608fbde1c745a0a40e530073d97eb0 in this term.
I20260710 10:59:48.164706 13404 raft_consensus.cc:2468] T ad6124c4c67542538642bce37720e621 P 41dc6f2c0a15432ca01056991b40eda9 [term 1 FOLLOWER]: Leader election vote request: Granting yes vote for candidate 8c8425924aea4ff7bb29a7a470fc63ec in term 1.
I20260710 10:59:48.166887 13370 leader_election.cc:304] T 3003ff98b6e643bba87ec706040d0d13 P 41dc6f2c0a15432ca01056991b40eda9 [CANDIDATE]: Term 1 election: Election decided. Result: candidate won. Election summary: received 2 responses out of 3 voters: 2 yes votes; 0 no votes. yes voters: 41dc6f2c0a15432ca01056991b40eda9, e9608fbde1c745a0a40e530073d97eb0; no voters: 
I20260710 10:59:48.166968 13554 tablet_service.cc:1917] Received RequestConsensusVote() RPC: tablet_id: "acfa70be12a24d989b374914a4e922e0" candidate_uuid: "e9608fbde1c745a0a40e530073d97eb0" candidate_term: 1 candidate_status { last_received { term: 0 index: 0 } } ignore_live_leader: false dest_uuid: "8c8425924aea4ff7bb29a7a470fc63ec" is_pre_election: true
I20260710 10:59:48.167796 13599 consensus_queue.cc:260] T 0bb9ff763f8f49fc8ba54463c36dbe88 P 41dc6f2c0a15432ca01056991b40eda9 [NON_LEADER]: Queue going to NON_LEADER mode. State: All replicated index: 0, Majority replicated index: 0, Committed index: 0, Last appended: 0.0, Last appended by leader: 0, Current term: 0, Majority size: -1, State: 0, Mode: NON_LEADER, active raft config: opid_index: -1 OBSOLETE_local: false peers { permanent_uuid: "41dc6f2c0a15432ca01056991b40eda9" member_type: VOTER last_known_addr { host: "127.12.245.193" port: 35779 } } peers { permanent_uuid: "e9608fbde1c745a0a40e530073d97eb0" member_type: VOTER last_known_addr { host: "127.12.245.194" port: 33515 } } peers { permanent_uuid: "8c8425924aea4ff7bb29a7a470fc63ec" member_type: VOTER last_known_addr { host: "127.12.245.195" port: 40569 } }
I20260710 10:59:48.169453 13629 leader_election.cc:290] T 903fd936682944158e4dfdd17dcc10df P 41dc6f2c0a15432ca01056991b40eda9 [CANDIDATE]: Term 1 election: Requested vote from peers 8c8425924aea4ff7bb29a7a470fc63ec (127.12.245.195:40569), e9608fbde1c745a0a40e530073d97eb0 (127.12.245.194:33515)
I20260710 10:59:48.165632 13481 tablet_service.cc:1917] Received RequestConsensusVote() RPC: tablet_id: "cdde993db3f049ed890927645fc2a657" candidate_uuid: "8c8425924aea4ff7bb29a7a470fc63ec" candidate_term: 1 candidate_status { last_received { term: 0 index: 0 } } ignore_live_leader: false dest_uuid: "e9608fbde1c745a0a40e530073d97eb0" is_pre_election: true
I20260710 10:59:48.173921 13628 raft_consensus.cc:2804] T 3003ff98b6e643bba87ec706040d0d13 P 41dc6f2c0a15432ca01056991b40eda9 [term 1 FOLLOWER]: Leader election won for term 1
I20260710 10:59:48.200819 13598 tablet_bootstrap.cc:654] T dbec03205db649bbb9fb632d4c860b99 P 8c8425924aea4ff7bb29a7a470fc63ec: Neither blocks nor log segments found. Creating new log.
W20260710 10:59:48.197851 13519 leader_election.cc:343] T cdde993db3f049ed890927645fc2a657 P 8c8425924aea4ff7bb29a7a470fc63ec [CANDIDATE]: Term 1 pre-election: Tablet error from VoteRequest() call to peer e9608fbde1c745a0a40e530073d97eb0 (127.12.245.194:33515): Illegal state: must be running to vote when last-logged opid is not known
I20260710 10:59:48.174140 13555 tablet_service.cc:1917] Received RequestConsensusVote() RPC: tablet_id: "3003ff98b6e643bba87ec706040d0d13" candidate_uuid: "41dc6f2c0a15432ca01056991b40eda9" candidate_term: 1 candidate_status { last_received { term: 0 index: 0 } } ignore_live_leader: false dest_uuid: "8c8425924aea4ff7bb29a7a470fc63ec"
I20260710 10:59:48.173643 13554 raft_consensus.cc:2468] T acfa70be12a24d989b374914a4e922e0 P 8c8425924aea4ff7bb29a7a470fc63ec [term 0 FOLLOWER]: Leader pre-election vote request: Granting yes vote for candidate e9608fbde1c745a0a40e530073d97eb0 in term 0.
I20260710 10:59:48.187559 13480 raft_consensus.cc:2468] T ad6124c4c67542538642bce37720e621 P e9608fbde1c745a0a40e530073d97eb0 [term 1 FOLLOWER]: Leader election vote request: Granting yes vote for candidate 8c8425924aea4ff7bb29a7a470fc63ec in term 1.
I20260710 10:59:48.204201 13628 raft_consensus.cc:697] T 3003ff98b6e643bba87ec706040d0d13 P 41dc6f2c0a15432ca01056991b40eda9 [term 1 LEADER]: Becoming Leader. State: Replica: 41dc6f2c0a15432ca01056991b40eda9, State: Running, Role: LEADER
I20260710 10:59:48.206758 13519 leader_election.cc:304] T cdde993db3f049ed890927645fc2a657 P 8c8425924aea4ff7bb29a7a470fc63ec [CANDIDATE]: Term 1 pre-election: Election decided. Result: candidate lost. Election summary: received 3 responses out of 3 voters: 1 yes votes; 2 no votes. yes voters: 8c8425924aea4ff7bb29a7a470fc63ec; no voters: 41dc6f2c0a15432ca01056991b40eda9, e9608fbde1c745a0a40e530073d97eb0
I20260710 10:59:48.176764 13479 tablet_service.cc:1917] Received RequestConsensusVote() RPC: tablet_id: "903fd936682944158e4dfdd17dcc10df" candidate_uuid: "41dc6f2c0a15432ca01056991b40eda9" candidate_term: 1 candidate_status { last_received { term: 0 index: 0 } } ignore_live_leader: false dest_uuid: "e9608fbde1c745a0a40e530073d97eb0"
I20260710 10:59:48.207728 13555 raft_consensus.cc:3060] T 3003ff98b6e643bba87ec706040d0d13 P 8c8425924aea4ff7bb29a7a470fc63ec [term 0 FOLLOWER]: Advancing to term 1
I20260710 10:59:48.210897 13599 ts_tablet_manager.cc:1434] T 0bb9ff763f8f49fc8ba54463c36dbe88 P 41dc6f2c0a15432ca01056991b40eda9: Time spent starting tablet: real 0.074s	user 0.002s	sys 0.015s
I20260710 10:59:48.211150 13635 raft_consensus.cc:2749] T cdde993db3f049ed890927645fc2a657 P 8c8425924aea4ff7bb29a7a470fc63ec [term 0 FOLLOWER]: Leader pre-election lost for term 1. Reason: could not achieve majority
I20260710 10:59:48.177032 13518 leader_election.cc:304] T ad6124c4c67542538642bce37720e621 P 8c8425924aea4ff7bb29a7a470fc63ec [CANDIDATE]: Term 1 election: Election decided. Result: candidate won. Election summary: received 2 responses out of 3 voters: 2 yes votes; 0 no votes. yes voters: 41dc6f2c0a15432ca01056991b40eda9, 8c8425924aea4ff7bb29a7a470fc63ec; no voters: 
I20260710 10:59:48.211905 13599 tablet_bootstrap.cc:492] T dbec03205db649bbb9fb632d4c860b99 P 41dc6f2c0a15432ca01056991b40eda9: Bootstrap starting.
I20260710 10:59:48.217839 13628 consensus_queue.cc:237] T 3003ff98b6e643bba87ec706040d0d13 P 41dc6f2c0a15432ca01056991b40eda9 [LEADER]: Queue going to LEADER mode. State: All replicated index: 0, Majority replicated index: 0, Committed index: 0, Last appended: 0.0, Last appended by leader: 0, Current term: 1, Majority size: 2, State: 0, Mode: LEADER, active raft config: opid_index: -1 OBSOLETE_local: false peers { permanent_uuid: "41dc6f2c0a15432ca01056991b40eda9" member_type: VOTER last_known_addr { host: "127.12.245.193" port: 35779 } } peers { permanent_uuid: "e9608fbde1c745a0a40e530073d97eb0" member_type: VOTER last_known_addr { host: "127.12.245.194" port: 33515 } } peers { permanent_uuid: "8c8425924aea4ff7bb29a7a470fc63ec" member_type: VOTER last_known_addr { host: "127.12.245.195" port: 40569 } }
I20260710 10:59:48.224118 13635 raft_consensus.cc:2804] T ad6124c4c67542538642bce37720e621 P 8c8425924aea4ff7bb29a7a470fc63ec [term 1 FOLLOWER]: Leader election won for term 1
I20260710 10:59:48.225145 13635 raft_consensus.cc:697] T ad6124c4c67542538642bce37720e621 P 8c8425924aea4ff7bb29a7a470fc63ec [term 1 LEADER]: Becoming Leader. State: Replica: 8c8425924aea4ff7bb29a7a470fc63ec, State: Running, Role: LEADER
I20260710 10:59:48.224421 13301 catalog_manager.cc:5697] T 0ff7e885a4cd4a5bbc2c627087bae2a0 P 41dc6f2c0a15432ca01056991b40eda9 reported cstate change: term changed from 0 to 1, leader changed from <none> to 41dc6f2c0a15432ca01056991b40eda9 (127.12.245.193). New cstate: current_term: 1 leader_uuid: "41dc6f2c0a15432ca01056991b40eda9" committed_config { opid_index: -1 OBSOLETE_local: false peers { permanent_uuid: "41dc6f2c0a15432ca01056991b40eda9" member_type: VOTER last_known_addr { host: "127.12.245.193" port: 35779 } health_report { overall_health: HEALTHY } } peers { permanent_uuid: "e9608fbde1c745a0a40e530073d97eb0" member_type: VOTER last_known_addr { host: "127.12.245.194" port: 33515 } health_report { overall_health: UNKNOWN } } peers { permanent_uuid: "8c8425924aea4ff7bb29a7a470fc63ec" member_type: VOTER last_known_addr { host: "127.12.245.195" port: 40569 } health_report { overall_health: UNKNOWN } } }
I20260710 10:59:48.226722 13635 consensus_queue.cc:237] T ad6124c4c67542538642bce37720e621 P 8c8425924aea4ff7bb29a7a470fc63ec [LEADER]: Queue going to LEADER mode. State: All replicated index: 0, Majority replicated index: 0, Committed index: 0, Last appended: 0.0, Last appended by leader: 0, Current term: 1, Majority size: 2, State: 0, Mode: LEADER, active raft config: opid_index: -1 OBSOLETE_local: false peers { permanent_uuid: "41dc6f2c0a15432ca01056991b40eda9" member_type: VOTER last_known_addr { host: "127.12.245.193" port: 35779 } } peers { permanent_uuid: "e9608fbde1c745a0a40e530073d97eb0" member_type: VOTER last_known_addr { host: "127.12.245.194" port: 33515 } } peers { permanent_uuid: "8c8425924aea4ff7bb29a7a470fc63ec" member_type: VOTER last_known_addr { host: "127.12.245.195" port: 40569 } }
I20260710 10:59:48.225899 13446 leader_election.cc:304] T acfa70be12a24d989b374914a4e922e0 P e9608fbde1c745a0a40e530073d97eb0 [CANDIDATE]: Term 1 pre-election: Election decided. Result: candidate won. Election summary: received 3 responses out of 3 voters: 2 yes votes; 1 no votes. yes voters: 8c8425924aea4ff7bb29a7a470fc63ec, e9608fbde1c745a0a40e530073d97eb0; no voters: 41dc6f2c0a15432ca01056991b40eda9
I20260710 10:59:48.229223 13637 raft_consensus.cc:2804] T acfa70be12a24d989b374914a4e922e0 P e9608fbde1c745a0a40e530073d97eb0 [term 0 FOLLOWER]: Leader pre-election won for term 1
I20260710 10:59:48.229601 13637 raft_consensus.cc:493] T acfa70be12a24d989b374914a4e922e0 P e9608fbde1c745a0a40e530073d97eb0 [term 0 FOLLOWER]: Starting leader election (no leader contacted us within the election timeout)
I20260710 10:59:48.229928 13637 raft_consensus.cc:3060] T acfa70be12a24d989b374914a4e922e0 P e9608fbde1c745a0a40e530073d97eb0 [term 0 FOLLOWER]: Advancing to term 1
W20260710 10:59:48.230806 13518 outbound_call.cc:321] RPC callback for RPC call kudu.consensus.ConsensusService.RequestConsensusVote -> {remote=127.12.245.193:35779, user_credentials={real_user=slave}} blocked reactor thread for 53887.1us
I20260710 10:59:48.233542 13370 leader_election.cc:304] T 903fd936682944158e4dfdd17dcc10df P 41dc6f2c0a15432ca01056991b40eda9 [CANDIDATE]: Term 1 election: Election decided. Result: candidate lost. Election summary: received 3 responses out of 3 voters: 1 yes votes; 2 no votes. yes voters: 41dc6f2c0a15432ca01056991b40eda9; no voters: 8c8425924aea4ff7bb29a7a470fc63ec, e9608fbde1c745a0a40e530073d97eb0
I20260710 10:59:48.238809 13628 raft_consensus.cc:2749] T 903fd936682944158e4dfdd17dcc10df P 41dc6f2c0a15432ca01056991b40eda9 [term 1 FOLLOWER]: Leader election lost for term 1. Reason: could not achieve majority
I20260710 10:59:48.247416 13600 tablet_bootstrap.cc:492] T dbec03205db649bbb9fb632d4c860b99 P e9608fbde1c745a0a40e530073d97eb0: No bootstrap required, opened a new log
I20260710 10:59:48.249588 13600 ts_tablet_manager.cc:1403] T dbec03205db649bbb9fb632d4c860b99 P e9608fbde1c745a0a40e530073d97eb0: Time spent bootstrapping tablet: real 0.166s	user 0.013s	sys 0.017s
I20260710 10:59:48.250550 13298 catalog_manager.cc:5697] T 903fd936682944158e4dfdd17dcc10df P e9608fbde1c745a0a40e530073d97eb0 reported cstate change: term changed from 0 to 1, leader changed from <none> to e9608fbde1c745a0a40e530073d97eb0 (127.12.245.194). New cstate: current_term: 1 leader_uuid: "e9608fbde1c745a0a40e530073d97eb0" committed_config { opid_index: -1 OBSOLETE_local: false peers { permanent_uuid: "8c8425924aea4ff7bb29a7a470fc63ec" member_type: VOTER last_known_addr { host: "127.12.245.195" port: 40569 } health_report { overall_health: UNKNOWN } } peers { permanent_uuid: "e9608fbde1c745a0a40e530073d97eb0" member_type: VOTER last_known_addr { host: "127.12.245.194" port: 33515 } health_report { overall_health: HEALTHY } } peers { permanent_uuid: "41dc6f2c0a15432ca01056991b40eda9" member_type: VOTER last_known_addr { host: "127.12.245.193" port: 35779 } health_report { overall_health: UNKNOWN } } }
I20260710 10:59:48.252928 13598 tablet_bootstrap.cc:492] T dbec03205db649bbb9fb632d4c860b99 P 8c8425924aea4ff7bb29a7a470fc63ec: No bootstrap required, opened a new log
I20260710 10:59:48.253424 13598 ts_tablet_manager.cc:1403] T dbec03205db649bbb9fb632d4c860b99 P 8c8425924aea4ff7bb29a7a470fc63ec: Time spent bootstrapping tablet: real 0.097s	user 0.019s	sys 0.004s
I20260710 10:59:48.256203 13555 raft_consensus.cc:2468] T 3003ff98b6e643bba87ec706040d0d13 P 8c8425924aea4ff7bb29a7a470fc63ec [term 1 FOLLOWER]: Leader election vote request: Granting yes vote for candidate 41dc6f2c0a15432ca01056991b40eda9 in term 1.
I20260710 10:59:48.262722 13598 raft_consensus.cc:359] T dbec03205db649bbb9fb632d4c860b99 P 8c8425924aea4ff7bb29a7a470fc63ec [term 0 FOLLOWER]: Replica starting. Triggering 0 pending ops. Active config: opid_index: -1 OBSOLETE_local: false peers { permanent_uuid: "41dc6f2c0a15432ca01056991b40eda9" member_type: VOTER last_known_addr { host: "127.12.245.193" port: 35779 } } peers { permanent_uuid: "e9608fbde1c745a0a40e530073d97eb0" member_type: VOTER last_known_addr { host: "127.12.245.194" port: 33515 } } peers { permanent_uuid: "8c8425924aea4ff7bb29a7a470fc63ec" member_type: VOTER last_known_addr { host: "127.12.245.195" port: 40569 } }
I20260710 10:59:48.262679 13637 raft_consensus.cc:515] T acfa70be12a24d989b374914a4e922e0 P e9608fbde1c745a0a40e530073d97eb0 [term 1 FOLLOWER]: Starting leader election with config: opid_index: -1 OBSOLETE_local: false peers { permanent_uuid: "41dc6f2c0a15432ca01056991b40eda9" member_type: VOTER last_known_addr { host: "127.12.245.193" port: 35779 } } peers { permanent_uuid: "e9608fbde1c745a0a40e530073d97eb0" member_type: VOTER last_known_addr { host: "127.12.245.194" port: 33515 } } peers { permanent_uuid: "8c8425924aea4ff7bb29a7a470fc63ec" member_type: VOTER last_known_addr { host: "127.12.245.195" port: 40569 } }
I20260710 10:59:48.263942 13598 raft_consensus.cc:385] T dbec03205db649bbb9fb632d4c860b99 P 8c8425924aea4ff7bb29a7a470fc63ec [term 0 FOLLOWER]: Consensus starting up: Expiring failure detector timer to make a prompt election more likely
I20260710 10:59:48.264313 13598 raft_consensus.cc:740] T dbec03205db649bbb9fb632d4c860b99 P 8c8425924aea4ff7bb29a7a470fc63ec [term 0 FOLLOWER]: Becoming Follower/Learner. State: Replica: 8c8425924aea4ff7bb29a7a470fc63ec, State: Initialized, Role: FOLLOWER
I20260710 10:59:48.266968 13600 raft_consensus.cc:359] T dbec03205db649bbb9fb632d4c860b99 P e9608fbde1c745a0a40e530073d97eb0 [term 0 FOLLOWER]: Replica starting. Triggering 0 pending ops. Active config: opid_index: -1 OBSOLETE_local: false peers { permanent_uuid: "41dc6f2c0a15432ca01056991b40eda9" member_type: VOTER last_known_addr { host: "127.12.245.193" port: 35779 } } peers { permanent_uuid: "e9608fbde1c745a0a40e530073d97eb0" member_type: VOTER last_known_addr { host: "127.12.245.194" port: 33515 } } peers { permanent_uuid: "8c8425924aea4ff7bb29a7a470fc63ec" member_type: VOTER last_known_addr { host: "127.12.245.195" port: 40569 } }
I20260710 10:59:48.267635 13600 raft_consensus.cc:385] T dbec03205db649bbb9fb632d4c860b99 P e9608fbde1c745a0a40e530073d97eb0 [term 0 FOLLOWER]: Consensus starting up: Expiring failure detector timer to make a prompt election more likely
