I20260710 11:00:06.247503 14204 raft_consensus.cc:1081] T c410954385ca4be5b75550d3612f8078 P a11d951d69264517b2714bbc2f13df06 [term 2 LEADER]: Signalling peer 2350a0dc3f5e489a88773779ce76e5e9 to start an election
I20260710 11:00:06.249265 14051 tablet_service.cc:2044] Received Run Leader Election RPC: tablet_id: "c410954385ca4be5b75550d3612f8078"
dest_uuid: "2350a0dc3f5e489a88773779ce76e5e9"
 from {username='slave'} at 127.0.0.1:46706
I20260710 11:00:06.249759 14051 raft_consensus.cc:493] T c410954385ca4be5b75550d3612f8078 P 2350a0dc3f5e489a88773779ce76e5e9 [term 2 FOLLOWER]: Starting forced leader election (received explicit request)
I20260710 11:00:06.250064 14051 raft_consensus.cc:3060] T c410954385ca4be5b75550d3612f8078 P 2350a0dc3f5e489a88773779ce76e5e9 [term 2 FOLLOWER]: Advancing to term 3
I20260710 11:00:06.254349 14050 raft_consensus.cc:515] T 02ae66bc7d0d4682b8d7fac9941c1120 P 2350a0dc3f5e489a88773779ce76e5e9 [term 3 FOLLOWER]: Starting forced leader election with config: opid_index: -1 OBSOLETE_local: false peers { permanent_uuid: "a11d951d69264517b2714bbc2f13df06" member_type: VOTER last_known_addr { host: "127.12.245.193" port: 44127 } } peers { permanent_uuid: "655799fa20f241929194a951716af1c3" member_type: VOTER last_known_addr { host: "127.12.245.194" port: 40663 } } peers { permanent_uuid: "2350a0dc3f5e489a88773779ce76e5e9" member_type: VOTER last_known_addr { host: "127.12.245.195" port: 46555 } }
I20260710 11:00:06.256584 14051 raft_consensus.cc:515] T c410954385ca4be5b75550d3612f8078 P 2350a0dc3f5e489a88773779ce76e5e9 [term 3 FOLLOWER]: Starting forced leader election with config: opid_index: -1 OBSOLETE_local: false peers { permanent_uuid: "2350a0dc3f5e489a88773779ce76e5e9" member_type: VOTER last_known_addr { host: "127.12.245.195" port: 46555 } } peers { permanent_uuid: "655799fa20f241929194a951716af1c3" member_type: VOTER last_known_addr { host: "127.12.245.194" port: 40663 } } peers { permanent_uuid: "a11d951d69264517b2714bbc2f13df06" member_type: VOTER last_known_addr { host: "127.12.245.193" port: 44127 } }
I20260710 11:00:06.256918 14050 leader_election.cc:290] T 02ae66bc7d0d4682b8d7fac9941c1120 P 2350a0dc3f5e489a88773779ce76e5e9 [CANDIDATE]: Term 3 election: Requested vote from peers a11d951d69264517b2714bbc2f13df06 (127.12.245.193:44127), 655799fa20f241929194a951716af1c3 (127.12.245.194:40663)
I20260710 11:00:06.257828 13902 tablet_service.cc:1917] Received RequestConsensusVote() RPC: tablet_id: "02ae66bc7d0d4682b8d7fac9941c1120" candidate_uuid: "2350a0dc3f5e489a88773779ce76e5e9" candidate_term: 3 candidate_status { last_received { term: 2 index: 2 } } ignore_live_leader: true dest_uuid: "a11d951d69264517b2714bbc2f13df06"
I20260710 11:00:06.258296 13974 tablet_service.cc:1917] Received RequestConsensusVote() RPC: tablet_id: "02ae66bc7d0d4682b8d7fac9941c1120" candidate_uuid: "2350a0dc3f5e489a88773779ce76e5e9" candidate_term: 3 candidate_status { last_received { term: 2 index: 2 } } ignore_live_leader: true dest_uuid: "655799fa20f241929194a951716af1c3"
I20260710 11:00:06.258607 13902 raft_consensus.cc:3055] T 02ae66bc7d0d4682b8d7fac9941c1120 P a11d951d69264517b2714bbc2f13df06 [term 2 LEADER]: Stepping down as leader of term 2
I20260710 11:00:06.258859 13974 raft_consensus.cc:3060] T 02ae66bc7d0d4682b8d7fac9941c1120 P 655799fa20f241929194a951716af1c3 [term 2 FOLLOWER]: Advancing to term 3
I20260710 11:00:06.258909 13902 raft_consensus.cc:740] T 02ae66bc7d0d4682b8d7fac9941c1120 P a11d951d69264517b2714bbc2f13df06 [term 2 LEADER]: Becoming Follower/Learner. State: Replica: a11d951d69264517b2714bbc2f13df06, State: Running, Role: LEADER
I20260710 11:00:06.259877 13902 consensus_queue.cc:260] T 02ae66bc7d0d4682b8d7fac9941c1120 P a11d951d69264517b2714bbc2f13df06 [NON_LEADER]: Queue going to NON_LEADER mode. State: All replicated index: 0, Majority replicated index: 2, Committed index: 2, Last appended: 2.2, Last appended by leader: 2, Current term: 2, Majority size: -1, State: 0, Mode: NON_LEADER, active raft config: opid_index: -1 OBSOLETE_local: false peers { permanent_uuid: "a11d951d69264517b2714bbc2f13df06" member_type: VOTER last_known_addr { host: "127.12.245.193" port: 44127 } } peers { permanent_uuid: "655799fa20f241929194a951716af1c3" member_type: VOTER last_known_addr { host: "127.12.245.194" port: 40663 } } peers { permanent_uuid: "2350a0dc3f5e489a88773779ce76e5e9" member_type: VOTER last_known_addr { host: "127.12.245.195" port: 46555 } }
I20260710 11:00:06.260468 13976 tablet_service.cc:1917] Received RequestConsensusVote() RPC: tablet_id: "c410954385ca4be5b75550d3612f8078" candidate_uuid: "2350a0dc3f5e489a88773779ce76e5e9" candidate_term: 3 candidate_status { last_received { term: 2 index: 2 } } ignore_live_leader: true dest_uuid: "655799fa20f241929194a951716af1c3"
I20260710 11:00:06.260445 13901 tablet_service.cc:1917] Received RequestConsensusVote() RPC: tablet_id: "c410954385ca4be5b75550d3612f8078" candidate_uuid: "2350a0dc3f5e489a88773779ce76e5e9" candidate_term: 3 candidate_status { last_received { term: 2 index: 2 } } ignore_live_leader: true dest_uuid: "a11d951d69264517b2714bbc2f13df06"
I20260710 11:00:06.261040 13902 raft_consensus.cc:3060] T 02ae66bc7d0d4682b8d7fac9941c1120 P a11d951d69264517b2714bbc2f13df06 [term 2 FOLLOWER]: Advancing to term 3
I20260710 11:00:06.261221 13976 raft_consensus.cc:3060] T c410954385ca4be5b75550d3612f8078 P 655799fa20f241929194a951716af1c3 [term 2 FOLLOWER]: Advancing to term 3
I20260710 11:00:06.261381 13901 raft_consensus.cc:3055] T c410954385ca4be5b75550d3612f8078 P a11d951d69264517b2714bbc2f13df06 [term 2 LEADER]: Stepping down as leader of term 2
I20260710 11:00:06.261838 13901 raft_consensus.cc:740] T c410954385ca4be5b75550d3612f8078 P a11d951d69264517b2714bbc2f13df06 [term 2 LEADER]: Becoming Follower/Learner. State: Replica: a11d951d69264517b2714bbc2f13df06, State: Running, Role: LEADER
I20260710 11:00:06.262813 13901 consensus_queue.cc:260] T c410954385ca4be5b75550d3612f8078 P a11d951d69264517b2714bbc2f13df06 [NON_LEADER]: Queue going to NON_LEADER mode. State: All replicated index: 0, Majority replicated index: 2, Committed index: 2, Last appended: 2.2, Last appended by leader: 2, Current term: 2, Majority size: -1, State: 0, Mode: NON_LEADER, active raft config: opid_index: -1 OBSOLETE_local: false peers { permanent_uuid: "2350a0dc3f5e489a88773779ce76e5e9" member_type: VOTER last_known_addr { host: "127.12.245.195" port: 46555 } } peers { permanent_uuid: "655799fa20f241929194a951716af1c3" member_type: VOTER last_known_addr { host: "127.12.245.194" port: 40663 } } peers { permanent_uuid: "a11d951d69264517b2714bbc2f13df06" member_type: VOTER last_known_addr { host: "127.12.245.193" port: 44127 } }
I20260710 11:00:06.264067 13901 raft_consensus.cc:3060] T c410954385ca4be5b75550d3612f8078 P a11d951d69264517b2714bbc2f13df06 [term 2 FOLLOWER]: Advancing to term 3
I20260710 11:00:06.266772 13974 raft_consensus.cc:2468] T 02ae66bc7d0d4682b8d7fac9941c1120 P 655799fa20f241929194a951716af1c3 [term 3 FOLLOWER]: Leader election vote request: Granting yes vote for candidate 2350a0dc3f5e489a88773779ce76e5e9 in term 3.
I20260710 11:00:06.268461 14014 leader_election.cc:304] T 02ae66bc7d0d4682b8d7fac9941c1120 P 2350a0dc3f5e489a88773779ce76e5e9 [CANDIDATE]: Term 3 election: Election decided. Result: candidate won. Election summary: received 2 responses out of 3 voters: 2 yes votes; 0 no votes. yes voters: 2350a0dc3f5e489a88773779ce76e5e9, 655799fa20f241929194a951716af1c3; no voters: 
I20260710 11:00:06.269084 13902 raft_consensus.cc:2468] T 02ae66bc7d0d4682b8d7fac9941c1120 P a11d951d69264517b2714bbc2f13df06 [term 3 FOLLOWER]: Leader election vote request: Granting yes vote for candidate 2350a0dc3f5e489a88773779ce76e5e9 in term 3.
I20260710 11:00:06.269500 14133 raft_consensus.cc:2804] T 02ae66bc7d0d4682b8d7fac9941c1120 P 2350a0dc3f5e489a88773779ce76e5e9 [term 3 FOLLOWER]: Leader election won for term 3
I20260710 11:00:06.269524 14051 leader_election.cc:290] T c410954385ca4be5b75550d3612f8078 P 2350a0dc3f5e489a88773779ce76e5e9 [CANDIDATE]: Term 3 election: Requested vote from peers 655799fa20f241929194a951716af1c3 (127.12.245.194:40663), a11d951d69264517b2714bbc2f13df06 (127.12.245.193:44127)
I20260710 11:00:06.271255 14133 raft_consensus.cc:697] T 02ae66bc7d0d4682b8d7fac9941c1120 P 2350a0dc3f5e489a88773779ce76e5e9 [term 3 LEADER]: Becoming Leader. State: Replica: 2350a0dc3f5e489a88773779ce76e5e9, State: Running, Role: LEADER
I20260710 11:00:06.272136 13901 raft_consensus.cc:2468] T c410954385ca4be5b75550d3612f8078 P a11d951d69264517b2714bbc2f13df06 [term 3 FOLLOWER]: Leader election vote request: Granting yes vote for candidate 2350a0dc3f5e489a88773779ce76e5e9 in term 3.
I20260710 11:00:06.272074 14133 consensus_queue.cc:237] T 02ae66bc7d0d4682b8d7fac9941c1120 P 2350a0dc3f5e489a88773779ce76e5e9 [LEADER]: Queue going to LEADER mode. State: All replicated index: 0, Majority replicated index: 2, Committed index: 2, Last appended: 2.2, Last appended by leader: 2, Current term: 3, Majority size: 2, State: 0, Mode: LEADER, active raft config: opid_index: -1 OBSOLETE_local: false peers { permanent_uuid: "a11d951d69264517b2714bbc2f13df06" member_type: VOTER last_known_addr { host: "127.12.245.193" port: 44127 } } peers { permanent_uuid: "655799fa20f241929194a951716af1c3" member_type: VOTER last_known_addr { host: "127.12.245.194" port: 40663 } } peers { permanent_uuid: "2350a0dc3f5e489a88773779ce76e5e9" member_type: VOTER last_known_addr { host: "127.12.245.195" port: 46555 } }
I20260710 11:00:06.272879 13976 raft_consensus.cc:2468] T c410954385ca4be5b75550d3612f8078 P 655799fa20f241929194a951716af1c3 [term 3 FOLLOWER]: Leader election vote request: Granting yes vote for candidate 2350a0dc3f5e489a88773779ce76e5e9 in term 3.
I20260710 11:00:06.273183 14017 leader_election.cc:304] T c410954385ca4be5b75550d3612f8078 P 2350a0dc3f5e489a88773779ce76e5e9 [CANDIDATE]: Term 3 election: Election decided. Result: candidate won. Election summary: received 2 responses out of 3 voters: 2 yes votes; 0 no votes. yes voters: 2350a0dc3f5e489a88773779ce76e5e9, a11d951d69264517b2714bbc2f13df06; no voters: 
I20260710 11:00:06.274140 14205 raft_consensus.cc:2804] T c410954385ca4be5b75550d3612f8078 P 2350a0dc3f5e489a88773779ce76e5e9 [term 3 FOLLOWER]: Leader election won for term 3
I20260710 11:00:06.275425 14205 raft_consensus.cc:697] T c410954385ca4be5b75550d3612f8078 P 2350a0dc3f5e489a88773779ce76e5e9 [term 3 LEADER]: Becoming Leader. State: Replica: 2350a0dc3f5e489a88773779ce76e5e9, State: Running, Role: LEADER
I20260710 11:00:06.276499 14205 consensus_queue.cc:237] T c410954385ca4be5b75550d3612f8078 P 2350a0dc3f5e489a88773779ce76e5e9 [LEADER]: Queue going to LEADER mode. State: All replicated index: 0, Majority replicated index: 2, Committed index: 2, Last appended: 2.2, Last appended by leader: 2, Current term: 3, Majority size: 2, State: 0, Mode: LEADER, active raft config: opid_index: -1 OBSOLETE_local: false peers { permanent_uuid: "2350a0dc3f5e489a88773779ce76e5e9" member_type: VOTER last_known_addr { host: "127.12.245.195" port: 46555 } } peers { permanent_uuid: "655799fa20f241929194a951716af1c3" member_type: VOTER last_known_addr { host: "127.12.245.194" port: 40663 } } peers { permanent_uuid: "a11d951d69264517b2714bbc2f13df06" member_type: VOTER last_known_addr { host: "127.12.245.193" port: 44127 } }
I20260710 11:00:06.281762 13800 catalog_manager.cc:5697] T 02ae66bc7d0d4682b8d7fac9941c1120 P 2350a0dc3f5e489a88773779ce76e5e9 reported cstate change: term changed from 2 to 3, leader changed from a11d951d69264517b2714bbc2f13df06 (127.12.245.193) to 2350a0dc3f5e489a88773779ce76e5e9 (127.12.245.195). New cstate: current_term: 3 leader_uuid: "2350a0dc3f5e489a88773779ce76e5e9" committed_config { opid_index: -1 OBSOLETE_local: false peers { permanent_uuid: "a11d951d69264517b2714bbc2f13df06" member_type: VOTER last_known_addr { host: "127.12.245.193" port: 44127 } health_report { overall_health: UNKNOWN } } peers { permanent_uuid: "655799fa20f241929194a951716af1c3" member_type: VOTER last_known_addr { host: "127.12.245.194" port: 40663 } health_report { overall_health: UNKNOWN } } peers { permanent_uuid: "2350a0dc3f5e489a88773779ce76e5e9" member_type: VOTER last_known_addr { host: "127.12.245.195" port: 46555 } health_report { overall_health: HEALTHY } } }
I20260710 11:00:06.296680 13800 catalog_manager.cc:5697] T c410954385ca4be5b75550d3612f8078 P 2350a0dc3f5e489a88773779ce76e5e9 reported cstate change: term changed from 2 to 3, leader changed from a11d951d69264517b2714bbc2f13df06 (127.12.245.193) to 2350a0dc3f5e489a88773779ce76e5e9 (127.12.245.195). New cstate: current_term: 3 leader_uuid: "2350a0dc3f5e489a88773779ce76e5e9" committed_config { opid_index: -1 OBSOLETE_local: false peers { permanent_uuid: "2350a0dc3f5e489a88773779ce76e5e9" member_type: VOTER last_known_addr { host: "127.12.245.195" port: 46555 } health_report { overall_health: HEALTHY } } peers { permanent_uuid: "655799fa20f241929194a951716af1c3" member_type: VOTER last_known_addr { host: "127.12.245.194" port: 40663 } health_report { overall_health: UNKNOWN } } peers { permanent_uuid: "a11d951d69264517b2714bbc2f13df06" member_type: VOTER last_known_addr { host: "127.12.245.193" port: 44127 } health_report { overall_health: UNKNOWN } } }
I20260710 11:00:06.706923 13976 raft_consensus.cc:1275] T 02ae66bc7d0d4682b8d7fac9941c1120 P 655799fa20f241929194a951716af1c3 [term 3 FOLLOWER]: Refusing update from remote peer 2350a0dc3f5e489a88773779ce76e5e9: Log matching property violated. Preceding OpId in replica: term: 2 index: 2. Preceding OpId from leader: term: 3 index: 3. (index mismatch)
I20260710 11:00:06.708380 14205 consensus_queue.cc:1048] T 02ae66bc7d0d4682b8d7fac9941c1120 P 2350a0dc3f5e489a88773779ce76e5e9 [LEADER]: Connected to new peer: Peer: permanent_uuid: "655799fa20f241929194a951716af1c3" member_type: VOTER last_known_addr { host: "127.12.245.194" port: 40663 }, Status: LMP_MISMATCH, Last received: 0.0, Next index: 3, Last known committed idx: 2, Time since last communication: 0.000s
I20260710 11:00:06.719157 13901 raft_consensus.cc:1275] T 02ae66bc7d0d4682b8d7fac9941c1120 P a11d951d69264517b2714bbc2f13df06 [term 3 FOLLOWER]: Refusing update from remote peer 2350a0dc3f5e489a88773779ce76e5e9: Log matching property violated. Preceding OpId in replica: term: 2 index: 2. Preceding OpId from leader: term: 3 index: 3. (index mismatch)
I20260710 11:00:06.720685 14133 consensus_queue.cc:1048] T 02ae66bc7d0d4682b8d7fac9941c1120 P 2350a0dc3f5e489a88773779ce76e5e9 [LEADER]: Connected to new peer: Peer: permanent_uuid: "a11d951d69264517b2714bbc2f13df06" member_type: VOTER last_known_addr { host: "127.12.245.193" port: 44127 }, Status: LMP_MISMATCH, Last received: 0.0, Next index: 3, Last known committed idx: 2, Time since last communication: 0.000s
I20260710 11:00:06.742069 13901 raft_consensus.cc:1275] T c410954385ca4be5b75550d3612f8078 P a11d951d69264517b2714bbc2f13df06 [term 3 FOLLOWER]: Refusing update from remote peer 2350a0dc3f5e489a88773779ce76e5e9: Log matching property violated. Preceding OpId in replica: term: 2 index: 2. Preceding OpId from leader: term: 3 index: 3. (index mismatch)
I20260710 11:00:06.743335 14133 consensus_queue.cc:1048] T c410954385ca4be5b75550d3612f8078 P 2350a0dc3f5e489a88773779ce76e5e9 [LEADER]: Connected to new peer: Peer: permanent_uuid: "a11d951d69264517b2714bbc2f13df06" member_type: VOTER last_known_addr { host: "127.12.245.193" port: 44127 }, Status: LMP_MISMATCH, Last received: 0.0, Next index: 3, Last known committed idx: 2, Time since last communication: 0.000s
I20260710 11:00:06.752027 13974 raft_consensus.cc:1275] T c410954385ca4be5b75550d3612f8078 P 655799fa20f241929194a951716af1c3 [term 3 FOLLOWER]: Refusing update from remote peer 2350a0dc3f5e489a88773779ce76e5e9: Log matching property violated. Preceding OpId in replica: term: 2 index: 2. Preceding OpId from leader: term: 3 index: 3. (index mismatch)
I20260710 11:00:06.753541 14206 consensus_queue.cc:1048] T c410954385ca4be5b75550d3612f8078 P 2350a0dc3f5e489a88773779ce76e5e9 [LEADER]: Connected to new peer: Peer: permanent_uuid: "655799fa20f241929194a951716af1c3" member_type: VOTER last_known_addr { host: "127.12.245.194" port: 40663 }, Status: LMP_MISMATCH, Last received: 0.0, Next index: 3, Last known committed idx: 2, Time since last communication: 0.000s
I20260710 11:00:07.187348 13271 auto_leader_rebalancer.cc:141] leader rebalance for table test-workload
I20260710 11:00:07.196949 14051 tablet_service.cc:2072] Received LeaderStepDown RPC: tablet_id: "c410954385ca4be5b75550d3612f8078"
dest_uuid: "2350a0dc3f5e489a88773779ce76e5e9"
mode: GRACEFUL
new_leader_uuid: "a11d951d69264517b2714bbc2f13df06"
 from {username='slave'} at 127.0.0.1:46722
I20260710 11:00:07.197523 14051 raft_consensus.cc:606] T c410954385ca4be5b75550d3612f8078 P 2350a0dc3f5e489a88773779ce76e5e9 [term 3 LEADER]: Received request to transfer leadership to TS a11d951d69264517b2714bbc2f13df06
I20260710 11:00:07.204749 14051 tablet_service.cc:2072] Received LeaderStepDown RPC: tablet_id: "02ae66bc7d0d4682b8d7fac9941c1120"
dest_uuid: "2350a0dc3f5e489a88773779ce76e5e9"
mode: GRACEFUL
new_leader_uuid: "a11d951d69264517b2714bbc2f13df06"
 from {username='slave'} at 127.0.0.1:46722
I20260710 11:00:07.205333 14051 raft_consensus.cc:606] T 02ae66bc7d0d4682b8d7fac9941c1120 P 2350a0dc3f5e489a88773779ce76e5e9 [term 3 LEADER]: Received request to transfer leadership to TS a11d951d69264517b2714bbc2f13df06
I20260710 11:00:07.207697 14206 raft_consensus.cc:993] T c410954385ca4be5b75550d3612f8078 P 2350a0dc3f5e489a88773779ce76e5e9: : Instructing follower a11d951d69264517b2714bbc2f13df06 to start an election
I20260710 11:00:07.208128 14205 raft_consensus.cc:1081] T c410954385ca4be5b75550d3612f8078 P 2350a0dc3f5e489a88773779ce76e5e9 [term 3 LEADER]: Signalling peer a11d951d69264517b2714bbc2f13df06 to start an election
I20260710 11:00:07.209599 13901 tablet_service.cc:2044] Received Run Leader Election RPC: tablet_id: "c410954385ca4be5b75550d3612f8078"
dest_uuid: "a11d951d69264517b2714bbc2f13df06"
 from {username='slave'} at 127.0.0.1:52810
I20260710 11:00:07.210050 13901 raft_consensus.cc:493] T c410954385ca4be5b75550d3612f8078 P a11d951d69264517b2714bbc2f13df06 [term 3 FOLLOWER]: Starting forced leader election (received explicit request)
I20260710 11:00:07.210352 13901 raft_consensus.cc:3060] T c410954385ca4be5b75550d3612f8078 P a11d951d69264517b2714bbc2f13df06 [term 3 FOLLOWER]: Advancing to term 4
I20260710 11:00:07.214843 13974 tablet_service.cc:2072] Received LeaderStepDown RPC: tablet_id: "c6602fd6254a419f86c891701a5bb4df"
dest_uuid: "655799fa20f241929194a951716af1c3"
mode: GRACEFUL
new_leader_uuid: "a11d951d69264517b2714bbc2f13df06"
 from {username='slave'} at 127.0.0.1:36186
I20260710 11:00:07.214847 13901 raft_consensus.cc:515] T c410954385ca4be5b75550d3612f8078 P a11d951d69264517b2714bbc2f13df06 [term 4 FOLLOWER]: Starting forced leader election with config: opid_index: -1 OBSOLETE_local: false peers { permanent_uuid: "2350a0dc3f5e489a88773779ce76e5e9" member_type: VOTER last_known_addr { host: "127.12.245.195" port: 46555 } } peers { permanent_uuid: "655799fa20f241929194a951716af1c3" member_type: VOTER last_known_addr { host: "127.12.245.194" port: 40663 } } peers { permanent_uuid: "a11d951d69264517b2714bbc2f13df06" member_type: VOTER last_known_addr { host: "127.12.245.193" port: 44127 } }
I20260710 11:00:07.215400 13974 raft_consensus.cc:606] T c6602fd6254a419f86c891701a5bb4df P 655799fa20f241929194a951716af1c3 [term 2 LEADER]: Received request to transfer leadership to TS a11d951d69264517b2714bbc2f13df06
I20260710 11:00:07.217170 13901 leader_election.cc:290] T c410954385ca4be5b75550d3612f8078 P a11d951d69264517b2714bbc2f13df06 [CANDIDATE]: Term 4 election: Requested vote from peers 2350a0dc3f5e489a88773779ce76e5e9 (127.12.245.195:46555), 655799fa20f241929194a951716af1c3 (127.12.245.194:40663)
I20260710 11:00:07.217693 13974 tablet_service.cc:1917] Received RequestConsensusVote() RPC: tablet_id: "c410954385ca4be5b75550d3612f8078" candidate_uuid: "a11d951d69264517b2714bbc2f13df06" candidate_term: 4 candidate_status { last_received { term: 3 index: 3 } } ignore_live_leader: true dest_uuid: "655799fa20f241929194a951716af1c3"
I20260710 11:00:07.217859 14051 tablet_service.cc:1917] Received RequestConsensusVote() RPC: tablet_id: "c410954385ca4be5b75550d3612f8078" candidate_uuid: "a11d951d69264517b2714bbc2f13df06" candidate_term: 4 candidate_status { last_received { term: 3 index: 3 } } ignore_live_leader: true dest_uuid: "2350a0dc3f5e489a88773779ce76e5e9"
I20260710 11:00:07.218199 13974 raft_consensus.cc:3060] T c410954385ca4be5b75550d3612f8078 P 655799fa20f241929194a951716af1c3 [term 3 FOLLOWER]: Advancing to term 4
I20260710 11:00:07.218534 14051 raft_consensus.cc:3055] T c410954385ca4be5b75550d3612f8078 P 2350a0dc3f5e489a88773779ce76e5e9 [term 3 LEADER]: Stepping down as leader of term 3
I20260710 11:00:07.218791 14051 raft_consensus.cc:740] T c410954385ca4be5b75550d3612f8078 P 2350a0dc3f5e489a88773779ce76e5e9 [term 3 LEADER]: Becoming Follower/Learner. State: Replica: 2350a0dc3f5e489a88773779ce76e5e9, State: Running, Role: LEADER
I20260710 11:00:07.219338 14051 consensus_queue.cc:260] T c410954385ca4be5b75550d3612f8078 P 2350a0dc3f5e489a88773779ce76e5e9 [NON_LEADER]: Queue going to NON_LEADER mode. State: All replicated index: 0, Majority replicated index: 3, Committed index: 3, Last appended: 3.3, Last appended by leader: 3, Current term: 3, Majority size: -1, State: 0, Mode: NON_LEADER, active raft config: opid_index: -1 OBSOLETE_local: false peers { permanent_uuid: "2350a0dc3f5e489a88773779ce76e5e9" member_type: VOTER last_known_addr { host: "127.12.245.195" port: 46555 } } peers { permanent_uuid: "655799fa20f241929194a951716af1c3" member_type: VOTER last_known_addr { host: "127.12.245.194" port: 40663 } } peers { permanent_uuid: "a11d951d69264517b2714bbc2f13df06" member_type: VOTER last_known_addr { host: "127.12.245.193" port: 44127 } }
I20260710 11:00:07.220115 14051 raft_consensus.cc:3060] T c410954385ca4be5b75550d3612f8078 P 2350a0dc3f5e489a88773779ce76e5e9 [term 3 FOLLOWER]: Advancing to term 4
I20260710 11:00:07.222316 13974 raft_consensus.cc:2468] T c410954385ca4be5b75550d3612f8078 P 655799fa20f241929194a951716af1c3 [term 4 FOLLOWER]: Leader election vote request: Granting yes vote for candidate a11d951d69264517b2714bbc2f13df06 in term 4.
I20260710 11:00:07.223409 13865 leader_election.cc:304] T c410954385ca4be5b75550d3612f8078 P a11d951d69264517b2714bbc2f13df06 [CANDIDATE]: Term 4 election: Election decided. Result: candidate won. Election summary: received 2 responses out of 3 voters: 2 yes votes; 0 no votes. yes voters: 655799fa20f241929194a951716af1c3, a11d951d69264517b2714bbc2f13df06; no voters: 
I20260710 11:00:07.224256 14204 raft_consensus.cc:2804] T c410954385ca4be5b75550d3612f8078 P a11d951d69264517b2714bbc2f13df06 [term 4 FOLLOWER]: Leader election won for term 4
I20260710 11:00:07.224545 14051 raft_consensus.cc:2468] T c410954385ca4be5b75550d3612f8078 P 2350a0dc3f5e489a88773779ce76e5e9 [term 4 FOLLOWER]: Leader election vote request: Granting yes vote for candidate a11d951d69264517b2714bbc2f13df06 in term 4.
I20260710 11:00:07.226647 14204 raft_consensus.cc:697] T c410954385ca4be5b75550d3612f8078 P a11d951d69264517b2714bbc2f13df06 [term 4 LEADER]: Becoming Leader. State: Replica: a11d951d69264517b2714bbc2f13df06, State: Running, Role: LEADER
I20260710 11:00:07.227391 13974 tablet_service.cc:2072] Received LeaderStepDown RPC: tablet_id: "ffab633348c4455e8a5b0d5bda05ae66"
dest_uuid: "655799fa20f241929194a951716af1c3"
mode: GRACEFUL
new_leader_uuid: "a11d951d69264517b2714bbc2f13df06"
 from {username='slave'} at 127.0.0.1:36186
I20260710 11:00:07.227837 13974 raft_consensus.cc:606] T ffab633348c4455e8a5b0d5bda05ae66 P 655799fa20f241929194a951716af1c3 [term 2 LEADER]: Received request to transfer leadership to TS a11d951d69264517b2714bbc2f13df06
I20260710 11:00:07.227524 14204 consensus_queue.cc:237] T c410954385ca4be5b75550d3612f8078 P a11d951d69264517b2714bbc2f13df06 [LEADER]: Queue going to LEADER mode. State: All replicated index: 0, Majority replicated index: 3, Committed index: 3, Last appended: 3.3, Last appended by leader: 3, Current term: 4, Majority size: 2, State: 0, Mode: LEADER, active raft config: opid_index: -1 OBSOLETE_local: false peers { permanent_uuid: "2350a0dc3f5e489a88773779ce76e5e9" member_type: VOTER last_known_addr { host: "127.12.245.195" port: 46555 } } peers { permanent_uuid: "655799fa20f241929194a951716af1c3" member_type: VOTER last_known_addr { host: "127.12.245.194" port: 40663 } } peers { permanent_uuid: "a11d951d69264517b2714bbc2f13df06" member_type: VOTER last_known_addr { host: "127.12.245.193" port: 44127 } }
I20260710 11:00:07.233829 13974 tablet_service.cc:2072] Received LeaderStepDown RPC: tablet_id: "cd57c159671e4c4886e292a7e4725a4a"
dest_uuid: "655799fa20f241929194a951716af1c3"
mode: GRACEFUL
new_leader_uuid: "a11d951d69264517b2714bbc2f13df06"
 from {username='slave'} at 127.0.0.1:36186
I20260710 11:00:07.234365 13974 raft_consensus.cc:606] T cd57c159671e4c4886e292a7e4725a4a P 655799fa20f241929194a951716af1c3 [term 1 LEADER]: Received request to transfer leadership to TS a11d951d69264517b2714bbc2f13df06
I20260710 11:00:07.234014 13800 catalog_manager.cc:5697] T c410954385ca4be5b75550d3612f8078 P a11d951d69264517b2714bbc2f13df06 reported cstate change: term changed from 3 to 4, leader changed from 2350a0dc3f5e489a88773779ce76e5e9 (127.12.245.195) to a11d951d69264517b2714bbc2f13df06 (127.12.245.193). New cstate: current_term: 4 leader_uuid: "a11d951d69264517b2714bbc2f13df06" committed_config { opid_index: -1 OBSOLETE_local: false peers { permanent_uuid: "2350a0dc3f5e489a88773779ce76e5e9" member_type: VOTER last_known_addr { host: "127.12.245.195" port: 46555 } health_report { overall_health: UNKNOWN } } peers { permanent_uuid: "655799fa20f241929194a951716af1c3" member_type: VOTER last_known_addr { host: "127.12.245.194" port: 40663 } health_report { overall_health: UNKNOWN } } peers { permanent_uuid: "a11d951d69264517b2714bbc2f13df06" member_type: VOTER last_known_addr { host: "127.12.245.193" port: 44127 } health_report { overall_health: HEALTHY } } }
I20260710 11:00:07.434523 14184 raft_consensus.cc:993] T ffab633348c4455e8a5b0d5bda05ae66 P 655799fa20f241929194a951716af1c3: : Instructing follower a11d951d69264517b2714bbc2f13df06 to start an election
I20260710 11:00:07.435055 14224 raft_consensus.cc:1081] T ffab633348c4455e8a5b0d5bda05ae66 P 655799fa20f241929194a951716af1c3 [term 2 LEADER]: Signalling peer a11d951d69264517b2714bbc2f13df06 to start an election
I20260710 11:00:07.436569 13901 tablet_service.cc:2044] Received Run Leader Election RPC: tablet_id: "ffab633348c4455e8a5b0d5bda05ae66"
dest_uuid: "a11d951d69264517b2714bbc2f13df06"
 from {username='slave'} at 127.0.0.1:52798
I20260710 11:00:07.437171 13901 raft_consensus.cc:493] T ffab633348c4455e8a5b0d5bda05ae66 P a11d951d69264517b2714bbc2f13df06 [term 2 FOLLOWER]: Starting forced leader election (received explicit request)
I20260710 11:00:07.437598 13901 raft_consensus.cc:3060] T ffab633348c4455e8a5b0d5bda05ae66 P a11d951d69264517b2714bbc2f13df06 [term 2 FOLLOWER]: Advancing to term 3
I20260710 11:00:07.443591 13901 raft_consensus.cc:515] T ffab633348c4455e8a5b0d5bda05ae66 P a11d951d69264517b2714bbc2f13df06 [term 3 FOLLOWER]: Starting forced leader election with config: opid_index: -1 OBSOLETE_local: false peers { permanent_uuid: "a11d951d69264517b2714bbc2f13df06" member_type: VOTER last_known_addr { host: "127.12.245.193" port: 44127 } } peers { permanent_uuid: "655799fa20f241929194a951716af1c3" member_type: VOTER last_known_addr { host: "127.12.245.194" port: 40663 } } peers { permanent_uuid: "2350a0dc3f5e489a88773779ce76e5e9" member_type: VOTER last_known_addr { host: "127.12.245.195" port: 46555 } }
I20260710 11:00:07.445415 13901 leader_election.cc:290] T ffab633348c4455e8a5b0d5bda05ae66 P a11d951d69264517b2714bbc2f13df06 [CANDIDATE]: Term 3 election: Requested vote from peers 655799fa20f241929194a951716af1c3 (127.12.245.194:40663), 2350a0dc3f5e489a88773779ce76e5e9 (127.12.245.195:46555)
I20260710 11:00:07.446290 13974 tablet_service.cc:1917] Received RequestConsensusVote() RPC: tablet_id: "ffab633348c4455e8a5b0d5bda05ae66" candidate_uuid: "a11d951d69264517b2714bbc2f13df06" candidate_term: 3 candidate_status { last_received { term: 2 index: 2 } } ignore_live_leader: true dest_uuid: "655799fa20f241929194a951716af1c3"
I20260710 11:00:07.446462 14051 tablet_service.cc:1917] Received RequestConsensusVote() RPC: tablet_id: "ffab633348c4455e8a5b0d5bda05ae66" candidate_uuid: "a11d951d69264517b2714bbc2f13df06" candidate_term: 3 candidate_status { last_received { term: 2 index: 2 } } ignore_live_leader: true dest_uuid: "2350a0dc3f5e489a88773779ce76e5e9"
I20260710 11:00:07.446903 13974 raft_consensus.cc:3055] T ffab633348c4455e8a5b0d5bda05ae66 P 655799fa20f241929194a951716af1c3 [term 2 LEADER]: Stepping down as leader of term 2
I20260710 11:00:07.447008 14051 raft_consensus.cc:3060] T ffab633348c4455e8a5b0d5bda05ae66 P 2350a0dc3f5e489a88773779ce76e5e9 [term 2 FOLLOWER]: Advancing to term 3
I20260710 11:00:07.447203 13974 raft_consensus.cc:740] T ffab633348c4455e8a5b0d5bda05ae66 P 655799fa20f241929194a951716af1c3 [term 2 LEADER]: Becoming Follower/Learner. State: Replica: 655799fa20f241929194a951716af1c3, State: Running, Role: LEADER
I20260710 11:00:07.448079 13974 consensus_queue.cc:260] T ffab633348c4455e8a5b0d5bda05ae66 P 655799fa20f241929194a951716af1c3 [NON_LEADER]: Queue going to NON_LEADER mode. State: All replicated index: 0, Majority replicated index: 2, Committed index: 2, Last appended: 2.2, Last appended by leader: 2, Current term: 2, Majority size: -1, State: 0, Mode: NON_LEADER, active raft config: opid_index: -1 OBSOLETE_local: false peers { permanent_uuid: "a11d951d69264517b2714bbc2f13df06" member_type: VOTER last_known_addr { host: "127.12.245.193" port: 44127 } } peers { permanent_uuid: "655799fa20f241929194a951716af1c3" member_type: VOTER last_known_addr { host: "127.12.245.194" port: 40663 } } peers { permanent_uuid: "2350a0dc3f5e489a88773779ce76e5e9" member_type: VOTER last_known_addr { host: "127.12.245.195" port: 46555 } }
I20260710 11:00:07.448930 13974 raft_consensus.cc:3060] T ffab633348c4455e8a5b0d5bda05ae66 P 655799fa20f241929194a951716af1c3 [term 2 FOLLOWER]: Advancing to term 3
I20260710 11:00:07.451496 14051 raft_consensus.cc:2468] T ffab633348c4455e8a5b0d5bda05ae66 P 2350a0dc3f5e489a88773779ce76e5e9 [term 3 FOLLOWER]: Leader election vote request: Granting yes vote for candidate a11d951d69264517b2714bbc2f13df06 in term 3.
I20260710 11:00:07.452503 13867 leader_election.cc:304] T ffab633348c4455e8a5b0d5bda05ae66 P a11d951d69264517b2714bbc2f13df06 [CANDIDATE]: Term 3 election: Election decided. Result: candidate won. Election summary: received 2 responses out of 3 voters: 2 yes votes; 0 no votes. yes voters: 2350a0dc3f5e489a88773779ce76e5e9, a11d951d69264517b2714bbc2f13df06; no voters: 
I20260710 11:00:07.453255 14204 raft_consensus.cc:2804] T ffab633348c4455e8a5b0d5bda05ae66 P a11d951d69264517b2714bbc2f13df06 [term 3 FOLLOWER]: Leader election won for term 3
I20260710 11:00:07.453397 13974 raft_consensus.cc:2468] T ffab633348c4455e8a5b0d5bda05ae66 P 655799fa20f241929194a951716af1c3 [term 3 FOLLOWER]: Leader election vote request: Granting yes vote for candidate a11d951d69264517b2714bbc2f13df06 in term 3.
I20260710 11:00:07.453703 14204 raft_consensus.cc:697] T ffab633348c4455e8a5b0d5bda05ae66 P a11d951d69264517b2714bbc2f13df06 [term 3 LEADER]: Becoming Leader. State: Replica: a11d951d69264517b2714bbc2f13df06, State: Running, Role: LEADER
I20260710 11:00:07.454813 14204 consensus_queue.cc:237] T ffab633348c4455e8a5b0d5bda05ae66 P a11d951d69264517b2714bbc2f13df06 [LEADER]: Queue going to LEADER mode. State: All replicated index: 0, Majority replicated index: 2, Committed index: 2, Last appended: 2.2, Last appended by leader: 2, Current term: 3, Majority size: 2, State: 0, Mode: LEADER, active raft config: opid_index: -1 OBSOLETE_local: false peers { permanent_uuid: "a11d951d69264517b2714bbc2f13df06" member_type: VOTER last_known_addr { host: "127.12.245.193" port: 44127 } } peers { permanent_uuid: "655799fa20f241929194a951716af1c3" member_type: VOTER last_known_addr { host: "127.12.245.194" port: 40663 } } peers { permanent_uuid: "2350a0dc3f5e489a88773779ce76e5e9" member_type: VOTER last_known_addr { host: "127.12.245.195" port: 46555 } }
I20260710 11:00:07.461283 13800 catalog_manager.cc:5697] T ffab633348c4455e8a5b0d5bda05ae66 P a11d951d69264517b2714bbc2f13df06 reported cstate change: term changed from 2 to 3, leader changed from 655799fa20f241929194a951716af1c3 (127.12.245.194) to a11d951d69264517b2714bbc2f13df06 (127.12.245.193). New cstate: current_term: 3 leader_uuid: "a11d951d69264517b2714bbc2f13df06" committed_config { opid_index: -1 OBSOLETE_local: false peers { permanent_uuid: "a11d951d69264517b2714bbc2f13df06" member_type: VOTER last_known_addr { host: "127.12.245.193" port: 44127 } health_report { overall_health: HEALTHY } } peers { permanent_uuid: "655799fa20f241929194a951716af1c3" member_type: VOTER last_known_addr { host: "127.12.245.194" port: 40663 } health_report { overall_health: UNKNOWN } } peers { permanent_uuid: "2350a0dc3f5e489a88773779ce76e5e9" member_type: VOTER last_known_addr { host: "127.12.245.195" port: 46555 } health_report { overall_health: UNKNOWN } } }
I20260710 11:00:07.476850 14184 raft_consensus.cc:993] T cd57c159671e4c4886e292a7e4725a4a P 655799fa20f241929194a951716af1c3: : Instructing follower a11d951d69264517b2714bbc2f13df06 to start an election
I20260710 11:00:07.477278 14224 raft_consensus.cc:1081] T cd57c159671e4c4886e292a7e4725a4a P 655799fa20f241929194a951716af1c3 [term 1 LEADER]: Signalling peer a11d951d69264517b2714bbc2f13df06 to start an election
I20260710 11:00:07.478855 13901 tablet_service.cc:2044] Received Run Leader Election RPC: tablet_id: "cd57c159671e4c4886e292a7e4725a4a"
dest_uuid: "a11d951d69264517b2714bbc2f13df06"
 from {username='slave'} at 127.0.0.1:52798
I20260710 11:00:07.479333 13901 raft_consensus.cc:493] T cd57c159671e4c4886e292a7e4725a4a P a11d951d69264517b2714bbc2f13df06 [term 1 FOLLOWER]: Starting forced leader election (received explicit request)
I20260710 11:00:07.479632 13901 raft_consensus.cc:3060] T cd57c159671e4c4886e292a7e4725a4a P a11d951d69264517b2714bbc2f13df06 [term 1 FOLLOWER]: Advancing to term 2
I20260710 11:00:07.484151 13901 raft_consensus.cc:515] T cd57c159671e4c4886e292a7e4725a4a P a11d951d69264517b2714bbc2f13df06 [term 2 FOLLOWER]: Starting forced leader election with config: opid_index: -1 OBSOLETE_local: false peers { permanent_uuid: "a11d951d69264517b2714bbc2f13df06" member_type: VOTER last_known_addr { host: "127.12.245.193" port: 44127 } } peers { permanent_uuid: "655799fa20f241929194a951716af1c3" member_type: VOTER last_known_addr { host: "127.12.245.194" port: 40663 } } peers { permanent_uuid: "2350a0dc3f5e489a88773779ce76e5e9" member_type: VOTER last_known_addr { host: "127.12.245.195" port: 46555 } }
I20260710 11:00:07.485836 13901 leader_election.cc:290] T cd57c159671e4c4886e292a7e4725a4a P a11d951d69264517b2714bbc2f13df06 [CANDIDATE]: Term 2 election: Requested vote from peers 655799fa20f241929194a951716af1c3 (127.12.245.194:40663), 2350a0dc3f5e489a88773779ce76e5e9 (127.12.245.195:46555)
I20260710 11:00:07.486567 13974 tablet_service.cc:1917] Received RequestConsensusVote() RPC: tablet_id: "cd57c159671e4c4886e292a7e4725a4a" candidate_uuid: "a11d951d69264517b2714bbc2f13df06" candidate_term: 2 candidate_status { last_received { term: 1 index: 1 } } ignore_live_leader: true dest_uuid: "655799fa20f241929194a951716af1c3"
I20260710 11:00:07.487025 13974 raft_consensus.cc:3055] T cd57c159671e4c4886e292a7e4725a4a P 655799fa20f241929194a951716af1c3 [term 1 LEADER]: Stepping down as leader of term 1
I20260710 11:00:07.487021 14051 tablet_service.cc:1917] Received RequestConsensusVote() RPC: tablet_id: "cd57c159671e4c4886e292a7e4725a4a" candidate_uuid: "a11d951d69264517b2714bbc2f13df06" candidate_term: 2 candidate_status { last_received { term: 1 index: 1 } } ignore_live_leader: true dest_uuid: "2350a0dc3f5e489a88773779ce76e5e9"
I20260710 11:00:07.487459 13974 raft_consensus.cc:740] T cd57c159671e4c4886e292a7e4725a4a P 655799fa20f241929194a951716af1c3 [term 1 LEADER]: Becoming Follower/Learner. State: Replica: 655799fa20f241929194a951716af1c3, State: Running, Role: LEADER
I20260710 11:00:07.487648 14051 raft_consensus.cc:3060] T cd57c159671e4c4886e292a7e4725a4a P 2350a0dc3f5e489a88773779ce76e5e9 [term 1 FOLLOWER]: Advancing to term 2
I20260710 11:00:07.488140 13974 consensus_queue.cc:260] T cd57c159671e4c4886e292a7e4725a4a P 655799fa20f241929194a951716af1c3 [NON_LEADER]: Queue going to NON_LEADER mode. State: All replicated index: 0, Majority replicated index: 1, Committed index: 1, Last appended: 1.1, Last appended by leader: 1, Current term: 1, Majority size: -1, State: 0, Mode: NON_LEADER, active raft config: opid_index: -1 OBSOLETE_local: false peers { permanent_uuid: "a11d951d69264517b2714bbc2f13df06" member_type: VOTER last_known_addr { host: "127.12.245.193" port: 44127 } } peers { permanent_uuid: "655799fa20f241929194a951716af1c3" member_type: VOTER last_known_addr { host: "127.12.245.194" port: 40663 } } peers { permanent_uuid: "2350a0dc3f5e489a88773779ce76e5e9" member_type: VOTER last_known_addr { host: "127.12.245.195" port: 46555 } }
I20260710 11:00:07.488986 13974 raft_consensus.cc:3060] T cd57c159671e4c4886e292a7e4725a4a P 655799fa20f241929194a951716af1c3 [term 1 FOLLOWER]: Advancing to term 2
I20260710 11:00:07.491714 14051 raft_consensus.cc:2468] T cd57c159671e4c4886e292a7e4725a4a P 2350a0dc3f5e489a88773779ce76e5e9 [term 2 FOLLOWER]: Leader election vote request: Granting yes vote for candidate a11d951d69264517b2714bbc2f13df06 in term 2.
I20260710 11:00:07.492637 13867 leader_election.cc:304] T cd57c159671e4c4886e292a7e4725a4a P a11d951d69264517b2714bbc2f13df06 [CANDIDATE]: Term 2 election: Election decided. Result: candidate won. Election summary: received 2 responses out of 3 voters: 2 yes votes; 0 no votes. yes voters: 2350a0dc3f5e489a88773779ce76e5e9, a11d951d69264517b2714bbc2f13df06; no voters: 
I20260710 11:00:07.492898 13974 raft_consensus.cc:2468] T cd57c159671e4c4886e292a7e4725a4a P 655799fa20f241929194a951716af1c3 [term 2 FOLLOWER]: Leader election vote request: Granting yes vote for candidate a11d951d69264517b2714bbc2f13df06 in term 2.
I20260710 11:00:07.493475 14204 raft_consensus.cc:2804] T cd57c159671e4c4886e292a7e4725a4a P a11d951d69264517b2714bbc2f13df06 [term 2 FOLLOWER]: Leader election won for term 2
I20260710 11:00:07.493988 14204 raft_consensus.cc:697] T cd57c159671e4c4886e292a7e4725a4a P a11d951d69264517b2714bbc2f13df06 [term 2 LEADER]: Becoming Leader. State: Replica: a11d951d69264517b2714bbc2f13df06, State: Running, Role: LEADER
I20260710 11:00:07.494735 14204 consensus_queue.cc:237] T cd57c159671e4c4886e292a7e4725a4a P a11d951d69264517b2714bbc2f13df06 [LEADER]: Queue going to LEADER mode. State: All replicated index: 0, Majority replicated index: 1, Committed index: 1, Last appended: 1.1, Last appended by leader: 1, Current term: 2, Majority size: 2, State: 0, Mode: LEADER, active raft config: opid_index: -1 OBSOLETE_local: false peers { permanent_uuid: "a11d951d69264517b2714bbc2f13df06" member_type: VOTER last_known_addr { host: "127.12.245.193" port: 44127 } } peers { permanent_uuid: "655799fa20f241929194a951716af1c3" member_type: VOTER last_known_addr { host: "127.12.245.194" port: 40663 } } peers { permanent_uuid: "2350a0dc3f5e489a88773779ce76e5e9" member_type: VOTER last_known_addr { host: "127.12.245.195" port: 46555 } }
I20260710 11:00:07.501287 13800 catalog_manager.cc:5697] T cd57c159671e4c4886e292a7e4725a4a P a11d951d69264517b2714bbc2f13df06 reported cstate change: term changed from 1 to 2, leader changed from 655799fa20f241929194a951716af1c3 (127.12.245.194) to a11d951d69264517b2714bbc2f13df06 (127.12.245.193). New cstate: current_term: 2 leader_uuid: "a11d951d69264517b2714bbc2f13df06" committed_config { opid_index: -1 OBSOLETE_local: false peers { permanent_uuid: "a11d951d69264517b2714bbc2f13df06" member_type: VOTER last_known_addr { host: "127.12.245.193" port: 44127 } health_report { overall_health: HEALTHY } } peers { permanent_uuid: "655799fa20f241929194a951716af1c3" member_type: VOTER last_known_addr { host: "127.12.245.194" port: 40663 } health_report { overall_health: UNKNOWN } } peers { permanent_uuid: "2350a0dc3f5e489a88773779ce76e5e9" member_type: VOTER last_known_addr { host: "127.12.245.195" port: 46555 } health_report { overall_health: UNKNOWN } } }
I20260710 11:00:07.615247 14184 raft_consensus.cc:993] T c6602fd6254a419f86c891701a5bb4df P 655799fa20f241929194a951716af1c3: : Instructing follower a11d951d69264517b2714bbc2f13df06 to start an election
I20260710 11:00:07.615746 14224 raft_consensus.cc:1081] T c6602fd6254a419f86c891701a5bb4df P 655799fa20f241929194a951716af1c3 [term 2 LEADER]: Signalling peer a11d951d69264517b2714bbc2f13df06 to start an election
I20260710 11:00:07.617192 13902 tablet_service.cc:2044] Received Run Leader Election RPC: tablet_id: "c6602fd6254a419f86c891701a5bb4df"
dest_uuid: "a11d951d69264517b2714bbc2f13df06"
 from {username='slave'} at 127.0.0.1:52798
I20260710 11:00:07.617762 13902 raft_consensus.cc:493] T c6602fd6254a419f86c891701a5bb4df P a11d951d69264517b2714bbc2f13df06 [term 2 FOLLOWER]: Starting forced leader election (received explicit request)
I20260710 11:00:07.618064 13902 raft_consensus.cc:3060] T c6602fd6254a419f86c891701a5bb4df P a11d951d69264517b2714bbc2f13df06 [term 2 FOLLOWER]: Advancing to term 3
I20260710 11:00:07.618108 14206 raft_consensus.cc:993] T 02ae66bc7d0d4682b8d7fac9941c1120 P 2350a0dc3f5e489a88773779ce76e5e9: : Instructing follower a11d951d69264517b2714bbc2f13df06 to start an election
I20260710 11:00:07.618666 14205 raft_consensus.cc:1081] T 02ae66bc7d0d4682b8d7fac9941c1120 P 2350a0dc3f5e489a88773779ce76e5e9 [term 3 LEADER]: Signalling peer a11d951d69264517b2714bbc2f13df06 to start an election
I20260710 11:00:07.620038 13901 tablet_service.cc:2044] Received Run Leader Election RPC: tablet_id: "02ae66bc7d0d4682b8d7fac9941c1120"
dest_uuid: "a11d951d69264517b2714bbc2f13df06"
 from {username='slave'} at 127.0.0.1:52810
I20260710 11:00:07.620507 13901 raft_consensus.cc:493] T 02ae66bc7d0d4682b8d7fac9941c1120 P a11d951d69264517b2714bbc2f13df06 [term 3 FOLLOWER]: Starting forced leader election (received explicit request)
I20260710 11:00:07.620792 13901 raft_consensus.cc:3060] T 02ae66bc7d0d4682b8d7fac9941c1120 P a11d951d69264517b2714bbc2f13df06 [term 3 FOLLOWER]: Advancing to term 4
I20260710 11:00:07.622736 13902 raft_consensus.cc:515] T c6602fd6254a419f86c891701a5bb4df P a11d951d69264517b2714bbc2f13df06 [term 3 FOLLOWER]: Starting forced leader election with config: opid_index: -1 OBSOLETE_local: false peers { permanent_uuid: "a11d951d69264517b2714bbc2f13df06" member_type: VOTER last_known_addr { host: "127.12.245.193" port: 44127 } } peers { permanent_uuid: "655799fa20f241929194a951716af1c3" member_type: VOTER last_known_addr { host: "127.12.245.194" port: 40663 } } peers { permanent_uuid: "2350a0dc3f5e489a88773779ce76e5e9" member_type: VOTER last_known_addr { host: "127.12.245.195" port: 46555 } }
I20260710 11:00:07.624253 13902 leader_election.cc:290] T c6602fd6254a419f86c891701a5bb4df P a11d951d69264517b2714bbc2f13df06 [CANDIDATE]: Term 3 election: Requested vote from peers 655799fa20f241929194a951716af1c3 (127.12.245.194:40663), 2350a0dc3f5e489a88773779ce76e5e9 (127.12.245.195:46555)
I20260710 11:00:07.624897 13974 tablet_service.cc:1917] Received RequestConsensusVote() RPC: tablet_id: "c6602fd6254a419f86c891701a5bb4df" candidate_uuid: "a11d951d69264517b2714bbc2f13df06" candidate_term: 3 candidate_status { last_received { term: 2 index: 2 } } ignore_live_leader: true dest_uuid: "655799fa20f241929194a951716af1c3"
I20260710 11:00:07.625188 14051 tablet_service.cc:1917] Received RequestConsensusVote() RPC: tablet_id: "c6602fd6254a419f86c891701a5bb4df" candidate_uuid: "a11d951d69264517b2714bbc2f13df06" candidate_term: 3 candidate_status { last_received { term: 2 index: 2 } } ignore_live_leader: true dest_uuid: "2350a0dc3f5e489a88773779ce76e5e9"
I20260710 11:00:07.625530 13974 raft_consensus.cc:3055] T c6602fd6254a419f86c891701a5bb4df P 655799fa20f241929194a951716af1c3 [term 2 LEADER]: Stepping down as leader of term 2
I20260710 11:00:07.625743 14051 raft_consensus.cc:3060] T c6602fd6254a419f86c891701a5bb4df P 2350a0dc3f5e489a88773779ce76e5e9 [term 2 FOLLOWER]: Advancing to term 3
I20260710 11:00:07.625557 13901 raft_consensus.cc:515] T 02ae66bc7d0d4682b8d7fac9941c1120 P a11d951d69264517b2714bbc2f13df06 [term 4 FOLLOWER]: Starting forced leader election with config: opid_index: -1 OBSOLETE_local: false peers { permanent_uuid: "a11d951d69264517b2714bbc2f13df06" member_type: VOTER last_known_addr { host: "127.12.245.193" port: 44127 } } peers { permanent_uuid: "655799fa20f241929194a951716af1c3" member_type: VOTER last_known_addr { host: "127.12.245.194" port: 40663 } } peers { permanent_uuid: "2350a0dc3f5e489a88773779ce76e5e9" member_type: VOTER last_known_addr { host: "127.12.245.195" port: 46555 } }
I20260710 11:00:07.626005 13974 raft_consensus.cc:740] T c6602fd6254a419f86c891701a5bb4df P 655799fa20f241929194a951716af1c3 [term 2 LEADER]: Becoming Follower/Learner. State: Replica: 655799fa20f241929194a951716af1c3, State: Running, Role: LEADER
I20260710 11:00:07.626905 13974 consensus_queue.cc:260] T c6602fd6254a419f86c891701a5bb4df P 655799fa20f241929194a951716af1c3 [NON_LEADER]: Queue going to NON_LEADER mode. State: All replicated index: 0, Majority replicated index: 2, Committed index: 2, Last appended: 2.2, Last appended by leader: 2, Current term: 2, Majority size: -1, State: 0, Mode: NON_LEADER, active raft config: opid_index: -1 OBSOLETE_local: false peers { permanent_uuid: "a11d951d69264517b2714bbc2f13df06" member_type: VOTER last_known_addr { host: "127.12.245.193" port: 44127 } } peers { permanent_uuid: "655799fa20f241929194a951716af1c3" member_type: VOTER last_known_addr { host: "127.12.245.194" port: 40663 } } peers { permanent_uuid: "2350a0dc3f5e489a88773779ce76e5e9" member_type: VOTER last_known_addr { host: "127.12.245.195" port: 46555 } }
I20260710 11:00:07.628036 13974 raft_consensus.cc:3060] T c6602fd6254a419f86c891701a5bb4df P 655799fa20f241929194a951716af1c3 [term 2 FOLLOWER]: Advancing to term 3
I20260710 11:00:07.628407 13976 tablet_service.cc:1917] Received RequestConsensusVote() RPC: tablet_id: "02ae66bc7d0d4682b8d7fac9941c1120" candidate_uuid: "a11d951d69264517b2714bbc2f13df06" candidate_term: 4 candidate_status { last_received { term: 3 index: 3 } } ignore_live_leader: true dest_uuid: "655799fa20f241929194a951716af1c3"
I20260710 11:00:07.628603 14050 tablet_service.cc:1917] Received RequestConsensusVote() RPC: tablet_id: "02ae66bc7d0d4682b8d7fac9941c1120" candidate_uuid: "a11d951d69264517b2714bbc2f13df06" candidate_term: 4 candidate_status { last_received { term: 3 index: 3 } } ignore_live_leader: true dest_uuid: "2350a0dc3f5e489a88773779ce76e5e9"
I20260710 11:00:07.629086 13976 raft_consensus.cc:3060] T 02ae66bc7d0d4682b8d7fac9941c1120 P 655799fa20f241929194a951716af1c3 [term 3 FOLLOWER]: Advancing to term 4
I20260710 11:00:07.629181 14050 raft_consensus.cc:3055] T 02ae66bc7d0d4682b8d7fac9941c1120 P 2350a0dc3f5e489a88773779ce76e5e9 [term 3 LEADER]: Stepping down as leader of term 3
I20260710 11:00:07.629578 14050 raft_consensus.cc:740] T 02ae66bc7d0d4682b8d7fac9941c1120 P 2350a0dc3f5e489a88773779ce76e5e9 [term 3 LEADER]: Becoming Follower/Learner. State: Replica: 2350a0dc3f5e489a88773779ce76e5e9, State: Running, Role: LEADER
I20260710 11:00:07.630314 14050 consensus_queue.cc:260] T 02ae66bc7d0d4682b8d7fac9941c1120 P 2350a0dc3f5e489a88773779ce76e5e9 [NON_LEADER]: Queue going to NON_LEADER mode. State: All replicated index: 0, Majority replicated index: 3, Committed index: 3, Last appended: 3.3, Last appended by leader: 3, Current term: 3, Majority size: -1, State: 0, Mode: NON_LEADER, active raft config: opid_index: -1 OBSOLETE_local: false peers { permanent_uuid: "a11d951d69264517b2714bbc2f13df06" member_type: VOTER last_known_addr { host: "127.12.245.193" port: 44127 } } peers { permanent_uuid: "655799fa20f241929194a951716af1c3" member_type: VOTER last_known_addr { host: "127.12.245.194" port: 40663 } } peers { permanent_uuid: "2350a0dc3f5e489a88773779ce76e5e9" member_type: VOTER last_known_addr { host: "127.12.245.195" port: 46555 } }
I20260710 11:00:07.631317 14050 raft_consensus.cc:3060] T 02ae66bc7d0d4682b8d7fac9941c1120 P 2350a0dc3f5e489a88773779ce76e5e9 [term 3 FOLLOWER]: Advancing to term 4
I20260710 11:00:07.631790 14051 raft_consensus.cc:2468] T c6602fd6254a419f86c891701a5bb4df P 2350a0dc3f5e489a88773779ce76e5e9 [term 3 FOLLOWER]: Leader election vote request: Granting yes vote for candidate a11d951d69264517b2714bbc2f13df06 in term 3.
I20260710 11:00:07.633004 13867 leader_election.cc:304] T c6602fd6254a419f86c891701a5bb4df P a11d951d69264517b2714bbc2f13df06 [CANDIDATE]: Term 3 election: Election decided. Result: candidate won. Election summary: received 2 responses out of 3 voters: 2 yes votes; 0 no votes. yes voters: 2350a0dc3f5e489a88773779ce76e5e9, a11d951d69264517b2714bbc2f13df06; no voters: 
I20260710 11:00:07.628475 13901 leader_election.cc:290] T 02ae66bc7d0d4682b8d7fac9941c1120 P a11d951d69264517b2714bbc2f13df06 [CANDIDATE]: Term 4 election: Requested vote from peers 655799fa20f241929194a951716af1c3 (127.12.245.194:40663), 2350a0dc3f5e489a88773779ce76e5e9 (127.12.245.195:46555)
I20260710 11:00:07.633883 14204 raft_consensus.cc:2804] T c6602fd6254a419f86c891701a5bb4df P a11d951d69264517b2714bbc2f13df06 [term 3 FOLLOWER]: Leader election won for term 3
