I20260710 10:59:58.270455  1678 raft_consensus.cc:515] T 757841559cac40a9bfb4e75e2ae609cd P 44ec78d2031741d1bff7bff662475d27 [term 0 FOLLOWER]: Starting pre-election with config: opid_index: -1 OBSOLETE_local: false peers { permanent_uuid: "f6b10c9fe62c41e4bd2b729e29766534" member_type: VOTER last_known_addr { host: "127.0.213.65" port: 43069 } } peers { permanent_uuid: "44ec78d2031741d1bff7bff662475d27" member_type: VOTER last_known_addr { host: "127.0.213.66" port: 42225 } } peers { permanent_uuid: "5ccf88548bbe4d7a85c784650ccfb062" member_type: VOTER last_known_addr { host: "127.0.213.67" port: 40745 } }
I20260710 10:59:58.272627  1678 leader_election.cc:290] T 757841559cac40a9bfb4e75e2ae609cd P 44ec78d2031741d1bff7bff662475d27 [CANDIDATE]: Term 1 pre-election: Requested pre-vote from peers f6b10c9fe62c41e4bd2b729e29766534 (127.0.213.65:43069), 5ccf88548bbe4d7a85c784650ccfb062 (127.0.213.67:40745)
I20260710 10:59:58.276117  1483 tablet_service.cc:1917] Received RequestConsensusVote() RPC: tablet_id: "757841559cac40a9bfb4e75e2ae609cd" candidate_uuid: "44ec78d2031741d1bff7bff662475d27" candidate_term: 1 candidate_status { last_received { term: 0 index: 0 } } ignore_live_leader: false dest_uuid: "f6b10c9fe62c41e4bd2b729e29766534" is_pre_election: true
I20260710 10:59:58.276981  1483 raft_consensus.cc:2468] T 757841559cac40a9bfb4e75e2ae609cd P f6b10c9fe62c41e4bd2b729e29766534 [term 0 FOLLOWER]: Leader pre-election vote request: Granting yes vote for candidate 44ec78d2031741d1bff7bff662475d27 in term 0.
I20260710 10:59:58.279194  1522 leader_election.cc:304] T 757841559cac40a9bfb4e75e2ae609cd P 44ec78d2031741d1bff7bff662475d27 [CANDIDATE]: Term 1 pre-election: Election decided. Result: candidate won. Election summary: received 2 responses out of 3 voters: 2 yes votes; 0 no votes. yes voters: 44ec78d2031741d1bff7bff662475d27, f6b10c9fe62c41e4bd2b729e29766534; no voters: 
I20260710 10:59:58.280361  1678 raft_consensus.cc:2804] T 757841559cac40a9bfb4e75e2ae609cd P 44ec78d2031741d1bff7bff662475d27 [term 0 FOLLOWER]: Leader pre-election won for term 1
I20260710 10:59:58.280813  1678 raft_consensus.cc:493] T 757841559cac40a9bfb4e75e2ae609cd P 44ec78d2031741d1bff7bff662475d27 [term 0 FOLLOWER]: Starting leader election (no leader contacted us within the election timeout)
I20260710 10:59:58.281224  1678 raft_consensus.cc:3060] T 757841559cac40a9bfb4e75e2ae609cd P 44ec78d2031741d1bff7bff662475d27 [term 0 FOLLOWER]: Advancing to term 1
I20260710 10:59:58.281267  1632 tablet_service.cc:1917] Received RequestConsensusVote() RPC: tablet_id: "757841559cac40a9bfb4e75e2ae609cd" candidate_uuid: "44ec78d2031741d1bff7bff662475d27" candidate_term: 1 candidate_status { last_received { term: 0 index: 0 } } ignore_live_leader: false dest_uuid: "5ccf88548bbe4d7a85c784650ccfb062" is_pre_election: true
I20260710 10:59:58.282217  1632 raft_consensus.cc:2468] T 757841559cac40a9bfb4e75e2ae609cd P 5ccf88548bbe4d7a85c784650ccfb062 [term 0 FOLLOWER]: Leader pre-election vote request: Granting yes vote for candidate 44ec78d2031741d1bff7bff662475d27 in term 0.
I20260710 10:59:58.283911  1679 raft_consensus.cc:493] T 882fde0d6d294f6b9241cf34439a560a P f6b10c9fe62c41e4bd2b729e29766534 [term 0 FOLLOWER]: Starting pre-election (no leader contacted us within the election timeout)
I20260710 10:59:58.284770  1679 raft_consensus.cc:515] T 882fde0d6d294f6b9241cf34439a560a P f6b10c9fe62c41e4bd2b729e29766534 [term 0 FOLLOWER]: Starting pre-election with config: opid_index: -1 OBSOLETE_local: false peers { permanent_uuid: "f6b10c9fe62c41e4bd2b729e29766534" member_type: VOTER last_known_addr { host: "127.0.213.65" port: 43069 } } peers { permanent_uuid: "44ec78d2031741d1bff7bff662475d27" member_type: VOTER last_known_addr { host: "127.0.213.66" port: 42225 } } peers { permanent_uuid: "5ccf88548bbe4d7a85c784650ccfb062" member_type: VOTER last_known_addr { host: "127.0.213.67" port: 40745 } }
I20260710 10:59:58.288197  1679 leader_election.cc:290] T 882fde0d6d294f6b9241cf34439a560a P f6b10c9fe62c41e4bd2b729e29766534 [CANDIDATE]: Term 1 pre-election: Requested pre-vote from peers 44ec78d2031741d1bff7bff662475d27 (127.0.213.66:42225), 5ccf88548bbe4d7a85c784650ccfb062 (127.0.213.67:40745)
I20260710 10:59:58.299496  1680 raft_consensus.cc:493] T f523d007e1eb49ebb9c3e1670d674c24 P 5ccf88548bbe4d7a85c784650ccfb062 [term 0 FOLLOWER]: Starting pre-election (no leader contacted us within the election timeout)
I20260710 10:59:58.300168  1680 raft_consensus.cc:515] T f523d007e1eb49ebb9c3e1670d674c24 P 5ccf88548bbe4d7a85c784650ccfb062 [term 0 FOLLOWER]: Starting pre-election with config: opid_index: -1 OBSOLETE_local: false peers { permanent_uuid: "5ccf88548bbe4d7a85c784650ccfb062" member_type: VOTER last_known_addr { host: "127.0.213.67" port: 40745 } } peers { permanent_uuid: "44ec78d2031741d1bff7bff662475d27" member_type: VOTER last_known_addr { host: "127.0.213.66" port: 42225 } } peers { permanent_uuid: "f6b10c9fe62c41e4bd2b729e29766534" member_type: VOTER last_known_addr { host: "127.0.213.65" port: 43069 } }
I20260710 10:59:58.302893  1680 leader_election.cc:290] T f523d007e1eb49ebb9c3e1670d674c24 P 5ccf88548bbe4d7a85c784650ccfb062 [CANDIDATE]: Term 1 pre-election: Requested pre-vote from peers 44ec78d2031741d1bff7bff662475d27 (127.0.213.66:42225), f6b10c9fe62c41e4bd2b729e29766534 (127.0.213.65:43069)
I20260710 10:59:58.318320  1557 tablet_service.cc:1917] Received RequestConsensusVote() RPC: tablet_id: "f523d007e1eb49ebb9c3e1670d674c24" candidate_uuid: "5ccf88548bbe4d7a85c784650ccfb062" candidate_term: 1 candidate_status { last_received { term: 0 index: 0 } } ignore_live_leader: false dest_uuid: "44ec78d2031741d1bff7bff662475d27" is_pre_election: true
I20260710 10:59:58.320719  1672 tablet_bootstrap.cc:492] T f5eafb9253ce44cd953b4db6de6c8dd8 P 44ec78d2031741d1bff7bff662475d27: No bootstrap required, opened a new log
I20260710 10:59:58.321208  1672 ts_tablet_manager.cc:1403] T f5eafb9253ce44cd953b4db6de6c8dd8 P 44ec78d2031741d1bff7bff662475d27: Time spent bootstrapping tablet: real 0.076s	user 0.023s	sys 0.041s
I20260710 10:59:58.318385  1558 tablet_service.cc:1917] Received RequestConsensusVote() RPC: tablet_id: "58ab944ad4b4404d9979a5cc424dc270" candidate_uuid: "5ccf88548bbe4d7a85c784650ccfb062" candidate_term: 1 candidate_status { last_received { term: 0 index: 0 } } ignore_live_leader: false dest_uuid: "44ec78d2031741d1bff7bff662475d27" is_pre_election: true
I20260710 10:59:58.322024  1674 tablet_bootstrap.cc:654] T 58ab944ad4b4404d9979a5cc424dc270 P f6b10c9fe62c41e4bd2b729e29766534: Neither blocks nor log segments found. Creating new log.
W20260710 10:59:58.322175  1595 leader_election.cc:343] T f523d007e1eb49ebb9c3e1670d674c24 P 5ccf88548bbe4d7a85c784650ccfb062 [CANDIDATE]: Term 1 pre-election: Tablet error from VoteRequest() call to peer 44ec78d2031741d1bff7bff662475d27 (127.0.213.66:42225): Illegal state: must be running to vote when last-logged opid is not known
W20260710 10:59:58.322899  1595 leader_election.cc:343] T 58ab944ad4b4404d9979a5cc424dc270 P 5ccf88548bbe4d7a85c784650ccfb062 [CANDIDATE]: Term 1 pre-election: Tablet error from VoteRequest() call to peer 44ec78d2031741d1bff7bff662475d27 (127.0.213.66:42225): Illegal state: must be running to vote when last-logged opid is not known
I20260710 10:59:58.323697  1632 tablet_service.cc:1917] Received RequestConsensusVote() RPC: tablet_id: "882fde0d6d294f6b9241cf34439a560a" candidate_uuid: "f6b10c9fe62c41e4bd2b729e29766534" candidate_term: 1 candidate_status { last_received { term: 0 index: 0 } } ignore_live_leader: false dest_uuid: "5ccf88548bbe4d7a85c784650ccfb062" is_pre_election: true
I20260710 10:59:58.323959  1672 raft_consensus.cc:359] T f5eafb9253ce44cd953b4db6de6c8dd8 P 44ec78d2031741d1bff7bff662475d27 [term 0 FOLLOWER]: Replica starting. Triggering 0 pending ops. Active config: opid_index: -1 OBSOLETE_local: false peers { permanent_uuid: "f6b10c9fe62c41e4bd2b729e29766534" member_type: VOTER last_known_addr { host: "127.0.213.65" port: 43069 } } peers { permanent_uuid: "44ec78d2031741d1bff7bff662475d27" member_type: VOTER last_known_addr { host: "127.0.213.66" port: 42225 } } peers { permanent_uuid: "5ccf88548bbe4d7a85c784650ccfb062" member_type: VOTER last_known_addr { host: "127.0.213.67" port: 40745 } }
I20260710 10:59:58.324668  1672 raft_consensus.cc:385] T f5eafb9253ce44cd953b4db6de6c8dd8 P 44ec78d2031741d1bff7bff662475d27 [term 0 FOLLOWER]: Consensus starting up: Expiring failure detector timer to make a prompt election more likely
I20260710 10:59:58.324980  1672 raft_consensus.cc:740] T f5eafb9253ce44cd953b4db6de6c8dd8 P 44ec78d2031741d1bff7bff662475d27 [term 0 FOLLOWER]: Becoming Follower/Learner. State: Replica: 44ec78d2031741d1bff7bff662475d27, State: Initialized, Role: FOLLOWER
W20260710 10:59:58.325345  1447 leader_election.cc:343] T 882fde0d6d294f6b9241cf34439a560a P f6b10c9fe62c41e4bd2b729e29766534 [CANDIDATE]: Term 1 pre-election: Tablet error from VoteRequest() call to peer 5ccf88548bbe4d7a85c784650ccfb062 (127.0.213.67:40745): Illegal state: must be running to vote when last-logged opid is not known
I20260710 10:59:58.326648  1672 consensus_queue.cc:260] T f5eafb9253ce44cd953b4db6de6c8dd8 P 44ec78d2031741d1bff7bff662475d27 [NON_LEADER]: Queue going to NON_LEADER mode. State: All replicated index: 0, Majority replicated index: 0, Committed index: 0, Last appended: 0.0, Last appended by leader: 0, Current term: 0, Majority size: -1, State: 0, Mode: NON_LEADER, active raft config: opid_index: -1 OBSOLETE_local: false peers { permanent_uuid: "f6b10c9fe62c41e4bd2b729e29766534" member_type: VOTER last_known_addr { host: "127.0.213.65" port: 43069 } } peers { permanent_uuid: "44ec78d2031741d1bff7bff662475d27" member_type: VOTER last_known_addr { host: "127.0.213.66" port: 42225 } } peers { permanent_uuid: "5ccf88548bbe4d7a85c784650ccfb062" member_type: VOTER last_known_addr { host: "127.0.213.67" port: 40745 } }
I20260710 10:59:58.331246  1672 ts_tablet_manager.cc:1434] T f5eafb9253ce44cd953b4db6de6c8dd8 P 44ec78d2031741d1bff7bff662475d27: Time spent starting tablet: real 0.010s	user 0.006s	sys 0.002s
I20260710 10:59:58.332203  1672 tablet_bootstrap.cc:492] T 20ca0e8ad462453faba7cbb4bf63466c P 44ec78d2031741d1bff7bff662475d27: Bootstrap starting.
I20260710 10:59:58.341128  1672 tablet_bootstrap.cc:654] T 20ca0e8ad462453faba7cbb4bf63466c P 44ec78d2031741d1bff7bff662475d27: Neither blocks nor log segments found. Creating new log.
W20260710 10:59:58.341958  1429 auto_rebalancer.cc:288] Could not retrieve cluster info: Service unavailable: Tablet not running
I20260710 10:59:58.342733  1558 tablet_service.cc:1917] Received RequestConsensusVote() RPC: tablet_id: "882fde0d6d294f6b9241cf34439a560a" candidate_uuid: "f6b10c9fe62c41e4bd2b729e29766534" candidate_term: 1 candidate_status { last_received { term: 0 index: 0 } } ignore_live_leader: false dest_uuid: "44ec78d2031741d1bff7bff662475d27" is_pre_election: true
I20260710 10:59:58.344962  1483 tablet_service.cc:1917] Received RequestConsensusVote() RPC: tablet_id: "58ab944ad4b4404d9979a5cc424dc270" candidate_uuid: "5ccf88548bbe4d7a85c784650ccfb062" candidate_term: 1 candidate_status { last_received { term: 0 index: 0 } } ignore_live_leader: false dest_uuid: "f6b10c9fe62c41e4bd2b729e29766534" is_pre_election: true
I20260710 10:59:58.333134  1678 raft_consensus.cc:515] T 757841559cac40a9bfb4e75e2ae609cd P 44ec78d2031741d1bff7bff662475d27 [term 1 FOLLOWER]: Starting leader election with config: opid_index: -1 OBSOLETE_local: false peers { permanent_uuid: "f6b10c9fe62c41e4bd2b729e29766534" member_type: VOTER last_known_addr { host: "127.0.213.65" port: 43069 } } peers { permanent_uuid: "44ec78d2031741d1bff7bff662475d27" member_type: VOTER last_known_addr { host: "127.0.213.66" port: 42225 } } peers { permanent_uuid: "5ccf88548bbe4d7a85c784650ccfb062" member_type: VOTER last_known_addr { host: "127.0.213.67" port: 40745 } }
W20260710 10:59:58.345721  1446 leader_election.cc:343] T 882fde0d6d294f6b9241cf34439a560a P f6b10c9fe62c41e4bd2b729e29766534 [CANDIDATE]: Term 1 pre-election: Tablet error from VoteRequest() call to peer 44ec78d2031741d1bff7bff662475d27 (127.0.213.66:42225): Illegal state: must be running to vote when last-logged opid is not known
I20260710 10:59:58.346364  1482 tablet_service.cc:1917] Received RequestConsensusVote() RPC: tablet_id: "f523d007e1eb49ebb9c3e1670d674c24" candidate_uuid: "5ccf88548bbe4d7a85c784650ccfb062" candidate_term: 1 candidate_status { last_received { term: 0 index: 0 } } ignore_live_leader: false dest_uuid: "f6b10c9fe62c41e4bd2b729e29766534" is_pre_election: true
I20260710 10:59:58.348609  1446 leader_election.cc:304] T 882fde0d6d294f6b9241cf34439a560a P f6b10c9fe62c41e4bd2b729e29766534 [CANDIDATE]: Term 1 pre-election: Election decided. Result: candidate lost. Election summary: received 3 responses out of 3 voters: 1 yes votes; 2 no votes. yes voters: f6b10c9fe62c41e4bd2b729e29766534; no voters: 44ec78d2031741d1bff7bff662475d27, 5ccf88548bbe4d7a85c784650ccfb062
I20260710 10:59:58.348765  1482 raft_consensus.cc:2468] T f523d007e1eb49ebb9c3e1670d674c24 P f6b10c9fe62c41e4bd2b729e29766534 [term 0 FOLLOWER]: Leader pre-election vote request: Granting yes vote for candidate 5ccf88548bbe4d7a85c784650ccfb062 in term 0.
I20260710 10:59:58.349619  1679 raft_consensus.cc:2749] T 882fde0d6d294f6b9241cf34439a560a P f6b10c9fe62c41e4bd2b729e29766534 [term 0 FOLLOWER]: Leader pre-election lost for term 1. Reason: could not achieve majority
I20260710 10:59:58.350219  1674 tablet_bootstrap.cc:492] T 58ab944ad4b4404d9979a5cc424dc270 P f6b10c9fe62c41e4bd2b729e29766534: No bootstrap required, opened a new log
I20260710 10:59:58.352448  1482 tablet_service.cc:1917] Received RequestConsensusVote() RPC: tablet_id: "757841559cac40a9bfb4e75e2ae609cd" candidate_uuid: "44ec78d2031741d1bff7bff662475d27" candidate_term: 1 candidate_status { last_received { term: 0 index: 0 } } ignore_live_leader: false dest_uuid: "f6b10c9fe62c41e4bd2b729e29766534"
W20260710 10:59:58.347677  1596 leader_election.cc:343] T 58ab944ad4b4404d9979a5cc424dc270 P 5ccf88548bbe4d7a85c784650ccfb062 [CANDIDATE]: Term 1 pre-election: Tablet error from VoteRequest() call to peer f6b10c9fe62c41e4bd2b729e29766534 (127.0.213.65:43069): Illegal state: must be running to vote when last-logged opid is not known
I20260710 10:59:58.353202  1674 ts_tablet_manager.cc:1403] T 58ab944ad4b4404d9979a5cc424dc270 P f6b10c9fe62c41e4bd2b729e29766534: Time spent bootstrapping tablet: real 0.095s	user 0.013s	sys 0.000s
I20260710 10:59:58.353634  1596 leader_election.cc:304] T 58ab944ad4b4404d9979a5cc424dc270 P 5ccf88548bbe4d7a85c784650ccfb062 [CANDIDATE]: Term 1 pre-election: Election decided. Result: candidate lost. Election summary: received 3 responses out of 3 voters: 1 yes votes; 2 no votes. yes voters: 5ccf88548bbe4d7a85c784650ccfb062; no voters: 44ec78d2031741d1bff7bff662475d27, f6b10c9fe62c41e4bd2b729e29766534
I20260710 10:59:58.355481  1596 leader_election.cc:304] T f523d007e1eb49ebb9c3e1670d674c24 P 5ccf88548bbe4d7a85c784650ccfb062 [CANDIDATE]: Term 1 pre-election: Election decided. Result: candidate won. Election summary: received 3 responses out of 3 voters: 2 yes votes; 1 no votes. yes voters: 5ccf88548bbe4d7a85c784650ccfb062, f6b10c9fe62c41e4bd2b729e29766534; no voters: 44ec78d2031741d1bff7bff662475d27
I20260710 10:59:58.356813  1680 raft_consensus.cc:2749] T 58ab944ad4b4404d9979a5cc424dc270 P 5ccf88548bbe4d7a85c784650ccfb062 [term 0 FOLLOWER]: Leader pre-election lost for term 1. Reason: could not achieve majority
I20260710 10:59:58.357439  1680 raft_consensus.cc:2804] T f523d007e1eb49ebb9c3e1670d674c24 P 5ccf88548bbe4d7a85c784650ccfb062 [term 0 FOLLOWER]: Leader pre-election won for term 1
I20260710 10:59:58.357591  1673 tablet_bootstrap.cc:492] T 7df5d5cc7b1346e081f901a05f437975 P 5ccf88548bbe4d7a85c784650ccfb062: No bootstrap required, opened a new log
I20260710 10:59:58.357821  1680 raft_consensus.cc:493] T f523d007e1eb49ebb9c3e1670d674c24 P 5ccf88548bbe4d7a85c784650ccfb062 [term 0 FOLLOWER]: Starting leader election (no leader contacted us within the election timeout)
I20260710 10:59:58.358100  1673 ts_tablet_manager.cc:1403] T 7df5d5cc7b1346e081f901a05f437975 P 5ccf88548bbe4d7a85c784650ccfb062: Time spent bootstrapping tablet: real 0.096s	user 0.027s	sys 0.056s
I20260710 10:59:58.358163  1680 raft_consensus.cc:3060] T f523d007e1eb49ebb9c3e1670d674c24 P 5ccf88548bbe4d7a85c784650ccfb062 [term 0 FOLLOWER]: Advancing to term 1
I20260710 10:59:58.359483  1674 raft_consensus.cc:359] T 58ab944ad4b4404d9979a5cc424dc270 P f6b10c9fe62c41e4bd2b729e29766534 [term 0 FOLLOWER]: Replica starting. Triggering 0 pending ops. Active config: opid_index: -1 OBSOLETE_local: false peers { permanent_uuid: "f6b10c9fe62c41e4bd2b729e29766534" member_type: VOTER last_known_addr { host: "127.0.213.65" port: 43069 } } peers { permanent_uuid: "44ec78d2031741d1bff7bff662475d27" member_type: VOTER last_known_addr { host: "127.0.213.66" port: 42225 } } peers { permanent_uuid: "5ccf88548bbe4d7a85c784650ccfb062" member_type: VOTER last_known_addr { host: "127.0.213.67" port: 40745 } }
I20260710 10:59:58.353402  1678 leader_election.cc:290] T 757841559cac40a9bfb4e75e2ae609cd P 44ec78d2031741d1bff7bff662475d27 [CANDIDATE]: Term 1 election: Requested vote from peers f6b10c9fe62c41e4bd2b729e29766534 (127.0.213.65:43069), 5ccf88548bbe4d7a85c784650ccfb062 (127.0.213.67:40745)
I20260710 10:59:58.361151  1674 raft_consensus.cc:385] T 58ab944ad4b4404d9979a5cc424dc270 P f6b10c9fe62c41e4bd2b729e29766534 [term 0 FOLLOWER]: Consensus starting up: Expiring failure detector timer to make a prompt election more likely
I20260710 10:59:58.360980  1673 raft_consensus.cc:359] T 7df5d5cc7b1346e081f901a05f437975 P 5ccf88548bbe4d7a85c784650ccfb062 [term 0 FOLLOWER]: Replica starting. Triggering 0 pending ops. Active config: opid_index: -1 OBSOLETE_local: false peers { permanent_uuid: "f6b10c9fe62c41e4bd2b729e29766534" member_type: VOTER last_known_addr { host: "127.0.213.65" port: 43069 } } peers { permanent_uuid: "44ec78d2031741d1bff7bff662475d27" member_type: VOTER last_known_addr { host: "127.0.213.66" port: 42225 } } peers { permanent_uuid: "5ccf88548bbe4d7a85c784650ccfb062" member_type: VOTER last_known_addr { host: "127.0.213.67" port: 40745 } }
I20260710 10:59:58.355537  1632 tablet_service.cc:1917] Received RequestConsensusVote() RPC: tablet_id: "757841559cac40a9bfb4e75e2ae609cd" candidate_uuid: "44ec78d2031741d1bff7bff662475d27" candidate_term: 1 candidate_status { last_received { term: 0 index: 0 } } ignore_live_leader: false dest_uuid: "5ccf88548bbe4d7a85c784650ccfb062"
I20260710 10:59:58.361806  1673 raft_consensus.cc:385] T 7df5d5cc7b1346e081f901a05f437975 P 5ccf88548bbe4d7a85c784650ccfb062 [term 0 FOLLOWER]: Consensus starting up: Expiring failure detector timer to make a prompt election more likely
I20260710 10:59:58.361845  1674 raft_consensus.cc:740] T 58ab944ad4b4404d9979a5cc424dc270 P f6b10c9fe62c41e4bd2b729e29766534 [term 0 FOLLOWER]: Becoming Follower/Learner. State: Replica: f6b10c9fe62c41e4bd2b729e29766534, State: Initialized, Role: FOLLOWER
I20260710 10:59:58.362311  1673 raft_consensus.cc:740] T 7df5d5cc7b1346e081f901a05f437975 P 5ccf88548bbe4d7a85c784650ccfb062 [term 0 FOLLOWER]: Becoming Follower/Learner. State: Replica: 5ccf88548bbe4d7a85c784650ccfb062, State: Initialized, Role: FOLLOWER
I20260710 10:59:58.361936  1632 raft_consensus.cc:3060] T 757841559cac40a9bfb4e75e2ae609cd P 5ccf88548bbe4d7a85c784650ccfb062 [term 0 FOLLOWER]: Advancing to term 1
I20260710 10:59:58.363162  1673 consensus_queue.cc:260] T 7df5d5cc7b1346e081f901a05f437975 P 5ccf88548bbe4d7a85c784650ccfb062 [NON_LEADER]: Queue going to NON_LEADER mode. State: All replicated index: 0, Majority replicated index: 0, Committed index: 0, Last appended: 0.0, Last appended by leader: 0, Current term: 0, Majority size: -1, State: 0, Mode: NON_LEADER, active raft config: opid_index: -1 OBSOLETE_local: false peers { permanent_uuid: "f6b10c9fe62c41e4bd2b729e29766534" member_type: VOTER last_known_addr { host: "127.0.213.65" port: 43069 } } peers { permanent_uuid: "44ec78d2031741d1bff7bff662475d27" member_type: VOTER last_known_addr { host: "127.0.213.66" port: 42225 } } peers { permanent_uuid: "5ccf88548bbe4d7a85c784650ccfb062" member_type: VOTER last_known_addr { host: "127.0.213.67" port: 40745 } }
I20260710 10:59:58.363453  1674 consensus_queue.cc:260] T 58ab944ad4b4404d9979a5cc424dc270 P f6b10c9fe62c41e4bd2b729e29766534 [NON_LEADER]: Queue going to NON_LEADER mode. State: All replicated index: 0, Majority replicated index: 0, Committed index: 0, Last appended: 0.0, Last appended by leader: 0, Current term: 0, Majority size: -1, State: 0, Mode: NON_LEADER, active raft config: opid_index: -1 OBSOLETE_local: false peers { permanent_uuid: "f6b10c9fe62c41e4bd2b729e29766534" member_type: VOTER last_known_addr { host: "127.0.213.65" port: 43069 } } peers { permanent_uuid: "44ec78d2031741d1bff7bff662475d27" member_type: VOTER last_known_addr { host: "127.0.213.66" port: 42225 } } peers { permanent_uuid: "5ccf88548bbe4d7a85c784650ccfb062" member_type: VOTER last_known_addr { host: "127.0.213.67" port: 40745 } }
I20260710 10:59:58.365504  1673 ts_tablet_manager.cc:1434] T 7df5d5cc7b1346e081f901a05f437975 P 5ccf88548bbe4d7a85c784650ccfb062: Time spent starting tablet: real 0.007s	user 0.005s	sys 0.000s
I20260710 10:59:58.366876  1674 ts_tablet_manager.cc:1434] T 58ab944ad4b4404d9979a5cc424dc270 P f6b10c9fe62c41e4bd2b729e29766534: Time spent starting tablet: real 0.013s	user 0.005s	sys 0.004s
I20260710 10:59:58.368257  1674 tablet_bootstrap.cc:492] T dd56da34f8e24e98a47ea3d253c2e019 P f6b10c9fe62c41e4bd2b729e29766534: Bootstrap starting.
I20260710 10:59:58.370605  1673 tablet_bootstrap.cc:492] T 959c46c236dc47a484155713d6b3ccac P 5ccf88548bbe4d7a85c784650ccfb062: Bootstrap starting.
I20260710 10:59:58.376878  1674 tablet_bootstrap.cc:654] T dd56da34f8e24e98a47ea3d253c2e019 P f6b10c9fe62c41e4bd2b729e29766534: Neither blocks nor log segments found. Creating new log.
I20260710 10:59:58.377089  1673 tablet_bootstrap.cc:654] T 959c46c236dc47a484155713d6b3ccac P 5ccf88548bbe4d7a85c784650ccfb062: Neither blocks nor log segments found. Creating new log.
I20260710 10:59:58.353230  1482 raft_consensus.cc:3060] T 757841559cac40a9bfb4e75e2ae609cd P f6b10c9fe62c41e4bd2b729e29766534 [term 0 FOLLOWER]: Advancing to term 1
I20260710 10:59:58.352051  1703 raft_consensus.cc:493] T f5eafb9253ce44cd953b4db6de6c8dd8 P 44ec78d2031741d1bff7bff662475d27 [term 0 FOLLOWER]: Starting pre-election (no leader contacted us within the election timeout)
I20260710 10:59:58.388288  1703 raft_consensus.cc:515] T f5eafb9253ce44cd953b4db6de6c8dd8 P 44ec78d2031741d1bff7bff662475d27 [term 0 FOLLOWER]: Starting pre-election with config: opid_index: -1 OBSOLETE_local: false peers { permanent_uuid: "f6b10c9fe62c41e4bd2b729e29766534" member_type: VOTER last_known_addr { host: "127.0.213.65" port: 43069 } } peers { permanent_uuid: "44ec78d2031741d1bff7bff662475d27" member_type: VOTER last_known_addr { host: "127.0.213.66" port: 42225 } } peers { permanent_uuid: "5ccf88548bbe4d7a85c784650ccfb062" member_type: VOTER last_known_addr { host: "127.0.213.67" port: 40745 } }
I20260710 10:59:58.391023  1632 raft_consensus.cc:2468] T 757841559cac40a9bfb4e75e2ae609cd P 5ccf88548bbe4d7a85c784650ccfb062 [term 1 FOLLOWER]: Leader election vote request: Granting yes vote for candidate 44ec78d2031741d1bff7bff662475d27 in term 1.
I20260710 10:59:58.391594  1482 raft_consensus.cc:2468] T 757841559cac40a9bfb4e75e2ae609cd P f6b10c9fe62c41e4bd2b729e29766534 [term 1 FOLLOWER]: Leader election vote request: Granting yes vote for candidate 44ec78d2031741d1bff7bff662475d27 in term 1.
I20260710 10:59:58.393776  1522 leader_election.cc:304] T 757841559cac40a9bfb4e75e2ae609cd P 44ec78d2031741d1bff7bff662475d27 [CANDIDATE]: Term 1 election: Election decided. Result: candidate won. Election summary: received 2 responses out of 3 voters: 2 yes votes; 0 no votes. yes voters: 44ec78d2031741d1bff7bff662475d27, f6b10c9fe62c41e4bd2b729e29766534; no voters: 
I20260710 10:59:58.394469  1673 tablet_bootstrap.cc:492] T 959c46c236dc47a484155713d6b3ccac P 5ccf88548bbe4d7a85c784650ccfb062: No bootstrap required, opened a new log
I20260710 10:59:58.394930  1678 raft_consensus.cc:2804] T 757841559cac40a9bfb4e75e2ae609cd P 44ec78d2031741d1bff7bff662475d27 [term 1 FOLLOWER]: Leader election won for term 1
I20260710 10:59:58.396803  1674 tablet_bootstrap.cc:492] T dd56da34f8e24e98a47ea3d253c2e019 P f6b10c9fe62c41e4bd2b729e29766534: No bootstrap required, opened a new log
I20260710 10:59:58.396569  1483 tablet_service.cc:1917] Received RequestConsensusVote() RPC: tablet_id: "f5eafb9253ce44cd953b4db6de6c8dd8" candidate_uuid: "44ec78d2031741d1bff7bff662475d27" candidate_term: 1 candidate_status { last_received { term: 0 index: 0 } } ignore_live_leader: false dest_uuid: "f6b10c9fe62c41e4bd2b729e29766534" is_pre_election: true
I20260710 10:59:58.397487  1483 raft_consensus.cc:2468] T f5eafb9253ce44cd953b4db6de6c8dd8 P f6b10c9fe62c41e4bd2b729e29766534 [term 0 FOLLOWER]: Leader pre-election vote request: Granting yes vote for candidate 44ec78d2031741d1bff7bff662475d27 in term 0.
I20260710 10:59:58.394904  1673 ts_tablet_manager.cc:1403] T 959c46c236dc47a484155713d6b3ccac P 5ccf88548bbe4d7a85c784650ccfb062: Time spent bootstrapping tablet: real 0.024s	user 0.010s	sys 0.007s
I20260710 10:59:58.398798  1674 ts_tablet_manager.cc:1403] T dd56da34f8e24e98a47ea3d253c2e019 P f6b10c9fe62c41e4bd2b729e29766534: Time spent bootstrapping tablet: real 0.031s	user 0.013s	sys 0.008s
I20260710 10:59:58.398877  1522 leader_election.cc:304] T f5eafb9253ce44cd953b4db6de6c8dd8 P 44ec78d2031741d1bff7bff662475d27 [CANDIDATE]: Term 1 pre-election: Election decided. Result: candidate won. Election summary: received 2 responses out of 3 voters: 2 yes votes; 0 no votes. yes voters: 44ec78d2031741d1bff7bff662475d27, f6b10c9fe62c41e4bd2b729e29766534; no voters: 
I20260710 10:59:58.402273  1674 raft_consensus.cc:359] T dd56da34f8e24e98a47ea3d253c2e019 P f6b10c9fe62c41e4bd2b729e29766534 [term 0 FOLLOWER]: Replica starting. Triggering 0 pending ops. Active config: opid_index: -1 OBSOLETE_local: false peers { permanent_uuid: "f6b10c9fe62c41e4bd2b729e29766534" member_type: VOTER last_known_addr { host: "127.0.213.65" port: 43069 } } peers { permanent_uuid: "44ec78d2031741d1bff7bff662475d27" member_type: VOTER last_known_addr { host: "127.0.213.66" port: 42225 } } peers { permanent_uuid: "5ccf88548bbe4d7a85c784650ccfb062" member_type: VOTER last_known_addr { host: "127.0.213.67" port: 40745 } }
I20260710 10:59:58.391605  1680 raft_consensus.cc:515] T f523d007e1eb49ebb9c3e1670d674c24 P 5ccf88548bbe4d7a85c784650ccfb062 [term 1 FOLLOWER]: Starting leader election with config: opid_index: -1 OBSOLETE_local: false peers { permanent_uuid: "5ccf88548bbe4d7a85c784650ccfb062" member_type: VOTER last_known_addr { host: "127.0.213.67" port: 40745 } } peers { permanent_uuid: "44ec78d2031741d1bff7bff662475d27" member_type: VOTER last_known_addr { host: "127.0.213.66" port: 42225 } } peers { permanent_uuid: "f6b10c9fe62c41e4bd2b729e29766534" member_type: VOTER last_known_addr { host: "127.0.213.65" port: 43069 } }
I20260710 10:59:58.406180  1558 tablet_service.cc:1917] Received RequestConsensusVote() RPC: tablet_id: "f523d007e1eb49ebb9c3e1670d674c24" candidate_uuid: "5ccf88548bbe4d7a85c784650ccfb062" candidate_term: 1 candidate_status { last_received { term: 0 index: 0 } } ignore_live_leader: false dest_uuid: "44ec78d2031741d1bff7bff662475d27"
I20260710 10:59:58.407832  1703 leader_election.cc:290] T f5eafb9253ce44cd953b4db6de6c8dd8 P 44ec78d2031741d1bff7bff662475d27 [CANDIDATE]: Term 1 pre-election: Requested pre-vote from peers f6b10c9fe62c41e4bd2b729e29766534 (127.0.213.65:43069), 5ccf88548bbe4d7a85c784650ccfb062 (127.0.213.67:40745)
W20260710 10:59:58.407987  1595 leader_election.cc:343] T f523d007e1eb49ebb9c3e1670d674c24 P 5ccf88548bbe4d7a85c784650ccfb062 [CANDIDATE]: Term 1 election: Tablet error from VoteRequest() call to peer 44ec78d2031741d1bff7bff662475d27 (127.0.213.66:42225): Illegal state: must be running to vote when last-logged opid is not known
I20260710 10:59:58.401331  1673 raft_consensus.cc:359] T 959c46c236dc47a484155713d6b3ccac P 5ccf88548bbe4d7a85c784650ccfb062 [term 0 FOLLOWER]: Replica starting. Triggering 0 pending ops. Active config: opid_index: -1 OBSOLETE_local: false peers { permanent_uuid: "f6b10c9fe62c41e4bd2b729e29766534" member_type: VOTER last_known_addr { host: "127.0.213.65" port: 43069 } } peers { permanent_uuid: "44ec78d2031741d1bff7bff662475d27" member_type: VOTER last_known_addr { host: "127.0.213.66" port: 42225 } } peers { permanent_uuid: "5ccf88548bbe4d7a85c784650ccfb062" member_type: VOTER last_known_addr { host: "127.0.213.67" port: 40745 } }
I20260710 10:59:58.408602  1703 raft_consensus.cc:2804] T f5eafb9253ce44cd953b4db6de6c8dd8 P 44ec78d2031741d1bff7bff662475d27 [term 0 FOLLOWER]: Leader pre-election won for term 1
I20260710 10:59:58.408792  1673 raft_consensus.cc:385] T 959c46c236dc47a484155713d6b3ccac P 5ccf88548bbe4d7a85c784650ccfb062 [term 0 FOLLOWER]: Consensus starting up: Expiring failure detector timer to make a prompt election more likely
I20260710 10:59:58.408973  1703 raft_consensus.cc:493] T f5eafb9253ce44cd953b4db6de6c8dd8 P 44ec78d2031741d1bff7bff662475d27 [term 0 FOLLOWER]: Starting leader election (no leader contacted us within the election timeout)
I20260710 10:59:58.409114  1673 raft_consensus.cc:740] T 959c46c236dc47a484155713d6b3ccac P 5ccf88548bbe4d7a85c784650ccfb062 [term 0 FOLLOWER]: Becoming Follower/Learner. State: Replica: 5ccf88548bbe4d7a85c784650ccfb062, State: Initialized, Role: FOLLOWER
I20260710 10:59:58.409628  1680 leader_election.cc:290] T f523d007e1eb49ebb9c3e1670d674c24 P 5ccf88548bbe4d7a85c784650ccfb062 [CANDIDATE]: Term 1 election: Requested vote from peers 44ec78d2031741d1bff7bff662475d27 (127.0.213.66:42225), f6b10c9fe62c41e4bd2b729e29766534 (127.0.213.65:43069)
I20260710 10:59:58.410742  1674 raft_consensus.cc:385] T dd56da34f8e24e98a47ea3d253c2e019 P f6b10c9fe62c41e4bd2b729e29766534 [term 0 FOLLOWER]: Consensus starting up: Expiring failure detector timer to make a prompt election more likely
I20260710 10:59:58.411547  1674 raft_consensus.cc:740] T dd56da34f8e24e98a47ea3d253c2e019 P f6b10c9fe62c41e4bd2b729e29766534 [term 0 FOLLOWER]: Becoming Follower/Learner. State: Replica: f6b10c9fe62c41e4bd2b729e29766534, State: Initialized, Role: FOLLOWER
I20260710 10:59:58.411695  1673 consensus_queue.cc:260] T 959c46c236dc47a484155713d6b3ccac P 5ccf88548bbe4d7a85c784650ccfb062 [NON_LEADER]: Queue going to NON_LEADER mode. State: All replicated index: 0, Majority replicated index: 0, Committed index: 0, Last appended: 0.0, Last appended by leader: 0, Current term: 0, Majority size: -1, State: 0, Mode: NON_LEADER, active raft config: opid_index: -1 OBSOLETE_local: false peers { permanent_uuid: "f6b10c9fe62c41e4bd2b729e29766534" member_type: VOTER last_known_addr { host: "127.0.213.65" port: 43069 } } peers { permanent_uuid: "44ec78d2031741d1bff7bff662475d27" member_type: VOTER last_known_addr { host: "127.0.213.66" port: 42225 } } peers { permanent_uuid: "5ccf88548bbe4d7a85c784650ccfb062" member_type: VOTER last_known_addr { host: "127.0.213.67" port: 40745 } }
I20260710 10:59:58.412546  1674 consensus_queue.cc:260] T dd56da34f8e24e98a47ea3d253c2e019 P f6b10c9fe62c41e4bd2b729e29766534 [NON_LEADER]: Queue going to NON_LEADER mode. State: All replicated index: 0, Majority replicated index: 0, Committed index: 0, Last appended: 0.0, Last appended by leader: 0, Current term: 0, Majority size: -1, State: 0, Mode: NON_LEADER, active raft config: opid_index: -1 OBSOLETE_local: false peers { permanent_uuid: "f6b10c9fe62c41e4bd2b729e29766534" member_type: VOTER last_known_addr { host: "127.0.213.65" port: 43069 } } peers { permanent_uuid: "44ec78d2031741d1bff7bff662475d27" member_type: VOTER last_known_addr { host: "127.0.213.66" port: 42225 } } peers { permanent_uuid: "5ccf88548bbe4d7a85c784650ccfb062" member_type: VOTER last_known_addr { host: "127.0.213.67" port: 40745 } }
I20260710 10:59:58.415066  1673 ts_tablet_manager.cc:1434] T 959c46c236dc47a484155713d6b3ccac P 5ccf88548bbe4d7a85c784650ccfb062: Time spent starting tablet: real 0.016s	user 0.004s	sys 0.002s
I20260710 10:59:58.415940  1673 tablet_bootstrap.cc:492] T dd56da34f8e24e98a47ea3d253c2e019 P 5ccf88548bbe4d7a85c784650ccfb062: Bootstrap starting.
I20260710 10:59:58.419610  1674 ts_tablet_manager.cc:1434] T dd56da34f8e24e98a47ea3d253c2e019 P f6b10c9fe62c41e4bd2b729e29766534: Time spent starting tablet: real 0.020s	user 0.006s	sys 0.001s
I20260710 10:59:58.420950  1674 tablet_bootstrap.cc:492] T 959c46c236dc47a484155713d6b3ccac P f6b10c9fe62c41e4bd2b729e29766534: Bootstrap starting.
W20260710 10:59:58.428757  1596 outbound_call.cc:321] RPC callback for RPC call kudu.consensus.ConsensusService.RequestConsensusVote -> {remote=127.0.213.65:43069, user_credentials={real_user=slave}} blocked reactor thread for 73345.6us
I20260710 10:59:58.429442  1673 tablet_bootstrap.cc:654] T dd56da34f8e24e98a47ea3d253c2e019 P 5ccf88548bbe4d7a85c784650ccfb062: Neither blocks nor log segments found. Creating new log.
I20260710 10:59:58.432602  1482 tablet_service.cc:1917] Received RequestConsensusVote() RPC: tablet_id: "f523d007e1eb49ebb9c3e1670d674c24" candidate_uuid: "5ccf88548bbe4d7a85c784650ccfb062" candidate_term: 1 candidate_status { last_received { term: 0 index: 0 } } ignore_live_leader: false dest_uuid: "f6b10c9fe62c41e4bd2b729e29766534"
I20260710 10:59:58.433390  1482 raft_consensus.cc:3060] T f523d007e1eb49ebb9c3e1670d674c24 P f6b10c9fe62c41e4bd2b729e29766534 [term 0 FOLLOWER]: Advancing to term 1
I20260710 10:59:58.434943  1674 tablet_bootstrap.cc:654] T 959c46c236dc47a484155713d6b3ccac P f6b10c9fe62c41e4bd2b729e29766534: Neither blocks nor log segments found. Creating new log.
I20260710 10:59:58.440341  1673 tablet_bootstrap.cc:492] T dd56da34f8e24e98a47ea3d253c2e019 P 5ccf88548bbe4d7a85c784650ccfb062: No bootstrap required, opened a new log
I20260710 10:59:58.440765  1673 ts_tablet_manager.cc:1403] T dd56da34f8e24e98a47ea3d253c2e019 P 5ccf88548bbe4d7a85c784650ccfb062: Time spent bootstrapping tablet: real 0.025s	user 0.008s	sys 0.003s
I20260710 10:59:58.443214  1673 raft_consensus.cc:359] T dd56da34f8e24e98a47ea3d253c2e019 P 5ccf88548bbe4d7a85c784650ccfb062 [term 0 FOLLOWER]: Replica starting. Triggering 0 pending ops. Active config: opid_index: -1 OBSOLETE_local: false peers { permanent_uuid: "f6b10c9fe62c41e4bd2b729e29766534" member_type: VOTER last_known_addr { host: "127.0.213.65" port: 43069 } } peers { permanent_uuid: "44ec78d2031741d1bff7bff662475d27" member_type: VOTER last_known_addr { host: "127.0.213.66" port: 42225 } } peers { permanent_uuid: "5ccf88548bbe4d7a85c784650ccfb062" member_type: VOTER last_known_addr { host: "127.0.213.67" port: 40745 } }
I20260710 10:59:58.443863  1673 raft_consensus.cc:385] T dd56da34f8e24e98a47ea3d253c2e019 P 5ccf88548bbe4d7a85c784650ccfb062 [term 0 FOLLOWER]: Consensus starting up: Expiring failure detector timer to make a prompt election more likely
I20260710 10:59:58.444126  1673 raft_consensus.cc:740] T dd56da34f8e24e98a47ea3d253c2e019 P 5ccf88548bbe4d7a85c784650ccfb062 [term 0 FOLLOWER]: Becoming Follower/Learner. State: Replica: 5ccf88548bbe4d7a85c784650ccfb062, State: Initialized, Role: FOLLOWER
I20260710 10:59:58.444490  1482 raft_consensus.cc:2468] T f523d007e1eb49ebb9c3e1670d674c24 P f6b10c9fe62c41e4bd2b729e29766534 [term 1 FOLLOWER]: Leader election vote request: Granting yes vote for candidate 5ccf88548bbe4d7a85c784650ccfb062 in term 1.
I20260710 10:59:58.444761  1673 consensus_queue.cc:260] T dd56da34f8e24e98a47ea3d253c2e019 P 5ccf88548bbe4d7a85c784650ccfb062 [NON_LEADER]: Queue going to NON_LEADER mode. State: All replicated index: 0, Majority replicated index: 0, Committed index: 0, Last appended: 0.0, Last appended by leader: 0, Current term: 0, Majority size: -1, State: 0, Mode: NON_LEADER, active raft config: opid_index: -1 OBSOLETE_local: false peers { permanent_uuid: "f6b10c9fe62c41e4bd2b729e29766534" member_type: VOTER last_known_addr { host: "127.0.213.65" port: 43069 } } peers { permanent_uuid: "44ec78d2031741d1bff7bff662475d27" member_type: VOTER last_known_addr { host: "127.0.213.66" port: 42225 } } peers { permanent_uuid: "5ccf88548bbe4d7a85c784650ccfb062" member_type: VOTER last_known_addr { host: "127.0.213.67" port: 40745 } }
I20260710 10:59:58.409337  1703 raft_consensus.cc:3060] T f5eafb9253ce44cd953b4db6de6c8dd8 P 44ec78d2031741d1bff7bff662475d27 [term 0 FOLLOWER]: Advancing to term 1
I20260710 10:59:58.446066  1596 leader_election.cc:304] T f523d007e1eb49ebb9c3e1670d674c24 P 5ccf88548bbe4d7a85c784650ccfb062 [CANDIDATE]: Term 1 election: Election decided. Result: candidate won. Election summary: received 3 responses out of 3 voters: 2 yes votes; 1 no votes. yes voters: 5ccf88548bbe4d7a85c784650ccfb062, f6b10c9fe62c41e4bd2b729e29766534; no voters: 44ec78d2031741d1bff7bff662475d27
I20260710 10:59:58.446813  1680 raft_consensus.cc:493] T 555659d70b374b9eb6c0dc7f9bc1a71e P 5ccf88548bbe4d7a85c784650ccfb062 [term 0 FOLLOWER]: Starting pre-election (no leader contacted us within the election timeout)
I20260710 10:59:58.447239  1680 raft_consensus.cc:515] T 555659d70b374b9eb6c0dc7f9bc1a71e P 5ccf88548bbe4d7a85c784650ccfb062 [term 0 FOLLOWER]: Starting pre-election with config: opid_index: -1 OBSOLETE_local: false peers { permanent_uuid: "f6b10c9fe62c41e4bd2b729e29766534" member_type: VOTER last_known_addr { host: "127.0.213.65" port: 43069 } } peers { permanent_uuid: "44ec78d2031741d1bff7bff662475d27" member_type: VOTER last_known_addr { host: "127.0.213.66" port: 42225 } } peers { permanent_uuid: "5ccf88548bbe4d7a85c784650ccfb062" member_type: VOTER last_known_addr { host: "127.0.213.67" port: 40745 } }
I20260710 10:59:58.449270  1680 leader_election.cc:290] T 555659d70b374b9eb6c0dc7f9bc1a71e P 5ccf88548bbe4d7a85c784650ccfb062 [CANDIDATE]: Term 1 pre-election: Requested pre-vote from peers f6b10c9fe62c41e4bd2b729e29766534 (127.0.213.65:43069), 44ec78d2031741d1bff7bff662475d27 (127.0.213.66:42225)
I20260710 10:59:58.449939  1680 raft_consensus.cc:2804] T f523d007e1eb49ebb9c3e1670d674c24 P 5ccf88548bbe4d7a85c784650ccfb062 [term 1 FOLLOWER]: Leader election won for term 1
I20260710 10:59:58.450433  1680 raft_consensus.cc:697] T f523d007e1eb49ebb9c3e1670d674c24 P 5ccf88548bbe4d7a85c784650ccfb062 [term 1 LEADER]: Becoming Leader. State: Replica: 5ccf88548bbe4d7a85c784650ccfb062, State: Running, Role: LEADER
I20260710 10:59:58.451195  1680 consensus_queue.cc:237] T f523d007e1eb49ebb9c3e1670d674c24 P 5ccf88548bbe4d7a85c784650ccfb062 [LEADER]: Queue going to LEADER mode. State: All replicated index: 0, Majority replicated index: 0, Committed index: 0, Last appended: 0.0, Last appended by leader: 0, Current term: 1, Majority size: 2, State: 0, Mode: LEADER, active raft config: opid_index: -1 OBSOLETE_local: false peers { permanent_uuid: "5ccf88548bbe4d7a85c784650ccfb062" member_type: VOTER last_known_addr { host: "127.0.213.67" port: 40745 } } peers { permanent_uuid: "44ec78d2031741d1bff7bff662475d27" member_type: VOTER last_known_addr { host: "127.0.213.66" port: 42225 } } peers { permanent_uuid: "f6b10c9fe62c41e4bd2b729e29766534" member_type: VOTER last_known_addr { host: "127.0.213.65" port: 43069 } }
I20260710 10:59:58.452071  1558 tablet_service.cc:1917] Received RequestConsensusVote() RPC: tablet_id: "555659d70b374b9eb6c0dc7f9bc1a71e" candidate_uuid: "5ccf88548bbe4d7a85c784650ccfb062" candidate_term: 1 candidate_status { last_received { term: 0 index: 0 } } ignore_live_leader: false dest_uuid: "44ec78d2031741d1bff7bff662475d27" is_pre_election: true
W20260710 10:59:58.454129  1595 leader_election.cc:343] T 555659d70b374b9eb6c0dc7f9bc1a71e P 5ccf88548bbe4d7a85c784650ccfb062 [CANDIDATE]: Term 1 pre-election: Tablet error from VoteRequest() call to peer 44ec78d2031741d1bff7bff662475d27 (127.0.213.66:42225): Illegal state: must be running to vote when last-logged opid is not known
I20260710 10:59:58.453263  1703 raft_consensus.cc:515] T f5eafb9253ce44cd953b4db6de6c8dd8 P 44ec78d2031741d1bff7bff662475d27 [term 1 FOLLOWER]: Starting leader election with config: opid_index: -1 OBSOLETE_local: false peers { permanent_uuid: "f6b10c9fe62c41e4bd2b729e29766534" member_type: VOTER last_known_addr { host: "127.0.213.65" port: 43069 } } peers { permanent_uuid: "44ec78d2031741d1bff7bff662475d27" member_type: VOTER last_known_addr { host: "127.0.213.66" port: 42225 } } peers { permanent_uuid: "5ccf88548bbe4d7a85c784650ccfb062" member_type: VOTER last_known_addr { host: "127.0.213.67" port: 40745 } }
I20260710 10:59:58.459448  1703 leader_election.cc:290] T f5eafb9253ce44cd953b4db6de6c8dd8 P 44ec78d2031741d1bff7bff662475d27 [CANDIDATE]: Term 1 election: Requested vote from peers f6b10c9fe62c41e4bd2b729e29766534 (127.0.213.65:43069), 5ccf88548bbe4d7a85c784650ccfb062 (127.0.213.67:40745)
I20260710 10:59:58.461445  1482 tablet_service.cc:1917] Received RequestConsensusVote() RPC: tablet_id: "f5eafb9253ce44cd953b4db6de6c8dd8" candidate_uuid: "44ec78d2031741d1bff7bff662475d27" candidate_term: 1 candidate_status { last_received { term: 0 index: 0 } } ignore_live_leader: false dest_uuid: "f6b10c9fe62c41e4bd2b729e29766534"
I20260710 10:59:58.462007  1482 raft_consensus.cc:3060] T f5eafb9253ce44cd953b4db6de6c8dd8 P f6b10c9fe62c41e4bd2b729e29766534 [term 0 FOLLOWER]: Advancing to term 1
I20260710 10:59:58.462137  1673 ts_tablet_manager.cc:1434] T dd56da34f8e24e98a47ea3d253c2e019 P 5ccf88548bbe4d7a85c784650ccfb062: Time spent starting tablet: real 0.021s	user 0.006s	sys 0.000s
I20260710 10:59:58.462997  1673 tablet_bootstrap.cc:492] T 882fde0d6d294f6b9241cf34439a560a P 5ccf88548bbe4d7a85c784650ccfb062: Bootstrap starting.
I20260710 10:59:58.474387  1632 tablet_service.cc:1917] Received RequestConsensusVote() RPC: tablet_id: "f5eafb9253ce44cd953b4db6de6c8dd8" candidate_uuid: "44ec78d2031741d1bff7bff662475d27" candidate_term: 1 candidate_status { last_received { term: 0 index: 0 } } ignore_live_leader: false dest_uuid: "5ccf88548bbe4d7a85c784650ccfb062" is_pre_election: true
I20260710 10:59:58.475309  1632 raft_consensus.cc:2468] T f5eafb9253ce44cd953b4db6de6c8dd8 P 5ccf88548bbe4d7a85c784650ccfb062 [term 0 FOLLOWER]: Leader pre-election vote request: Granting yes vote for candidate 44ec78d2031741d1bff7bff662475d27 in term 0.
I20260710 10:59:58.477041  1632 tablet_service.cc:1917] Received RequestConsensusVote() RPC: tablet_id: "f5eafb9253ce44cd953b4db6de6c8dd8" candidate_uuid: "44ec78d2031741d1bff7bff662475d27" candidate_term: 1 candidate_status { last_received { term: 0 index: 0 } } ignore_live_leader: false dest_uuid: "5ccf88548bbe4d7a85c784650ccfb062"
I20260710 10:59:58.477754  1632 raft_consensus.cc:3060] T f5eafb9253ce44cd953b4db6de6c8dd8 P 5ccf88548bbe4d7a85c784650ccfb062 [term 0 FOLLOWER]: Advancing to term 1
I20260710 10:59:58.483157  1483 tablet_service.cc:1917] Received RequestConsensusVote() RPC: tablet_id: "555659d70b374b9eb6c0dc7f9bc1a71e" candidate_uuid: "5ccf88548bbe4d7a85c784650ccfb062" candidate_term: 1 candidate_status { last_received { term: 0 index: 0 } } ignore_live_leader: false dest_uuid: "f6b10c9fe62c41e4bd2b729e29766534" is_pre_election: true
I20260710 10:59:58.467094  1678 raft_consensus.cc:697] T 757841559cac40a9bfb4e75e2ae609cd P 44ec78d2031741d1bff7bff662475d27 [term 1 LEADER]: Becoming Leader. State: Replica: 44ec78d2031741d1bff7bff662475d27, State: Running, Role: LEADER
I20260710 10:59:58.484200  1705 raft_consensus.cc:493] T dd56da34f8e24e98a47ea3d253c2e019 P 5ccf88548bbe4d7a85c784650ccfb062 [term 0 FOLLOWER]: Starting pre-election (no leader contacted us within the election timeout)
I20260710 10:59:58.484037  1483 raft_consensus.cc:2468] T 555659d70b374b9eb6c0dc7f9bc1a71e P f6b10c9fe62c41e4bd2b729e29766534 [term 0 FOLLOWER]: Leader pre-election vote request: Granting yes vote for candidate 5ccf88548bbe4d7a85c784650ccfb062 in term 0.
I20260710 10:59:58.484673  1705 raft_consensus.cc:515] T dd56da34f8e24e98a47ea3d253c2e019 P 5ccf88548bbe4d7a85c784650ccfb062 [term 0 FOLLOWER]: Starting pre-election with config: opid_index: -1 OBSOLETE_local: false peers { permanent_uuid: "f6b10c9fe62c41e4bd2b729e29766534" member_type: VOTER last_known_addr { host: "127.0.213.65" port: 43069 } } peers { permanent_uuid: "44ec78d2031741d1bff7bff662475d27" member_type: VOTER last_known_addr { host: "127.0.213.66" port: 42225 } } peers { permanent_uuid: "5ccf88548bbe4d7a85c784650ccfb062" member_type: VOTER last_known_addr { host: "127.0.213.67" port: 40745 } }
I20260710 10:59:58.484762  1678 consensus_queue.cc:237] T 757841559cac40a9bfb4e75e2ae609cd P 44ec78d2031741d1bff7bff662475d27 [LEADER]: Queue going to LEADER mode. State: All replicated index: 0, Majority replicated index: 0, Committed index: 0, Last appended: 0.0, Last appended by leader: 0, Current term: 1, Majority size: 2, State: 0, Mode: LEADER, active raft config: opid_index: -1 OBSOLETE_local: false peers { permanent_uuid: "f6b10c9fe62c41e4bd2b729e29766534" member_type: VOTER last_known_addr { host: "127.0.213.65" port: 43069 } } peers { permanent_uuid: "44ec78d2031741d1bff7bff662475d27" member_type: VOTER last_known_addr { host: "127.0.213.66" port: 42225 } } peers { permanent_uuid: "5ccf88548bbe4d7a85c784650ccfb062" member_type: VOTER last_known_addr { host: "127.0.213.67" port: 40745 } }
I20260710 10:59:58.486380  1596 leader_election.cc:304] T 555659d70b374b9eb6c0dc7f9bc1a71e P 5ccf88548bbe4d7a85c784650ccfb062 [CANDIDATE]: Term 1 pre-election: Election decided. Result: candidate won. Election summary: received 3 responses out of 3 voters: 2 yes votes; 1 no votes. yes voters: 5ccf88548bbe4d7a85c784650ccfb062, f6b10c9fe62c41e4bd2b729e29766534; no voters: 44ec78d2031741d1bff7bff662475d27
I20260710 10:59:58.486770  1705 leader_election.cc:290] T dd56da34f8e24e98a47ea3d253c2e019 P 5ccf88548bbe4d7a85c784650ccfb062 [CANDIDATE]: Term 1 pre-election: Requested pre-vote from peers f6b10c9fe62c41e4bd2b729e29766534 (127.0.213.65:43069), 44ec78d2031741d1bff7bff662475d27 (127.0.213.66:42225)
I20260710 10:59:58.488261  1705 raft_consensus.cc:2804] T 555659d70b374b9eb6c0dc7f9bc1a71e P 5ccf88548bbe4d7a85c784650ccfb062 [term 0 FOLLOWER]: Leader pre-election won for term 1
I20260710 10:59:58.488874  1705 raft_consensus.cc:493] T 555659d70b374b9eb6c0dc7f9bc1a71e P 5ccf88548bbe4d7a85c784650ccfb062 [term 0 FOLLOWER]: Starting leader election (no leader contacted us within the election timeout)
I20260710 10:59:58.489403  1705 raft_consensus.cc:3060] T 555659d70b374b9eb6c0dc7f9bc1a71e P 5ccf88548bbe4d7a85c784650ccfb062 [term 0 FOLLOWER]: Advancing to term 1
I20260710 10:59:58.489279  1558 tablet_service.cc:1917] Received RequestConsensusVote() RPC: tablet_id: "dd56da34f8e24e98a47ea3d253c2e019" candidate_uuid: "5ccf88548bbe4d7a85c784650ccfb062" candidate_term: 1 candidate_status { last_received { term: 0 index: 0 } } ignore_live_leader: false dest_uuid: "44ec78d2031741d1bff7bff662475d27" is_pre_election: true
I20260710 10:59:58.490358  1558 raft_consensus.cc:2468] T dd56da34f8e24e98a47ea3d253c2e019 P 44ec78d2031741d1bff7bff662475d27 [term 0 FOLLOWER]: Leader pre-election vote request: Granting yes vote for candidate 5ccf88548bbe4d7a85c784650ccfb062 in term 0.
I20260710 10:59:58.492053  1595 leader_election.cc:304] T dd56da34f8e24e98a47ea3d253c2e019 P 5ccf88548bbe4d7a85c784650ccfb062 [CANDIDATE]: Term 1 pre-election: Election decided. Result: candidate won. Election summary: received 2 responses out of 3 voters: 2 yes votes; 0 no votes. yes voters: 44ec78d2031741d1bff7bff662475d27, 5ccf88548bbe4d7a85c784650ccfb062; no voters: 
I20260710 10:59:58.492735  1482 raft_consensus.cc:2468] T f5eafb9253ce44cd953b4db6de6c8dd8 P f6b10c9fe62c41e4bd2b729e29766534 [term 1 FOLLOWER]: Leader election vote request: Granting yes vote for candidate 44ec78d2031741d1bff7bff662475d27 in term 1.
I20260710 10:59:58.493937  1522 leader_election.cc:304] T f5eafb9253ce44cd953b4db6de6c8dd8 P 44ec78d2031741d1bff7bff662475d27 [CANDIDATE]: Term 1 election: Election decided. Result: candidate won. Election summary: received 2 responses out of 3 voters: 2 yes votes; 0 no votes. yes voters: 44ec78d2031741d1bff7bff662475d27, f6b10c9fe62c41e4bd2b729e29766534; no voters: 
I20260710 10:59:58.494735  1708 raft_consensus.cc:2804] T f5eafb9253ce44cd953b4db6de6c8dd8 P 44ec78d2031741d1bff7bff662475d27 [term 1 FOLLOWER]: Leader election won for term 1
I20260710 10:59:58.495221  1708 raft_consensus.cc:697] T f5eafb9253ce44cd953b4db6de6c8dd8 P 44ec78d2031741d1bff7bff662475d27 [term 1 LEADER]: Becoming Leader. State: Replica: 44ec78d2031741d1bff7bff662475d27, State: Running, Role: LEADER
I20260710 10:59:58.495394  1674 tablet_bootstrap.cc:492] T 959c46c236dc47a484155713d6b3ccac P f6b10c9fe62c41e4bd2b729e29766534: No bootstrap required, opened a new log
I20260710 10:59:58.496105  1674 ts_tablet_manager.cc:1403] T 959c46c236dc47a484155713d6b3ccac P f6b10c9fe62c41e4bd2b729e29766534: Time spent bootstrapping tablet: real 0.075s	user 0.025s	sys 0.020s
I20260710 10:59:58.496026  1708 consensus_queue.cc:237] T f5eafb9253ce44cd953b4db6de6c8dd8 P 44ec78d2031741d1bff7bff662475d27 [LEADER]: Queue going to LEADER mode. State: All replicated index: 0, Majority replicated index: 0, Committed index: 0, Last appended: 0.0, Last appended by leader: 0, Current term: 1, Majority size: 2, State: 0, Mode: LEADER, active raft config: opid_index: -1 OBSOLETE_local: false peers { permanent_uuid: "f6b10c9fe62c41e4bd2b729e29766534" member_type: VOTER last_known_addr { host: "127.0.213.65" port: 43069 } } peers { permanent_uuid: "44ec78d2031741d1bff7bff662475d27" member_type: VOTER last_known_addr { host: "127.0.213.66" port: 42225 } } peers { permanent_uuid: "5ccf88548bbe4d7a85c784650ccfb062" member_type: VOTER last_known_addr { host: "127.0.213.67" port: 40745 } }
