I20260710 10:59:57.957454  1464 tablet_service.cc:1511] Processing CreateTablet for tablet 7df5d5cc7b1346e081f901a05f437975 (DEFAULT_TABLE table=test-workload [id=81b6234faa4043cb8b5665e67f164f80]), partition=RANGE (key) PARTITION 1932735276 <= VALUES
I20260710 10:59:57.962004  1471 data_dirs.cc:400] Could only allocate 1 dirs of requested 3 for tablet f5eafb9253ce44cd953b4db6de6c8dd8. 1 dirs total, 0 dirs full, 0 dirs failed
I20260710 10:59:57.962847  1465 data_dirs.cc:400] Could only allocate 1 dirs of requested 3 for tablet 959c46c236dc47a484155713d6b3ccac. 1 dirs total, 0 dirs full, 0 dirs failed
I20260710 10:59:57.965890  1464 data_dirs.cc:400] Could only allocate 1 dirs of requested 3 for tablet 7df5d5cc7b1346e081f901a05f437975. 1 dirs total, 0 dirs full, 0 dirs failed
I20260710 10:59:57.966615  1467 data_dirs.cc:400] Could only allocate 1 dirs of requested 3 for tablet 20ca0e8ad462453faba7cbb4bf63466c. 1 dirs total, 0 dirs full, 0 dirs failed
I20260710 10:59:57.969842  1470 data_dirs.cc:400] Could only allocate 1 dirs of requested 3 for tablet 58ab944ad4b4404d9979a5cc424dc270. 1 dirs total, 0 dirs full, 0 dirs failed
I20260710 10:59:57.971223  1466 data_dirs.cc:400] Could only allocate 1 dirs of requested 3 for tablet 882fde0d6d294f6b9241cf34439a560a. 1 dirs total, 0 dirs full, 0 dirs failed
I20260710 10:59:57.977887  1472 data_dirs.cc:400] Could only allocate 1 dirs of requested 3 for tablet dd56da34f8e24e98a47ea3d253c2e019. 1 dirs total, 0 dirs full, 0 dirs failed
I20260710 10:59:57.980124  1469 data_dirs.cc:400] Could only allocate 1 dirs of requested 3 for tablet 555659d70b374b9eb6c0dc7f9bc1a71e. 1 dirs total, 0 dirs full, 0 dirs failed
I20260710 10:59:57.988415  1673 tablet_bootstrap.cc:492] T 555659d70b374b9eb6c0dc7f9bc1a71e P 5ccf88548bbe4d7a85c784650ccfb062: Bootstrap starting.
I20260710 10:59:58.000804  1672 tablet_bootstrap.cc:654] T 959c46c236dc47a484155713d6b3ccac P 44ec78d2031741d1bff7bff662475d27: Neither blocks nor log segments found. Creating new log.
I20260710 10:59:58.005260  1673 tablet_bootstrap.cc:654] T 555659d70b374b9eb6c0dc7f9bc1a71e P 5ccf88548bbe4d7a85c784650ccfb062: Neither blocks nor log segments found. Creating new log.
I20260710 10:59:58.033857  1674 tablet_bootstrap.cc:492] T f5eafb9253ce44cd953b4db6de6c8dd8 P f6b10c9fe62c41e4bd2b729e29766534: Bootstrap starting.
I20260710 10:59:58.041814  1674 tablet_bootstrap.cc:654] T f5eafb9253ce44cd953b4db6de6c8dd8 P f6b10c9fe62c41e4bd2b729e29766534: Neither blocks nor log segments found. Creating new log.
I20260710 10:59:58.058377  1673 tablet_bootstrap.cc:492] T 555659d70b374b9eb6c0dc7f9bc1a71e P 5ccf88548bbe4d7a85c784650ccfb062: No bootstrap required, opened a new log
I20260710 10:59:58.058835  1673 ts_tablet_manager.cc:1403] T 555659d70b374b9eb6c0dc7f9bc1a71e P 5ccf88548bbe4d7a85c784650ccfb062: Time spent bootstrapping tablet: real 0.071s	user 0.015s	sys 0.010s
I20260710 10:59:58.061940  1672 tablet_bootstrap.cc:492] T 959c46c236dc47a484155713d6b3ccac P 44ec78d2031741d1bff7bff662475d27: No bootstrap required, opened a new log
I20260710 10:59:58.062407  1672 ts_tablet_manager.cc:1403] T 959c46c236dc47a484155713d6b3ccac P 44ec78d2031741d1bff7bff662475d27: Time spent bootstrapping tablet: real 0.114s	user 0.030s	sys 0.017s
I20260710 10:59:58.062453  1674 tablet_bootstrap.cc:492] T f5eafb9253ce44cd953b4db6de6c8dd8 P f6b10c9fe62c41e4bd2b729e29766534: No bootstrap required, opened a new log
I20260710 10:59:58.063016  1674 ts_tablet_manager.cc:1403] T f5eafb9253ce44cd953b4db6de6c8dd8 P f6b10c9fe62c41e4bd2b729e29766534: Time spent bootstrapping tablet: real 0.030s	user 0.014s	sys 0.003s
I20260710 10:59:58.065337  1672 raft_consensus.cc:359] T 959c46c236dc47a484155713d6b3ccac P 44ec78d2031741d1bff7bff662475d27 [term 0 FOLLOWER]: Replica starting. Triggering 0 pending ops. Active config: opid_index: -1 OBSOLETE_local: false peers { permanent_uuid: "f6b10c9fe62c41e4bd2b729e29766534" member_type: VOTER last_known_addr { host: "127.0.213.65" port: 43069 } } peers { permanent_uuid: "44ec78d2031741d1bff7bff662475d27" member_type: VOTER last_known_addr { host: "127.0.213.66" port: 42225 } } peers { permanent_uuid: "5ccf88548bbe4d7a85c784650ccfb062" member_type: VOTER last_known_addr { host: "127.0.213.67" port: 40745 } }
I20260710 10:59:58.066099  1672 raft_consensus.cc:385] T 959c46c236dc47a484155713d6b3ccac P 44ec78d2031741d1bff7bff662475d27 [term 0 FOLLOWER]: Consensus starting up: Expiring failure detector timer to make a prompt election more likely
I20260710 10:59:58.065779  1674 raft_consensus.cc:359] T f5eafb9253ce44cd953b4db6de6c8dd8 P f6b10c9fe62c41e4bd2b729e29766534 [term 0 FOLLOWER]: Replica starting. Triggering 0 pending ops. Active config: opid_index: -1 OBSOLETE_local: false peers { permanent_uuid: "f6b10c9fe62c41e4bd2b729e29766534" member_type: VOTER last_known_addr { host: "127.0.213.65" port: 43069 } } peers { permanent_uuid: "44ec78d2031741d1bff7bff662475d27" member_type: VOTER last_known_addr { host: "127.0.213.66" port: 42225 } } peers { permanent_uuid: "5ccf88548bbe4d7a85c784650ccfb062" member_type: VOTER last_known_addr { host: "127.0.213.67" port: 40745 } }
I20260710 10:59:58.066519  1674 raft_consensus.cc:385] T f5eafb9253ce44cd953b4db6de6c8dd8 P f6b10c9fe62c41e4bd2b729e29766534 [term 0 FOLLOWER]: Consensus starting up: Expiring failure detector timer to make a prompt election more likely
I20260710 10:59:58.066378  1673 raft_consensus.cc:359] T 555659d70b374b9eb6c0dc7f9bc1a71e P 5ccf88548bbe4d7a85c784650ccfb062 [term 0 FOLLOWER]: Replica starting. Triggering 0 pending ops. Active config: opid_index: -1 OBSOLETE_local: false peers { permanent_uuid: "f6b10c9fe62c41e4bd2b729e29766534" member_type: VOTER last_known_addr { host: "127.0.213.65" port: 43069 } } peers { permanent_uuid: "44ec78d2031741d1bff7bff662475d27" member_type: VOTER last_known_addr { host: "127.0.213.66" port: 42225 } } peers { permanent_uuid: "5ccf88548bbe4d7a85c784650ccfb062" member_type: VOTER last_known_addr { host: "127.0.213.67" port: 40745 } }
I20260710 10:59:58.066419  1672 raft_consensus.cc:740] T 959c46c236dc47a484155713d6b3ccac P 44ec78d2031741d1bff7bff662475d27 [term 0 FOLLOWER]: Becoming Follower/Learner. State: Replica: 44ec78d2031741d1bff7bff662475d27, State: Initialized, Role: FOLLOWER
I20260710 10:59:58.066924  1674 raft_consensus.cc:740] T f5eafb9253ce44cd953b4db6de6c8dd8 P f6b10c9fe62c41e4bd2b729e29766534 [term 0 FOLLOWER]: Becoming Follower/Learner. State: Replica: f6b10c9fe62c41e4bd2b729e29766534, State: Initialized, Role: FOLLOWER
I20260710 10:59:58.067252  1673 raft_consensus.cc:385] T 555659d70b374b9eb6c0dc7f9bc1a71e P 5ccf88548bbe4d7a85c784650ccfb062 [term 0 FOLLOWER]: Consensus starting up: Expiring failure detector timer to make a prompt election more likely
I20260710 10:59:58.067602  1673 raft_consensus.cc:740] T 555659d70b374b9eb6c0dc7f9bc1a71e P 5ccf88548bbe4d7a85c784650ccfb062 [term 0 FOLLOWER]: Becoming Follower/Learner. State: Replica: 5ccf88548bbe4d7a85c784650ccfb062, State: Initialized, Role: FOLLOWER
I20260710 10:59:58.067714  1674 consensus_queue.cc:260] T f5eafb9253ce44cd953b4db6de6c8dd8 P f6b10c9fe62c41e4bd2b729e29766534 [NON_LEADER]: Queue going to NON_LEADER mode. State: All replicated index: 0, Majority replicated index: 0, Committed index: 0, Last appended: 0.0, Last appended by leader: 0, Current term: 0, Majority size: -1, State: 0, Mode: NON_LEADER, active raft config: opid_index: -1 OBSOLETE_local: false peers { permanent_uuid: "f6b10c9fe62c41e4bd2b729e29766534" member_type: VOTER last_known_addr { host: "127.0.213.65" port: 43069 } } peers { permanent_uuid: "44ec78d2031741d1bff7bff662475d27" member_type: VOTER last_known_addr { host: "127.0.213.66" port: 42225 } } peers { permanent_uuid: "5ccf88548bbe4d7a85c784650ccfb062" member_type: VOTER last_known_addr { host: "127.0.213.67" port: 40745 } }
I20260710 10:59:58.067824  1672 consensus_queue.cc:260] T 959c46c236dc47a484155713d6b3ccac P 44ec78d2031741d1bff7bff662475d27 [NON_LEADER]: Queue going to NON_LEADER mode. State: All replicated index: 0, Majority replicated index: 0, Committed index: 0, Last appended: 0.0, Last appended by leader: 0, Current term: 0, Majority size: -1, State: 0, Mode: NON_LEADER, active raft config: opid_index: -1 OBSOLETE_local: false peers { permanent_uuid: "f6b10c9fe62c41e4bd2b729e29766534" member_type: VOTER last_known_addr { host: "127.0.213.65" port: 43069 } } peers { permanent_uuid: "44ec78d2031741d1bff7bff662475d27" member_type: VOTER last_known_addr { host: "127.0.213.66" port: 42225 } } peers { permanent_uuid: "5ccf88548bbe4d7a85c784650ccfb062" member_type: VOTER last_known_addr { host: "127.0.213.67" port: 40745 } }
I20260710 10:59:58.068317  1673 consensus_queue.cc:260] T 555659d70b374b9eb6c0dc7f9bc1a71e P 5ccf88548bbe4d7a85c784650ccfb062 [NON_LEADER]: Queue going to NON_LEADER mode. State: All replicated index: 0, Majority replicated index: 0, Committed index: 0, Last appended: 0.0, Last appended by leader: 0, Current term: 0, Majority size: -1, State: 0, Mode: NON_LEADER, active raft config: opid_index: -1 OBSOLETE_local: false peers { permanent_uuid: "f6b10c9fe62c41e4bd2b729e29766534" member_type: VOTER last_known_addr { host: "127.0.213.65" port: 43069 } } peers { permanent_uuid: "44ec78d2031741d1bff7bff662475d27" member_type: VOTER last_known_addr { host: "127.0.213.66" port: 42225 } } peers { permanent_uuid: "5ccf88548bbe4d7a85c784650ccfb062" member_type: VOTER last_known_addr { host: "127.0.213.67" port: 40745 } }
I20260710 10:59:58.070573  1674 ts_tablet_manager.cc:1434] T f5eafb9253ce44cd953b4db6de6c8dd8 P f6b10c9fe62c41e4bd2b729e29766534: Time spent starting tablet: real 0.007s	user 0.006s	sys 0.000s
I20260710 10:59:58.070684  1583 heartbeater.cc:499] Master 127.0.213.126:46047 was elected leader, sending a full tablet report...
I20260710 10:59:58.071599  1674 tablet_bootstrap.cc:492] T 20ca0e8ad462453faba7cbb4bf63466c P f6b10c9fe62c41e4bd2b729e29766534: Bootstrap starting.
I20260710 10:59:58.072316  1673 ts_tablet_manager.cc:1434] T 555659d70b374b9eb6c0dc7f9bc1a71e P 5ccf88548bbe4d7a85c784650ccfb062: Time spent starting tablet: real 0.013s	user 0.006s	sys 0.003s
I20260710 10:59:58.073048  1673 tablet_bootstrap.cc:492] T f523d007e1eb49ebb9c3e1670d674c24 P 5ccf88548bbe4d7a85c784650ccfb062: Bootstrap starting.
I20260710 10:59:58.073858  1657 heartbeater.cc:499] Master 127.0.213.126:46047 was elected leader, sending a full tablet report...
I20260710 10:59:58.077788  1508 heartbeater.cc:499] Master 127.0.213.126:46047 was elected leader, sending a full tablet report...
I20260710 10:59:58.078706  1674 tablet_bootstrap.cc:654] T 20ca0e8ad462453faba7cbb4bf63466c P f6b10c9fe62c41e4bd2b729e29766534: Neither blocks nor log segments found. Creating new log.
I20260710 10:59:58.079051  1673 tablet_bootstrap.cc:654] T f523d007e1eb49ebb9c3e1670d674c24 P 5ccf88548bbe4d7a85c784650ccfb062: Neither blocks nor log segments found. Creating new log.
I20260710 10:59:58.083384  1672 ts_tablet_manager.cc:1434] T 959c46c236dc47a484155713d6b3ccac P 44ec78d2031741d1bff7bff662475d27: Time spent starting tablet: real 0.021s	user 0.006s	sys 0.002s
I20260710 10:59:58.084465  1672 tablet_bootstrap.cc:492] T 757841559cac40a9bfb4e75e2ae609cd P 44ec78d2031741d1bff7bff662475d27: Bootstrap starting.
I20260710 10:59:58.092443  1672 tablet_bootstrap.cc:654] T 757841559cac40a9bfb4e75e2ae609cd P 44ec78d2031741d1bff7bff662475d27: Neither blocks nor log segments found. Creating new log.
I20260710 10:59:58.094696  1674 tablet_bootstrap.cc:492] T 20ca0e8ad462453faba7cbb4bf63466c P f6b10c9fe62c41e4bd2b729e29766534: No bootstrap required, opened a new log
I20260710 10:59:58.095211  1674 ts_tablet_manager.cc:1403] T 20ca0e8ad462453faba7cbb4bf63466c P f6b10c9fe62c41e4bd2b729e29766534: Time spent bootstrapping tablet: real 0.024s	user 0.008s	sys 0.013s
I20260710 10:59:58.095708  1673 tablet_bootstrap.cc:492] T f523d007e1eb49ebb9c3e1670d674c24 P 5ccf88548bbe4d7a85c784650ccfb062: No bootstrap required, opened a new log
I20260710 10:59:58.096196  1673 ts_tablet_manager.cc:1403] T f523d007e1eb49ebb9c3e1670d674c24 P 5ccf88548bbe4d7a85c784650ccfb062: Time spent bootstrapping tablet: real 0.023s	user 0.009s	sys 0.006s
I20260710 10:59:58.098013  1674 raft_consensus.cc:359] T 20ca0e8ad462453faba7cbb4bf63466c P f6b10c9fe62c41e4bd2b729e29766534 [term 0 FOLLOWER]: Replica starting. Triggering 0 pending ops. Active config: opid_index: -1 OBSOLETE_local: false peers { permanent_uuid: "f6b10c9fe62c41e4bd2b729e29766534" member_type: VOTER last_known_addr { host: "127.0.213.65" port: 43069 } } peers { permanent_uuid: "44ec78d2031741d1bff7bff662475d27" member_type: VOTER last_known_addr { host: "127.0.213.66" port: 42225 } } peers { permanent_uuid: "5ccf88548bbe4d7a85c784650ccfb062" member_type: VOTER last_known_addr { host: "127.0.213.67" port: 40745 } }
I20260710 10:59:58.098730  1674 raft_consensus.cc:385] T 20ca0e8ad462453faba7cbb4bf63466c P f6b10c9fe62c41e4bd2b729e29766534 [term 0 FOLLOWER]: Consensus starting up: Expiring failure detector timer to make a prompt election more likely
I20260710 10:59:58.099085  1674 raft_consensus.cc:740] T 20ca0e8ad462453faba7cbb4bf63466c P f6b10c9fe62c41e4bd2b729e29766534 [term 0 FOLLOWER]: Becoming Follower/Learner. State: Replica: f6b10c9fe62c41e4bd2b729e29766534, State: Initialized, Role: FOLLOWER
I20260710 10:59:58.098829  1673 raft_consensus.cc:359] T f523d007e1eb49ebb9c3e1670d674c24 P 5ccf88548bbe4d7a85c784650ccfb062 [term 0 FOLLOWER]: Replica starting. Triggering 0 pending ops. Active config: opid_index: -1 OBSOLETE_local: false peers { permanent_uuid: "5ccf88548bbe4d7a85c784650ccfb062" member_type: VOTER last_known_addr { host: "127.0.213.67" port: 40745 } } peers { permanent_uuid: "44ec78d2031741d1bff7bff662475d27" member_type: VOTER last_known_addr { host: "127.0.213.66" port: 42225 } } peers { permanent_uuid: "f6b10c9fe62c41e4bd2b729e29766534" member_type: VOTER last_known_addr { host: "127.0.213.65" port: 43069 } }
I20260710 10:59:58.099547  1673 raft_consensus.cc:385] T f523d007e1eb49ebb9c3e1670d674c24 P 5ccf88548bbe4d7a85c784650ccfb062 [term 0 FOLLOWER]: Consensus starting up: Expiring failure detector timer to make a prompt election more likely
I20260710 10:59:58.099841  1673 raft_consensus.cc:740] T f523d007e1eb49ebb9c3e1670d674c24 P 5ccf88548bbe4d7a85c784650ccfb062 [term 0 FOLLOWER]: Becoming Follower/Learner. State: Replica: 5ccf88548bbe4d7a85c784650ccfb062, State: Initialized, Role: FOLLOWER
I20260710 10:59:58.099943  1674 consensus_queue.cc:260] T 20ca0e8ad462453faba7cbb4bf63466c P f6b10c9fe62c41e4bd2b729e29766534 [NON_LEADER]: Queue going to NON_LEADER mode. State: All replicated index: 0, Majority replicated index: 0, Committed index: 0, Last appended: 0.0, Last appended by leader: 0, Current term: 0, Majority size: -1, State: 0, Mode: NON_LEADER, active raft config: opid_index: -1 OBSOLETE_local: false peers { permanent_uuid: "f6b10c9fe62c41e4bd2b729e29766534" member_type: VOTER last_known_addr { host: "127.0.213.65" port: 43069 } } peers { permanent_uuid: "44ec78d2031741d1bff7bff662475d27" member_type: VOTER last_known_addr { host: "127.0.213.66" port: 42225 } } peers { permanent_uuid: "5ccf88548bbe4d7a85c784650ccfb062" member_type: VOTER last_known_addr { host: "127.0.213.67" port: 40745 } }
I20260710 10:59:58.100718  1673 consensus_queue.cc:260] T f523d007e1eb49ebb9c3e1670d674c24 P 5ccf88548bbe4d7a85c784650ccfb062 [NON_LEADER]: Queue going to NON_LEADER mode. State: All replicated index: 0, Majority replicated index: 0, Committed index: 0, Last appended: 0.0, Last appended by leader: 0, Current term: 0, Majority size: -1, State: 0, Mode: NON_LEADER, active raft config: opid_index: -1 OBSOLETE_local: false peers { permanent_uuid: "5ccf88548bbe4d7a85c784650ccfb062" member_type: VOTER last_known_addr { host: "127.0.213.67" port: 40745 } } peers { permanent_uuid: "44ec78d2031741d1bff7bff662475d27" member_type: VOTER last_known_addr { host: "127.0.213.66" port: 42225 } } peers { permanent_uuid: "f6b10c9fe62c41e4bd2b729e29766534" member_type: VOTER last_known_addr { host: "127.0.213.65" port: 43069 } }
I20260710 10:59:58.102305  1674 ts_tablet_manager.cc:1434] T 20ca0e8ad462453faba7cbb4bf63466c P f6b10c9fe62c41e4bd2b729e29766534: Time spent starting tablet: real 0.007s	user 0.000s	sys 0.007s
I20260710 10:59:58.102775  1673 ts_tablet_manager.cc:1434] T f523d007e1eb49ebb9c3e1670d674c24 P 5ccf88548bbe4d7a85c784650ccfb062: Time spent starting tablet: real 0.006s	user 0.007s	sys 0.000s
I20260710 10:59:58.103248  1674 tablet_bootstrap.cc:492] T f523d007e1eb49ebb9c3e1670d674c24 P f6b10c9fe62c41e4bd2b729e29766534: Bootstrap starting.
I20260710 10:59:58.103617  1673 tablet_bootstrap.cc:492] T 58ab944ad4b4404d9979a5cc424dc270 P 5ccf88548bbe4d7a85c784650ccfb062: Bootstrap starting.
I20260710 10:59:58.110255  1673 tablet_bootstrap.cc:654] T 58ab944ad4b4404d9979a5cc424dc270 P 5ccf88548bbe4d7a85c784650ccfb062: Neither blocks nor log segments found. Creating new log.
I20260710 10:59:58.111307  1674 tablet_bootstrap.cc:654] T f523d007e1eb49ebb9c3e1670d674c24 P f6b10c9fe62c41e4bd2b729e29766534: Neither blocks nor log segments found. Creating new log.
I20260710 10:59:58.123999  1674 tablet_bootstrap.cc:492] T f523d007e1eb49ebb9c3e1670d674c24 P f6b10c9fe62c41e4bd2b729e29766534: No bootstrap required, opened a new log
I20260710 10:59:58.124665  1674 ts_tablet_manager.cc:1403] T f523d007e1eb49ebb9c3e1670d674c24 P f6b10c9fe62c41e4bd2b729e29766534: Time spent bootstrapping tablet: real 0.022s	user 0.016s	sys 0.000s
I20260710 10:59:58.128376  1674 raft_consensus.cc:359] T f523d007e1eb49ebb9c3e1670d674c24 P f6b10c9fe62c41e4bd2b729e29766534 [term 0 FOLLOWER]: Replica starting. Triggering 0 pending ops. Active config: opid_index: -1 OBSOLETE_local: false peers { permanent_uuid: "5ccf88548bbe4d7a85c784650ccfb062" member_type: VOTER last_known_addr { host: "127.0.213.67" port: 40745 } } peers { permanent_uuid: "44ec78d2031741d1bff7bff662475d27" member_type: VOTER last_known_addr { host: "127.0.213.66" port: 42225 } } peers { permanent_uuid: "f6b10c9fe62c41e4bd2b729e29766534" member_type: VOTER last_known_addr { host: "127.0.213.65" port: 43069 } }
I20260710 10:59:58.129350  1674 raft_consensus.cc:385] T f523d007e1eb49ebb9c3e1670d674c24 P f6b10c9fe62c41e4bd2b729e29766534 [term 0 FOLLOWER]: Consensus starting up: Expiring failure detector timer to make a prompt election more likely
I20260710 10:59:58.129750  1674 raft_consensus.cc:740] T f523d007e1eb49ebb9c3e1670d674c24 P f6b10c9fe62c41e4bd2b729e29766534 [term 0 FOLLOWER]: Becoming Follower/Learner. State: Replica: f6b10c9fe62c41e4bd2b729e29766534, State: Initialized, Role: FOLLOWER
I20260710 10:59:58.131138  1674 consensus_queue.cc:260] T f523d007e1eb49ebb9c3e1670d674c24 P f6b10c9fe62c41e4bd2b729e29766534 [NON_LEADER]: Queue going to NON_LEADER mode. State: All replicated index: 0, Majority replicated index: 0, Committed index: 0, Last appended: 0.0, Last appended by leader: 0, Current term: 0, Majority size: -1, State: 0, Mode: NON_LEADER, active raft config: opid_index: -1 OBSOLETE_local: false peers { permanent_uuid: "5ccf88548bbe4d7a85c784650ccfb062" member_type: VOTER last_known_addr { host: "127.0.213.67" port: 40745 } } peers { permanent_uuid: "44ec78d2031741d1bff7bff662475d27" member_type: VOTER last_known_addr { host: "127.0.213.66" port: 42225 } } peers { permanent_uuid: "f6b10c9fe62c41e4bd2b729e29766534" member_type: VOTER last_known_addr { host: "127.0.213.65" port: 43069 } }
I20260710 10:59:58.134431  1674 ts_tablet_manager.cc:1434] T f523d007e1eb49ebb9c3e1670d674c24 P f6b10c9fe62c41e4bd2b729e29766534: Time spent starting tablet: real 0.009s	user 0.011s	sys 0.000s
I20260710 10:59:58.135586  1674 tablet_bootstrap.cc:492] T 882fde0d6d294f6b9241cf34439a560a P f6b10c9fe62c41e4bd2b729e29766534: Bootstrap starting.
I20260710 10:59:58.144160  1674 tablet_bootstrap.cc:654] T 882fde0d6d294f6b9241cf34439a560a P f6b10c9fe62c41e4bd2b729e29766534: Neither blocks nor log segments found. Creating new log.
I20260710 10:59:58.145303  1678 raft_consensus.cc:493] T 959c46c236dc47a484155713d6b3ccac P 44ec78d2031741d1bff7bff662475d27 [term 0 FOLLOWER]: Starting pre-election (no leader contacted us within the election timeout)
I20260710 10:59:58.145789  1678 raft_consensus.cc:515] T 959c46c236dc47a484155713d6b3ccac P 44ec78d2031741d1bff7bff662475d27 [term 0 FOLLOWER]: Starting pre-election with config: opid_index: -1 OBSOLETE_local: false peers { permanent_uuid: "f6b10c9fe62c41e4bd2b729e29766534" member_type: VOTER last_known_addr { host: "127.0.213.65" port: 43069 } } peers { permanent_uuid: "44ec78d2031741d1bff7bff662475d27" member_type: VOTER last_known_addr { host: "127.0.213.66" port: 42225 } } peers { permanent_uuid: "5ccf88548bbe4d7a85c784650ccfb062" member_type: VOTER last_known_addr { host: "127.0.213.67" port: 40745 } }
I20260710 10:59:58.148295  1678 leader_election.cc:290] T 959c46c236dc47a484155713d6b3ccac P 44ec78d2031741d1bff7bff662475d27 [CANDIDATE]: Term 1 pre-election: Requested pre-vote from peers f6b10c9fe62c41e4bd2b729e29766534 (127.0.213.65:43069), 5ccf88548bbe4d7a85c784650ccfb062 (127.0.213.67:40745)
I20260710 10:59:58.153268  1673 tablet_bootstrap.cc:492] T 58ab944ad4b4404d9979a5cc424dc270 P 5ccf88548bbe4d7a85c784650ccfb062: No bootstrap required, opened a new log
I20260710 10:59:58.153851  1673 ts_tablet_manager.cc:1403] T 58ab944ad4b4404d9979a5cc424dc270 P 5ccf88548bbe4d7a85c784650ccfb062: Time spent bootstrapping tablet: real 0.050s	user 0.011s	sys 0.037s
I20260710 10:59:58.155942  1674 tablet_bootstrap.cc:492] T 882fde0d6d294f6b9241cf34439a560a P f6b10c9fe62c41e4bd2b729e29766534: No bootstrap required, opened a new log
I20260710 10:59:58.156391  1674 ts_tablet_manager.cc:1403] T 882fde0d6d294f6b9241cf34439a560a P f6b10c9fe62c41e4bd2b729e29766534: Time spent bootstrapping tablet: real 0.021s	user 0.010s	sys 0.008s
I20260710 10:59:58.156635  1673 raft_consensus.cc:359] T 58ab944ad4b4404d9979a5cc424dc270 P 5ccf88548bbe4d7a85c784650ccfb062 [term 0 FOLLOWER]: Replica starting. Triggering 0 pending ops. Active config: opid_index: -1 OBSOLETE_local: false peers { permanent_uuid: "f6b10c9fe62c41e4bd2b729e29766534" member_type: VOTER last_known_addr { host: "127.0.213.65" port: 43069 } } peers { permanent_uuid: "44ec78d2031741d1bff7bff662475d27" member_type: VOTER last_known_addr { host: "127.0.213.66" port: 42225 } } peers { permanent_uuid: "5ccf88548bbe4d7a85c784650ccfb062" member_type: VOTER last_known_addr { host: "127.0.213.67" port: 40745 } }
I20260710 10:59:58.157333  1673 raft_consensus.cc:385] T 58ab944ad4b4404d9979a5cc424dc270 P 5ccf88548bbe4d7a85c784650ccfb062 [term 0 FOLLOWER]: Consensus starting up: Expiring failure detector timer to make a prompt election more likely
I20260710 10:59:58.157660  1673 raft_consensus.cc:740] T 58ab944ad4b4404d9979a5cc424dc270 P 5ccf88548bbe4d7a85c784650ccfb062 [term 0 FOLLOWER]: Becoming Follower/Learner. State: Replica: 5ccf88548bbe4d7a85c784650ccfb062, State: Initialized, Role: FOLLOWER
I20260710 10:59:58.158505  1673 consensus_queue.cc:260] T 58ab944ad4b4404d9979a5cc424dc270 P 5ccf88548bbe4d7a85c784650ccfb062 [NON_LEADER]: Queue going to NON_LEADER mode. State: All replicated index: 0, Majority replicated index: 0, Committed index: 0, Last appended: 0.0, Last appended by leader: 0, Current term: 0, Majority size: -1, State: 0, Mode: NON_LEADER, active raft config: opid_index: -1 OBSOLETE_local: false peers { permanent_uuid: "f6b10c9fe62c41e4bd2b729e29766534" member_type: VOTER last_known_addr { host: "127.0.213.65" port: 43069 } } peers { permanent_uuid: "44ec78d2031741d1bff7bff662475d27" member_type: VOTER last_known_addr { host: "127.0.213.66" port: 42225 } } peers { permanent_uuid: "5ccf88548bbe4d7a85c784650ccfb062" member_type: VOTER last_known_addr { host: "127.0.213.67" port: 40745 } }
I20260710 10:59:58.159200  1674 raft_consensus.cc:359] T 882fde0d6d294f6b9241cf34439a560a P f6b10c9fe62c41e4bd2b729e29766534 [term 0 FOLLOWER]: Replica starting. Triggering 0 pending ops. Active config: opid_index: -1 OBSOLETE_local: false peers { permanent_uuid: "f6b10c9fe62c41e4bd2b729e29766534" member_type: VOTER last_known_addr { host: "127.0.213.65" port: 43069 } } peers { permanent_uuid: "44ec78d2031741d1bff7bff662475d27" member_type: VOTER last_known_addr { host: "127.0.213.66" port: 42225 } } peers { permanent_uuid: "5ccf88548bbe4d7a85c784650ccfb062" member_type: VOTER last_known_addr { host: "127.0.213.67" port: 40745 } }
I20260710 10:59:58.159870  1674 raft_consensus.cc:385] T 882fde0d6d294f6b9241cf34439a560a P f6b10c9fe62c41e4bd2b729e29766534 [term 0 FOLLOWER]: Consensus starting up: Expiring failure detector timer to make a prompt election more likely
I20260710 10:59:58.160156  1674 raft_consensus.cc:740] T 882fde0d6d294f6b9241cf34439a560a P f6b10c9fe62c41e4bd2b729e29766534 [term 0 FOLLOWER]: Becoming Follower/Learner. State: Replica: f6b10c9fe62c41e4bd2b729e29766534, State: Initialized, Role: FOLLOWER
I20260710 10:59:58.160885  1674 consensus_queue.cc:260] T 882fde0d6d294f6b9241cf34439a560a P f6b10c9fe62c41e4bd2b729e29766534 [NON_LEADER]: Queue going to NON_LEADER mode. State: All replicated index: 0, Majority replicated index: 0, Committed index: 0, Last appended: 0.0, Last appended by leader: 0, Current term: 0, Majority size: -1, State: 0, Mode: NON_LEADER, active raft config: opid_index: -1 OBSOLETE_local: false peers { permanent_uuid: "f6b10c9fe62c41e4bd2b729e29766534" member_type: VOTER last_known_addr { host: "127.0.213.65" port: 43069 } } peers { permanent_uuid: "44ec78d2031741d1bff7bff662475d27" member_type: VOTER last_known_addr { host: "127.0.213.66" port: 42225 } } peers { permanent_uuid: "5ccf88548bbe4d7a85c784650ccfb062" member_type: VOTER last_known_addr { host: "127.0.213.67" port: 40745 } }
I20260710 10:59:58.162900  1673 ts_tablet_manager.cc:1434] T 58ab944ad4b4404d9979a5cc424dc270 P 5ccf88548bbe4d7a85c784650ccfb062: Time spent starting tablet: real 0.009s	user 0.006s	sys 0.000s
I20260710 10:59:58.163260  1672 tablet_bootstrap.cc:492] T 757841559cac40a9bfb4e75e2ae609cd P 44ec78d2031741d1bff7bff662475d27: No bootstrap required, opened a new log
I20260710 10:59:58.163753  1672 ts_tablet_manager.cc:1403] T 757841559cac40a9bfb4e75e2ae609cd P 44ec78d2031741d1bff7bff662475d27: Time spent bootstrapping tablet: real 0.080s	user 0.026s	sys 0.033s
I20260710 10:59:58.163854  1673 tablet_bootstrap.cc:492] T 757841559cac40a9bfb4e75e2ae609cd P 5ccf88548bbe4d7a85c784650ccfb062: Bootstrap starting.
I20260710 10:59:58.165751  1674 ts_tablet_manager.cc:1434] T 882fde0d6d294f6b9241cf34439a560a P f6b10c9fe62c41e4bd2b729e29766534: Time spent starting tablet: real 0.009s	user 0.008s	sys 0.000s
I20260710 10:59:58.166731  1674 tablet_bootstrap.cc:492] T 555659d70b374b9eb6c0dc7f9bc1a71e P f6b10c9fe62c41e4bd2b729e29766534: Bootstrap starting.
I20260710 10:59:58.171398  1673 tablet_bootstrap.cc:654] T 757841559cac40a9bfb4e75e2ae609cd P 5ccf88548bbe4d7a85c784650ccfb062: Neither blocks nor log segments found. Creating new log.
I20260710 10:59:58.173050  1674 tablet_bootstrap.cc:654] T 555659d70b374b9eb6c0dc7f9bc1a71e P f6b10c9fe62c41e4bd2b729e29766534: Neither blocks nor log segments found. Creating new log.
I20260710 10:59:58.171550  1672 raft_consensus.cc:359] T 757841559cac40a9bfb4e75e2ae609cd P 44ec78d2031741d1bff7bff662475d27 [term 0 FOLLOWER]: Replica starting. Triggering 0 pending ops. Active config: opid_index: -1 OBSOLETE_local: false peers { permanent_uuid: "f6b10c9fe62c41e4bd2b729e29766534" member_type: VOTER last_known_addr { host: "127.0.213.65" port: 43069 } } peers { permanent_uuid: "44ec78d2031741d1bff7bff662475d27" member_type: VOTER last_known_addr { host: "127.0.213.66" port: 42225 } } peers { permanent_uuid: "5ccf88548bbe4d7a85c784650ccfb062" member_type: VOTER last_known_addr { host: "127.0.213.67" port: 40745 } }
I20260710 10:59:58.177843  1672 raft_consensus.cc:385] T 757841559cac40a9bfb4e75e2ae609cd P 44ec78d2031741d1bff7bff662475d27 [term 0 FOLLOWER]: Consensus starting up: Expiring failure detector timer to make a prompt election more likely
I20260710 10:59:58.180078  1672 raft_consensus.cc:740] T 757841559cac40a9bfb4e75e2ae609cd P 44ec78d2031741d1bff7bff662475d27 [term 0 FOLLOWER]: Becoming Follower/Learner. State: Replica: 44ec78d2031741d1bff7bff662475d27, State: Initialized, Role: FOLLOWER
I20260710 10:59:58.182286  1672 consensus_queue.cc:260] T 757841559cac40a9bfb4e75e2ae609cd P 44ec78d2031741d1bff7bff662475d27 [NON_LEADER]: Queue going to NON_LEADER mode. State: All replicated index: 0, Majority replicated index: 0, Committed index: 0, Last appended: 0.0, Last appended by leader: 0, Current term: 0, Majority size: -1, State: 0, Mode: NON_LEADER, active raft config: opid_index: -1 OBSOLETE_local: false peers { permanent_uuid: "f6b10c9fe62c41e4bd2b729e29766534" member_type: VOTER last_known_addr { host: "127.0.213.65" port: 43069 } } peers { permanent_uuid: "44ec78d2031741d1bff7bff662475d27" member_type: VOTER last_known_addr { host: "127.0.213.66" port: 42225 } } peers { permanent_uuid: "5ccf88548bbe4d7a85c784650ccfb062" member_type: VOTER last_known_addr { host: "127.0.213.67" port: 40745 } }
I20260710 10:59:58.183434  1673 tablet_bootstrap.cc:492] T 757841559cac40a9bfb4e75e2ae609cd P 5ccf88548bbe4d7a85c784650ccfb062: No bootstrap required, opened a new log
I20260710 10:59:58.184937  1674 tablet_bootstrap.cc:492] T 555659d70b374b9eb6c0dc7f9bc1a71e P f6b10c9fe62c41e4bd2b729e29766534: No bootstrap required, opened a new log
I20260710 10:59:58.185878  1673 ts_tablet_manager.cc:1403] T 757841559cac40a9bfb4e75e2ae609cd P 5ccf88548bbe4d7a85c784650ccfb062: Time spent bootstrapping tablet: real 0.022s	user 0.014s	sys 0.004s
I20260710 10:59:58.185868  1674 ts_tablet_manager.cc:1403] T 555659d70b374b9eb6c0dc7f9bc1a71e P f6b10c9fe62c41e4bd2b729e29766534: Time spent bootstrapping tablet: real 0.019s	user 0.014s	sys 0.004s
I20260710 10:59:58.187073  1672 ts_tablet_manager.cc:1434] T 757841559cac40a9bfb4e75e2ae609cd P 44ec78d2031741d1bff7bff662475d27: Time spent starting tablet: real 0.023s	user 0.003s	sys 0.003s
I20260710 10:59:58.188827  1673 raft_consensus.cc:359] T 757841559cac40a9bfb4e75e2ae609cd P 5ccf88548bbe4d7a85c784650ccfb062 [term 0 FOLLOWER]: Replica starting. Triggering 0 pending ops. Active config: opid_index: -1 OBSOLETE_local: false peers { permanent_uuid: "f6b10c9fe62c41e4bd2b729e29766534" member_type: VOTER last_known_addr { host: "127.0.213.65" port: 43069 } } peers { permanent_uuid: "44ec78d2031741d1bff7bff662475d27" member_type: VOTER last_known_addr { host: "127.0.213.66" port: 42225 } } peers { permanent_uuid: "5ccf88548bbe4d7a85c784650ccfb062" member_type: VOTER last_known_addr { host: "127.0.213.67" port: 40745 } }
I20260710 10:59:58.188978  1674 raft_consensus.cc:359] T 555659d70b374b9eb6c0dc7f9bc1a71e P f6b10c9fe62c41e4bd2b729e29766534 [term 0 FOLLOWER]: Replica starting. Triggering 0 pending ops. Active config: opid_index: -1 OBSOLETE_local: false peers { permanent_uuid: "f6b10c9fe62c41e4bd2b729e29766534" member_type: VOTER last_known_addr { host: "127.0.213.65" port: 43069 } } peers { permanent_uuid: "44ec78d2031741d1bff7bff662475d27" member_type: VOTER last_known_addr { host: "127.0.213.66" port: 42225 } } peers { permanent_uuid: "5ccf88548bbe4d7a85c784650ccfb062" member_type: VOTER last_known_addr { host: "127.0.213.67" port: 40745 } }
I20260710 10:59:58.189587  1673 raft_consensus.cc:385] T 757841559cac40a9bfb4e75e2ae609cd P 5ccf88548bbe4d7a85c784650ccfb062 [term 0 FOLLOWER]: Consensus starting up: Expiring failure detector timer to make a prompt election more likely
I20260710 10:59:58.189646  1674 raft_consensus.cc:385] T 555659d70b374b9eb6c0dc7f9bc1a71e P f6b10c9fe62c41e4bd2b729e29766534 [term 0 FOLLOWER]: Consensus starting up: Expiring failure detector timer to make a prompt election more likely
I20260710 10:59:58.190008  1673 raft_consensus.cc:740] T 757841559cac40a9bfb4e75e2ae609cd P 5ccf88548bbe4d7a85c784650ccfb062 [term 0 FOLLOWER]: Becoming Follower/Learner. State: Replica: 5ccf88548bbe4d7a85c784650ccfb062, State: Initialized, Role: FOLLOWER
I20260710 10:59:58.190052  1674 raft_consensus.cc:740] T 555659d70b374b9eb6c0dc7f9bc1a71e P f6b10c9fe62c41e4bd2b729e29766534 [term 0 FOLLOWER]: Becoming Follower/Learner. State: Replica: f6b10c9fe62c41e4bd2b729e29766534, State: Initialized, Role: FOLLOWER
I20260710 10:59:58.190820  1673 consensus_queue.cc:260] T 757841559cac40a9bfb4e75e2ae609cd P 5ccf88548bbe4d7a85c784650ccfb062 [NON_LEADER]: Queue going to NON_LEADER mode. State: All replicated index: 0, Majority replicated index: 0, Committed index: 0, Last appended: 0.0, Last appended by leader: 0, Current term: 0, Majority size: -1, State: 0, Mode: NON_LEADER, active raft config: opid_index: -1 OBSOLETE_local: false peers { permanent_uuid: "f6b10c9fe62c41e4bd2b729e29766534" member_type: VOTER last_known_addr { host: "127.0.213.65" port: 43069 } } peers { permanent_uuid: "44ec78d2031741d1bff7bff662475d27" member_type: VOTER last_known_addr { host: "127.0.213.66" port: 42225 } } peers { permanent_uuid: "5ccf88548bbe4d7a85c784650ccfb062" member_type: VOTER last_known_addr { host: "127.0.213.67" port: 40745 } }
I20260710 10:59:58.190804  1674 consensus_queue.cc:260] T 555659d70b374b9eb6c0dc7f9bc1a71e P f6b10c9fe62c41e4bd2b729e29766534 [NON_LEADER]: Queue going to NON_LEADER mode. State: All replicated index: 0, Majority replicated index: 0, Committed index: 0, Last appended: 0.0, Last appended by leader: 0, Current term: 0, Majority size: -1, State: 0, Mode: NON_LEADER, active raft config: opid_index: -1 OBSOLETE_local: false peers { permanent_uuid: "f6b10c9fe62c41e4bd2b729e29766534" member_type: VOTER last_known_addr { host: "127.0.213.65" port: 43069 } } peers { permanent_uuid: "44ec78d2031741d1bff7bff662475d27" member_type: VOTER last_known_addr { host: "127.0.213.66" port: 42225 } } peers { permanent_uuid: "5ccf88548bbe4d7a85c784650ccfb062" member_type: VOTER last_known_addr { host: "127.0.213.67" port: 40745 } }
I20260710 10:59:58.192384  1483 tablet_service.cc:1917] Received RequestConsensusVote() RPC: tablet_id: "959c46c236dc47a484155713d6b3ccac" candidate_uuid: "44ec78d2031741d1bff7bff662475d27" candidate_term: 1 candidate_status { last_received { term: 0 index: 0 } } ignore_live_leader: false dest_uuid: "f6b10c9fe62c41e4bd2b729e29766534" is_pre_election: true
I20260710 10:59:58.193143  1673 ts_tablet_manager.cc:1434] T 757841559cac40a9bfb4e75e2ae609cd P 5ccf88548bbe4d7a85c784650ccfb062: Time spent starting tablet: real 0.007s	user 0.005s	sys 0.000s
I20260710 10:59:58.194101  1673 tablet_bootstrap.cc:492] T 20ca0e8ad462453faba7cbb4bf63466c P 5ccf88548bbe4d7a85c784650ccfb062: Bootstrap starting.
W20260710 10:59:58.194825  1522 leader_election.cc:343] T 959c46c236dc47a484155713d6b3ccac P 44ec78d2031741d1bff7bff662475d27 [CANDIDATE]: Term 1 pre-election: Tablet error from VoteRequest() call to peer f6b10c9fe62c41e4bd2b729e29766534 (127.0.213.65:43069): Illegal state: must be running to vote when last-logged opid is not known
I20260710 10:59:58.197690  1674 ts_tablet_manager.cc:1434] T 555659d70b374b9eb6c0dc7f9bc1a71e P f6b10c9fe62c41e4bd2b729e29766534: Time spent starting tablet: real 0.011s	user 0.006s	sys 0.000s
I20260710 10:59:58.198689  1674 tablet_bootstrap.cc:492] T 757841559cac40a9bfb4e75e2ae609cd P f6b10c9fe62c41e4bd2b729e29766534: Bootstrap starting.
I20260710 10:59:58.199863  1672 tablet_bootstrap.cc:492] T dd56da34f8e24e98a47ea3d253c2e019 P 44ec78d2031741d1bff7bff662475d27: Bootstrap starting.
I20260710 10:59:58.200198  1673 tablet_bootstrap.cc:654] T 20ca0e8ad462453faba7cbb4bf63466c P 5ccf88548bbe4d7a85c784650ccfb062: Neither blocks nor log segments found. Creating new log.
I20260710 10:59:58.207114  1674 tablet_bootstrap.cc:654] T 757841559cac40a9bfb4e75e2ae609cd P f6b10c9fe62c41e4bd2b729e29766534: Neither blocks nor log segments found. Creating new log.
I20260710 10:59:58.212154  1632 tablet_service.cc:1917] Received RequestConsensusVote() RPC: tablet_id: "959c46c236dc47a484155713d6b3ccac" candidate_uuid: "44ec78d2031741d1bff7bff662475d27" candidate_term: 1 candidate_status { last_received { term: 0 index: 0 } } ignore_live_leader: false dest_uuid: "5ccf88548bbe4d7a85c784650ccfb062" is_pre_election: true
W20260710 10:59:58.213837  1522 leader_election.cc:343] T 959c46c236dc47a484155713d6b3ccac P 44ec78d2031741d1bff7bff662475d27 [CANDIDATE]: Term 1 pre-election: Tablet error from VoteRequest() call to peer 5ccf88548bbe4d7a85c784650ccfb062 (127.0.213.67:40745): Illegal state: must be running to vote when last-logged opid is not known
I20260710 10:59:58.214293  1522 leader_election.cc:304] T 959c46c236dc47a484155713d6b3ccac P 44ec78d2031741d1bff7bff662475d27 [CANDIDATE]: Term 1 pre-election: Election decided. Result: candidate lost. Election summary: received 3 responses out of 3 voters: 1 yes votes; 2 no votes. yes voters: 44ec78d2031741d1bff7bff662475d27; no voters: 5ccf88548bbe4d7a85c784650ccfb062, f6b10c9fe62c41e4bd2b729e29766534
I20260710 10:59:58.215379  1678 raft_consensus.cc:2749] T 959c46c236dc47a484155713d6b3ccac P 44ec78d2031741d1bff7bff662475d27 [term 0 FOLLOWER]: Leader pre-election lost for term 1. Reason: could not achieve majority
I20260710 10:59:58.219139  1672 tablet_bootstrap.cc:654] T dd56da34f8e24e98a47ea3d253c2e019 P 44ec78d2031741d1bff7bff662475d27: Neither blocks nor log segments found. Creating new log.
I20260710 10:59:58.224074  1673 tablet_bootstrap.cc:492] T 20ca0e8ad462453faba7cbb4bf63466c P 5ccf88548bbe4d7a85c784650ccfb062: No bootstrap required, opened a new log
I20260710 10:59:58.224548  1673 ts_tablet_manager.cc:1403] T 20ca0e8ad462453faba7cbb4bf63466c P 5ccf88548bbe4d7a85c784650ccfb062: Time spent bootstrapping tablet: real 0.031s	user 0.005s	sys 0.023s
I20260710 10:59:58.225610  1674 tablet_bootstrap.cc:492] T 757841559cac40a9bfb4e75e2ae609cd P f6b10c9fe62c41e4bd2b729e29766534: No bootstrap required, opened a new log
I20260710 10:59:58.226047  1674 ts_tablet_manager.cc:1403] T 757841559cac40a9bfb4e75e2ae609cd P f6b10c9fe62c41e4bd2b729e29766534: Time spent bootstrapping tablet: real 0.028s	user 0.014s	sys 0.008s
I20260710 10:59:58.227773  1673 raft_consensus.cc:359] T 20ca0e8ad462453faba7cbb4bf63466c P 5ccf88548bbe4d7a85c784650ccfb062 [term 0 FOLLOWER]: Replica starting. Triggering 0 pending ops. Active config: opid_index: -1 OBSOLETE_local: false peers { permanent_uuid: "f6b10c9fe62c41e4bd2b729e29766534" member_type: VOTER last_known_addr { host: "127.0.213.65" port: 43069 } } peers { permanent_uuid: "44ec78d2031741d1bff7bff662475d27" member_type: VOTER last_known_addr { host: "127.0.213.66" port: 42225 } } peers { permanent_uuid: "5ccf88548bbe4d7a85c784650ccfb062" member_type: VOTER last_known_addr { host: "127.0.213.67" port: 40745 } }
I20260710 10:59:58.228497  1673 raft_consensus.cc:385] T 20ca0e8ad462453faba7cbb4bf63466c P 5ccf88548bbe4d7a85c784650ccfb062 [term 0 FOLLOWER]: Consensus starting up: Expiring failure detector timer to make a prompt election more likely
I20260710 10:59:58.228775  1673 raft_consensus.cc:740] T 20ca0e8ad462453faba7cbb4bf63466c P 5ccf88548bbe4d7a85c784650ccfb062 [term 0 FOLLOWER]: Becoming Follower/Learner. State: Replica: 5ccf88548bbe4d7a85c784650ccfb062, State: Initialized, Role: FOLLOWER
I20260710 10:59:58.228933  1672 tablet_bootstrap.cc:492] T dd56da34f8e24e98a47ea3d253c2e019 P 44ec78d2031741d1bff7bff662475d27: No bootstrap required, opened a new log
I20260710 10:59:58.228704  1674 raft_consensus.cc:359] T 757841559cac40a9bfb4e75e2ae609cd P f6b10c9fe62c41e4bd2b729e29766534 [term 0 FOLLOWER]: Replica starting. Triggering 0 pending ops. Active config: opid_index: -1 OBSOLETE_local: false peers { permanent_uuid: "f6b10c9fe62c41e4bd2b729e29766534" member_type: VOTER last_known_addr { host: "127.0.213.65" port: 43069 } } peers { permanent_uuid: "44ec78d2031741d1bff7bff662475d27" member_type: VOTER last_known_addr { host: "127.0.213.66" port: 42225 } } peers { permanent_uuid: "5ccf88548bbe4d7a85c784650ccfb062" member_type: VOTER last_known_addr { host: "127.0.213.67" port: 40745 } }
I20260710 10:59:58.229441  1672 ts_tablet_manager.cc:1403] T dd56da34f8e24e98a47ea3d253c2e019 P 44ec78d2031741d1bff7bff662475d27: Time spent bootstrapping tablet: real 0.030s	user 0.003s	sys 0.010s
I20260710 10:59:58.229476  1674 raft_consensus.cc:385] T 757841559cac40a9bfb4e75e2ae609cd P f6b10c9fe62c41e4bd2b729e29766534 [term 0 FOLLOWER]: Consensus starting up: Expiring failure detector timer to make a prompt election more likely
I20260710 10:59:58.229936  1674 raft_consensus.cc:740] T 757841559cac40a9bfb4e75e2ae609cd P f6b10c9fe62c41e4bd2b729e29766534 [term 0 FOLLOWER]: Becoming Follower/Learner. State: Replica: f6b10c9fe62c41e4bd2b729e29766534, State: Initialized, Role: FOLLOWER
I20260710 10:59:58.229700  1673 consensus_queue.cc:260] T 20ca0e8ad462453faba7cbb4bf63466c P 5ccf88548bbe4d7a85c784650ccfb062 [NON_LEADER]: Queue going to NON_LEADER mode. State: All replicated index: 0, Majority replicated index: 0, Committed index: 0, Last appended: 0.0, Last appended by leader: 0, Current term: 0, Majority size: -1, State: 0, Mode: NON_LEADER, active raft config: opid_index: -1 OBSOLETE_local: false peers { permanent_uuid: "f6b10c9fe62c41e4bd2b729e29766534" member_type: VOTER last_known_addr { host: "127.0.213.65" port: 43069 } } peers { permanent_uuid: "44ec78d2031741d1bff7bff662475d27" member_type: VOTER last_known_addr { host: "127.0.213.66" port: 42225 } } peers { permanent_uuid: "5ccf88548bbe4d7a85c784650ccfb062" member_type: VOTER last_known_addr { host: "127.0.213.67" port: 40745 } }
I20260710 10:59:58.230787  1674 consensus_queue.cc:260] T 757841559cac40a9bfb4e75e2ae609cd P f6b10c9fe62c41e4bd2b729e29766534 [NON_LEADER]: Queue going to NON_LEADER mode. State: All replicated index: 0, Majority replicated index: 0, Committed index: 0, Last appended: 0.0, Last appended by leader: 0, Current term: 0, Majority size: -1, State: 0, Mode: NON_LEADER, active raft config: opid_index: -1 OBSOLETE_local: false peers { permanent_uuid: "f6b10c9fe62c41e4bd2b729e29766534" member_type: VOTER last_known_addr { host: "127.0.213.65" port: 43069 } } peers { permanent_uuid: "44ec78d2031741d1bff7bff662475d27" member_type: VOTER last_known_addr { host: "127.0.213.66" port: 42225 } } peers { permanent_uuid: "5ccf88548bbe4d7a85c784650ccfb062" member_type: VOTER last_known_addr { host: "127.0.213.67" port: 40745 } }
I20260710 10:59:58.232012  1673 ts_tablet_manager.cc:1434] T 20ca0e8ad462453faba7cbb4bf63466c P 5ccf88548bbe4d7a85c784650ccfb062: Time spent starting tablet: real 0.007s	user 0.003s	sys 0.003s
I20260710 10:59:58.232362  1672 raft_consensus.cc:359] T dd56da34f8e24e98a47ea3d253c2e019 P 44ec78d2031741d1bff7bff662475d27 [term 0 FOLLOWER]: Replica starting. Triggering 0 pending ops. Active config: opid_index: -1 OBSOLETE_local: false peers { permanent_uuid: "f6b10c9fe62c41e4bd2b729e29766534" member_type: VOTER last_known_addr { host: "127.0.213.65" port: 43069 } } peers { permanent_uuid: "44ec78d2031741d1bff7bff662475d27" member_type: VOTER last_known_addr { host: "127.0.213.66" port: 42225 } } peers { permanent_uuid: "5ccf88548bbe4d7a85c784650ccfb062" member_type: VOTER last_known_addr { host: "127.0.213.67" port: 40745 } }
I20260710 10:59:58.232911  1673 tablet_bootstrap.cc:492] T f5eafb9253ce44cd953b4db6de6c8dd8 P 5ccf88548bbe4d7a85c784650ccfb062: Bootstrap starting.
I20260710 10:59:58.233057  1672 raft_consensus.cc:385] T dd56da34f8e24e98a47ea3d253c2e019 P 44ec78d2031741d1bff7bff662475d27 [term 0 FOLLOWER]: Consensus starting up: Expiring failure detector timer to make a prompt election more likely
I20260710 10:59:58.233384  1672 raft_consensus.cc:740] T dd56da34f8e24e98a47ea3d253c2e019 P 44ec78d2031741d1bff7bff662475d27 [term 0 FOLLOWER]: Becoming Follower/Learner. State: Replica: 44ec78d2031741d1bff7bff662475d27, State: Initialized, Role: FOLLOWER
I20260710 10:59:58.234298  1672 consensus_queue.cc:260] T dd56da34f8e24e98a47ea3d253c2e019 P 44ec78d2031741d1bff7bff662475d27 [NON_LEADER]: Queue going to NON_LEADER mode. State: All replicated index: 0, Majority replicated index: 0, Committed index: 0, Last appended: 0.0, Last appended by leader: 0, Current term: 0, Majority size: -1, State: 0, Mode: NON_LEADER, active raft config: opid_index: -1 OBSOLETE_local: false peers { permanent_uuid: "f6b10c9fe62c41e4bd2b729e29766534" member_type: VOTER last_known_addr { host: "127.0.213.65" port: 43069 } } peers { permanent_uuid: "44ec78d2031741d1bff7bff662475d27" member_type: VOTER last_known_addr { host: "127.0.213.66" port: 42225 } } peers { permanent_uuid: "5ccf88548bbe4d7a85c784650ccfb062" member_type: VOTER last_known_addr { host: "127.0.213.67" port: 40745 } }
I20260710 10:59:58.235399  1680 raft_consensus.cc:493] T 58ab944ad4b4404d9979a5cc424dc270 P 5ccf88548bbe4d7a85c784650ccfb062 [term 0 FOLLOWER]: Starting pre-election (no leader contacted us within the election timeout)
I20260710 10:59:58.235852  1680 raft_consensus.cc:515] T 58ab944ad4b4404d9979a5cc424dc270 P 5ccf88548bbe4d7a85c784650ccfb062 [term 0 FOLLOWER]: Starting pre-election with config: opid_index: -1 OBSOLETE_local: false peers { permanent_uuid: "f6b10c9fe62c41e4bd2b729e29766534" member_type: VOTER last_known_addr { host: "127.0.213.65" port: 43069 } } peers { permanent_uuid: "44ec78d2031741d1bff7bff662475d27" member_type: VOTER last_known_addr { host: "127.0.213.66" port: 42225 } } peers { permanent_uuid: "5ccf88548bbe4d7a85c784650ccfb062" member_type: VOTER last_known_addr { host: "127.0.213.67" port: 40745 } }
I20260710 10:59:58.239423  1673 tablet_bootstrap.cc:654] T f5eafb9253ce44cd953b4db6de6c8dd8 P 5ccf88548bbe4d7a85c784650ccfb062: Neither blocks nor log segments found. Creating new log.
I20260710 10:59:58.239711  1674 ts_tablet_manager.cc:1434] T 757841559cac40a9bfb4e75e2ae609cd P f6b10c9fe62c41e4bd2b729e29766534: Time spent starting tablet: real 0.013s	user 0.005s	sys 0.001s
I20260710 10:59:58.240856  1680 leader_election.cc:290] T 58ab944ad4b4404d9979a5cc424dc270 P 5ccf88548bbe4d7a85c784650ccfb062 [CANDIDATE]: Term 1 pre-election: Requested pre-vote from peers f6b10c9fe62c41e4bd2b729e29766534 (127.0.213.65:43069), 44ec78d2031741d1bff7bff662475d27 (127.0.213.66:42225)
I20260710 10:59:58.243242  1672 ts_tablet_manager.cc:1434] T dd56da34f8e24e98a47ea3d253c2e019 P 44ec78d2031741d1bff7bff662475d27: Time spent starting tablet: real 0.013s	user 0.001s	sys 0.004s
I20260710 10:59:58.245865  1672 tablet_bootstrap.cc:492] T f5eafb9253ce44cd953b4db6de6c8dd8 P 44ec78d2031741d1bff7bff662475d27: Bootstrap starting.
I20260710 10:59:58.251525  1673 tablet_bootstrap.cc:492] T f5eafb9253ce44cd953b4db6de6c8dd8 P 5ccf88548bbe4d7a85c784650ccfb062: No bootstrap required, opened a new log
I20260710 10:59:58.251993  1673 ts_tablet_manager.cc:1403] T f5eafb9253ce44cd953b4db6de6c8dd8 P 5ccf88548bbe4d7a85c784650ccfb062: Time spent bootstrapping tablet: real 0.019s	user 0.010s	sys 0.006s
I20260710 10:59:58.252107  1672 tablet_bootstrap.cc:654] T f5eafb9253ce44cd953b4db6de6c8dd8 P 44ec78d2031741d1bff7bff662475d27: Neither blocks nor log segments found. Creating new log.
I20260710 10:59:58.255038  1673 raft_consensus.cc:359] T f5eafb9253ce44cd953b4db6de6c8dd8 P 5ccf88548bbe4d7a85c784650ccfb062 [term 0 FOLLOWER]: Replica starting. Triggering 0 pending ops. Active config: opid_index: -1 OBSOLETE_local: false peers { permanent_uuid: "f6b10c9fe62c41e4bd2b729e29766534" member_type: VOTER last_known_addr { host: "127.0.213.65" port: 43069 } } peers { permanent_uuid: "44ec78d2031741d1bff7bff662475d27" member_type: VOTER last_known_addr { host: "127.0.213.66" port: 42225 } } peers { permanent_uuid: "5ccf88548bbe4d7a85c784650ccfb062" member_type: VOTER last_known_addr { host: "127.0.213.67" port: 40745 } }
I20260710 10:59:58.255954  1673 raft_consensus.cc:385] T f5eafb9253ce44cd953b4db6de6c8dd8 P 5ccf88548bbe4d7a85c784650ccfb062 [term 0 FOLLOWER]: Consensus starting up: Expiring failure detector timer to make a prompt election more likely
I20260710 10:59:58.256301  1673 raft_consensus.cc:740] T f5eafb9253ce44cd953b4db6de6c8dd8 P 5ccf88548bbe4d7a85c784650ccfb062 [term 0 FOLLOWER]: Becoming Follower/Learner. State: Replica: 5ccf88548bbe4d7a85c784650ccfb062, State: Initialized, Role: FOLLOWER
I20260710 10:59:58.257239  1673 consensus_queue.cc:260] T f5eafb9253ce44cd953b4db6de6c8dd8 P 5ccf88548bbe4d7a85c784650ccfb062 [NON_LEADER]: Queue going to NON_LEADER mode. State: All replicated index: 0, Majority replicated index: 0, Committed index: 0, Last appended: 0.0, Last appended by leader: 0, Current term: 0, Majority size: -1, State: 0, Mode: NON_LEADER, active raft config: opid_index: -1 OBSOLETE_local: false peers { permanent_uuid: "f6b10c9fe62c41e4bd2b729e29766534" member_type: VOTER last_known_addr { host: "127.0.213.65" port: 43069 } } peers { permanent_uuid: "44ec78d2031741d1bff7bff662475d27" member_type: VOTER last_known_addr { host: "127.0.213.66" port: 42225 } } peers { permanent_uuid: "5ccf88548bbe4d7a85c784650ccfb062" member_type: VOTER last_known_addr { host: "127.0.213.67" port: 40745 } }
I20260710 10:59:58.258365  1674 tablet_bootstrap.cc:492] T 58ab944ad4b4404d9979a5cc424dc270 P f6b10c9fe62c41e4bd2b729e29766534: Bootstrap starting.
I20260710 10:59:58.261641  1673 ts_tablet_manager.cc:1434] T f5eafb9253ce44cd953b4db6de6c8dd8 P 5ccf88548bbe4d7a85c784650ccfb062: Time spent starting tablet: real 0.009s	user 0.009s	sys 0.000s
I20260710 10:59:58.262814  1673 tablet_bootstrap.cc:492] T 7df5d5cc7b1346e081f901a05f437975 P 5ccf88548bbe4d7a85c784650ccfb062: Bootstrap starting.
I20260710 10:59:58.269704  1673 tablet_bootstrap.cc:654] T 7df5d5cc7b1346e081f901a05f437975 P 5ccf88548bbe4d7a85c784650ccfb062: Neither blocks nor log segments found. Creating new log.
I20260710 10:59:58.269992  1678 raft_consensus.cc:493] T 757841559cac40a9bfb4e75e2ae609cd P 44ec78d2031741d1bff7bff662475d27 [term 0 FOLLOWER]: Starting pre-election (no leader contacted us within the election timeout)
