I20260710 11:00:08.779770 18812 consensus_queue.cc:1048] T 4518bf2b23674117ba6e20985e451aae P 9a277d6813484bdc9d9da8498a9f036b [LEADER]: Connected to new peer: Peer: permanent_uuid: "7e332ddfea5b40ef9ed396d6ecc1f08f" member_type: VOTER last_known_addr { host: "127.16.241.1" port: 38905 }, Status: LMP_MISMATCH, Last received: 0.0, Next index: 1, Last known committed idx: 0, Time since last communication: 0.020s
I20260710 11:00:08.814808 18692 tablet_bootstrap.cc:654] T e1e846a510d34ab296bde20a5a775e01 P 7e332ddfea5b40ef9ed396d6ecc1f08f: Neither blocks nor log segments found. Creating new log.
I20260710 11:00:08.821113 18690 tablet_bootstrap.cc:492] T 7d17569dbb304edc8e69afd45cf5953b P 061558c9d2974fa0b5cf0cf02f6557da: No bootstrap required, opened a new log
I20260710 11:00:08.821542 18690 ts_tablet_manager.cc:1403] T 7d17569dbb304edc8e69afd45cf5953b P 061558c9d2974fa0b5cf0cf02f6557da: Time spent bootstrapping tablet: real 0.166s	user 0.028s	sys 0.004s
I20260710 11:00:08.802686 18735 raft_consensus.cc:2749] T 1e7f67894d1346c3a390f0d1b503307d P 9a277d6813484bdc9d9da8498a9f036b [term 1 FOLLOWER]: Leader election lost for term 1. Reason: could not achieve majority
W20260710 11:00:08.802474 18464 leader_election.cc:343] T b422265f4b1949f086c98bb64df8183f P 7e332ddfea5b40ef9ed396d6ecc1f08f [CANDIDATE]: Term 1 election: Tablet error from VoteRequest() call to peer 061558c9d2974fa0b5cf0cf02f6557da (127.16.241.3:44311): Illegal state: must be running to vote when last-logged opid is not known
I20260710 11:00:08.820495 18644 tablet_service.cc:1917] Received RequestConsensusVote() RPC: tablet_id: "f561198b79894b398aa970d98512e55e" candidate_uuid: "9a277d6813484bdc9d9da8498a9f036b" candidate_term: 1 candidate_status { last_received { term: 0 index: 0 } } ignore_live_leader: false dest_uuid: "061558c9d2974fa0b5cf0cf02f6557da"
I20260710 11:00:08.825917 18644 raft_consensus.cc:3060] T f561198b79894b398aa970d98512e55e P 061558c9d2974fa0b5cf0cf02f6557da [term 0 FOLLOWER]: Advancing to term 1
I20260710 11:00:08.826176 18501 tablet_service.cc:1917] Received RequestConsensusVote() RPC: tablet_id: "e82c0a97181f4c879cc77c9a0b43d429" candidate_uuid: "061558c9d2974fa0b5cf0cf02f6557da" candidate_term: 1 candidate_status { last_received { term: 0 index: 0 } } ignore_live_leader: false dest_uuid: "7e332ddfea5b40ef9ed396d6ecc1f08f"
I20260710 11:00:08.826691 18501 raft_consensus.cc:3060] T e82c0a97181f4c879cc77c9a0b43d429 P 7e332ddfea5b40ef9ed396d6ecc1f08f [term 0 FOLLOWER]: Advancing to term 1
I20260710 11:00:08.828281 18495 tablet_service.cc:1917] Received RequestConsensusVote() RPC: tablet_id: "f561198b79894b398aa970d98512e55e" candidate_uuid: "9a277d6813484bdc9d9da8498a9f036b" candidate_term: 1 candidate_status { last_received { term: 0 index: 0 } } ignore_live_leader: false dest_uuid: "7e332ddfea5b40ef9ed396d6ecc1f08f"
I20260710 11:00:08.828862 18495 raft_consensus.cc:3060] T f561198b79894b398aa970d98512e55e P 7e332ddfea5b40ef9ed396d6ecc1f08f [term 0 FOLLOWER]: Advancing to term 1
I20260710 11:00:08.837983 18501 raft_consensus.cc:2468] T e82c0a97181f4c879cc77c9a0b43d429 P 7e332ddfea5b40ef9ed396d6ecc1f08f [term 1 FOLLOWER]: Leader election vote request: Granting yes vote for candidate 061558c9d2974fa0b5cf0cf02f6557da in term 1.
I20260710 11:00:08.842653 18572 raft_consensus.cc:2468] T b422265f4b1949f086c98bb64df8183f P 9a277d6813484bdc9d9da8498a9f036b [term 1 FOLLOWER]: Leader election vote request: Granting yes vote for candidate 7e332ddfea5b40ef9ed396d6ecc1f08f in term 1.
I20260710 11:00:08.843726 18467 leader_election.cc:304] T b422265f4b1949f086c98bb64df8183f P 7e332ddfea5b40ef9ed396d6ecc1f08f [CANDIDATE]: Term 1 election: Election decided. Result: candidate won. Election summary: received 3 responses out of 3 voters: 2 yes votes; 1 no votes. yes voters: 7e332ddfea5b40ef9ed396d6ecc1f08f, 9a277d6813484bdc9d9da8498a9f036b; no voters: 061558c9d2974fa0b5cf0cf02f6557da
I20260710 11:00:08.846705 18494 raft_consensus.cc:2468] T 7d17569dbb304edc8e69afd45cf5953b P 7e332ddfea5b40ef9ed396d6ecc1f08f [term 1 FOLLOWER]: Leader election vote request: Granting yes vote for candidate 9a277d6813484bdc9d9da8498a9f036b in term 1.
I20260710 11:00:08.849862 18495 raft_consensus.cc:2468] T f561198b79894b398aa970d98512e55e P 7e332ddfea5b40ef9ed396d6ecc1f08f [term 1 FOLLOWER]: Leader election vote request: Granting yes vote for candidate 9a277d6813484bdc9d9da8498a9f036b in term 1.
I20260710 11:00:08.852303 18573 raft_consensus.cc:2468] T e82c0a97181f4c879cc77c9a0b43d429 P 9a277d6813484bdc9d9da8498a9f036b [term 1 FOLLOWER]: Leader election vote request: Granting yes vote for candidate 061558c9d2974fa0b5cf0cf02f6557da in term 1.
I20260710 11:00:08.853504 18616 leader_election.cc:304] T e82c0a97181f4c879cc77c9a0b43d429 P 061558c9d2974fa0b5cf0cf02f6557da [CANDIDATE]: Term 1 election: Election decided. Result: candidate won. Election summary: received 2 responses out of 3 voters: 2 yes votes; 0 no votes. yes voters: 061558c9d2974fa0b5cf0cf02f6557da, 9a277d6813484bdc9d9da8498a9f036b; no voters: 
I20260710 11:00:08.855139 18817 raft_consensus.cc:2804] T e82c0a97181f4c879cc77c9a0b43d429 P 061558c9d2974fa0b5cf0cf02f6557da [term 1 FOLLOWER]: Leader election won for term 1
I20260710 11:00:08.856032 18817 raft_consensus.cc:697] T e82c0a97181f4c879cc77c9a0b43d429 P 061558c9d2974fa0b5cf0cf02f6557da [term 1 LEADER]: Becoming Leader. State: Replica: 061558c9d2974fa0b5cf0cf02f6557da, State: Running, Role: LEADER
I20260710 11:00:08.856542 18540 leader_election.cc:304] T 7d17569dbb304edc8e69afd45cf5953b P 9a277d6813484bdc9d9da8498a9f036b [CANDIDATE]: Term 1 election: Election decided. Result: candidate won. Election summary: received 3 responses out of 3 voters: 2 yes votes; 1 no votes. yes voters: 7e332ddfea5b40ef9ed396d6ecc1f08f, 9a277d6813484bdc9d9da8498a9f036b; no voters: 061558c9d2974fa0b5cf0cf02f6557da
I20260710 11:00:08.857360 18735 raft_consensus.cc:2804] T 7d17569dbb304edc8e69afd45cf5953b P 9a277d6813484bdc9d9da8498a9f036b [term 1 FOLLOWER]: Leader election won for term 1
I20260710 11:00:08.856865 18817 consensus_queue.cc:237] T e82c0a97181f4c879cc77c9a0b43d429 P 061558c9d2974fa0b5cf0cf02f6557da [LEADER]: Queue going to LEADER mode. State: All replicated index: 0, Majority replicated index: 0, Committed index: 0, Last appended: 0.0, Last appended by leader: 0, Current term: 1, Majority size: 2, State: 0, Mode: LEADER, active raft config: opid_index: -1 OBSOLETE_local: false peers { permanent_uuid: "7e332ddfea5b40ef9ed396d6ecc1f08f" member_type: VOTER last_known_addr { host: "127.16.241.1" port: 38905 } } peers { permanent_uuid: "9a277d6813484bdc9d9da8498a9f036b" member_type: VOTER last_known_addr { host: "127.16.241.2" port: 46647 } } peers { permanent_uuid: "061558c9d2974fa0b5cf0cf02f6557da" member_type: VOTER last_known_addr { host: "127.16.241.3" port: 44311 } }
I20260710 11:00:08.892534 18644 raft_consensus.cc:2468] T f561198b79894b398aa970d98512e55e P 061558c9d2974fa0b5cf0cf02f6557da [term 1 FOLLOWER]: Leader election vote request: Granting yes vote for candidate 9a277d6813484bdc9d9da8498a9f036b in term 1.
I20260710 11:00:08.884685 18735 raft_consensus.cc:697] T 7d17569dbb304edc8e69afd45cf5953b P 9a277d6813484bdc9d9da8498a9f036b [term 1 LEADER]: Becoming Leader. State: Replica: 9a277d6813484bdc9d9da8498a9f036b, State: Running, Role: LEADER
W20260710 11:00:08.921244 18835 log.cc:927] Time spent T 3adfc2ee523f44e485c9e6124012619e P 7e332ddfea5b40ef9ed396d6ecc1f08f: Append to log took a long time: real 0.074s	user 0.000s	sys 0.000s
I20260710 11:00:08.894323 18735 consensus_queue.cc:237] T 7d17569dbb304edc8e69afd45cf5953b P 9a277d6813484bdc9d9da8498a9f036b [LEADER]: Queue going to LEADER mode. State: All replicated index: 0, Majority replicated index: 0, Committed index: 0, Last appended: 0.0, Last appended by leader: 0, Current term: 1, Majority size: 2, State: 0, Mode: LEADER, active raft config: opid_index: -1 OBSOLETE_local: false peers { permanent_uuid: "7e332ddfea5b40ef9ed396d6ecc1f08f" member_type: VOTER last_known_addr { host: "127.16.241.1" port: 38905 } } peers { permanent_uuid: "9a277d6813484bdc9d9da8498a9f036b" member_type: VOTER last_known_addr { host: "127.16.241.2" port: 46647 } } peers { permanent_uuid: "061558c9d2974fa0b5cf0cf02f6557da" member_type: VOTER last_known_addr { host: "127.16.241.3" port: 44311 } }
I20260710 11:00:08.954087 18540 leader_election.cc:304] T f561198b79894b398aa970d98512e55e P 9a277d6813484bdc9d9da8498a9f036b [CANDIDATE]: Term 1 election: Election decided. Result: candidate won. Election summary: received 2 responses out of 3 voters: 2 yes votes; 0 no votes. yes voters: 7e332ddfea5b40ef9ed396d6ecc1f08f, 9a277d6813484bdc9d9da8498a9f036b; no voters: 
W20260710 11:00:08.955101 18614 outbound_call.cc:321] RPC callback for RPC call kudu.consensus.ConsensusService.RequestConsensusVote -> {remote=127.16.241.1:38905, user_credentials={real_user=slave}} blocked reactor thread for 69435.3us
I20260710 11:00:08.955744 18690 raft_consensus.cc:359] T 7d17569dbb304edc8e69afd45cf5953b P 061558c9d2974fa0b5cf0cf02f6557da [term 0 FOLLOWER]: Replica starting. Triggering 0 pending ops. Active config: opid_index: -1 OBSOLETE_local: false peers { permanent_uuid: "7e332ddfea5b40ef9ed396d6ecc1f08f" member_type: VOTER last_known_addr { host: "127.16.241.1" port: 38905 } } peers { permanent_uuid: "9a277d6813484bdc9d9da8498a9f036b" member_type: VOTER last_known_addr { host: "127.16.241.2" port: 46647 } } peers { permanent_uuid: "061558c9d2974fa0b5cf0cf02f6557da" member_type: VOTER last_known_addr { host: "127.16.241.3" port: 44311 } }
I20260710 11:00:08.956430 18690 raft_consensus.cc:385] T 7d17569dbb304edc8e69afd45cf5953b P 061558c9d2974fa0b5cf0cf02f6557da [term 0 FOLLOWER]: Consensus starting up: Expiring failure detector timer to make a prompt election more likely
I20260710 11:00:08.956693 18690 raft_consensus.cc:740] T 7d17569dbb304edc8e69afd45cf5953b P 061558c9d2974fa0b5cf0cf02f6557da [term 0 FOLLOWER]: Becoming Follower/Learner. State: Replica: 061558c9d2974fa0b5cf0cf02f6557da, State: Initialized, Role: FOLLOWER
I20260710 11:00:08.957276 18819 raft_consensus.cc:2804] T f561198b79894b398aa970d98512e55e P 9a277d6813484bdc9d9da8498a9f036b [term 1 FOLLOWER]: Leader election won for term 1
I20260710 11:00:08.957731 18819 raft_consensus.cc:697] T f561198b79894b398aa970d98512e55e P 9a277d6813484bdc9d9da8498a9f036b [term 1 LEADER]: Becoming Leader. State: Replica: 9a277d6813484bdc9d9da8498a9f036b, State: Running, Role: LEADER
I20260710 11:00:08.957818 18797 raft_consensus.cc:2804] T b422265f4b1949f086c98bb64df8183f P 7e332ddfea5b40ef9ed396d6ecc1f08f [term 1 FOLLOWER]: Leader election won for term 1
I20260710 11:00:08.958532 18819 consensus_queue.cc:237] T f561198b79894b398aa970d98512e55e P 9a277d6813484bdc9d9da8498a9f036b [LEADER]: Queue going to LEADER mode. State: All replicated index: 0, Majority replicated index: 0, Committed index: 0, Last appended: 0.0, Last appended by leader: 0, Current term: 1, Majority size: 2, State: 0, Mode: LEADER, active raft config: opid_index: -1 OBSOLETE_local: false peers { permanent_uuid: "7e332ddfea5b40ef9ed396d6ecc1f08f" member_type: VOTER last_known_addr { host: "127.16.241.1" port: 38905 } } peers { permanent_uuid: "9a277d6813484bdc9d9da8498a9f036b" member_type: VOTER last_known_addr { host: "127.16.241.2" port: 46647 } } peers { permanent_uuid: "061558c9d2974fa0b5cf0cf02f6557da" member_type: VOTER last_known_addr { host: "127.16.241.3" port: 44311 } }
I20260710 11:00:08.980291 18797 raft_consensus.cc:697] T b422265f4b1949f086c98bb64df8183f P 7e332ddfea5b40ef9ed396d6ecc1f08f [term 1 LEADER]: Becoming Leader. State: Replica: 7e332ddfea5b40ef9ed396d6ecc1f08f, State: Running, Role: LEADER
I20260710 11:00:08.981264 18797 consensus_queue.cc:237] T b422265f4b1949f086c98bb64df8183f P 7e332ddfea5b40ef9ed396d6ecc1f08f [LEADER]: Queue going to LEADER mode. State: All replicated index: 0, Majority replicated index: 0, Committed index: 0, Last appended: 0.0, Last appended by leader: 0, Current term: 1, Majority size: 2, State: 0, Mode: LEADER, active raft config: opid_index: -1 OBSOLETE_local: false peers { permanent_uuid: "7e332ddfea5b40ef9ed396d6ecc1f08f" member_type: VOTER last_known_addr { host: "127.16.241.1" port: 38905 } } peers { permanent_uuid: "9a277d6813484bdc9d9da8498a9f036b" member_type: VOTER last_known_addr { host: "127.16.241.2" port: 46647 } } peers { permanent_uuid: "061558c9d2974fa0b5cf0cf02f6557da" member_type: VOTER last_known_addr { host: "127.16.241.3" port: 44311 } }
I20260710 11:00:08.984186 18690 consensus_queue.cc:260] T 7d17569dbb304edc8e69afd45cf5953b P 061558c9d2974fa0b5cf0cf02f6557da [NON_LEADER]: Queue going to NON_LEADER mode. State: All replicated index: 0, Majority replicated index: 0, Committed index: 0, Last appended: 0.0, Last appended by leader: 0, Current term: 0, Majority size: -1, State: 0, Mode: NON_LEADER, active raft config: opid_index: -1 OBSOLETE_local: false peers { permanent_uuid: "7e332ddfea5b40ef9ed396d6ecc1f08f" member_type: VOTER last_known_addr { host: "127.16.241.1" port: 38905 } } peers { permanent_uuid: "9a277d6813484bdc9d9da8498a9f036b" member_type: VOTER last_known_addr { host: "127.16.241.2" port: 46647 } } peers { permanent_uuid: "061558c9d2974fa0b5cf0cf02f6557da" member_type: VOTER last_known_addr { host: "127.16.241.3" port: 44311 } }
I20260710 11:00:08.986382 18690 ts_tablet_manager.cc:1434] T 7d17569dbb304edc8e69afd45cf5953b P 061558c9d2974fa0b5cf0cf02f6557da: Time spent starting tablet: real 0.165s	user 0.005s	sys 0.000s
I20260710 11:00:08.987327 18690 tablet_bootstrap.cc:492] T c1a9f6432fa5424d8d85f7a5bd5e2b11 P 061558c9d2974fa0b5cf0cf02f6557da: Bootstrap starting.
I20260710 11:00:08.990069 18691 tablet_bootstrap.cc:492] T 565bb2b07ae74d77b76cf325f511b361 P 9a277d6813484bdc9d9da8498a9f036b: No bootstrap required, opened a new log
I20260710 11:00:08.990430 18691 ts_tablet_manager.cc:1403] T 565bb2b07ae74d77b76cf325f511b361 P 9a277d6813484bdc9d9da8498a9f036b: Time spent bootstrapping tablet: real 0.323s	user 0.011s	sys 0.005s
I20260710 11:00:08.992230 18691 raft_consensus.cc:359] T 565bb2b07ae74d77b76cf325f511b361 P 9a277d6813484bdc9d9da8498a9f036b [term 0 FOLLOWER]: Replica starting. Triggering 0 pending ops. Active config: opid_index: -1 OBSOLETE_local: false peers { permanent_uuid: "7e332ddfea5b40ef9ed396d6ecc1f08f" member_type: VOTER last_known_addr { host: "127.16.241.1" port: 38905 } } peers { permanent_uuid: "9a277d6813484bdc9d9da8498a9f036b" member_type: VOTER last_known_addr { host: "127.16.241.2" port: 46647 } } peers { permanent_uuid: "061558c9d2974fa0b5cf0cf02f6557da" member_type: VOTER last_known_addr { host: "127.16.241.3" port: 44311 } }
I20260710 11:00:08.992851 18691 raft_consensus.cc:385] T 565bb2b07ae74d77b76cf325f511b361 P 9a277d6813484bdc9d9da8498a9f036b [term 0 FOLLOWER]: Consensus starting up: Expiring failure detector timer to make a prompt election more likely
I20260710 11:00:08.993104 18691 raft_consensus.cc:740] T 565bb2b07ae74d77b76cf325f511b361 P 9a277d6813484bdc9d9da8498a9f036b [term 0 FOLLOWER]: Becoming Follower/Learner. State: Replica: 9a277d6813484bdc9d9da8498a9f036b, State: Initialized, Role: FOLLOWER
I20260710 11:00:08.996433 18692 tablet_bootstrap.cc:492] T e1e846a510d34ab296bde20a5a775e01 P 7e332ddfea5b40ef9ed396d6ecc1f08f: No bootstrap required, opened a new log
I20260710 11:00:08.996838 18692 ts_tablet_manager.cc:1403] T e1e846a510d34ab296bde20a5a775e01 P 7e332ddfea5b40ef9ed396d6ecc1f08f: Time spent bootstrapping tablet: real 0.227s	user 0.032s	sys 0.042s
I20260710 11:00:08.999233 18692 raft_consensus.cc:359] T e1e846a510d34ab296bde20a5a775e01 P 7e332ddfea5b40ef9ed396d6ecc1f08f [term 0 FOLLOWER]: Replica starting. Triggering 0 pending ops. Active config: opid_index: -1 OBSOLETE_local: false peers { permanent_uuid: "7e332ddfea5b40ef9ed396d6ecc1f08f" member_type: VOTER last_known_addr { host: "127.16.241.1" port: 38905 } } peers { permanent_uuid: "9a277d6813484bdc9d9da8498a9f036b" member_type: VOTER last_known_addr { host: "127.16.241.2" port: 46647 } } peers { permanent_uuid: "061558c9d2974fa0b5cf0cf02f6557da" member_type: VOTER last_known_addr { host: "127.16.241.3" port: 44311 } }
I20260710 11:00:08.999861 18692 raft_consensus.cc:385] T e1e846a510d34ab296bde20a5a775e01 P 7e332ddfea5b40ef9ed396d6ecc1f08f [term 0 FOLLOWER]: Consensus starting up: Expiring failure detector timer to make a prompt election more likely
I20260710 11:00:09.000131 18692 raft_consensus.cc:740] T e1e846a510d34ab296bde20a5a775e01 P 7e332ddfea5b40ef9ed396d6ecc1f08f [term 0 FOLLOWER]: Becoming Follower/Learner. State: Replica: 7e332ddfea5b40ef9ed396d6ecc1f08f, State: Initialized, Role: FOLLOWER
I20260710 11:00:09.000214 18690 tablet_bootstrap.cc:654] T c1a9f6432fa5424d8d85f7a5bd5e2b11 P 061558c9d2974fa0b5cf0cf02f6557da: Neither blocks nor log segments found. Creating new log.
I20260710 11:00:09.000748 18692 consensus_queue.cc:260] T e1e846a510d34ab296bde20a5a775e01 P 7e332ddfea5b40ef9ed396d6ecc1f08f [NON_LEADER]: Queue going to NON_LEADER mode. State: All replicated index: 0, Majority replicated index: 0, Committed index: 0, Last appended: 0.0, Last appended by leader: 0, Current term: 0, Majority size: -1, State: 0, Mode: NON_LEADER, active raft config: opid_index: -1 OBSOLETE_local: false peers { permanent_uuid: "7e332ddfea5b40ef9ed396d6ecc1f08f" member_type: VOTER last_known_addr { host: "127.16.241.1" port: 38905 } } peers { permanent_uuid: "9a277d6813484bdc9d9da8498a9f036b" member_type: VOTER last_known_addr { host: "127.16.241.2" port: 46647 } } peers { permanent_uuid: "061558c9d2974fa0b5cf0cf02f6557da" member_type: VOTER last_known_addr { host: "127.16.241.3" port: 44311 } }
I20260710 11:00:08.993685 18691 consensus_queue.cc:260] T 565bb2b07ae74d77b76cf325f511b361 P 9a277d6813484bdc9d9da8498a9f036b [NON_LEADER]: Queue going to NON_LEADER mode. State: All replicated index: 0, Majority replicated index: 0, Committed index: 0, Last appended: 0.0, Last appended by leader: 0, Current term: 0, Majority size: -1, State: 0, Mode: NON_LEADER, active raft config: opid_index: -1 OBSOLETE_local: false peers { permanent_uuid: "7e332ddfea5b40ef9ed396d6ecc1f08f" member_type: VOTER last_known_addr { host: "127.16.241.1" port: 38905 } } peers { permanent_uuid: "9a277d6813484bdc9d9da8498a9f036b" member_type: VOTER last_known_addr { host: "127.16.241.2" port: 46647 } } peers { permanent_uuid: "061558c9d2974fa0b5cf0cf02f6557da" member_type: VOTER last_known_addr { host: "127.16.241.3" port: 44311 } }
I20260710 11:00:09.003033 18692 ts_tablet_manager.cc:1434] T e1e846a510d34ab296bde20a5a775e01 P 7e332ddfea5b40ef9ed396d6ecc1f08f: Time spent starting tablet: real 0.006s	user 0.006s	sys 0.000s
I20260710 11:00:09.003846 18692 tablet_bootstrap.cc:492] T 815571f30c8a44b183aab8fee7e455c9 P 7e332ddfea5b40ef9ed396d6ecc1f08f: Bootstrap starting.
I20260710 11:00:09.004769 18691 ts_tablet_manager.cc:1434] T 565bb2b07ae74d77b76cf325f511b361 P 9a277d6813484bdc9d9da8498a9f036b: Time spent starting tablet: real 0.014s	user 0.006s	sys 0.001s
I20260710 11:00:09.005679 18691 tablet_bootstrap.cc:492] T faf4824508364fadbdef61e006a0bee9 P 9a277d6813484bdc9d9da8498a9f036b: Bootstrap starting.
I20260710 11:00:09.006480 18398 catalog_manager.cc:5697] T 7d17569dbb304edc8e69afd45cf5953b P 9a277d6813484bdc9d9da8498a9f036b reported cstate change: term changed from 0 to 1, leader changed from <none> to 9a277d6813484bdc9d9da8498a9f036b (127.16.241.2). New cstate: current_term: 1 leader_uuid: "9a277d6813484bdc9d9da8498a9f036b" committed_config { opid_index: -1 OBSOLETE_local: false peers { permanent_uuid: "7e332ddfea5b40ef9ed396d6ecc1f08f" member_type: VOTER last_known_addr { host: "127.16.241.1" port: 38905 } health_report { overall_health: UNKNOWN } } peers { permanent_uuid: "9a277d6813484bdc9d9da8498a9f036b" member_type: VOTER last_known_addr { host: "127.16.241.2" port: 46647 } health_report { overall_health: HEALTHY } } peers { permanent_uuid: "061558c9d2974fa0b5cf0cf02f6557da" member_type: VOTER last_known_addr { host: "127.16.241.3" port: 44311 } health_report { overall_health: UNKNOWN } } }
I20260710 11:00:09.011422 18692 tablet_bootstrap.cc:654] T 815571f30c8a44b183aab8fee7e455c9 P 7e332ddfea5b40ef9ed396d6ecc1f08f: Neither blocks nor log segments found. Creating new log.
I20260710 11:00:09.011994 18691 tablet_bootstrap.cc:654] T faf4824508364fadbdef61e006a0bee9 P 9a277d6813484bdc9d9da8498a9f036b: Neither blocks nor log segments found. Creating new log.
W20260710 11:00:09.030586 18447 auto_rebalancer.cc:288] Could not retrieve cluster info: Service unavailable: Tablet not running
I20260710 11:00:09.045475 18397 catalog_manager.cc:5697] T e82c0a97181f4c879cc77c9a0b43d429 P 061558c9d2974fa0b5cf0cf02f6557da reported cstate change: term changed from 0 to 1, leader changed from <none> to 061558c9d2974fa0b5cf0cf02f6557da (127.16.241.3). New cstate: current_term: 1 leader_uuid: "061558c9d2974fa0b5cf0cf02f6557da" committed_config { opid_index: -1 OBSOLETE_local: false peers { permanent_uuid: "7e332ddfea5b40ef9ed396d6ecc1f08f" member_type: VOTER last_known_addr { host: "127.16.241.1" port: 38905 } health_report { overall_health: UNKNOWN } } peers { permanent_uuid: "9a277d6813484bdc9d9da8498a9f036b" member_type: VOTER last_known_addr { host: "127.16.241.2" port: 46647 } health_report { overall_health: UNKNOWN } } peers { permanent_uuid: "061558c9d2974fa0b5cf0cf02f6557da" member_type: VOTER last_known_addr { host: "127.16.241.3" port: 44311 } health_report { overall_health: HEALTHY } } }
I20260710 11:00:09.055205 18395 catalog_manager.cc:5697] T b422265f4b1949f086c98bb64df8183f P 7e332ddfea5b40ef9ed396d6ecc1f08f reported cstate change: term changed from 0 to 1, leader changed from <none> to 7e332ddfea5b40ef9ed396d6ecc1f08f (127.16.241.1). New cstate: current_term: 1 leader_uuid: "7e332ddfea5b40ef9ed396d6ecc1f08f" committed_config { opid_index: -1 OBSOLETE_local: false peers { permanent_uuid: "7e332ddfea5b40ef9ed396d6ecc1f08f" member_type: VOTER last_known_addr { host: "127.16.241.1" port: 38905 } health_report { overall_health: HEALTHY } } peers { permanent_uuid: "9a277d6813484bdc9d9da8498a9f036b" member_type: VOTER last_known_addr { host: "127.16.241.2" port: 46647 } health_report { overall_health: UNKNOWN } } peers { permanent_uuid: "061558c9d2974fa0b5cf0cf02f6557da" member_type: VOTER last_known_addr { host: "127.16.241.3" port: 44311 } health_report { overall_health: UNKNOWN } } }
I20260710 11:00:09.060971 18692 tablet_bootstrap.cc:492] T 815571f30c8a44b183aab8fee7e455c9 P 7e332ddfea5b40ef9ed396d6ecc1f08f: No bootstrap required, opened a new log
I20260710 11:00:09.060985 18690 tablet_bootstrap.cc:492] T c1a9f6432fa5424d8d85f7a5bd5e2b11 P 061558c9d2974fa0b5cf0cf02f6557da: No bootstrap required, opened a new log
I20260710 11:00:09.061554 18692 ts_tablet_manager.cc:1403] T 815571f30c8a44b183aab8fee7e455c9 P 7e332ddfea5b40ef9ed396d6ecc1f08f: Time spent bootstrapping tablet: real 0.058s	user 0.011s	sys 0.022s
I20260710 11:00:09.061569 18691 tablet_bootstrap.cc:492] T faf4824508364fadbdef61e006a0bee9 P 9a277d6813484bdc9d9da8498a9f036b: No bootstrap required, opened a new log
I20260710 11:00:09.062336 18691 ts_tablet_manager.cc:1403] T faf4824508364fadbdef61e006a0bee9 P 9a277d6813484bdc9d9da8498a9f036b: Time spent bootstrapping tablet: real 0.057s	user 0.022s	sys 0.008s
I20260710 11:00:09.061609 18690 ts_tablet_manager.cc:1403] T c1a9f6432fa5424d8d85f7a5bd5e2b11 P 061558c9d2974fa0b5cf0cf02f6557da: Time spent bootstrapping tablet: real 0.074s	user 0.012s	sys 0.014s
I20260710 11:00:09.064113 18692 raft_consensus.cc:359] T 815571f30c8a44b183aab8fee7e455c9 P 7e332ddfea5b40ef9ed396d6ecc1f08f [term 0 FOLLOWER]: Replica starting. Triggering 0 pending ops. Active config: opid_index: -1 OBSOLETE_local: false peers { permanent_uuid: "7e332ddfea5b40ef9ed396d6ecc1f08f" member_type: VOTER last_known_addr { host: "127.16.241.1" port: 38905 } } peers { permanent_uuid: "9a277d6813484bdc9d9da8498a9f036b" member_type: VOTER last_known_addr { host: "127.16.241.2" port: 46647 } } peers { permanent_uuid: "061558c9d2974fa0b5cf0cf02f6557da" member_type: VOTER last_known_addr { host: "127.16.241.3" port: 44311 } }
I20260710 11:00:09.064322 18691 raft_consensus.cc:359] T faf4824508364fadbdef61e006a0bee9 P 9a277d6813484bdc9d9da8498a9f036b [term 0 FOLLOWER]: Replica starting. Triggering 0 pending ops. Active config: opid_index: -1 OBSOLETE_local: false peers { permanent_uuid: "7e332ddfea5b40ef9ed396d6ecc1f08f" member_type: VOTER last_known_addr { host: "127.16.241.1" port: 38905 } } peers { permanent_uuid: "9a277d6813484bdc9d9da8498a9f036b" member_type: VOTER last_known_addr { host: "127.16.241.2" port: 46647 } } peers { permanent_uuid: "061558c9d2974fa0b5cf0cf02f6557da" member_type: VOTER last_known_addr { host: "127.16.241.3" port: 44311 } }
I20260710 11:00:09.064795 18692 raft_consensus.cc:385] T 815571f30c8a44b183aab8fee7e455c9 P 7e332ddfea5b40ef9ed396d6ecc1f08f [term 0 FOLLOWER]: Consensus starting up: Expiring failure detector timer to make a prompt election more likely
I20260710 11:00:09.064942 18691 raft_consensus.cc:385] T faf4824508364fadbdef61e006a0bee9 P 9a277d6813484bdc9d9da8498a9f036b [term 0 FOLLOWER]: Consensus starting up: Expiring failure detector timer to make a prompt election more likely
I20260710 11:00:09.065105 18692 raft_consensus.cc:740] T 815571f30c8a44b183aab8fee7e455c9 P 7e332ddfea5b40ef9ed396d6ecc1f08f [term 0 FOLLOWER]: Becoming Follower/Learner. State: Replica: 7e332ddfea5b40ef9ed396d6ecc1f08f, State: Initialized, Role: FOLLOWER
I20260710 11:00:09.065248 18690 raft_consensus.cc:359] T c1a9f6432fa5424d8d85f7a5bd5e2b11 P 061558c9d2974fa0b5cf0cf02f6557da [term 0 FOLLOWER]: Replica starting. Triggering 0 pending ops. Active config: opid_index: -1 OBSOLETE_local: false peers { permanent_uuid: "7e332ddfea5b40ef9ed396d6ecc1f08f" member_type: VOTER last_known_addr { host: "127.16.241.1" port: 38905 } } peers { permanent_uuid: "9a277d6813484bdc9d9da8498a9f036b" member_type: VOTER last_known_addr { host: "127.16.241.2" port: 46647 } } peers { permanent_uuid: "061558c9d2974fa0b5cf0cf02f6557da" member_type: VOTER last_known_addr { host: "127.16.241.3" port: 44311 } }
I20260710 11:00:09.065917 18690 raft_consensus.cc:385] T c1a9f6432fa5424d8d85f7a5bd5e2b11 P 061558c9d2974fa0b5cf0cf02f6557da [term 0 FOLLOWER]: Consensus starting up: Expiring failure detector timer to make a prompt election more likely
I20260710 11:00:09.065801 18692 consensus_queue.cc:260] T 815571f30c8a44b183aab8fee7e455c9 P 7e332ddfea5b40ef9ed396d6ecc1f08f [NON_LEADER]: Queue going to NON_LEADER mode. State: All replicated index: 0, Majority replicated index: 0, Committed index: 0, Last appended: 0.0, Last appended by leader: 0, Current term: 0, Majority size: -1, State: 0, Mode: NON_LEADER, active raft config: opid_index: -1 OBSOLETE_local: false peers { permanent_uuid: "7e332ddfea5b40ef9ed396d6ecc1f08f" member_type: VOTER last_known_addr { host: "127.16.241.1" port: 38905 } } peers { permanent_uuid: "9a277d6813484bdc9d9da8498a9f036b" member_type: VOTER last_known_addr { host: "127.16.241.2" port: 46647 } } peers { permanent_uuid: "061558c9d2974fa0b5cf0cf02f6557da" member_type: VOTER last_known_addr { host: "127.16.241.3" port: 44311 } }
I20260710 11:00:09.066191 18690 raft_consensus.cc:740] T c1a9f6432fa5424d8d85f7a5bd5e2b11 P 061558c9d2974fa0b5cf0cf02f6557da [term 0 FOLLOWER]: Becoming Follower/Learner. State: Replica: 061558c9d2974fa0b5cf0cf02f6557da, State: Initialized, Role: FOLLOWER
I20260710 11:00:09.065274 18691 raft_consensus.cc:740] T faf4824508364fadbdef61e006a0bee9 P 9a277d6813484bdc9d9da8498a9f036b [term 0 FOLLOWER]: Becoming Follower/Learner. State: Replica: 9a277d6813484bdc9d9da8498a9f036b, State: Initialized, Role: FOLLOWER
I20260710 11:00:09.066926 18690 consensus_queue.cc:260] T c1a9f6432fa5424d8d85f7a5bd5e2b11 P 061558c9d2974fa0b5cf0cf02f6557da [NON_LEADER]: Queue going to NON_LEADER mode. State: All replicated index: 0, Majority replicated index: 0, Committed index: 0, Last appended: 0.0, Last appended by leader: 0, Current term: 0, Majority size: -1, State: 0, Mode: NON_LEADER, active raft config: opid_index: -1 OBSOLETE_local: false peers { permanent_uuid: "7e332ddfea5b40ef9ed396d6ecc1f08f" member_type: VOTER last_known_addr { host: "127.16.241.1" port: 38905 } } peers { permanent_uuid: "9a277d6813484bdc9d9da8498a9f036b" member_type: VOTER last_known_addr { host: "127.16.241.2" port: 46647 } } peers { permanent_uuid: "061558c9d2974fa0b5cf0cf02f6557da" member_type: VOTER last_known_addr { host: "127.16.241.3" port: 44311 } }
I20260710 11:00:09.068323 18691 consensus_queue.cc:260] T faf4824508364fadbdef61e006a0bee9 P 9a277d6813484bdc9d9da8498a9f036b [NON_LEADER]: Queue going to NON_LEADER mode. State: All replicated index: 0, Majority replicated index: 0, Committed index: 0, Last appended: 0.0, Last appended by leader: 0, Current term: 0, Majority size: -1, State: 0, Mode: NON_LEADER, active raft config: opid_index: -1 OBSOLETE_local: false peers { permanent_uuid: "7e332ddfea5b40ef9ed396d6ecc1f08f" member_type: VOTER last_known_addr { host: "127.16.241.1" port: 38905 } } peers { permanent_uuid: "9a277d6813484bdc9d9da8498a9f036b" member_type: VOTER last_known_addr { host: "127.16.241.2" port: 46647 } } peers { permanent_uuid: "061558c9d2974fa0b5cf0cf02f6557da" member_type: VOTER last_known_addr { host: "127.16.241.3" port: 44311 } }
I20260710 11:00:09.068913 18692 ts_tablet_manager.cc:1434] T 815571f30c8a44b183aab8fee7e455c9 P 7e332ddfea5b40ef9ed396d6ecc1f08f: Time spent starting tablet: real 0.007s	user 0.007s	sys 0.001s
I20260710 11:00:09.069846 18692 tablet_bootstrap.cc:492] T 3929fab2e9464d0a82bba2b6fa62b742 P 7e332ddfea5b40ef9ed396d6ecc1f08f: Bootstrap starting.
I20260710 11:00:09.071154 18398 catalog_manager.cc:5697] T f561198b79894b398aa970d98512e55e P 9a277d6813484bdc9d9da8498a9f036b reported cstate change: term changed from 0 to 1, leader changed from <none> to 9a277d6813484bdc9d9da8498a9f036b (127.16.241.2). New cstate: current_term: 1 leader_uuid: "9a277d6813484bdc9d9da8498a9f036b" committed_config { opid_index: -1 OBSOLETE_local: false peers { permanent_uuid: "7e332ddfea5b40ef9ed396d6ecc1f08f" member_type: VOTER last_known_addr { host: "127.16.241.1" port: 38905 } health_report { overall_health: UNKNOWN } } peers { permanent_uuid: "9a277d6813484bdc9d9da8498a9f036b" member_type: VOTER last_known_addr { host: "127.16.241.2" port: 46647 } health_report { overall_health: HEALTHY } } peers { permanent_uuid: "061558c9d2974fa0b5cf0cf02f6557da" member_type: VOTER last_known_addr { host: "127.16.241.3" port: 44311 } health_report { overall_health: UNKNOWN } } }
I20260710 11:00:09.076833 18690 ts_tablet_manager.cc:1434] T c1a9f6432fa5424d8d85f7a5bd5e2b11 P 061558c9d2974fa0b5cf0cf02f6557da: Time spent starting tablet: real 0.014s	user 0.005s	sys 0.000s
I20260710 11:00:09.077672 18690 tablet_bootstrap.cc:492] T b422265f4b1949f086c98bb64df8183f P 061558c9d2974fa0b5cf0cf02f6557da: Bootstrap starting.
I20260710 11:00:09.078730 18797 raft_consensus.cc:493] T 815571f30c8a44b183aab8fee7e455c9 P 7e332ddfea5b40ef9ed396d6ecc1f08f [term 0 FOLLOWER]: Starting pre-election (no leader contacted us within the election timeout)
I20260710 11:00:09.079159 18797 raft_consensus.cc:515] T 815571f30c8a44b183aab8fee7e455c9 P 7e332ddfea5b40ef9ed396d6ecc1f08f [term 0 FOLLOWER]: Starting pre-election with config: opid_index: -1 OBSOLETE_local: false peers { permanent_uuid: "7e332ddfea5b40ef9ed396d6ecc1f08f" member_type: VOTER last_known_addr { host: "127.16.241.1" port: 38905 } } peers { permanent_uuid: "9a277d6813484bdc9d9da8498a9f036b" member_type: VOTER last_known_addr { host: "127.16.241.2" port: 46647 } } peers { permanent_uuid: "061558c9d2974fa0b5cf0cf02f6557da" member_type: VOTER last_known_addr { host: "127.16.241.3" port: 44311 } }
I20260710 11:00:09.085373 18690 tablet_bootstrap.cc:654] T b422265f4b1949f086c98bb64df8183f P 061558c9d2974fa0b5cf0cf02f6557da: Neither blocks nor log segments found. Creating new log.
I20260710 11:00:09.085548 18573 tablet_service.cc:1917] Received RequestConsensusVote() RPC: tablet_id: "815571f30c8a44b183aab8fee7e455c9" candidate_uuid: "7e332ddfea5b40ef9ed396d6ecc1f08f" candidate_term: 1 candidate_status { last_received { term: 0 index: 0 } } ignore_live_leader: false dest_uuid: "9a277d6813484bdc9d9da8498a9f036b" is_pre_election: true
I20260710 11:00:09.086082 18573 raft_consensus.cc:2468] T 815571f30c8a44b183aab8fee7e455c9 P 9a277d6813484bdc9d9da8498a9f036b [term 0 FOLLOWER]: Leader pre-election vote request: Granting yes vote for candidate 7e332ddfea5b40ef9ed396d6ecc1f08f in term 0.
I20260710 11:00:09.081017 18797 leader_election.cc:290] T 815571f30c8a44b183aab8fee7e455c9 P 7e332ddfea5b40ef9ed396d6ecc1f08f [CANDIDATE]: Term 1 pre-election: Requested pre-vote from peers 9a277d6813484bdc9d9da8498a9f036b (127.16.241.2:46647), 061558c9d2974fa0b5cf0cf02f6557da (127.16.241.3:44311)
I20260710 11:00:09.087263 18645 tablet_service.cc:1917] Received RequestConsensusVote() RPC: tablet_id: "815571f30c8a44b183aab8fee7e455c9" candidate_uuid: "7e332ddfea5b40ef9ed396d6ecc1f08f" candidate_term: 1 candidate_status { last_received { term: 0 index: 0 } } ignore_live_leader: false dest_uuid: "061558c9d2974fa0b5cf0cf02f6557da" is_pre_election: true
I20260710 11:00:09.088325 18467 leader_election.cc:304] T 815571f30c8a44b183aab8fee7e455c9 P 7e332ddfea5b40ef9ed396d6ecc1f08f [CANDIDATE]: Term 1 pre-election: Election decided. Result: candidate won. Election summary: received 2 responses out of 3 voters: 2 yes votes; 0 no votes. yes voters: 7e332ddfea5b40ef9ed396d6ecc1f08f, 9a277d6813484bdc9d9da8498a9f036b; no voters: 
W20260710 11:00:09.088953 18464 leader_election.cc:343] T 815571f30c8a44b183aab8fee7e455c9 P 7e332ddfea5b40ef9ed396d6ecc1f08f [CANDIDATE]: Term 1 pre-election: Tablet error from VoteRequest() call to peer 061558c9d2974fa0b5cf0cf02f6557da (127.16.241.3:44311): Illegal state: must be running to vote when last-logged opid is not known
I20260710 11:00:09.089609 18797 raft_consensus.cc:2804] T 815571f30c8a44b183aab8fee7e455c9 P 7e332ddfea5b40ef9ed396d6ecc1f08f [term 0 FOLLOWER]: Leader pre-election won for term 1
I20260710 11:00:09.090010 18797 raft_consensus.cc:493] T 815571f30c8a44b183aab8fee7e455c9 P 7e332ddfea5b40ef9ed396d6ecc1f08f [term 0 FOLLOWER]: Starting leader election (no leader contacted us within the election timeout)
I20260710 11:00:09.092058 18797 raft_consensus.cc:3060] T 815571f30c8a44b183aab8fee7e455c9 P 7e332ddfea5b40ef9ed396d6ecc1f08f [term 0 FOLLOWER]: Advancing to term 1
I20260710 11:00:09.092787 18691 ts_tablet_manager.cc:1434] T faf4824508364fadbdef61e006a0bee9 P 9a277d6813484bdc9d9da8498a9f036b: Time spent starting tablet: real 0.030s	user 0.005s	sys 0.001s
I20260710 11:00:09.093657 18691 tablet_bootstrap.cc:492] T 2f7546bb99ba4d9aac44fde47864abc7 P 9a277d6813484bdc9d9da8498a9f036b: Bootstrap starting.
I20260710 11:00:09.098204 18797 raft_consensus.cc:515] T 815571f30c8a44b183aab8fee7e455c9 P 7e332ddfea5b40ef9ed396d6ecc1f08f [term 1 FOLLOWER]: Starting leader election with config: opid_index: -1 OBSOLETE_local: false peers { permanent_uuid: "7e332ddfea5b40ef9ed396d6ecc1f08f" member_type: VOTER last_known_addr { host: "127.16.241.1" port: 38905 } } peers { permanent_uuid: "9a277d6813484bdc9d9da8498a9f036b" member_type: VOTER last_known_addr { host: "127.16.241.2" port: 46647 } } peers { permanent_uuid: "061558c9d2974fa0b5cf0cf02f6557da" member_type: VOTER last_known_addr { host: "127.16.241.3" port: 44311 } }
I20260710 11:00:09.101014 18573 tablet_service.cc:1917] Received RequestConsensusVote() RPC: tablet_id: "815571f30c8a44b183aab8fee7e455c9" candidate_uuid: "7e332ddfea5b40ef9ed396d6ecc1f08f" candidate_term: 1 candidate_status { last_received { term: 0 index: 0 } } ignore_live_leader: false dest_uuid: "9a277d6813484bdc9d9da8498a9f036b"
I20260710 11:00:09.101532 18573 raft_consensus.cc:3060] T 815571f30c8a44b183aab8fee7e455c9 P 9a277d6813484bdc9d9da8498a9f036b [term 0 FOLLOWER]: Advancing to term 1
I20260710 11:00:09.102270 18692 tablet_bootstrap.cc:654] T 3929fab2e9464d0a82bba2b6fa62b742 P 7e332ddfea5b40ef9ed396d6ecc1f08f: Neither blocks nor log segments found. Creating new log.
I20260710 11:00:09.104051 18797 leader_election.cc:290] T 815571f30c8a44b183aab8fee7e455c9 P 7e332ddfea5b40ef9ed396d6ecc1f08f [CANDIDATE]: Term 1 election: Requested vote from peers 9a277d6813484bdc9d9da8498a9f036b (127.16.241.2:46647), 061558c9d2974fa0b5cf0cf02f6557da (127.16.241.3:44311)
I20260710 11:00:09.104575 18645 tablet_service.cc:1917] Received RequestConsensusVote() RPC: tablet_id: "815571f30c8a44b183aab8fee7e455c9" candidate_uuid: "7e332ddfea5b40ef9ed396d6ecc1f08f" candidate_term: 1 candidate_status { last_received { term: 0 index: 0 } } ignore_live_leader: false dest_uuid: "061558c9d2974fa0b5cf0cf02f6557da"
W20260710 11:00:09.105553 18464 leader_election.cc:343] T 815571f30c8a44b183aab8fee7e455c9 P 7e332ddfea5b40ef9ed396d6ecc1f08f [CANDIDATE]: Term 1 election: Tablet error from VoteRequest() call to peer 061558c9d2974fa0b5cf0cf02f6557da (127.16.241.3:44311): Illegal state: must be running to vote when last-logged opid is not known
I20260710 11:00:09.107038 18691 tablet_bootstrap.cc:654] T 2f7546bb99ba4d9aac44fde47864abc7 P 9a277d6813484bdc9d9da8498a9f036b: Neither blocks nor log segments found. Creating new log.
I20260710 11:00:09.109277 18573 raft_consensus.cc:2468] T 815571f30c8a44b183aab8fee7e455c9 P 9a277d6813484bdc9d9da8498a9f036b [term 1 FOLLOWER]: Leader election vote request: Granting yes vote for candidate 7e332ddfea5b40ef9ed396d6ecc1f08f in term 1.
I20260710 11:00:09.109675 18692 tablet_bootstrap.cc:492] T 3929fab2e9464d0a82bba2b6fa62b742 P 7e332ddfea5b40ef9ed396d6ecc1f08f: No bootstrap required, opened a new log
I20260710 11:00:09.109692 18690 tablet_bootstrap.cc:492] T b422265f4b1949f086c98bb64df8183f P 061558c9d2974fa0b5cf0cf02f6557da: No bootstrap required, opened a new log
I20260710 11:00:09.110590 18692 ts_tablet_manager.cc:1403] T 3929fab2e9464d0a82bba2b6fa62b742 P 7e332ddfea5b40ef9ed396d6ecc1f08f: Time spent bootstrapping tablet: real 0.041s	user 0.009s	sys 0.002s
I20260710 11:00:09.110270 18467 leader_election.cc:304] T 815571f30c8a44b183aab8fee7e455c9 P 7e332ddfea5b40ef9ed396d6ecc1f08f [CANDIDATE]: Term 1 election: Election decided. Result: candidate won. Election summary: received 3 responses out of 3 voters: 2 yes votes; 1 no votes. yes voters: 7e332ddfea5b40ef9ed396d6ecc1f08f, 9a277d6813484bdc9d9da8498a9f036b; no voters: 061558c9d2974fa0b5cf0cf02f6557da
I20260710 11:00:09.112187 18797 raft_consensus.cc:2804] T 815571f30c8a44b183aab8fee7e455c9 P 7e332ddfea5b40ef9ed396d6ecc1f08f [term 1 FOLLOWER]: Leader election won for term 1
I20260710 11:00:09.112666 18797 raft_consensus.cc:697] T 815571f30c8a44b183aab8fee7e455c9 P 7e332ddfea5b40ef9ed396d6ecc1f08f [term 1 LEADER]: Becoming Leader. State: Replica: 7e332ddfea5b40ef9ed396d6ecc1f08f, State: Running, Role: LEADER
I20260710 11:00:09.113273 18692 raft_consensus.cc:359] T 3929fab2e9464d0a82bba2b6fa62b742 P 7e332ddfea5b40ef9ed396d6ecc1f08f [term 0 FOLLOWER]: Replica starting. Triggering 0 pending ops. Active config: opid_index: -1 OBSOLETE_local: false peers { permanent_uuid: "7e332ddfea5b40ef9ed396d6ecc1f08f" member_type: VOTER last_known_addr { host: "127.16.241.1" port: 38905 } } peers { permanent_uuid: "9a277d6813484bdc9d9da8498a9f036b" member_type: VOTER last_known_addr { host: "127.16.241.2" port: 46647 } } peers { permanent_uuid: "061558c9d2974fa0b5cf0cf02f6557da" member_type: VOTER last_known_addr { host: "127.16.241.3" port: 44311 } }
I20260710 11:00:09.113826 18692 raft_consensus.cc:385] T 3929fab2e9464d0a82bba2b6fa62b742 P 7e332ddfea5b40ef9ed396d6ecc1f08f [term 0 FOLLOWER]: Consensus starting up: Expiring failure detector timer to make a prompt election more likely
I20260710 11:00:09.114022 18692 raft_consensus.cc:740] T 3929fab2e9464d0a82bba2b6fa62b742 P 7e332ddfea5b40ef9ed396d6ecc1f08f [term 0 FOLLOWER]: Becoming Follower/Learner. State: Replica: 7e332ddfea5b40ef9ed396d6ecc1f08f, State: Initialized, Role: FOLLOWER
I20260710 11:00:09.113505 18797 consensus_queue.cc:237] T 815571f30c8a44b183aab8fee7e455c9 P 7e332ddfea5b40ef9ed396d6ecc1f08f [LEADER]: Queue going to LEADER mode. State: All replicated index: 0, Majority replicated index: 0, Committed index: 0, Last appended: 0.0, Last appended by leader: 0, Current term: 1, Majority size: 2, State: 0, Mode: LEADER, active raft config: opid_index: -1 OBSOLETE_local: false peers { permanent_uuid: "7e332ddfea5b40ef9ed396d6ecc1f08f" member_type: VOTER last_known_addr { host: "127.16.241.1" port: 38905 } } peers { permanent_uuid: "9a277d6813484bdc9d9da8498a9f036b" member_type: VOTER last_known_addr { host: "127.16.241.2" port: 46647 } } peers { permanent_uuid: "061558c9d2974fa0b5cf0cf02f6557da" member_type: VOTER last_known_addr { host: "127.16.241.3" port: 44311 } }
I20260710 11:00:09.114547 18692 consensus_queue.cc:260] T 3929fab2e9464d0a82bba2b6fa62b742 P 7e332ddfea5b40ef9ed396d6ecc1f08f [NON_LEADER]: Queue going to NON_LEADER mode. State: All replicated index: 0, Majority replicated index: 0, Committed index: 0, Last appended: 0.0, Last appended by leader: 0, Current term: 0, Majority size: -1, State: 0, Mode: NON_LEADER, active raft config: opid_index: -1 OBSOLETE_local: false peers { permanent_uuid: "7e332ddfea5b40ef9ed396d6ecc1f08f" member_type: VOTER last_known_addr { host: "127.16.241.1" port: 38905 } } peers { permanent_uuid: "9a277d6813484bdc9d9da8498a9f036b" member_type: VOTER last_known_addr { host: "127.16.241.2" port: 46647 } } peers { permanent_uuid: "061558c9d2974fa0b5cf0cf02f6557da" member_type: VOTER last_known_addr { host: "127.16.241.3" port: 44311 } }
I20260710 11:00:09.110590 18690 ts_tablet_manager.cc:1403] T b422265f4b1949f086c98bb64df8183f P 061558c9d2974fa0b5cf0cf02f6557da: Time spent bootstrapping tablet: real 0.033s	user 0.014s	sys 0.010s
I20260710 11:00:09.117480 18690 raft_consensus.cc:359] T b422265f4b1949f086c98bb64df8183f P 061558c9d2974fa0b5cf0cf02f6557da [term 0 FOLLOWER]: Replica starting. Triggering 0 pending ops. Active config: opid_index: -1 OBSOLETE_local: false peers { permanent_uuid: "7e332ddfea5b40ef9ed396d6ecc1f08f" member_type: VOTER last_known_addr { host: "127.16.241.1" port: 38905 } } peers { permanent_uuid: "9a277d6813484bdc9d9da8498a9f036b" member_type: VOTER last_known_addr { host: "127.16.241.2" port: 46647 } } peers { permanent_uuid: "061558c9d2974fa0b5cf0cf02f6557da" member_type: VOTER last_known_addr { host: "127.16.241.3" port: 44311 } }
I20260710 11:00:09.118072 18690 raft_consensus.cc:385] T b422265f4b1949f086c98bb64df8183f P 061558c9d2974fa0b5cf0cf02f6557da [term 0 FOLLOWER]: Consensus starting up: Expiring failure detector timer to make a prompt election more likely
I20260710 11:00:09.118136 18692 ts_tablet_manager.cc:1434] T 3929fab2e9464d0a82bba2b6fa62b742 P 7e332ddfea5b40ef9ed396d6ecc1f08f: Time spent starting tablet: real 0.007s	user 0.004s	sys 0.000s
I20260710 11:00:09.118369 18690 raft_consensus.cc:740] T b422265f4b1949f086c98bb64df8183f P 061558c9d2974fa0b5cf0cf02f6557da [term 0 FOLLOWER]: Becoming Follower/Learner. State: Replica: 061558c9d2974fa0b5cf0cf02f6557da, State: Initialized, Role: FOLLOWER
I20260710 11:00:09.119024 18692 tablet_bootstrap.cc:492] T faf4824508364fadbdef61e006a0bee9 P 7e332ddfea5b40ef9ed396d6ecc1f08f: Bootstrap starting.
I20260710 11:00:09.119562 18690 consensus_queue.cc:260] T b422265f4b1949f086c98bb64df8183f P 061558c9d2974fa0b5cf0cf02f6557da [NON_LEADER]: Queue going to NON_LEADER mode. State: All replicated index: 0, Majority replicated index: 0, Committed index: 0, Last appended: 0.0, Last appended by leader: 0, Current term: 0, Majority size: -1, State: 0, Mode: NON_LEADER, active raft config: opid_index: -1 OBSOLETE_local: false peers { permanent_uuid: "7e332ddfea5b40ef9ed396d6ecc1f08f" member_type: VOTER last_known_addr { host: "127.16.241.1" port: 38905 } } peers { permanent_uuid: "9a277d6813484bdc9d9da8498a9f036b" member_type: VOTER last_known_addr { host: "127.16.241.2" port: 46647 } } peers { permanent_uuid: "061558c9d2974fa0b5cf0cf02f6557da" member_type: VOTER last_known_addr { host: "127.16.241.3" port: 44311 } }
I20260710 11:00:09.121675 18690 ts_tablet_manager.cc:1434] T b422265f4b1949f086c98bb64df8183f P 061558c9d2974fa0b5cf0cf02f6557da: Time spent starting tablet: real 0.006s	user 0.004s	sys 0.000s
I20260710 11:00:09.122567 18690 tablet_bootstrap.cc:492] T 815571f30c8a44b183aab8fee7e455c9 P 061558c9d2974fa0b5cf0cf02f6557da: Bootstrap starting.
I20260710 11:00:09.125730 18692 tablet_bootstrap.cc:654] T faf4824508364fadbdef61e006a0bee9 P 7e332ddfea5b40ef9ed396d6ecc1f08f: Neither blocks nor log segments found. Creating new log.
I20260710 11:00:09.128358 18690 tablet_bootstrap.cc:654] T 815571f30c8a44b183aab8fee7e455c9 P 061558c9d2974fa0b5cf0cf02f6557da: Neither blocks nor log segments found. Creating new log.
I20260710 11:00:09.130564 18691 tablet_bootstrap.cc:492] T 2f7546bb99ba4d9aac44fde47864abc7 P 9a277d6813484bdc9d9da8498a9f036b: No bootstrap required, opened a new log
I20260710 11:00:09.131019 18691 ts_tablet_manager.cc:1403] T 2f7546bb99ba4d9aac44fde47864abc7 P 9a277d6813484bdc9d9da8498a9f036b: Time spent bootstrapping tablet: real 0.038s	user 0.008s	sys 0.008s
I20260710 11:00:09.137743 18691 raft_consensus.cc:359] T 2f7546bb99ba4d9aac44fde47864abc7 P 9a277d6813484bdc9d9da8498a9f036b [term 0 FOLLOWER]: Replica starting. Triggering 0 pending ops. Active config: opid_index: -1 OBSOLETE_local: false peers { permanent_uuid: "7e332ddfea5b40ef9ed396d6ecc1f08f" member_type: VOTER last_known_addr { host: "127.16.241.1" port: 38905 } } peers { permanent_uuid: "9a277d6813484bdc9d9da8498a9f036b" member_type: VOTER last_known_addr { host: "127.16.241.2" port: 46647 } } peers { permanent_uuid: "061558c9d2974fa0b5cf0cf02f6557da" member_type: VOTER last_known_addr { host: "127.16.241.3" port: 44311 } }
I20260710 11:00:09.138186 18691 raft_consensus.cc:385] T 2f7546bb99ba4d9aac44fde47864abc7 P 9a277d6813484bdc9d9da8498a9f036b [term 0 FOLLOWER]: Consensus starting up: Expiring failure detector timer to make a prompt election more likely
I20260710 11:00:09.138406 18691 raft_consensus.cc:740] T 2f7546bb99ba4d9aac44fde47864abc7 P 9a277d6813484bdc9d9da8498a9f036b [term 0 FOLLOWER]: Becoming Follower/Learner. State: Replica: 9a277d6813484bdc9d9da8498a9f036b, State: Initialized, Role: FOLLOWER
I20260710 11:00:09.138926 18691 consensus_queue.cc:260] T 2f7546bb99ba4d9aac44fde47864abc7 P 9a277d6813484bdc9d9da8498a9f036b [NON_LEADER]: Queue going to NON_LEADER mode. State: All replicated index: 0, Majority replicated index: 0, Committed index: 0, Last appended: 0.0, Last appended by leader: 0, Current term: 0, Majority size: -1, State: 0, Mode: NON_LEADER, active raft config: opid_index: -1 OBSOLETE_local: false peers { permanent_uuid: "7e332ddfea5b40ef9ed396d6ecc1f08f" member_type: VOTER last_known_addr { host: "127.16.241.1" port: 38905 } } peers { permanent_uuid: "9a277d6813484bdc9d9da8498a9f036b" member_type: VOTER last_known_addr { host: "127.16.241.2" port: 46647 } } peers { permanent_uuid: "061558c9d2974fa0b5cf0cf02f6557da" member_type: VOTER last_known_addr { host: "127.16.241.3" port: 44311 } }
I20260710 11:00:09.142831 18395 catalog_manager.cc:5697] T 815571f30c8a44b183aab8fee7e455c9 P 7e332ddfea5b40ef9ed396d6ecc1f08f reported cstate change: term changed from 0 to 1, leader changed from <none> to 7e332ddfea5b40ef9ed396d6ecc1f08f (127.16.241.1). New cstate: current_term: 1 leader_uuid: "7e332ddfea5b40ef9ed396d6ecc1f08f" committed_config { opid_index: -1 OBSOLETE_local: false peers { permanent_uuid: "7e332ddfea5b40ef9ed396d6ecc1f08f" member_type: VOTER last_known_addr { host: "127.16.241.1" port: 38905 } health_report { overall_health: HEALTHY } } peers { permanent_uuid: "9a277d6813484bdc9d9da8498a9f036b" member_type: VOTER last_known_addr { host: "127.16.241.2" port: 46647 } health_report { overall_health: UNKNOWN } } peers { permanent_uuid: "061558c9d2974fa0b5cf0cf02f6557da" member_type: VOTER last_known_addr { host: "127.16.241.3" port: 44311 } health_report { overall_health: UNKNOWN } } }
I20260710 11:00:09.147471 18735 raft_consensus.cc:493] T 7b5f26db09644b1f9071790234734f95 P 9a277d6813484bdc9d9da8498a9f036b [term 0 FOLLOWER]: Starting pre-election (no leader contacted us within the election timeout)
I20260710 11:00:09.147895 18735 raft_consensus.cc:515] T 7b5f26db09644b1f9071790234734f95 P 9a277d6813484bdc9d9da8498a9f036b [term 0 FOLLOWER]: Starting pre-election with config: opid_index: -1 OBSOLETE_local: false peers { permanent_uuid: "7e332ddfea5b40ef9ed396d6ecc1f08f" member_type: VOTER last_known_addr { host: "127.16.241.1" port: 38905 } } peers { permanent_uuid: "9a277d6813484bdc9d9da8498a9f036b" member_type: VOTER last_known_addr { host: "127.16.241.2" port: 46647 } } peers { permanent_uuid: "061558c9d2974fa0b5cf0cf02f6557da" member_type: VOTER last_known_addr { host: "127.16.241.3" port: 44311 } }
I20260710 11:00:09.149773 18735 leader_election.cc:290] T 7b5f26db09644b1f9071790234734f95 P 9a277d6813484bdc9d9da8498a9f036b [CANDIDATE]: Term 1 pre-election: Requested pre-vote from peers 7e332ddfea5b40ef9ed396d6ecc1f08f (127.16.241.1:38905), 061558c9d2974fa0b5cf0cf02f6557da (127.16.241.3:44311)
I20260710 11:00:09.150633 18493 tablet_service.cc:1917] Received RequestConsensusVote() RPC: tablet_id: "7b5f26db09644b1f9071790234734f95" candidate_uuid: "9a277d6813484bdc9d9da8498a9f036b" candidate_term: 1 candidate_status { last_received { term: 0 index: 0 } } ignore_live_leader: false dest_uuid: "7e332ddfea5b40ef9ed396d6ecc1f08f" is_pre_election: true
I20260710 11:00:09.152244 18645 tablet_service.cc:1917] Received RequestConsensusVote() RPC: tablet_id: "7b5f26db09644b1f9071790234734f95" candidate_uuid: "9a277d6813484bdc9d9da8498a9f036b" candidate_term: 1 candidate_status { last_received { term: 0 index: 0 } } ignore_live_leader: false dest_uuid: "061558c9d2974fa0b5cf0cf02f6557da" is_pre_election: true
