I20260710 11:00:14.309392 21362 raft_consensus.cc:2393] T c9d0ca8110dd46ac953f5c1add13b9f3 P 7f1fa825bfe6481193f03f35ee42b487 [term 2 FOLLOWER]: Leader pre-election vote request: Denying vote to candidate 7e9b454a3992480ea365b3b733d091b4 in current term 2: Already voted for candidate 7f1fa825bfe6481193f03f35ee42b487 in this term.
I20260710 11:00:14.307789 21356 tablet_service.cc:1917] Received RequestConsensusVote() RPC: tablet_id: "07453906368c42488c42e352d721d277" candidate_uuid: "4e06ca0844324285aa9e8854b8137c8d" candidate_term: 2 candidate_status { last_received { term: 1 index: 1 } } ignore_live_leader: false dest_uuid: "7f1fa825bfe6481193f03f35ee42b487"
I20260710 11:00:14.300038 21354 raft_consensus.cc:1240] T 0697ff79b0844d8fb61bda177401099e P 7f1fa825bfe6481193f03f35ee42b487 [term 2 FOLLOWER]: Rejecting Update request from peer 7e9b454a3992480ea365b3b733d091b4 for earlier term 1. Current term is 2. Ops: []
I20260710 11:00:14.312502 21359 tablet_service.cc:1917] Received RequestConsensusVote() RPC: tablet_id: "11c9fca58ff5402dbd603e669c891136" candidate_uuid: "7e9b454a3992480ea365b3b733d091b4" candidate_term: 2 candidate_status { last_received { term: 1 index: 1 } } ignore_live_leader: false dest_uuid: "7f1fa825bfe6481193f03f35ee42b487" is_pre_election: true
I20260710 11:00:14.312521 21360 tablet_service.cc:1917] Received RequestConsensusVote() RPC: tablet_id: "ef30e55f63d7423bb51dafe5625c8082" candidate_uuid: "7e9b454a3992480ea365b3b733d091b4" candidate_term: 2 candidate_status { last_received { term: 1 index: 2 } } ignore_live_leader: false dest_uuid: "7f1fa825bfe6481193f03f35ee42b487" is_pre_election: true
I20260710 11:00:14.318421 21177 leader_election.cc:304] T 53c8eb40abd745ff90e93f4ee99e0256 P 7e9b454a3992480ea365b3b733d091b4 [CANDIDATE]: Term 2 pre-election: Election decided. Result: candidate lost. Election summary: received 3 responses out of 3 voters: 1 yes votes; 2 no votes. yes voters: 7e9b454a3992480ea365b3b733d091b4; no voters: 4e06ca0844324285aa9e8854b8137c8d, 7f1fa825bfe6481193f03f35ee42b487
I20260710 11:00:14.319381 21325 leader_election.cc:304] T 1699111149114ed489246fd5344e94b4 P 7f1fa825bfe6481193f03f35ee42b487 [CANDIDATE]: Term 2 pre-election: Election decided. Result: candidate lost. Election summary: received 3 responses out of 3 voters: 1 yes votes; 2 no votes. yes voters: 7f1fa825bfe6481193f03f35ee42b487; no voters: 4e06ca0844324285aa9e8854b8137c8d, 7e9b454a3992480ea365b3b733d091b4
I20260710 11:00:14.325718 21353 raft_consensus.cc:1240] T 0697ff79b0844d8fb61bda177401099e P 7f1fa825bfe6481193f03f35ee42b487 [term 2 FOLLOWER]: Rejecting Update request from peer 7e9b454a3992480ea365b3b733d091b4 for earlier term 1. Current term is 2. Ops: []
I20260710 11:00:14.328097 21325 leader_election.cc:304] T 86338874c0f44721b60b68e780db6284 P 7f1fa825bfe6481193f03f35ee42b487 [CANDIDATE]: Term 2 pre-election: Election decided. Result: candidate lost. Election summary: received 3 responses out of 3 voters: 1 yes votes; 2 no votes. yes voters: 7f1fa825bfe6481193f03f35ee42b487; no voters: 4e06ca0844324285aa9e8854b8137c8d, 7e9b454a3992480ea365b3b733d091b4
I20260710 11:00:14.329157 21325 leader_election.cc:304] T c9d0ca8110dd46ac953f5c1add13b9f3 P 7f1fa825bfe6481193f03f35ee42b487 [CANDIDATE]: Term 2 election: Election decided. Result: candidate lost. Election summary: received 3 responses out of 3 voters: 1 yes votes; 2 no votes. yes voters: 7f1fa825bfe6481193f03f35ee42b487; no voters: 4e06ca0844324285aa9e8854b8137c8d, 7e9b454a3992480ea365b3b733d091b4
I20260710 11:00:14.334015 21739 raft_consensus.cc:2749] T 1699111149114ed489246fd5344e94b4 P 7f1fa825bfe6481193f03f35ee42b487 [term 1 FOLLOWER]: Leader pre-election lost for term 2. Reason: could not achieve majority
I20260710 11:00:14.334049 21731 raft_consensus.cc:2749] T 86338874c0f44721b60b68e780db6284 P 7f1fa825bfe6481193f03f35ee42b487 [term 1 FOLLOWER]: Leader pre-election lost for term 2. Reason: could not achieve majority
I20260710 11:00:14.314209 21360 raft_consensus.cc:2468] T ef30e55f63d7423bb51dafe5625c8082 P 7f1fa825bfe6481193f03f35ee42b487 [term 1 FOLLOWER]: Leader pre-election vote request: Granting yes vote for candidate 7e9b454a3992480ea365b3b733d091b4 in term 1.
I20260710 11:00:14.336088 21325 leader_election.cc:304] T 87c4e418742f420581976de9ae5dcb85 P 7f1fa825bfe6481193f03f35ee42b487 [CANDIDATE]: Term 2 pre-election: Election decided. Result: candidate lost. Election summary: received 3 responses out of 3 voters: 1 yes votes; 2 no votes. yes voters: 7f1fa825bfe6481193f03f35ee42b487; no voters: 4e06ca0844324285aa9e8854b8137c8d, 7e9b454a3992480ea365b3b733d091b4
I20260710 11:00:14.335538 21739 raft_consensus.cc:2749] T c9d0ca8110dd46ac953f5c1add13b9f3 P 7f1fa825bfe6481193f03f35ee42b487 [term 2 FOLLOWER]: Leader election lost for term 2. Reason: could not achieve majority
I20260710 11:00:14.344038 21288 tablet_service.cc:1917] Received RequestConsensusVote() RPC: tablet_id: "0697ff79b0844d8fb61bda177401099e" candidate_uuid: "7f1fa825bfe6481193f03f35ee42b487" candidate_term: 2 candidate_status { last_received { term: 1 index: 2 } } ignore_live_leader: false dest_uuid: "4e06ca0844324285aa9e8854b8137c8d"
I20260710 11:00:14.345371 21284 tablet_service.cc:1917] Received RequestConsensusVote() RPC: tablet_id: "53c8eb40abd745ff90e93f4ee99e0256" candidate_uuid: "7f1fa825bfe6481193f03f35ee42b487" candidate_term: 2 candidate_status { last_received { term: 1 index: 1 } } ignore_live_leader: false dest_uuid: "4e06ca0844324285aa9e8854b8137c8d" is_pre_election: true
W20260710 11:00:14.347067 21176 outbound_call.cc:321] RPC callback for RPC call kudu.consensus.ConsensusService.UpdateConsensus -> {remote=127.19.158.66:44067, user_credentials={real_user=slave}} blocked reactor thread for 98199.1us
I20260710 11:00:14.347889 21176 leader_election.cc:304] T 1e05adc944a54c16bfa57e8062f3de85 P 7e9b454a3992480ea365b3b733d091b4 [CANDIDATE]: Term 2 pre-election: Election decided. Result: candidate lost. Election summary: received 3 responses out of 3 voters: 1 yes votes; 2 no votes. yes voters: 7e9b454a3992480ea365b3b733d091b4; no voters: 4e06ca0844324285aa9e8854b8137c8d, 7f1fa825bfe6481193f03f35ee42b487
I20260710 11:00:14.352463 21739 raft_consensus.cc:2749] T 87c4e418742f420581976de9ae5dcb85 P 7f1fa825bfe6481193f03f35ee42b487 [term 1 FOLLOWER]: Leader pre-election lost for term 2. Reason: could not achieve majority
I20260710 11:00:14.354162 21325 leader_election.cc:304] T 0697ff79b0844d8fb61bda177401099e P 7f1fa825bfe6481193f03f35ee42b487 [CANDIDATE]: Term 2 election: Election decided. Result: candidate lost. Election summary: received 3 responses out of 3 voters: 1 yes votes; 2 no votes. yes voters: 7f1fa825bfe6481193f03f35ee42b487; no voters: 4e06ca0844324285aa9e8854b8137c8d, 7e9b454a3992480ea365b3b733d091b4
I20260710 11:00:14.323941 21713 raft_consensus.cc:2749] T 53c8eb40abd745ff90e93f4ee99e0256 P 7e9b454a3992480ea365b3b733d091b4 [term 1 FOLLOWER]: Leader pre-election lost for term 2. Reason: could not achieve majority
I20260710 11:00:14.359146 21731 raft_consensus.cc:2749] T 0697ff79b0844d8fb61bda177401099e P 7f1fa825bfe6481193f03f35ee42b487 [term 2 FOLLOWER]: Leader election lost for term 2. Reason: could not achieve majority
I20260710 11:00:14.359987 21325 leader_election.cc:304] T 53c8eb40abd745ff90e93f4ee99e0256 P 7f1fa825bfe6481193f03f35ee42b487 [CANDIDATE]: Term 2 pre-election: Election decided. Result: candidate lost. Election summary: received 3 responses out of 3 voters: 1 yes votes; 2 no votes. yes voters: 7f1fa825bfe6481193f03f35ee42b487; no voters: 4e06ca0844324285aa9e8854b8137c8d, 7e9b454a3992480ea365b3b733d091b4
I20260710 11:00:14.372675 21731 raft_consensus.cc:2749] T 53c8eb40abd745ff90e93f4ee99e0256 P 7f1fa825bfe6481193f03f35ee42b487 [term 1 FOLLOWER]: Leader pre-election lost for term 2. Reason: could not achieve majority
I20260710 11:00:14.362895 21727 raft_consensus.cc:2749] T 1e05adc944a54c16bfa57e8062f3de85 P 7e9b454a3992480ea365b3b733d091b4 [term 1 FOLLOWER]: Leader pre-election lost for term 2. Reason: could not achieve majority
I20260710 11:00:14.363646 21177 leader_election.cc:304] T 89254e0e005e4ee08a379ba6ab27bf69 P 7e9b454a3992480ea365b3b733d091b4 [CANDIDATE]: Term 2 pre-election: Election decided. Result: candidate lost. Election summary: received 3 responses out of 3 voters: 1 yes votes; 2 no votes. yes voters: 7e9b454a3992480ea365b3b733d091b4; no voters: 4e06ca0844324285aa9e8854b8137c8d, 7f1fa825bfe6481193f03f35ee42b487
I20260710 11:00:14.376325 21177 leader_election.cc:304] T dfd390a28760416787db14bb98d2773f P 7e9b454a3992480ea365b3b733d091b4 [CANDIDATE]: Term 2 pre-election: Election decided. Result: candidate lost. Election summary: received 3 responses out of 3 voters: 1 yes votes; 2 no votes. yes voters: 7e9b454a3992480ea365b3b733d091b4; no voters: 4e06ca0844324285aa9e8854b8137c8d, 7f1fa825bfe6481193f03f35ee42b487
I20260710 11:00:14.377414 21177 leader_election.cc:304] T 8e0060fca11e4ed09a12ad0a3dfb170c P 7e9b454a3992480ea365b3b733d091b4 [CANDIDATE]: Term 2 pre-election: Election decided. Result: candidate lost. Election summary: received 3 responses out of 3 voters: 1 yes votes; 2 no votes. yes voters: 7e9b454a3992480ea365b3b733d091b4; no voters: 4e06ca0844324285aa9e8854b8137c8d, 7f1fa825bfe6481193f03f35ee42b487
I20260710 11:00:14.377645 21284 raft_consensus.cc:1275] T 0697ff79b0844d8fb61bda177401099e P 4e06ca0844324285aa9e8854b8137c8d [term 1 FOLLOWER]: Refusing update from remote peer 7e9b454a3992480ea365b3b733d091b4: Log matching property violated. Preceding OpId in replica: term: 1 index: 2. Preceding OpId from leader: term: 1 index: 3. (index mismatch)
I20260710 11:00:14.378459 21177 leader_election.cc:304] T 87c4e418742f420581976de9ae5dcb85 P 7e9b454a3992480ea365b3b733d091b4 [CANDIDATE]: Term 2 pre-election: Election decided. Result: candidate lost. Election summary: received 3 responses out of 3 voters: 1 yes votes; 2 no votes. yes voters: 7e9b454a3992480ea365b3b733d091b4; no voters: 4e06ca0844324285aa9e8854b8137c8d, 7f1fa825bfe6481193f03f35ee42b487
I20260710 11:00:14.379345 21721 raft_consensus.cc:2749] T dfd390a28760416787db14bb98d2773f P 7e9b454a3992480ea365b3b733d091b4 [term 1 FOLLOWER]: Leader pre-election lost for term 2. Reason: could not achieve majority
I20260710 11:00:14.365562 21252 leader_election.cc:304] T 877d696b9967499faa5240ebc6ea8b18 P 4e06ca0844324285aa9e8854b8137c8d [CANDIDATE]: Term 2 pre-election: Election decided. Result: candidate lost. Election summary: received 3 responses out of 3 voters: 1 yes votes; 2 no votes. yes voters: 4e06ca0844324285aa9e8854b8137c8d; no voters: 7e9b454a3992480ea365b3b733d091b4, 7f1fa825bfe6481193f03f35ee42b487
I20260710 11:00:14.365623 21442 raft_consensus.cc:515] T 1699111149114ed489246fd5344e94b4 P 4e06ca0844324285aa9e8854b8137c8d [term 2 FOLLOWER]: Starting leader election with config: opid_index: -1 OBSOLETE_local: false peers { permanent_uuid: "7e9b454a3992480ea365b3b733d091b4" member_type: VOTER last_known_addr { host: "127.19.158.65" port: 42817 } } peers { permanent_uuid: "4e06ca0844324285aa9e8854b8137c8d" member_type: VOTER last_known_addr { host: "127.19.158.66" port: 44067 } } peers { permanent_uuid: "7f1fa825bfe6481193f03f35ee42b487" member_type: VOTER last_known_addr { host: "127.19.158.67" port: 33139 } }
I20260710 11:00:14.380613 21732 raft_consensus.cc:2749] T 877d696b9967499faa5240ebc6ea8b18 P 4e06ca0844324285aa9e8854b8137c8d [term 1 FOLLOWER]: Leader pre-election lost for term 2. Reason: could not achieve majority
I20260710 11:00:14.381079 21252 leader_election.cc:304] T 7c54c8c048714a92b1e110100420e4a7 P 4e06ca0844324285aa9e8854b8137c8d [CANDIDATE]: Term 2 pre-election: Election decided. Result: candidate lost. Election summary: received 3 responses out of 3 voters: 1 yes votes; 2 no votes. yes voters: 4e06ca0844324285aa9e8854b8137c8d; no voters: 7e9b454a3992480ea365b3b733d091b4, 7f1fa825bfe6481193f03f35ee42b487
I20260710 11:00:14.366487 21739 consensus_queue.cc:1048] T 7c54c8c048714a92b1e110100420e4a7 P 7f1fa825bfe6481193f03f35ee42b487 [LEADER]: Connected to new peer: Peer: permanent_uuid: "4e06ca0844324285aa9e8854b8137c8d" member_type: VOTER last_known_addr { host: "127.19.158.66" port: 44067 } attrs { replace: true }, Status: LMP_MISMATCH, Last received: 0.0, Next index: 3, Last known committed idx: 2, Time since last communication: 0.000s
I20260710 11:00:14.379959 21721 raft_consensus.cc:2749] T 8e0060fca11e4ed09a12ad0a3dfb170c P 7e9b454a3992480ea365b3b733d091b4 [term 1 FOLLOWER]: Leader pre-election lost for term 2. Reason: could not achieve majority
I20260710 11:00:14.382158 21177 leader_election.cc:304] T 07453906368c42488c42e352d721d277 P 7e9b454a3992480ea365b3b733d091b4 [CANDIDATE]: Term 2 pre-election: Election decided. Result: candidate lost. Election summary: received 3 responses out of 3 voters: 1 yes votes; 2 no votes. yes voters: 7e9b454a3992480ea365b3b733d091b4; no voters: 4e06ca0844324285aa9e8854b8137c8d, 7f1fa825bfe6481193f03f35ee42b487
I20260710 11:00:14.382444 21715 raft_consensus.cc:2749] T 87c4e418742f420581976de9ae5dcb85 P 7e9b454a3992480ea365b3b733d091b4 [term 1 FOLLOWER]: Leader pre-election lost for term 2. Reason: could not achieve majority
I20260710 11:00:14.383010 21732 raft_consensus.cc:2749] T 7c54c8c048714a92b1e110100420e4a7 P 4e06ca0844324285aa9e8854b8137c8d [term 1 FOLLOWER]: Leader pre-election lost for term 2. Reason: could not achieve majority
I20260710 11:00:14.385450 21177 leader_election.cc:304] T c9d0ca8110dd46ac953f5c1add13b9f3 P 7e9b454a3992480ea365b3b733d091b4 [CANDIDATE]: Term 2 pre-election: Election decided. Result: candidate lost. Election summary: received 3 responses out of 3 voters: 1 yes votes; 2 no votes. yes voters: 7e9b454a3992480ea365b3b733d091b4; no voters: 4e06ca0844324285aa9e8854b8137c8d, 7f1fa825bfe6481193f03f35ee42b487
I20260710 11:00:14.386312 21325 leader_election.cc:304] T 758b35df9c2a42e6910914b83bcec708 P 7f1fa825bfe6481193f03f35ee42b487 [CANDIDATE]: Term 2 pre-election: Election decided. Result: candidate lost. Election summary: received 3 responses out of 3 voters: 1 yes votes; 2 no votes. yes voters: 7f1fa825bfe6481193f03f35ee42b487; no voters: 4e06ca0844324285aa9e8854b8137c8d, 7e9b454a3992480ea365b3b733d091b4
I20260710 11:00:14.387882 21325 leader_election.cc:304] T f53569218a364642a0c7166c126ff555 P 7f1fa825bfe6481193f03f35ee42b487 [CANDIDATE]: Term 2 pre-election: Election decided. Result: candidate lost. Election summary: received 3 responses out of 3 voters: 1 yes votes; 2 no votes. yes voters: 7f1fa825bfe6481193f03f35ee42b487; no voters: 4e06ca0844324285aa9e8854b8137c8d, 7e9b454a3992480ea365b3b733d091b4
I20260710 11:00:14.387334 21713 raft_consensus.cc:2749] T 07453906368c42488c42e352d721d277 P 7e9b454a3992480ea365b3b733d091b4 [term 1 FOLLOWER]: Leader pre-election lost for term 2. Reason: could not achieve majority
I20260710 11:00:14.388430 21712 raft_consensus.cc:2749] T 758b35df9c2a42e6910914b83bcec708 P 7f1fa825bfe6481193f03f35ee42b487 [term 1 FOLLOWER]: Leader pre-election lost for term 2. Reason: could not achieve majority
I20260710 11:00:14.389451 21715 raft_consensus.cc:3060] T c9d0ca8110dd46ac953f5c1add13b9f3 P 7e9b454a3992480ea365b3b733d091b4 [term 1 FOLLOWER]: Advancing to term 2
I20260710 11:00:14.391091 21177 leader_election.cc:304] T 11c9fca58ff5402dbd603e669c891136 P 7e9b454a3992480ea365b3b733d091b4 [CANDIDATE]: Term 2 pre-election: Election decided. Result: candidate lost. Election summary: received 3 responses out of 3 voters: 1 yes votes; 2 no votes. yes voters: 7e9b454a3992480ea365b3b733d091b4; no voters: 4e06ca0844324285aa9e8854b8137c8d, 7f1fa825bfe6481193f03f35ee42b487
I20260710 11:00:14.381815 21442 leader_election.cc:290] T 1699111149114ed489246fd5344e94b4 P 4e06ca0844324285aa9e8854b8137c8d [CANDIDATE]: Term 2 election: Requested vote from peers 7e9b454a3992480ea365b3b733d091b4 (127.19.158.65:42817), 7f1fa825bfe6481193f03f35ee42b487 (127.19.158.67:33139)
I20260710 11:00:14.393844 21177 leader_election.cc:304] T ef30e55f63d7423bb51dafe5625c8082 P 7e9b454a3992480ea365b3b733d091b4 [CANDIDATE]: Term 2 pre-election: Election decided. Result: candidate won. Election summary: received 3 responses out of 3 voters: 2 yes votes; 1 no votes. yes voters: 7e9b454a3992480ea365b3b733d091b4, 7f1fa825bfe6481193f03f35ee42b487; no voters: 4e06ca0844324285aa9e8854b8137c8d
I20260710 11:00:14.390523 21735 raft_consensus.cc:2749] T f53569218a364642a0c7166c126ff555 P 7f1fa825bfe6481193f03f35ee42b487 [term 1 FOLLOWER]: Leader pre-election lost for term 2. Reason: could not achieve majority
I20260710 11:00:14.394393 21743 raft_consensus.cc:2749] T 11c9fca58ff5402dbd603e669c891136 P 7e9b454a3992480ea365b3b733d091b4 [term 1 FOLLOWER]: Leader pre-election lost for term 2. Reason: could not achieve majority
I20260710 11:00:14.385421 21727 consensus_queue.cc:1048] T 86338874c0f44721b60b68e780db6284 P 7e9b454a3992480ea365b3b733d091b4 [LEADER]: Connected to new peer: Peer: permanent_uuid: "7f1fa825bfe6481193f03f35ee42b487" member_type: VOTER last_known_addr { host: "127.19.158.67" port: 33139 } attrs { replace: true }, Status: LMP_MISMATCH, Last received: 0.0, Next index: 3, Last known committed idx: 2, Time since last communication: 0.011s
I20260710 11:00:14.398728 21744 raft_consensus.cc:2804] T ef30e55f63d7423bb51dafe5625c8082 P 7e9b454a3992480ea365b3b733d091b4 [term 1 FOLLOWER]: Leader pre-election won for term 2
I20260710 11:00:14.399139 21252 leader_election.cc:304] T 0697ff79b0844d8fb61bda177401099e P 4e06ca0844324285aa9e8854b8137c8d [CANDIDATE]: Term 2 pre-election: Election decided. Result: candidate lost. Election summary: received 3 responses out of 3 voters: 1 yes votes; 2 no votes. yes voters: 4e06ca0844324285aa9e8854b8137c8d; no voters: 7e9b454a3992480ea365b3b733d091b4, 7f1fa825bfe6481193f03f35ee42b487
I20260710 11:00:14.398676 21285 raft_consensus.cc:1240] T 11c9fca58ff5402dbd603e669c891136 P 4e06ca0844324285aa9e8854b8137c8d [term 2 FOLLOWER]: Rejecting Update request from peer 7f1fa825bfe6481193f03f35ee42b487 for earlier term 1. Current term is 2. Ops: []
I20260710 11:00:14.402030 21744 raft_consensus.cc:493] T ef30e55f63d7423bb51dafe5625c8082 P 7e9b454a3992480ea365b3b733d091b4 [term 1 FOLLOWER]: Starting leader election (detected failure of leader 4e06ca0844324285aa9e8854b8137c8d)
I20260710 11:00:14.403172 21744 raft_consensus.cc:3060] T ef30e55f63d7423bb51dafe5625c8082 P 7e9b454a3992480ea365b3b733d091b4 [term 1 FOLLOWER]: Advancing to term 2
I20260710 11:00:14.394439 21206 tablet_service.cc:1917] Received RequestConsensusVote() RPC: tablet_id: "1699111149114ed489246fd5344e94b4" candidate_uuid: "4e06ca0844324285aa9e8854b8137c8d" candidate_term: 2 candidate_status { last_received { term: 1 index: 1 } } ignore_live_leader: false dest_uuid: "7e9b454a3992480ea365b3b733d091b4"
I20260710 11:00:14.405889 21284 raft_consensus.cc:1275] T 86338874c0f44721b60b68e780db6284 P 4e06ca0844324285aa9e8854b8137c8d [term 1 FOLLOWER]: Refusing update from remote peer 7e9b454a3992480ea365b3b733d091b4: Log matching property violated. Preceding OpId in replica: term: 1 index: 2. Preceding OpId from leader: term: 1 index: 3. (index mismatch)
I20260710 11:00:14.397670 21713 consensus_queue.cc:1048] T 0697ff79b0844d8fb61bda177401099e P 7e9b454a3992480ea365b3b733d091b4 [LEADER]: Connected to new peer: Peer: permanent_uuid: "4e06ca0844324285aa9e8854b8137c8d" member_type: VOTER last_known_addr { host: "127.19.158.66" port: 44067 }, Status: LMP_MISMATCH, Last received: 0.0, Next index: 3, Last known committed idx: 2, Time since last communication: 0.004s
I20260710 11:00:14.407096 21442 raft_consensus.cc:3060] T 0697ff79b0844d8fb61bda177401099e P 4e06ca0844324285aa9e8854b8137c8d [term 1 FOLLOWER]: Advancing to term 2
I20260710 11:00:14.400725 21745 raft_consensus.cc:2749] T 89254e0e005e4ee08a379ba6ab27bf69 P 7e9b454a3992480ea365b3b733d091b4 [term 1 FOLLOWER]: Leader pre-election lost for term 2. Reason: could not achieve majority
I20260710 11:00:14.414247 21739 consensus_queue.cc:1059] T 11c9fca58ff5402dbd603e669c891136 P 7f1fa825bfe6481193f03f35ee42b487 [LEADER]: Peer responded invalid term: Peer: permanent_uuid: "4e06ca0844324285aa9e8854b8137c8d" member_type: VOTER last_known_addr { host: "127.19.158.66" port: 44067 }, Status: INVALID_TERM, Last received: 1.1, Next index: 2, Last known committed idx: 1, Time since last communication: 0.000s
I20260710 11:00:14.414556 21719 consensus_queue.cc:1059] T 0697ff79b0844d8fb61bda177401099e P 7e9b454a3992480ea365b3b733d091b4 [LEADER]: Peer responded invalid term: Peer: permanent_uuid: "7f1fa825bfe6481193f03f35ee42b487" member_type: VOTER last_known_addr { host: "127.19.158.67" port: 33139 } attrs { replace: true }, Status: INVALID_TERM, Last received: 0.0, Next index: 3, Last known committed idx: 2, Time since last communication: 0.000s
I20260710 11:00:14.415050 21743 consensus_queue.cc:1048] T 86338874c0f44721b60b68e780db6284 P 7e9b454a3992480ea365b3b733d091b4 [LEADER]: Connected to new peer: Peer: permanent_uuid: "4e06ca0844324285aa9e8854b8137c8d" member_type: VOTER last_known_addr { host: "127.19.158.66" port: 44067 }, Status: LMP_MISMATCH, Last received: 0.0, Next index: 3, Last known committed idx: 2, Time since last communication: 0.000s
I20260710 11:00:14.415557 21731 raft_consensus.cc:3055] T 11c9fca58ff5402dbd603e669c891136 P 7f1fa825bfe6481193f03f35ee42b487 [term 1 LEADER]: Stepping down as leader of term 1
I20260710 11:00:14.416864 21731 raft_consensus.cc:740] T 11c9fca58ff5402dbd603e669c891136 P 7f1fa825bfe6481193f03f35ee42b487 [term 1 LEADER]: Becoming Follower/Learner. State: Replica: 7f1fa825bfe6481193f03f35ee42b487, State: Running, Role: LEADER
I20260710 11:00:14.417796 21731 consensus_queue.cc:260] T 11c9fca58ff5402dbd603e669c891136 P 7f1fa825bfe6481193f03f35ee42b487 [NON_LEADER]: Queue going to NON_LEADER mode. State: All replicated index: 0, Majority replicated index: 1, Committed index: 1, Last appended: 1.1, Last appended by leader: 1, Current term: 1, Majority size: -1, State: 0, Mode: NON_LEADER, active raft config: opid_index: -1 OBSOLETE_local: false peers { permanent_uuid: "7e9b454a3992480ea365b3b733d091b4" member_type: VOTER last_known_addr { host: "127.19.158.65" port: 42817 } } peers { permanent_uuid: "4e06ca0844324285aa9e8854b8137c8d" member_type: VOTER last_known_addr { host: "127.19.158.66" port: 44067 } } peers { permanent_uuid: "7f1fa825bfe6481193f03f35ee42b487" member_type: VOTER last_known_addr { host: "127.19.158.67" port: 33139 } }
I20260710 11:00:14.419993 21731 raft_consensus.cc:3060] T 11c9fca58ff5402dbd603e669c891136 P 7f1fa825bfe6481193f03f35ee42b487 [term 1 FOLLOWER]: Advancing to term 2
I20260710 11:00:14.420656 21721 raft_consensus.cc:3055] T 0697ff79b0844d8fb61bda177401099e P 7e9b454a3992480ea365b3b733d091b4 [term 1 LEADER]: Stepping down as leader of term 1
I20260710 11:00:14.422712 21721 raft_consensus.cc:740] T 0697ff79b0844d8fb61bda177401099e P 7e9b454a3992480ea365b3b733d091b4 [term 1 LEADER]: Becoming Follower/Learner. State: Replica: 7e9b454a3992480ea365b3b733d091b4, State: Running, Role: LEADER
I20260710 11:00:14.420058 21210 raft_consensus.cc:2955] T 7c54c8c048714a92b1e110100420e4a7 P 7e9b454a3992480ea365b3b733d091b4 [term 1 FOLLOWER]: Committing config change with OpId 1.3: config changed from index 2 to 3, 6c2f370b1e7e41d0addd3cdac40f43c9 (127.19.158.68) changed from NON_VOTER to VOTER. New config: { opid_index: 3 OBSOLETE_local: false peers { permanent_uuid: "7e9b454a3992480ea365b3b733d091b4" member_type: VOTER last_known_addr { host: "127.19.158.65" port: 42817 } } peers { permanent_uuid: "4e06ca0844324285aa9e8854b8137c8d" member_type: VOTER last_known_addr { host: "127.19.158.66" port: 44067 } attrs { replace: true } } peers { permanent_uuid: "7f1fa825bfe6481193f03f35ee42b487" member_type: VOTER last_known_addr { host: "127.19.158.67" port: 33139 } } peers { permanent_uuid: "6c2f370b1e7e41d0addd3cdac40f43c9" member_type: VOTER last_known_addr { host: "127.19.158.68" port: 42959 } attrs { promote: false } } }
I20260710 11:00:14.412334 21734 raft_consensus.cc:2955] T 7c54c8c048714a92b1e110100420e4a7 P 7f1fa825bfe6481193f03f35ee42b487 [term 1 LEADER]: Committing config change with OpId 1.3: config changed from index 2 to 3, 6c2f370b1e7e41d0addd3cdac40f43c9 (127.19.158.68) changed from NON_VOTER to VOTER. New config: { opid_index: 3 OBSOLETE_local: false peers { permanent_uuid: "7e9b454a3992480ea365b3b733d091b4" member_type: VOTER last_known_addr { host: "127.19.158.65" port: 42817 } } peers { permanent_uuid: "4e06ca0844324285aa9e8854b8137c8d" member_type: VOTER last_known_addr { host: "127.19.158.66" port: 44067 } attrs { replace: true } } peers { permanent_uuid: "7f1fa825bfe6481193f03f35ee42b487" member_type: VOTER last_known_addr { host: "127.19.158.67" port: 33139 } } peers { permanent_uuid: "6c2f370b1e7e41d0addd3cdac40f43c9" member_type: VOTER last_known_addr { host: "127.19.158.68" port: 42959 } attrs { promote: false } } }
I20260710 11:00:14.423882 21721 consensus_queue.cc:260] T 0697ff79b0844d8fb61bda177401099e P 7e9b454a3992480ea365b3b733d091b4 [NON_LEADER]: Queue going to NON_LEADER mode. State: All replicated index: 0, Majority replicated index: 2, Committed index: 2, Last appended: 1.3, Last appended by leader: 3, Current term: 1, Majority size: -1, State: 0, Mode: NON_LEADER, active raft config: opid_index: 3 OBSOLETE_local: false peers { permanent_uuid: "7e9b454a3992480ea365b3b733d091b4" member_type: VOTER last_known_addr { host: "127.19.158.65" port: 42817 } } peers { permanent_uuid: "4e06ca0844324285aa9e8854b8137c8d" member_type: VOTER last_known_addr { host: "127.19.158.66" port: 44067 } } peers { permanent_uuid: "7f1fa825bfe6481193f03f35ee42b487" member_type: VOTER last_known_addr { host: "127.19.158.67" port: 33139 } attrs { replace: true } } peers { permanent_uuid: "6c2f370b1e7e41d0addd3cdac40f43c9" member_type: VOTER last_known_addr { host: "127.19.158.68" port: 42959 } attrs { promote: false } }
I20260710 11:00:14.426357 21288 raft_consensus.cc:1240] T 07453906368c42488c42e352d721d277 P 4e06ca0844324285aa9e8854b8137c8d [term 2 FOLLOWER]: Rejecting Update request from peer 7f1fa825bfe6481193f03f35ee42b487 for earlier term 1. Current term is 2. Ops: []
I20260710 11:00:14.432928 21739 consensus_queue.cc:1059] T 07453906368c42488c42e352d721d277 P 7f1fa825bfe6481193f03f35ee42b487 [LEADER]: Peer responded invalid term: Peer: permanent_uuid: "4e06ca0844324285aa9e8854b8137c8d" member_type: VOTER last_known_addr { host: "127.19.158.66" port: 44067 }, Status: INVALID_TERM, Last received: 1.1, Next index: 2, Last known committed idx: 1, Time since last communication: 0.001s
I20260710 11:00:14.425185 21252 leader_election.cc:304] T 1e05adc944a54c16bfa57e8062f3de85 P 4e06ca0844324285aa9e8854b8137c8d [CANDIDATE]: Term 2 pre-election: Election decided. Result: candidate lost. Election summary: received 3 responses out of 3 voters: 1 yes votes; 2 no votes. yes voters: 4e06ca0844324285aa9e8854b8137c8d; no voters: 7e9b454a3992480ea365b3b733d091b4, 7f1fa825bfe6481193f03f35ee42b487
I20260710 11:00:14.436856 21732 raft_consensus.cc:2749] T 1e05adc944a54c16bfa57e8062f3de85 P 4e06ca0844324285aa9e8854b8137c8d [term 1 FOLLOWER]: Leader pre-election lost for term 2. Reason: could not achieve majority
I20260710 11:00:14.440346 21712 raft_consensus.cc:3055] T 07453906368c42488c42e352d721d277 P 7f1fa825bfe6481193f03f35ee42b487 [term 1 LEADER]: Stepping down as leader of term 1
I20260710 11:00:14.440733 21712 raft_consensus.cc:740] T 07453906368c42488c42e352d721d277 P 7f1fa825bfe6481193f03f35ee42b487 [term 1 LEADER]: Becoming Follower/Learner. State: Replica: 7f1fa825bfe6481193f03f35ee42b487, State: Running, Role: LEADER
I20260710 11:00:14.442557 21712 consensus_queue.cc:260] T 07453906368c42488c42e352d721d277 P 7f1fa825bfe6481193f03f35ee42b487 [NON_LEADER]: Queue going to NON_LEADER mode. State: All replicated index: 0, Majority replicated index: 1, Committed index: 1, Last appended: 1.1, Last appended by leader: 1, Current term: 1, Majority size: -1, State: 0, Mode: NON_LEADER, active raft config: opid_index: -1 OBSOLETE_local: false peers { permanent_uuid: "7e9b454a3992480ea365b3b733d091b4" member_type: VOTER last_known_addr { host: "127.19.158.65" port: 42817 } } peers { permanent_uuid: "4e06ca0844324285aa9e8854b8137c8d" member_type: VOTER last_known_addr { host: "127.19.158.66" port: 44067 } } peers { permanent_uuid: "7f1fa825bfe6481193f03f35ee42b487" member_type: VOTER last_known_addr { host: "127.19.158.67" port: 33139 } }
I20260710 11:00:14.448674 21712 raft_consensus.cc:3060] T 07453906368c42488c42e352d721d277 P 7f1fa825bfe6481193f03f35ee42b487 [term 1 FOLLOWER]: Advancing to term 2
I20260710 11:00:14.450423 21732 raft_consensus.cc:1064] T ef30e55f63d7423bb51dafe5625c8082 P 4e06ca0844324285aa9e8854b8137c8d: attempting to promote NON_VOTER 6c2f370b1e7e41d0addd3cdac40f43c9 to VOTER
I20260710 11:00:14.445268 21442 raft_consensus.cc:2749] T 0697ff79b0844d8fb61bda177401099e P 4e06ca0844324285aa9e8854b8137c8d [term 2 FOLLOWER]: Leader pre-election lost for term 2. Reason: could not achieve majority
I20260710 11:00:14.452827 21732 consensus_queue.cc:237] T ef30e55f63d7423bb51dafe5625c8082 P 4e06ca0844324285aa9e8854b8137c8d [LEADER]: Queue going to LEADER mode. State: All replicated index: 0, Majority replicated index: 2, Committed index: 2, Last appended: 1.2, Last appended by leader: 0, Current term: 1, Majority size: 3, State: 0, Mode: LEADER, active raft config: opid_index: 3 OBSOLETE_local: false peers { permanent_uuid: "7e9b454a3992480ea365b3b733d091b4" member_type: VOTER last_known_addr { host: "127.19.158.65" port: 42817 } attrs { replace: true } } peers { permanent_uuid: "4e06ca0844324285aa9e8854b8137c8d" member_type: VOTER last_known_addr { host: "127.19.158.66" port: 44067 } } peers { permanent_uuid: "7f1fa825bfe6481193f03f35ee42b487" member_type: VOTER last_known_addr { host: "127.19.158.67" port: 33139 } } peers { permanent_uuid: "6c2f370b1e7e41d0addd3cdac40f43c9" member_type: VOTER last_known_addr { host: "127.19.158.68" port: 42959 } attrs { promote: false } }
I20260710 11:00:14.464102 21288 raft_consensus.cc:1240] T 0697ff79b0844d8fb61bda177401099e P 4e06ca0844324285aa9e8854b8137c8d [term 2 FOLLOWER]: Rejecting Update request from peer 7e9b454a3992480ea365b3b733d091b4 for earlier term 1. Current term is 2. Ops: [1.3-1.3]
I20260710 11:00:14.468261 21721 raft_consensus.cc:3060] T 0697ff79b0844d8fb61bda177401099e P 7e9b454a3992480ea365b3b733d091b4 [term 1 FOLLOWER]: Advancing to term 2
I20260710 11:00:14.478380 21715 raft_consensus.cc:2749] T c9d0ca8110dd46ac953f5c1add13b9f3 P 7e9b454a3992480ea365b3b733d091b4 [term 2 FOLLOWER]: Leader pre-election lost for term 2. Reason: could not achieve majority
I20260710 11:00:14.439050 21252 leader_election.cc:304] T dfd390a28760416787db14bb98d2773f P 4e06ca0844324285aa9e8854b8137c8d [CANDIDATE]: Term 2 pre-election: Election decided. Result: candidate lost. Election summary: received 3 responses out of 3 voters: 1 yes votes; 2 no votes. yes voters: 4e06ca0844324285aa9e8854b8137c8d; no voters: 7e9b454a3992480ea365b3b733d091b4, 7f1fa825bfe6481193f03f35ee42b487
W20260710 11:00:14.482566 21749 log.cc:927] Time spent T 86338874c0f44721b60b68e780db6284 P 6c2f370b1e7e41d0addd3cdac40f43c9: Append to log took a long time: real 0.075s	user 0.001s	sys 0.001s
I20260710 11:00:14.481467 21733 raft_consensus.cc:2749] T dfd390a28760416787db14bb98d2773f P 4e06ca0844324285aa9e8854b8137c8d [term 1 FOLLOWER]: Leader pre-election lost for term 2. Reason: could not achieve majority
I20260710 11:00:14.488037 21206 raft_consensus.cc:1240] T c9d0ca8110dd46ac953f5c1add13b9f3 P 7e9b454a3992480ea365b3b733d091b4 [term 2 FOLLOWER]: Rejecting Update request from peer 4e06ca0844324285aa9e8854b8137c8d for earlier term 1. Current term is 2. Ops: []
W20260710 11:00:14.489274 21252 outbound_call.cc:321] RPC callback for RPC call kudu.consensus.ConsensusService.RequestConsensusVote -> {remote=127.19.158.67:33139, user_credentials={real_user=slave}} blocked reactor thread for 50975.3us
I20260710 11:00:14.493760 21744 raft_consensus.cc:515] T ef30e55f63d7423bb51dafe5625c8082 P 7e9b454a3992480ea365b3b733d091b4 [term 2 FOLLOWER]: Starting leader election with config: opid_index: 2 OBSOLETE_local: false peers { permanent_uuid: "7e9b454a3992480ea365b3b733d091b4" member_type: VOTER last_known_addr { host: "127.19.158.65" port: 42817 } attrs { replace: true } } peers { permanent_uuid: "4e06ca0844324285aa9e8854b8137c8d" member_type: VOTER last_known_addr { host: "127.19.158.66" port: 44067 } } peers { permanent_uuid: "7f1fa825bfe6481193f03f35ee42b487" member_type: VOTER last_known_addr { host: "127.19.158.67" port: 33139 } } peers { permanent_uuid: "6c2f370b1e7e41d0addd3cdac40f43c9" member_type: NON_VOTER last_known_addr { host: "127.19.158.68" port: 42959 } attrs { promote: true } }
I20260710 11:00:14.494866 21716 consensus_queue.cc:1059] T c9d0ca8110dd46ac953f5c1add13b9f3 P 4e06ca0844324285aa9e8854b8137c8d [LEADER]: Peer responded invalid term: Peer: permanent_uuid: "7f1fa825bfe6481193f03f35ee42b487" member_type: VOTER last_known_addr { host: "127.19.158.67" port: 33139 }, Status: INVALID_TERM, Last received: 1.1, Next index: 2, Last known committed idx: 1, Time since last communication: 0.000s
I20260710 11:00:14.496739 21252 leader_election.cc:304] T 86338874c0f44721b60b68e780db6284 P 4e06ca0844324285aa9e8854b8137c8d [CANDIDATE]: Term 2 pre-election: Election decided. Result: candidate won. Election summary: received 3 responses out of 3 voters: 2 yes votes; 1 no votes. yes voters: 4e06ca0844324285aa9e8854b8137c8d, 7f1fa825bfe6481193f03f35ee42b487; no voters: 7e9b454a3992480ea365b3b733d091b4
I20260710 11:00:14.499488 21733 consensus_queue.cc:1059] T c9d0ca8110dd46ac953f5c1add13b9f3 P 4e06ca0844324285aa9e8854b8137c8d [LEADER]: Peer responded invalid term: Peer: permanent_uuid: "7e9b454a3992480ea365b3b733d091b4" member_type: VOTER last_known_addr { host: "127.19.158.65" port: 42817 }, Status: INVALID_TERM, Last received: 1.1, Next index: 2, Last known committed idx: 1, Time since last communication: 0.001s
I20260710 11:00:14.501631 21442 raft_consensus.cc:2804] T 86338874c0f44721b60b68e780db6284 P 4e06ca0844324285aa9e8854b8137c8d [term 1 FOLLOWER]: Leader pre-election won for term 2
I20260710 11:00:14.502609 21442 raft_consensus.cc:493] T 86338874c0f44721b60b68e780db6284 P 4e06ca0844324285aa9e8854b8137c8d [term 1 FOLLOWER]: Starting leader election (detected failure of leader 7e9b454a3992480ea365b3b733d091b4)
I20260710 11:00:14.502991 21442 raft_consensus.cc:3060] T 86338874c0f44721b60b68e780db6284 P 4e06ca0844324285aa9e8854b8137c8d [term 1 FOLLOWER]: Advancing to term 2
I20260710 11:00:14.507922 21716 raft_consensus.cc:3055] T c9d0ca8110dd46ac953f5c1add13b9f3 P 4e06ca0844324285aa9e8854b8137c8d [term 1 LEADER]: Stepping down as leader of term 1
I20260710 11:00:14.508320 21716 raft_consensus.cc:740] T c9d0ca8110dd46ac953f5c1add13b9f3 P 4e06ca0844324285aa9e8854b8137c8d [term 1 LEADER]: Becoming Follower/Learner. State: Replica: 4e06ca0844324285aa9e8854b8137c8d, State: Running, Role: LEADER
I20260710 11:00:14.508625 21109 catalog_manager.cc:5697] T 7c54c8c048714a92b1e110100420e4a7 P 7f1fa825bfe6481193f03f35ee42b487 reported cstate change: config changed from index 2 to 3, 6c2f370b1e7e41d0addd3cdac40f43c9 (127.19.158.68) changed from NON_VOTER to VOTER. New cstate: current_term: 1 leader_uuid: "7f1fa825bfe6481193f03f35ee42b487" committed_config { opid_index: 3 OBSOLETE_local: false peers { permanent_uuid: "7e9b454a3992480ea365b3b733d091b4" member_type: VOTER last_known_addr { host: "127.19.158.65" port: 42817 } health_report { overall_health: HEALTHY } } peers { permanent_uuid: "4e06ca0844324285aa9e8854b8137c8d" member_type: VOTER last_known_addr { host: "127.19.158.66" port: 44067 } attrs { replace: true } health_report { overall_health: UNKNOWN } } peers { permanent_uuid: "7f1fa825bfe6481193f03f35ee42b487" member_type: VOTER last_known_addr { host: "127.19.158.67" port: 33139 } health_report { overall_health: HEALTHY } } peers { permanent_uuid: "6c2f370b1e7e41d0addd3cdac40f43c9" member_type: VOTER last_known_addr { host: "127.19.158.68" port: 42959 } attrs { promote: false } health_report { overall_health: UNKNOWN } } }
I20260710 11:00:14.509322 21716 consensus_queue.cc:260] T c9d0ca8110dd46ac953f5c1add13b9f3 P 4e06ca0844324285aa9e8854b8137c8d [NON_LEADER]: Queue going to NON_LEADER mode. State: All replicated index: 0, Majority replicated index: 1, Committed index: 1, Last appended: 1.1, Last appended by leader: 1, Current term: 1, Majority size: -1, State: 0, Mode: NON_LEADER, active raft config: opid_index: -1 OBSOLETE_local: false peers { permanent_uuid: "7e9b454a3992480ea365b3b733d091b4" member_type: VOTER last_known_addr { host: "127.19.158.65" port: 42817 } } peers { permanent_uuid: "4e06ca0844324285aa9e8854b8137c8d" member_type: VOTER last_known_addr { host: "127.19.158.66" port: 44067 } } peers { permanent_uuid: "7f1fa825bfe6481193f03f35ee42b487" member_type: VOTER last_known_addr { host: "127.19.158.67" port: 33139 } }
I20260710 11:00:14.509626 21442 raft_consensus.cc:515] T 86338874c0f44721b60b68e780db6284 P 4e06ca0844324285aa9e8854b8137c8d [term 2 FOLLOWER]: Starting leader election with config: opid_index: 3 OBSOLETE_local: false peers { permanent_uuid: "7e9b454a3992480ea365b3b733d091b4" member_type: VOTER last_known_addr { host: "127.19.158.65" port: 42817 } } peers { permanent_uuid: "4e06ca0844324285aa9e8854b8137c8d" member_type: VOTER last_known_addr { host: "127.19.158.66" port: 44067 } } peers { permanent_uuid: "7f1fa825bfe6481193f03f35ee42b487" member_type: VOTER last_known_addr { host: "127.19.158.67" port: 33139 } attrs { replace: true } } peers { permanent_uuid: "6c2f370b1e7e41d0addd3cdac40f43c9" member_type: VOTER last_known_addr { host: "127.19.158.68" port: 42959 } attrs { promote: false } }
I20260710 11:00:14.510890 21716 raft_consensus.cc:3060] T c9d0ca8110dd46ac953f5c1add13b9f3 P 4e06ca0844324285aa9e8854b8137c8d [term 1 FOLLOWER]: Advancing to term 2
I20260710 11:00:14.515368 21631 raft_consensus.cc:1275] T ef30e55f63d7423bb51dafe5625c8082 P 6c2f370b1e7e41d0addd3cdac40f43c9 [term 1 LEARNER]: Refusing update from remote peer 4e06ca0844324285aa9e8854b8137c8d: Log matching property violated. Preceding OpId in replica: term: 1 index: 2. Preceding OpId from leader: term: 1 index: 3. (index mismatch)
I20260710 11:00:14.515597 21206 raft_consensus.cc:1240] T ef30e55f63d7423bb51dafe5625c8082 P 7e9b454a3992480ea365b3b733d091b4 [term 2 FOLLOWER]: Rejecting Update request from peer 4e06ca0844324285aa9e8854b8137c8d for earlier term 1. Current term is 2. Ops: []
I20260710 11:00:14.518417 21729 consensus_queue.cc:1048] T ef30e55f63d7423bb51dafe5625c8082 P 4e06ca0844324285aa9e8854b8137c8d [LEADER]: Connected to new peer: Peer: permanent_uuid: "6c2f370b1e7e41d0addd3cdac40f43c9" member_type: VOTER last_known_addr { host: "127.19.158.68" port: 42959 } attrs { promote: false }, Status: LMP_MISMATCH, Last received: 0.0, Next index: 3, Last known committed idx: 2, Time since last communication: 0.000s
I20260710 11:00:14.519332 21730 consensus_queue.cc:1059] T ef30e55f63d7423bb51dafe5625c8082 P 4e06ca0844324285aa9e8854b8137c8d [LEADER]: Peer responded invalid term: Peer: permanent_uuid: "7e9b454a3992480ea365b3b733d091b4" member_type: VOTER last_known_addr { host: "127.19.158.65" port: 42817 } attrs { replace: true }, Status: INVALID_TERM, Last received: 0.0, Next index: 3, Last known committed idx: 2, Time since last communication: 0.001s
I20260710 11:00:14.520670 21733 raft_consensus.cc:3055] T ef30e55f63d7423bb51dafe5625c8082 P 4e06ca0844324285aa9e8854b8137c8d [term 1 LEADER]: Stepping down as leader of term 1
I20260710 11:00:14.521095 21733 raft_consensus.cc:740] T ef30e55f63d7423bb51dafe5625c8082 P 4e06ca0844324285aa9e8854b8137c8d [term 1 LEADER]: Becoming Follower/Learner. State: Replica: 4e06ca0844324285aa9e8854b8137c8d, State: Running, Role: LEADER
I20260710 11:00:14.522176 21744 leader_election.cc:290] T ef30e55f63d7423bb51dafe5625c8082 P 7e9b454a3992480ea365b3b733d091b4 [CANDIDATE]: Term 2 election: Requested vote from peers 4e06ca0844324285aa9e8854b8137c8d (127.19.158.66:44067), 7f1fa825bfe6481193f03f35ee42b487 (127.19.158.67:33139)
I20260710 11:00:14.522053 21733 consensus_queue.cc:260] T ef30e55f63d7423bb51dafe5625c8082 P 4e06ca0844324285aa9e8854b8137c8d [NON_LEADER]: Queue going to NON_LEADER mode. State: All replicated index: 0, Majority replicated index: 2, Committed index: 2, Last appended: 1.3, Last appended by leader: 3, Current term: 1, Majority size: -1, State: 0, Mode: NON_LEADER, active raft config: opid_index: 3 OBSOLETE_local: false peers { permanent_uuid: "7e9b454a3992480ea365b3b733d091b4" member_type: VOTER last_known_addr { host: "127.19.158.65" port: 42817 } attrs { replace: true } } peers { permanent_uuid: "4e06ca0844324285aa9e8854b8137c8d" member_type: VOTER last_known_addr { host: "127.19.158.66" port: 44067 } } peers { permanent_uuid: "7f1fa825bfe6481193f03f35ee42b487" member_type: VOTER last_known_addr { host: "127.19.158.67" port: 33139 } } peers { permanent_uuid: "6c2f370b1e7e41d0addd3cdac40f43c9" member_type: VOTER last_known_addr { host: "127.19.158.68" port: 42959 } attrs { promote: false } }
I20260710 11:00:14.525128 21288 tablet_service.cc:1917] Received RequestConsensusVote() RPC: tablet_id: "ef30e55f63d7423bb51dafe5625c8082" candidate_uuid: "7e9b454a3992480ea365b3b733d091b4" candidate_term: 2 candidate_status { last_received { term: 1 index: 2 } } ignore_live_leader: false dest_uuid: "4e06ca0844324285aa9e8854b8137c8d"
I20260710 11:00:14.525251 21361 tablet_service.cc:1917] Received RequestConsensusVote() RPC: tablet_id: "ef30e55f63d7423bb51dafe5625c8082" candidate_uuid: "7e9b454a3992480ea365b3b733d091b4" candidate_term: 2 candidate_status { last_received { term: 1 index: 2 } } ignore_live_leader: false dest_uuid: "7f1fa825bfe6481193f03f35ee42b487"
I20260710 11:00:14.525254 21206 tablet_service.cc:1917] Received RequestConsensusVote() RPC: tablet_id: "86338874c0f44721b60b68e780db6284" candidate_uuid: "4e06ca0844324285aa9e8854b8137c8d" candidate_term: 2 candidate_status { last_received { term: 1 index: 3 } } ignore_live_leader: false dest_uuid: "7e9b454a3992480ea365b3b733d091b4"
I20260710 11:00:14.526588 21442 leader_election.cc:290] T 86338874c0f44721b60b68e780db6284 P 4e06ca0844324285aa9e8854b8137c8d [CANDIDATE]: Term 2 election: Requested vote from peers 7e9b454a3992480ea365b3b733d091b4 (127.19.158.65:42817), 7f1fa825bfe6481193f03f35ee42b487 (127.19.158.67:33139), 6c2f370b1e7e41d0addd3cdac40f43c9 (127.19.158.68:42959)
I20260710 11:00:14.527168 21631 tablet_service.cc:1917] Received RequestConsensusVote() RPC: tablet_id: "86338874c0f44721b60b68e780db6284" candidate_uuid: "4e06ca0844324285aa9e8854b8137c8d" candidate_term: 2 candidate_status { last_received { term: 1 index: 3 } } ignore_live_leader: false dest_uuid: "6c2f370b1e7e41d0addd3cdac40f43c9"
I20260710 11:00:14.530668 21251 leader_election.cc:304] T 86338874c0f44721b60b68e780db6284 P 4e06ca0844324285aa9e8854b8137c8d [CANDIDATE]: Term 2 election: Election decided. Result: candidate lost. Election summary: received 3 responses out of 4 voters: 1 yes votes; 2 no votes. yes voters: 4e06ca0844324285aa9e8854b8137c8d; no voters: 6c2f370b1e7e41d0addd3cdac40f43c9, 7e9b454a3992480ea365b3b733d091b4
I20260710 11:00:14.531648 21729 raft_consensus.cc:2749] T 86338874c0f44721b60b68e780db6284 P 4e06ca0844324285aa9e8854b8137c8d [term 2 FOLLOWER]: Leader election lost for term 2. Reason: could not achieve majority
I20260710 11:00:14.538640 21715 raft_consensus.cc:2955] T 86338874c0f44721b60b68e780db6284 P 7e9b454a3992480ea365b3b733d091b4 [term 1 LEADER]: Committing config change with OpId 1.3: config changed from index 2 to 3, 6c2f370b1e7e41d0addd3cdac40f43c9 (127.19.158.68) changed from NON_VOTER to VOTER. New config: { opid_index: 3 OBSOLETE_local: false peers { permanent_uuid: "7e9b454a3992480ea365b3b733d091b4" member_type: VOTER last_known_addr { host: "127.19.158.65" port: 42817 } } peers { permanent_uuid: "4e06ca0844324285aa9e8854b8137c8d" member_type: VOTER last_known_addr { host: "127.19.158.66" port: 44067 } } peers { permanent_uuid: "7f1fa825bfe6481193f03f35ee42b487" member_type: VOTER last_known_addr { host: "127.19.158.67" port: 33139 } attrs { replace: true } } peers { permanent_uuid: "6c2f370b1e7e41d0addd3cdac40f43c9" member_type: VOTER last_known_addr { host: "127.19.158.68" port: 42959 } attrs { promote: false } } }
I20260710 11:00:14.541759 21733 raft_consensus.cc:3060] T ef30e55f63d7423bb51dafe5625c8082 P 4e06ca0844324285aa9e8854b8137c8d [term 1 FOLLOWER]: Advancing to term 2
I20260710 11:00:14.536375 21252 leader_election.cc:304] T b45f0aa531434c5db8d82bae2bd25363 P 4e06ca0844324285aa9e8854b8137c8d [CANDIDATE]: Term 2 election: Election decided. Result: candidate won. Election summary: received 3 responses out of 3 voters: 2 yes votes; 1 no votes. yes voters: 4e06ca0844324285aa9e8854b8137c8d, 7f1fa825bfe6481193f03f35ee42b487; no voters: 7e9b454a3992480ea365b3b733d091b4
I20260710 11:00:14.546739 21252 leader_election.cc:304] T 40da42ff112e4cd48ab5a31e8b2371eb P 4e06ca0844324285aa9e8854b8137c8d [CANDIDATE]: Term 2 pre-election: Election decided. Result: candidate lost. Election summary: received 3 responses out of 3 voters: 1 yes votes; 2 no votes. yes voters: 4e06ca0844324285aa9e8854b8137c8d; no voters: 7e9b454a3992480ea365b3b733d091b4, 7f1fa825bfe6481193f03f35ee42b487
I20260710 11:00:14.547081 21630 raft_consensus.cc:2955] T 7c54c8c048714a92b1e110100420e4a7 P 6c2f370b1e7e41d0addd3cdac40f43c9 [term 1 FOLLOWER]: Committing config change with OpId 1.3: config changed from index 2 to 3, 6c2f370b1e7e41d0addd3cdac40f43c9 (127.19.158.68) changed from NON_VOTER to VOTER. New config: { opid_index: 3 OBSOLETE_local: false peers { permanent_uuid: "7e9b454a3992480ea365b3b733d091b4" member_type: VOTER last_known_addr { host: "127.19.158.65" port: 42817 } } peers { permanent_uuid: "4e06ca0844324285aa9e8854b8137c8d" member_type: VOTER last_known_addr { host: "127.19.158.66" port: 44067 } attrs { replace: true } } peers { permanent_uuid: "7f1fa825bfe6481193f03f35ee42b487" member_type: VOTER last_known_addr { host: "127.19.158.67" port: 33139 } } peers { permanent_uuid: "6c2f370b1e7e41d0addd3cdac40f43c9" member_type: VOTER last_known_addr { host: "127.19.158.68" port: 42959 } attrs { promote: false } } }
I20260710 11:00:14.548378 21252 leader_election.cc:304] T 758b35df9c2a42e6910914b83bcec708 P 4e06ca0844324285aa9e8854b8137c8d [CANDIDATE]: Term 2 pre-election: Election decided. Result: candidate lost. Election summary: received 3 responses out of 3 voters: 1 yes votes; 2 no votes. yes voters: 4e06ca0844324285aa9e8854b8137c8d; no voters: 7e9b454a3992480ea365b3b733d091b4, 7f1fa825bfe6481193f03f35ee42b487
I20260710 11:00:14.556831 21634 raft_consensus.cc:2955] T 86338874c0f44721b60b68e780db6284 P 6c2f370b1e7e41d0addd3cdac40f43c9 [term 1 FOLLOWER]: Committing config change with OpId 1.3: config changed from index 2 to 3, 6c2f370b1e7e41d0addd3cdac40f43c9 (127.19.158.68) changed from NON_VOTER to VOTER. New config: { opid_index: 3 OBSOLETE_local: false peers { permanent_uuid: "7e9b454a3992480ea365b3b733d091b4" member_type: VOTER last_known_addr { host: "127.19.158.65" port: 42817 } } peers { permanent_uuid: "4e06ca0844324285aa9e8854b8137c8d" member_type: VOTER last_known_addr { host: "127.19.158.66" port: 44067 } } peers { permanent_uuid: "7f1fa825bfe6481193f03f35ee42b487" member_type: VOTER last_known_addr { host: "127.19.158.67" port: 33139 } attrs { replace: true } } peers { permanent_uuid: "6c2f370b1e7e41d0addd3cdac40f43c9" member_type: VOTER last_known_addr { host: "127.19.158.68" port: 42959 } attrs { promote: false } } }
I20260710 11:00:14.561347 21729 raft_consensus.cc:2804] T b45f0aa531434c5db8d82bae2bd25363 P 4e06ca0844324285aa9e8854b8137c8d [term 2 FOLLOWER]: Leader election won for term 2
I20260710 11:00:14.562961 21442 raft_consensus.cc:2749] T 40da42ff112e4cd48ab5a31e8b2371eb P 4e06ca0844324285aa9e8854b8137c8d [term 1 FOLLOWER]: Leader pre-election lost for term 2. Reason: could not achieve majority
W20260710 11:00:14.568681 21655 debug-util.cc:398] Leaking SignalData structure 0x7b080026e640 after lost signal to thread 20092
I20260710 11:00:14.568955 21729 raft_consensus.cc:697] T b45f0aa531434c5db8d82bae2bd25363 P 4e06ca0844324285aa9e8854b8137c8d [term 2 LEADER]: Becoming Leader. State: Replica: 4e06ca0844324285aa9e8854b8137c8d, State: Running, Role: LEADER
W20260710 11:00:14.569845 21655 debug-util.cc:398] Leaking SignalData structure 0x7b080026ed20 after lost signal to thread 21145
W20260710 11:00:14.571174 21655 debug-util.cc:398] Leaking SignalData structure 0x7b0800201c80 after lost signal to thread 21237
I20260710 11:00:14.572008 21279 raft_consensus.cc:1240] T 1699111149114ed489246fd5344e94b4 P 4e06ca0844324285aa9e8854b8137c8d [term 2 FOLLOWER]: Rejecting Update request from peer 7e9b454a3992480ea365b3b733d091b4 for earlier term 1. Current term is 2. Ops: []
W20260710 11:00:14.572310 21655 debug-util.cc:398] Leaking SignalData structure 0x7b0800138c00 after lost signal to thread 21312
I20260710 11:00:14.573693 21744 consensus_queue.cc:1059] T 1699111149114ed489246fd5344e94b4 P 7e9b454a3992480ea365b3b733d091b4 [LEADER]: Peer responded invalid term: Peer: permanent_uuid: "4e06ca0844324285aa9e8854b8137c8d" member_type: VOTER last_known_addr { host: "127.19.158.66" port: 44067 }, Status: INVALID_TERM, Last received: 1.1, Next index: 2, Last known committed idx: 1, Time since last communication: 0.000s
I20260710 11:00:14.574683 21744 raft_consensus.cc:3055] T 1699111149114ed489246fd5344e94b4 P 7e9b454a3992480ea365b3b733d091b4 [term 1 LEADER]: Stepping down as leader of term 1
