I20260710 10:59:45.867856 22863 raft_consensus.cc:515] T fa14ce031e1f420a9d1db35e9ed971dd P bc54dc9f505f4046bb8ff59faa94545f [term 2 FOLLOWER]: Starting forced leader election with config: opid_index: -1 OBSOLETE_local: false peers { permanent_uuid: "fe63cfa2bf854539874bb72e0cd9699e" member_type: VOTER last_known_addr { host: "127.22.32.1" port: 46703 } } peers { permanent_uuid: "bc54dc9f505f4046bb8ff59faa94545f" member_type: VOTER last_known_addr { host: "127.22.32.2" port: 37235 } } peers { permanent_uuid: "9f03426377364f248649ab6250a42970" member_type: VOTER last_known_addr { host: "127.22.32.3" port: 34169 } }
I20260710 10:59:45.867862 22787 raft_consensus.cc:515] T 6ebdb6564e4f4b8da85ce05ba7b9409a P fe63cfa2bf854539874bb72e0cd9699e [term 2 FOLLOWER]: Starting forced leader election with config: opid_index: -1 OBSOLETE_local: false peers { permanent_uuid: "bc54dc9f505f4046bb8ff59faa94545f" member_type: VOTER last_known_addr { host: "127.22.32.2" port: 37235 } } peers { permanent_uuid: "9f03426377364f248649ab6250a42970" member_type: VOTER last_known_addr { host: "127.22.32.3" port: 34169 } } peers { permanent_uuid: "fe63cfa2bf854539874bb72e0cd9699e" member_type: VOTER last_known_addr { host: "127.22.32.1" port: 46703 } }
I20260710 10:59:45.869742 22787 leader_election.cc:290] T 6ebdb6564e4f4b8da85ce05ba7b9409a P fe63cfa2bf854539874bb72e0cd9699e [CANDIDATE]: Term 2 election: Requested vote from peers bc54dc9f505f4046bb8ff59faa94545f (127.22.32.2:37235), 9f03426377364f248649ab6250a42970 (127.22.32.3:34169)
I20260710 10:59:45.870502 22864 tablet_service.cc:1917] Received RequestConsensusVote() RPC: tablet_id: "6ebdb6564e4f4b8da85ce05ba7b9409a" candidate_uuid: "fe63cfa2bf854539874bb72e0cd9699e" candidate_term: 2 candidate_status { last_received { term: 1 index: 1 } } ignore_live_leader: true dest_uuid: "bc54dc9f505f4046bb8ff59faa94545f"
I20260710 10:59:45.870572 22790 tablet_service.cc:1917] Received RequestConsensusVote() RPC: tablet_id: "fa14ce031e1f420a9d1db35e9ed971dd" candidate_uuid: "bc54dc9f505f4046bb8ff59faa94545f" candidate_term: 2 candidate_status { last_received { term: 1 index: 1 } } ignore_live_leader: true dest_uuid: "fe63cfa2bf854539874bb72e0cd9699e"
I20260710 10:59:45.870625 22936 tablet_service.cc:1917] Received RequestConsensusVote() RPC: tablet_id: "fa14ce031e1f420a9d1db35e9ed971dd" candidate_uuid: "bc54dc9f505f4046bb8ff59faa94545f" candidate_term: 2 candidate_status { last_received { term: 1 index: 1 } } ignore_live_leader: true dest_uuid: "9f03426377364f248649ab6250a42970"
I20260710 10:59:45.871219 22864 raft_consensus.cc:3055] T 6ebdb6564e4f4b8da85ce05ba7b9409a P bc54dc9f505f4046bb8ff59faa94545f [term 1 LEADER]: Stepping down as leader of term 1
I20260710 10:59:45.871292 22790 raft_consensus.cc:3055] T fa14ce031e1f420a9d1db35e9ed971dd P fe63cfa2bf854539874bb72e0cd9699e [term 1 LEADER]: Stepping down as leader of term 1
I20260710 10:59:45.871390 22938 tablet_service.cc:1917] Received RequestConsensusVote() RPC: tablet_id: "6ebdb6564e4f4b8da85ce05ba7b9409a" candidate_uuid: "fe63cfa2bf854539874bb72e0cd9699e" candidate_term: 2 candidate_status { last_received { term: 1 index: 1 } } ignore_live_leader: true dest_uuid: "9f03426377364f248649ab6250a42970"
I20260710 10:59:45.871297 22936 raft_consensus.cc:3060] T fa14ce031e1f420a9d1db35e9ed971dd P 9f03426377364f248649ab6250a42970 [term 1 FOLLOWER]: Advancing to term 2
I20260710 10:59:45.871683 22864 raft_consensus.cc:740] T 6ebdb6564e4f4b8da85ce05ba7b9409a P bc54dc9f505f4046bb8ff59faa94545f [term 1 LEADER]: Becoming Follower/Learner. State: Replica: bc54dc9f505f4046bb8ff59faa94545f, State: Running, Role: LEADER
I20260710 10:59:45.872074 22938 raft_consensus.cc:3060] T 6ebdb6564e4f4b8da85ce05ba7b9409a P 9f03426377364f248649ab6250a42970 [term 1 FOLLOWER]: Advancing to term 2
I20260710 10:59:45.872216 22863 leader_election.cc:290] T fa14ce031e1f420a9d1db35e9ed971dd P bc54dc9f505f4046bb8ff59faa94545f [CANDIDATE]: Term 2 election: Requested vote from peers fe63cfa2bf854539874bb72e0cd9699e (127.22.32.1:46703), 9f03426377364f248649ab6250a42970 (127.22.32.3:34169)
I20260710 10:59:45.872686 22864 consensus_queue.cc:260] T 6ebdb6564e4f4b8da85ce05ba7b9409a P bc54dc9f505f4046bb8ff59faa94545f [NON_LEADER]: Queue going to NON_LEADER mode. State: All replicated index: 0, Majority replicated index: 1, Committed index: 1, Last appended: 1.1, Last appended by leader: 1, Current term: 1, Majority size: -1, State: 0, Mode: NON_LEADER, active raft config: opid_index: -1 OBSOLETE_local: false peers { permanent_uuid: "bc54dc9f505f4046bb8ff59faa94545f" member_type: VOTER last_known_addr { host: "127.22.32.2" port: 37235 } } peers { permanent_uuid: "9f03426377364f248649ab6250a42970" member_type: VOTER last_known_addr { host: "127.22.32.3" port: 34169 } } peers { permanent_uuid: "fe63cfa2bf854539874bb72e0cd9699e" member_type: VOTER last_known_addr { host: "127.22.32.1" port: 46703 } }
I20260710 10:59:45.871836 22790 raft_consensus.cc:740] T fa14ce031e1f420a9d1db35e9ed971dd P fe63cfa2bf854539874bb72e0cd9699e [term 1 LEADER]: Becoming Follower/Learner. State: Replica: fe63cfa2bf854539874bb72e0cd9699e, State: Running, Role: LEADER
I20260710 10:59:45.874001 22864 raft_consensus.cc:3060] T 6ebdb6564e4f4b8da85ce05ba7b9409a P bc54dc9f505f4046bb8ff59faa94545f [term 1 FOLLOWER]: Advancing to term 2
I20260710 10:59:45.874228 22790 consensus_queue.cc:260] T fa14ce031e1f420a9d1db35e9ed971dd P fe63cfa2bf854539874bb72e0cd9699e [NON_LEADER]: Queue going to NON_LEADER mode. State: All replicated index: 0, Majority replicated index: 1, Committed index: 1, Last appended: 1.1, Last appended by leader: 1, Current term: 1, Majority size: -1, State: 0, Mode: NON_LEADER, active raft config: opid_index: -1 OBSOLETE_local: false peers { permanent_uuid: "fe63cfa2bf854539874bb72e0cd9699e" member_type: VOTER last_known_addr { host: "127.22.32.1" port: 46703 } } peers { permanent_uuid: "bc54dc9f505f4046bb8ff59faa94545f" member_type: VOTER last_known_addr { host: "127.22.32.2" port: 37235 } } peers { permanent_uuid: "9f03426377364f248649ab6250a42970" member_type: VOTER last_known_addr { host: "127.22.32.3" port: 34169 } }
I20260710 10:59:45.875456 22790 raft_consensus.cc:3060] T fa14ce031e1f420a9d1db35e9ed971dd P fe63cfa2bf854539874bb72e0cd9699e [term 1 FOLLOWER]: Advancing to term 2
I20260710 10:59:45.878490 22938 raft_consensus.cc:2468] T 6ebdb6564e4f4b8da85ce05ba7b9409a P 9f03426377364f248649ab6250a42970 [term 2 FOLLOWER]: Leader election vote request: Granting yes vote for candidate fe63cfa2bf854539874bb72e0cd9699e in term 2.
I20260710 10:59:45.878773 22936 raft_consensus.cc:2468] T fa14ce031e1f420a9d1db35e9ed971dd P 9f03426377364f248649ab6250a42970 [term 2 FOLLOWER]: Leader election vote request: Granting yes vote for candidate bc54dc9f505f4046bb8ff59faa94545f in term 2.
I20260710 10:59:45.879757 22754 leader_election.cc:304] T 6ebdb6564e4f4b8da85ce05ba7b9409a P fe63cfa2bf854539874bb72e0cd9699e [CANDIDATE]: Term 2 election: Election decided. Result: candidate won. Election summary: received 2 responses out of 3 voters: 2 yes votes; 0 no votes. yes voters: 9f03426377364f248649ab6250a42970, fe63cfa2bf854539874bb72e0cd9699e; no voters: 
I20260710 10:59:45.879915 22829 leader_election.cc:304] T fa14ce031e1f420a9d1db35e9ed971dd P bc54dc9f505f4046bb8ff59faa94545f [CANDIDATE]: Term 2 election: Election decided. Result: candidate won. Election summary: received 2 responses out of 3 voters: 2 yes votes; 0 no votes. yes voters: 9f03426377364f248649ab6250a42970, bc54dc9f505f4046bb8ff59faa94545f; no voters: 
I20260710 10:59:45.880293 22864 raft_consensus.cc:2468] T 6ebdb6564e4f4b8da85ce05ba7b9409a P bc54dc9f505f4046bb8ff59faa94545f [term 2 FOLLOWER]: Leader election vote request: Granting yes vote for candidate fe63cfa2bf854539874bb72e0cd9699e in term 2.
I20260710 10:59:45.880807 23082 raft_consensus.cc:2804] T 6ebdb6564e4f4b8da85ce05ba7b9409a P fe63cfa2bf854539874bb72e0cd9699e [term 2 FOLLOWER]: Leader election won for term 2
I20260710 10:59:45.881276 23082 raft_consensus.cc:697] T 6ebdb6564e4f4b8da85ce05ba7b9409a P fe63cfa2bf854539874bb72e0cd9699e [term 2 LEADER]: Becoming Leader. State: Replica: fe63cfa2bf854539874bb72e0cd9699e, State: Running, Role: LEADER
I20260710 10:59:45.881669 22790 raft_consensus.cc:2468] T fa14ce031e1f420a9d1db35e9ed971dd P fe63cfa2bf854539874bb72e0cd9699e [term 2 FOLLOWER]: Leader election vote request: Granting yes vote for candidate bc54dc9f505f4046bb8ff59faa94545f in term 2.
I20260710 10:59:45.882014 22993 raft_consensus.cc:2804] T fa14ce031e1f420a9d1db35e9ed971dd P bc54dc9f505f4046bb8ff59faa94545f [term 2 FOLLOWER]: Leader election won for term 2
I20260710 10:59:45.882093 23082 consensus_queue.cc:237] T 6ebdb6564e4f4b8da85ce05ba7b9409a P fe63cfa2bf854539874bb72e0cd9699e [LEADER]: Queue going to LEADER mode. State: All replicated index: 0, Majority replicated index: 1, Committed index: 1, Last appended: 1.1, Last appended by leader: 1, Current term: 2, Majority size: 2, State: 0, Mode: LEADER, active raft config: opid_index: -1 OBSOLETE_local: false peers { permanent_uuid: "bc54dc9f505f4046bb8ff59faa94545f" member_type: VOTER last_known_addr { host: "127.22.32.2" port: 37235 } } peers { permanent_uuid: "9f03426377364f248649ab6250a42970" member_type: VOTER last_known_addr { host: "127.22.32.3" port: 34169 } } peers { permanent_uuid: "fe63cfa2bf854539874bb72e0cd9699e" member_type: VOTER last_known_addr { host: "127.22.32.1" port: 46703 } }
I20260710 10:59:45.882552 22993 raft_consensus.cc:697] T fa14ce031e1f420a9d1db35e9ed971dd P bc54dc9f505f4046bb8ff59faa94545f [term 2 LEADER]: Becoming Leader. State: Replica: bc54dc9f505f4046bb8ff59faa94545f, State: Running, Role: LEADER
I20260710 10:59:45.883739 22993 consensus_queue.cc:237] T fa14ce031e1f420a9d1db35e9ed971dd P bc54dc9f505f4046bb8ff59faa94545f [LEADER]: Queue going to LEADER mode. State: All replicated index: 0, Majority replicated index: 1, Committed index: 1, Last appended: 1.1, Last appended by leader: 1, Current term: 2, Majority size: 2, State: 0, Mode: LEADER, active raft config: opid_index: -1 OBSOLETE_local: false peers { permanent_uuid: "fe63cfa2bf854539874bb72e0cd9699e" member_type: VOTER last_known_addr { host: "127.22.32.1" port: 46703 } } peers { permanent_uuid: "bc54dc9f505f4046bb8ff59faa94545f" member_type: VOTER last_known_addr { host: "127.22.32.2" port: 37235 } } peers { permanent_uuid: "9f03426377364f248649ab6250a42970" member_type: VOTER last_known_addr { host: "127.22.32.3" port: 34169 } }
I20260710 10:59:45.889683 22686 catalog_manager.cc:5697] T 6ebdb6564e4f4b8da85ce05ba7b9409a P fe63cfa2bf854539874bb72e0cd9699e reported cstate change: term changed from 1 to 2, leader changed from bc54dc9f505f4046bb8ff59faa94545f (127.22.32.2) to fe63cfa2bf854539874bb72e0cd9699e (127.22.32.1). New cstate: current_term: 2 leader_uuid: "fe63cfa2bf854539874bb72e0cd9699e" committed_config { opid_index: -1 OBSOLETE_local: false peers { permanent_uuid: "bc54dc9f505f4046bb8ff59faa94545f" member_type: VOTER last_known_addr { host: "127.22.32.2" port: 37235 } health_report { overall_health: UNKNOWN } } peers { permanent_uuid: "9f03426377364f248649ab6250a42970" member_type: VOTER last_known_addr { host: "127.22.32.3" port: 34169 } health_report { overall_health: UNKNOWN } } peers { permanent_uuid: "fe63cfa2bf854539874bb72e0cd9699e" member_type: VOTER last_known_addr { host: "127.22.32.1" port: 46703 } health_report { overall_health: HEALTHY } } }
I20260710 10:59:45.890990 22688 catalog_manager.cc:5697] T fa14ce031e1f420a9d1db35e9ed971dd P bc54dc9f505f4046bb8ff59faa94545f reported cstate change: term changed from 1 to 2, leader changed from fe63cfa2bf854539874bb72e0cd9699e (127.22.32.1) to bc54dc9f505f4046bb8ff59faa94545f (127.22.32.2). New cstate: current_term: 2 leader_uuid: "bc54dc9f505f4046bb8ff59faa94545f" committed_config { opid_index: -1 OBSOLETE_local: false peers { permanent_uuid: "fe63cfa2bf854539874bb72e0cd9699e" member_type: VOTER last_known_addr { host: "127.22.32.1" port: 46703 } health_report { overall_health: UNKNOWN } } peers { permanent_uuid: "bc54dc9f505f4046bb8ff59faa94545f" member_type: VOTER last_known_addr { host: "127.22.32.2" port: 37235 } health_report { overall_health: HEALTHY } } peers { permanent_uuid: "9f03426377364f248649ab6250a42970" member_type: VOTER last_known_addr { host: "127.22.32.3" port: 34169 } health_report { overall_health: UNKNOWN } } }
I20260710 10:59:45.952257 23029 raft_consensus.cc:993] T 8b372f395f564bcb913ad202cc15b919 P 9f03426377364f248649ab6250a42970: : Instructing follower bc54dc9f505f4046bb8ff59faa94545f to start an election
I20260710 10:59:45.952670 23097 raft_consensus.cc:1081] T 8b372f395f564bcb913ad202cc15b919 P 9f03426377364f248649ab6250a42970 [term 1 LEADER]: Signalling peer bc54dc9f505f4046bb8ff59faa94545f to start an election
I20260710 10:59:45.954257 22864 tablet_service.cc:2044] Received Run Leader Election RPC: tablet_id: "8b372f395f564bcb913ad202cc15b919"
dest_uuid: "bc54dc9f505f4046bb8ff59faa94545f"
 from {username='slave'} at 127.0.0.1:44728
I20260710 10:59:45.954700 22864 raft_consensus.cc:493] T 8b372f395f564bcb913ad202cc15b919 P bc54dc9f505f4046bb8ff59faa94545f [term 1 FOLLOWER]: Starting forced leader election (received explicit request)
I20260710 10:59:45.954967 22864 raft_consensus.cc:3060] T 8b372f395f564bcb913ad202cc15b919 P bc54dc9f505f4046bb8ff59faa94545f [term 1 FOLLOWER]: Advancing to term 2
I20260710 10:59:45.959100 22864 raft_consensus.cc:515] T 8b372f395f564bcb913ad202cc15b919 P bc54dc9f505f4046bb8ff59faa94545f [term 2 FOLLOWER]: Starting forced leader election with config: opid_index: -1 OBSOLETE_local: false peers { permanent_uuid: "fe63cfa2bf854539874bb72e0cd9699e" member_type: VOTER last_known_addr { host: "127.22.32.1" port: 46703 } } peers { permanent_uuid: "bc54dc9f505f4046bb8ff59faa94545f" member_type: VOTER last_known_addr { host: "127.22.32.2" port: 37235 } } peers { permanent_uuid: "9f03426377364f248649ab6250a42970" member_type: VOTER last_known_addr { host: "127.22.32.3" port: 34169 } }
I20260710 10:59:45.960727 22864 leader_election.cc:290] T 8b372f395f564bcb913ad202cc15b919 P bc54dc9f505f4046bb8ff59faa94545f [CANDIDATE]: Term 2 election: Requested vote from peers fe63cfa2bf854539874bb72e0cd9699e (127.22.32.1:46703), 9f03426377364f248649ab6250a42970 (127.22.32.3:34169)
I20260710 10:59:45.961529 22790 tablet_service.cc:1917] Received RequestConsensusVote() RPC: tablet_id: "8b372f395f564bcb913ad202cc15b919" candidate_uuid: "bc54dc9f505f4046bb8ff59faa94545f" candidate_term: 2 candidate_status { last_received { term: 1 index: 1 } } ignore_live_leader: true dest_uuid: "fe63cfa2bf854539874bb72e0cd9699e"
I20260710 10:59:45.961838 22936 tablet_service.cc:1917] Received RequestConsensusVote() RPC: tablet_id: "8b372f395f564bcb913ad202cc15b919" candidate_uuid: "bc54dc9f505f4046bb8ff59faa94545f" candidate_term: 2 candidate_status { last_received { term: 1 index: 1 } } ignore_live_leader: true dest_uuid: "9f03426377364f248649ab6250a42970"
I20260710 10:59:45.962116 22790 raft_consensus.cc:3060] T 8b372f395f564bcb913ad202cc15b919 P fe63cfa2bf854539874bb72e0cd9699e [term 1 FOLLOWER]: Advancing to term 2
I20260710 10:59:45.962344 22936 raft_consensus.cc:3055] T 8b372f395f564bcb913ad202cc15b919 P 9f03426377364f248649ab6250a42970 [term 1 LEADER]: Stepping down as leader of term 1
I20260710 10:59:45.962664 22936 raft_consensus.cc:740] T 8b372f395f564bcb913ad202cc15b919 P 9f03426377364f248649ab6250a42970 [term 1 LEADER]: Becoming Follower/Learner. State: Replica: 9f03426377364f248649ab6250a42970, State: Running, Role: LEADER
I20260710 10:59:45.963406 22936 consensus_queue.cc:260] T 8b372f395f564bcb913ad202cc15b919 P 9f03426377364f248649ab6250a42970 [NON_LEADER]: Queue going to NON_LEADER mode. State: All replicated index: 0, Majority replicated index: 1, Committed index: 1, Last appended: 1.1, Last appended by leader: 1, Current term: 1, Majority size: -1, State: 0, Mode: NON_LEADER, active raft config: opid_index: -1 OBSOLETE_local: false peers { permanent_uuid: "fe63cfa2bf854539874bb72e0cd9699e" member_type: VOTER last_known_addr { host: "127.22.32.1" port: 46703 } } peers { permanent_uuid: "bc54dc9f505f4046bb8ff59faa94545f" member_type: VOTER last_known_addr { host: "127.22.32.2" port: 37235 } } peers { permanent_uuid: "9f03426377364f248649ab6250a42970" member_type: VOTER last_known_addr { host: "127.22.32.3" port: 34169 } }
I20260710 10:59:45.964684 22936 raft_consensus.cc:3060] T 8b372f395f564bcb913ad202cc15b919 P 9f03426377364f248649ab6250a42970 [term 1 FOLLOWER]: Advancing to term 2
I20260710 10:59:45.968801 22790 raft_consensus.cc:2468] T 8b372f395f564bcb913ad202cc15b919 P fe63cfa2bf854539874bb72e0cd9699e [term 2 FOLLOWER]: Leader election vote request: Granting yes vote for candidate bc54dc9f505f4046bb8ff59faa94545f in term 2.
I20260710 10:59:45.970134 22830 leader_election.cc:304] T 8b372f395f564bcb913ad202cc15b919 P bc54dc9f505f4046bb8ff59faa94545f [CANDIDATE]: Term 2 election: Election decided. Result: candidate won. Election summary: received 2 responses out of 3 voters: 2 yes votes; 0 no votes. yes voters: bc54dc9f505f4046bb8ff59faa94545f, fe63cfa2bf854539874bb72e0cd9699e; no voters: 
I20260710 10:59:45.970966 22993 raft_consensus.cc:2804] T 8b372f395f564bcb913ad202cc15b919 P bc54dc9f505f4046bb8ff59faa94545f [term 2 FOLLOWER]: Leader election won for term 2
I20260710 10:59:45.971239 22936 raft_consensus.cc:2468] T 8b372f395f564bcb913ad202cc15b919 P 9f03426377364f248649ab6250a42970 [term 2 FOLLOWER]: Leader election vote request: Granting yes vote for candidate bc54dc9f505f4046bb8ff59faa94545f in term 2.
I20260710 10:59:45.971380 22993 raft_consensus.cc:697] T 8b372f395f564bcb913ad202cc15b919 P bc54dc9f505f4046bb8ff59faa94545f [term 2 LEADER]: Becoming Leader. State: Replica: bc54dc9f505f4046bb8ff59faa94545f, State: Running, Role: LEADER
I20260710 10:59:45.972585 22993 consensus_queue.cc:237] T 8b372f395f564bcb913ad202cc15b919 P bc54dc9f505f4046bb8ff59faa94545f [LEADER]: Queue going to LEADER mode. State: All replicated index: 0, Majority replicated index: 1, Committed index: 1, Last appended: 1.1, Last appended by leader: 1, Current term: 2, Majority size: 2, State: 0, Mode: LEADER, active raft config: opid_index: -1 OBSOLETE_local: false peers { permanent_uuid: "fe63cfa2bf854539874bb72e0cd9699e" member_type: VOTER last_known_addr { host: "127.22.32.1" port: 46703 } } peers { permanent_uuid: "bc54dc9f505f4046bb8ff59faa94545f" member_type: VOTER last_known_addr { host: "127.22.32.2" port: 37235 } } peers { permanent_uuid: "9f03426377364f248649ab6250a42970" member_type: VOTER last_known_addr { host: "127.22.32.3" port: 34169 } }
I20260710 10:59:45.978981 22688 catalog_manager.cc:5697] T 8b372f395f564bcb913ad202cc15b919 P bc54dc9f505f4046bb8ff59faa94545f reported cstate change: term changed from 1 to 2, leader changed from 9f03426377364f248649ab6250a42970 (127.22.32.3) to bc54dc9f505f4046bb8ff59faa94545f (127.22.32.2). New cstate: current_term: 2 leader_uuid: "bc54dc9f505f4046bb8ff59faa94545f" committed_config { opid_index: -1 OBSOLETE_local: false peers { permanent_uuid: "fe63cfa2bf854539874bb72e0cd9699e" member_type: VOTER last_known_addr { host: "127.22.32.1" port: 46703 } health_report { overall_health: UNKNOWN } } peers { permanent_uuid: "bc54dc9f505f4046bb8ff59faa94545f" member_type: VOTER last_known_addr { host: "127.22.32.2" port: 37235 } health_report { overall_health: HEALTHY } } peers { permanent_uuid: "9f03426377364f248649ab6250a42970" member_type: VOTER last_known_addr { host: "127.22.32.3" port: 34169 } health_report { overall_health: UNKNOWN } } }
I20260710 10:59:46.026881 23090 raft_consensus.cc:993] T e29e0d17491048a486ed149f946425ca P bc54dc9f505f4046bb8ff59faa94545f: : Instructing follower 9f03426377364f248649ab6250a42970 to start an election
I20260710 10:59:46.027266 22993 raft_consensus.cc:1081] T e29e0d17491048a486ed149f946425ca P bc54dc9f505f4046bb8ff59faa94545f [term 1 LEADER]: Signalling peer 9f03426377364f248649ab6250a42970 to start an election
I20260710 10:59:46.028539 22936 tablet_service.cc:2044] Received Run Leader Election RPC: tablet_id: "e29e0d17491048a486ed149f946425ca"
dest_uuid: "9f03426377364f248649ab6250a42970"
 from {username='slave'} at 127.0.0.1:37938
I20260710 10:59:46.028985 22936 raft_consensus.cc:493] T e29e0d17491048a486ed149f946425ca P 9f03426377364f248649ab6250a42970 [term 1 FOLLOWER]: Starting forced leader election (received explicit request)
I20260710 10:59:46.029274 22936 raft_consensus.cc:3060] T e29e0d17491048a486ed149f946425ca P 9f03426377364f248649ab6250a42970 [term 1 FOLLOWER]: Advancing to term 2
I20260710 10:59:46.033406 22936 raft_consensus.cc:515] T e29e0d17491048a486ed149f946425ca P 9f03426377364f248649ab6250a42970 [term 2 FOLLOWER]: Starting forced leader election with config: opid_index: -1 OBSOLETE_local: false peers { permanent_uuid: "fe63cfa2bf854539874bb72e0cd9699e" member_type: VOTER last_known_addr { host: "127.22.32.1" port: 46703 } } peers { permanent_uuid: "bc54dc9f505f4046bb8ff59faa94545f" member_type: VOTER last_known_addr { host: "127.22.32.2" port: 37235 } } peers { permanent_uuid: "9f03426377364f248649ab6250a42970" member_type: VOTER last_known_addr { host: "127.22.32.3" port: 34169 } }
I20260710 10:59:46.034801 22936 leader_election.cc:290] T e29e0d17491048a486ed149f946425ca P 9f03426377364f248649ab6250a42970 [CANDIDATE]: Term 2 election: Requested vote from peers fe63cfa2bf854539874bb72e0cd9699e (127.22.32.1:46703), bc54dc9f505f4046bb8ff59faa94545f (127.22.32.2:37235)
I20260710 10:59:46.035601 22790 tablet_service.cc:1917] Received RequestConsensusVote() RPC: tablet_id: "e29e0d17491048a486ed149f946425ca" candidate_uuid: "9f03426377364f248649ab6250a42970" candidate_term: 2 candidate_status { last_received { term: 1 index: 1 } } ignore_live_leader: true dest_uuid: "fe63cfa2bf854539874bb72e0cd9699e"
I20260710 10:59:46.035720 22864 tablet_service.cc:1917] Received RequestConsensusVote() RPC: tablet_id: "e29e0d17491048a486ed149f946425ca" candidate_uuid: "9f03426377364f248649ab6250a42970" candidate_term: 2 candidate_status { last_received { term: 1 index: 1 } } ignore_live_leader: true dest_uuid: "bc54dc9f505f4046bb8ff59faa94545f"
I20260710 10:59:46.036109 22790 raft_consensus.cc:3060] T e29e0d17491048a486ed149f946425ca P fe63cfa2bf854539874bb72e0cd9699e [term 1 FOLLOWER]: Advancing to term 2
I20260710 10:59:46.036175 22864 raft_consensus.cc:3055] T e29e0d17491048a486ed149f946425ca P bc54dc9f505f4046bb8ff59faa94545f [term 1 LEADER]: Stepping down as leader of term 1
I20260710 10:59:46.036473 22864 raft_consensus.cc:740] T e29e0d17491048a486ed149f946425ca P bc54dc9f505f4046bb8ff59faa94545f [term 1 LEADER]: Becoming Follower/Learner. State: Replica: bc54dc9f505f4046bb8ff59faa94545f, State: Running, Role: LEADER
I20260710 10:59:46.037065 22864 consensus_queue.cc:260] T e29e0d17491048a486ed149f946425ca P bc54dc9f505f4046bb8ff59faa94545f [NON_LEADER]: Queue going to NON_LEADER mode. State: All replicated index: 0, Majority replicated index: 1, Committed index: 1, Last appended: 1.1, Last appended by leader: 1, Current term: 1, Majority size: -1, State: 0, Mode: NON_LEADER, active raft config: opid_index: -1 OBSOLETE_local: false peers { permanent_uuid: "fe63cfa2bf854539874bb72e0cd9699e" member_type: VOTER last_known_addr { host: "127.22.32.1" port: 46703 } } peers { permanent_uuid: "bc54dc9f505f4046bb8ff59faa94545f" member_type: VOTER last_known_addr { host: "127.22.32.2" port: 37235 } } peers { permanent_uuid: "9f03426377364f248649ab6250a42970" member_type: VOTER last_known_addr { host: "127.22.32.3" port: 34169 } }
I20260710 10:59:46.037982 22864 raft_consensus.cc:3060] T e29e0d17491048a486ed149f946425ca P bc54dc9f505f4046bb8ff59faa94545f [term 1 FOLLOWER]: Advancing to term 2
I20260710 10:59:46.040287 22790 raft_consensus.cc:2468] T e29e0d17491048a486ed149f946425ca P fe63cfa2bf854539874bb72e0cd9699e [term 2 FOLLOWER]: Leader election vote request: Granting yes vote for candidate 9f03426377364f248649ab6250a42970 in term 2.
I20260710 10:59:46.041111 22904 leader_election.cc:304] T e29e0d17491048a486ed149f946425ca P 9f03426377364f248649ab6250a42970 [CANDIDATE]: Term 2 election: Election decided. Result: candidate won. Election summary: received 2 responses out of 3 voters: 2 yes votes; 0 no votes. yes voters: 9f03426377364f248649ab6250a42970, fe63cfa2bf854539874bb72e0cd9699e; no voters: 
I20260710 10:59:46.041728 23097 raft_consensus.cc:2804] T e29e0d17491048a486ed149f946425ca P 9f03426377364f248649ab6250a42970 [term 2 FOLLOWER]: Leader election won for term 2
I20260710 10:59:46.042061 23097 raft_consensus.cc:697] T e29e0d17491048a486ed149f946425ca P 9f03426377364f248649ab6250a42970 [term 2 LEADER]: Becoming Leader. State: Replica: 9f03426377364f248649ab6250a42970, State: Running, Role: LEADER
I20260710 10:59:46.042215 22864 raft_consensus.cc:2468] T e29e0d17491048a486ed149f946425ca P bc54dc9f505f4046bb8ff59faa94545f [term 2 FOLLOWER]: Leader election vote request: Granting yes vote for candidate 9f03426377364f248649ab6250a42970 in term 2.
I20260710 10:59:46.042737 23097 consensus_queue.cc:237] T e29e0d17491048a486ed149f946425ca P 9f03426377364f248649ab6250a42970 [LEADER]: Queue going to LEADER mode. State: All replicated index: 0, Majority replicated index: 1, Committed index: 1, Last appended: 1.1, Last appended by leader: 1, Current term: 2, Majority size: 2, State: 0, Mode: LEADER, active raft config: opid_index: -1 OBSOLETE_local: false peers { permanent_uuid: "fe63cfa2bf854539874bb72e0cd9699e" member_type: VOTER last_known_addr { host: "127.22.32.1" port: 46703 } } peers { permanent_uuid: "bc54dc9f505f4046bb8ff59faa94545f" member_type: VOTER last_known_addr { host: "127.22.32.2" port: 37235 } } peers { permanent_uuid: "9f03426377364f248649ab6250a42970" member_type: VOTER last_known_addr { host: "127.22.32.3" port: 34169 } }
I20260710 10:59:46.048727 22688 catalog_manager.cc:5697] T e29e0d17491048a486ed149f946425ca P 9f03426377364f248649ab6250a42970 reported cstate change: term changed from 1 to 2, leader changed from bc54dc9f505f4046bb8ff59faa94545f (127.22.32.2) to 9f03426377364f248649ab6250a42970 (127.22.32.3). New cstate: current_term: 2 leader_uuid: "9f03426377364f248649ab6250a42970" committed_config { opid_index: -1 OBSOLETE_local: false peers { permanent_uuid: "fe63cfa2bf854539874bb72e0cd9699e" member_type: VOTER last_known_addr { host: "127.22.32.1" port: 46703 } health_report { overall_health: UNKNOWN } } peers { permanent_uuid: "bc54dc9f505f4046bb8ff59faa94545f" member_type: VOTER last_known_addr { host: "127.22.32.2" port: 37235 } health_report { overall_health: UNKNOWN } } peers { permanent_uuid: "9f03426377364f248649ab6250a42970" member_type: VOTER last_known_addr { host: "127.22.32.3" port: 34169 } health_report { overall_health: HEALTHY } } }
I20260710 10:59:46.066571 23029 raft_consensus.cc:993] T bbae7a8b37184a25a6d05a65782608b2 P 9f03426377364f248649ab6250a42970: : Instructing follower bc54dc9f505f4046bb8ff59faa94545f to start an election
I20260710 10:59:46.066931 23097 raft_consensus.cc:1081] T bbae7a8b37184a25a6d05a65782608b2 P 9f03426377364f248649ab6250a42970 [term 1 LEADER]: Signalling peer bc54dc9f505f4046bb8ff59faa94545f to start an election
I20260710 10:59:46.068151 22864 tablet_service.cc:2044] Received Run Leader Election RPC: tablet_id: "bbae7a8b37184a25a6d05a65782608b2"
dest_uuid: "bc54dc9f505f4046bb8ff59faa94545f"
 from {username='slave'} at 127.0.0.1:44728
I20260710 10:59:46.068547 22864 raft_consensus.cc:493] T bbae7a8b37184a25a6d05a65782608b2 P bc54dc9f505f4046bb8ff59faa94545f [term 1 FOLLOWER]: Starting forced leader election (received explicit request)
I20260710 10:59:46.068782 22864 raft_consensus.cc:3060] T bbae7a8b37184a25a6d05a65782608b2 P bc54dc9f505f4046bb8ff59faa94545f [term 1 FOLLOWER]: Advancing to term 2
I20260710 10:59:46.072815 22864 raft_consensus.cc:515] T bbae7a8b37184a25a6d05a65782608b2 P bc54dc9f505f4046bb8ff59faa94545f [term 2 FOLLOWER]: Starting forced leader election with config: opid_index: -1 OBSOLETE_local: false peers { permanent_uuid: "fe63cfa2bf854539874bb72e0cd9699e" member_type: VOTER last_known_addr { host: "127.22.32.1" port: 46703 } } peers { permanent_uuid: "bc54dc9f505f4046bb8ff59faa94545f" member_type: VOTER last_known_addr { host: "127.22.32.2" port: 37235 } } peers { permanent_uuid: "9f03426377364f248649ab6250a42970" member_type: VOTER last_known_addr { host: "127.22.32.3" port: 34169 } }
I20260710 10:59:46.074342 22864 leader_election.cc:290] T bbae7a8b37184a25a6d05a65782608b2 P bc54dc9f505f4046bb8ff59faa94545f [CANDIDATE]: Term 2 election: Requested vote from peers fe63cfa2bf854539874bb72e0cd9699e (127.22.32.1:46703), 9f03426377364f248649ab6250a42970 (127.22.32.3:34169)
I20260710 10:59:46.075037 22790 tablet_service.cc:1917] Received RequestConsensusVote() RPC: tablet_id: "bbae7a8b37184a25a6d05a65782608b2" candidate_uuid: "bc54dc9f505f4046bb8ff59faa94545f" candidate_term: 2 candidate_status { last_received { term: 1 index: 1 } } ignore_live_leader: true dest_uuid: "fe63cfa2bf854539874bb72e0cd9699e"
I20260710 10:59:46.075251 22936 tablet_service.cc:1917] Received RequestConsensusVote() RPC: tablet_id: "bbae7a8b37184a25a6d05a65782608b2" candidate_uuid: "bc54dc9f505f4046bb8ff59faa94545f" candidate_term: 2 candidate_status { last_received { term: 1 index: 1 } } ignore_live_leader: true dest_uuid: "9f03426377364f248649ab6250a42970"
I20260710 10:59:46.075507 22790 raft_consensus.cc:3060] T bbae7a8b37184a25a6d05a65782608b2 P fe63cfa2bf854539874bb72e0cd9699e [term 1 FOLLOWER]: Advancing to term 2
I20260710 10:59:46.075785 22936 raft_consensus.cc:3055] T bbae7a8b37184a25a6d05a65782608b2 P 9f03426377364f248649ab6250a42970 [term 1 LEADER]: Stepping down as leader of term 1
I20260710 10:59:46.076048 22936 raft_consensus.cc:740] T bbae7a8b37184a25a6d05a65782608b2 P 9f03426377364f248649ab6250a42970 [term 1 LEADER]: Becoming Follower/Learner. State: Replica: 9f03426377364f248649ab6250a42970, State: Running, Role: LEADER
I20260710 10:59:46.076648 22936 consensus_queue.cc:260] T bbae7a8b37184a25a6d05a65782608b2 P 9f03426377364f248649ab6250a42970 [NON_LEADER]: Queue going to NON_LEADER mode. State: All replicated index: 0, Majority replicated index: 1, Committed index: 1, Last appended: 1.1, Last appended by leader: 1, Current term: 1, Majority size: -1, State: 0, Mode: NON_LEADER, active raft config: opid_index: -1 OBSOLETE_local: false peers { permanent_uuid: "fe63cfa2bf854539874bb72e0cd9699e" member_type: VOTER last_known_addr { host: "127.22.32.1" port: 46703 } } peers { permanent_uuid: "bc54dc9f505f4046bb8ff59faa94545f" member_type: VOTER last_known_addr { host: "127.22.32.2" port: 37235 } } peers { permanent_uuid: "9f03426377364f248649ab6250a42970" member_type: VOTER last_known_addr { host: "127.22.32.3" port: 34169 } }
I20260710 10:59:46.077481 22936 raft_consensus.cc:3060] T bbae7a8b37184a25a6d05a65782608b2 P 9f03426377364f248649ab6250a42970 [term 1 FOLLOWER]: Advancing to term 2
I20260710 10:59:46.080119 22790 raft_consensus.cc:2468] T bbae7a8b37184a25a6d05a65782608b2 P fe63cfa2bf854539874bb72e0cd9699e [term 2 FOLLOWER]: Leader election vote request: Granting yes vote for candidate bc54dc9f505f4046bb8ff59faa94545f in term 2.
I20260710 10:59:46.081022 22830 leader_election.cc:304] T bbae7a8b37184a25a6d05a65782608b2 P bc54dc9f505f4046bb8ff59faa94545f [CANDIDATE]: Term 2 election: Election decided. Result: candidate won. Election summary: received 2 responses out of 3 voters: 2 yes votes; 0 no votes. yes voters: bc54dc9f505f4046bb8ff59faa94545f, fe63cfa2bf854539874bb72e0cd9699e; no voters: 
I20260710 10:59:46.081634 22993 raft_consensus.cc:2804] T bbae7a8b37184a25a6d05a65782608b2 P bc54dc9f505f4046bb8ff59faa94545f [term 2 FOLLOWER]: Leader election won for term 2
I20260710 10:59:46.081768 22936 raft_consensus.cc:2468] T bbae7a8b37184a25a6d05a65782608b2 P 9f03426377364f248649ab6250a42970 [term 2 FOLLOWER]: Leader election vote request: Granting yes vote for candidate bc54dc9f505f4046bb8ff59faa94545f in term 2.
I20260710 10:59:46.082019 22993 raft_consensus.cc:697] T bbae7a8b37184a25a6d05a65782608b2 P bc54dc9f505f4046bb8ff59faa94545f [term 2 LEADER]: Becoming Leader. State: Replica: bc54dc9f505f4046bb8ff59faa94545f, State: Running, Role: LEADER
I20260710 10:59:46.082775 22993 consensus_queue.cc:237] T bbae7a8b37184a25a6d05a65782608b2 P bc54dc9f505f4046bb8ff59faa94545f [LEADER]: Queue going to LEADER mode. State: All replicated index: 0, Majority replicated index: 1, Committed index: 1, Last appended: 1.1, Last appended by leader: 1, Current term: 2, Majority size: 2, State: 0, Mode: LEADER, active raft config: opid_index: -1 OBSOLETE_local: false peers { permanent_uuid: "fe63cfa2bf854539874bb72e0cd9699e" member_type: VOTER last_known_addr { host: "127.22.32.1" port: 46703 } } peers { permanent_uuid: "bc54dc9f505f4046bb8ff59faa94545f" member_type: VOTER last_known_addr { host: "127.22.32.2" port: 37235 } } peers { permanent_uuid: "9f03426377364f248649ab6250a42970" member_type: VOTER last_known_addr { host: "127.22.32.3" port: 34169 } }
I20260710 10:59:46.089498 22688 catalog_manager.cc:5697] T bbae7a8b37184a25a6d05a65782608b2 P bc54dc9f505f4046bb8ff59faa94545f reported cstate change: term changed from 1 to 2, leader changed from 9f03426377364f248649ab6250a42970 (127.22.32.3) to bc54dc9f505f4046bb8ff59faa94545f (127.22.32.2). New cstate: current_term: 2 leader_uuid: "bc54dc9f505f4046bb8ff59faa94545f" committed_config { opid_index: -1 OBSOLETE_local: false peers { permanent_uuid: "fe63cfa2bf854539874bb72e0cd9699e" member_type: VOTER last_known_addr { host: "127.22.32.1" port: 46703 } health_report { overall_health: UNKNOWN } } peers { permanent_uuid: "bc54dc9f505f4046bb8ff59faa94545f" member_type: VOTER last_known_addr { host: "127.22.32.2" port: 37235 } health_report { overall_health: HEALTHY } } peers { permanent_uuid: "9f03426377364f248649ab6250a42970" member_type: VOTER last_known_addr { host: "127.22.32.3" port: 34169 } health_report { overall_health: UNKNOWN } } }
I20260710 10:59:46.164031 23025 raft_consensus.cc:993] T 832b203c4b7d48209662101bfa07af63 P fe63cfa2bf854539874bb72e0cd9699e: : Instructing follower bc54dc9f505f4046bb8ff59faa94545f to start an election
I20260710 10:59:46.164407 23082 raft_consensus.cc:1081] T 832b203c4b7d48209662101bfa07af63 P fe63cfa2bf854539874bb72e0cd9699e [term 2 LEADER]: Signalling peer bc54dc9f505f4046bb8ff59faa94545f to start an election
I20260710 10:59:46.165763 22864 tablet_service.cc:2044] Received Run Leader Election RPC: tablet_id: "832b203c4b7d48209662101bfa07af63"
dest_uuid: "bc54dc9f505f4046bb8ff59faa94545f"
 from {username='slave'} at 127.0.0.1:44732
I20260710 10:59:46.166285 22864 raft_consensus.cc:493] T 832b203c4b7d48209662101bfa07af63 P bc54dc9f505f4046bb8ff59faa94545f [term 2 FOLLOWER]: Starting forced leader election (received explicit request)
I20260710 10:59:46.166632 22864 raft_consensus.cc:3060] T 832b203c4b7d48209662101bfa07af63 P bc54dc9f505f4046bb8ff59faa94545f [term 2 FOLLOWER]: Advancing to term 3
I20260710 10:59:46.171368 22864 raft_consensus.cc:515] T 832b203c4b7d48209662101bfa07af63 P bc54dc9f505f4046bb8ff59faa94545f [term 3 FOLLOWER]: Starting forced leader election with config: opid_index: -1 OBSOLETE_local: false peers { permanent_uuid: "fe63cfa2bf854539874bb72e0cd9699e" member_type: VOTER last_known_addr { host: "127.22.32.1" port: 46703 } } peers { permanent_uuid: "bc54dc9f505f4046bb8ff59faa94545f" member_type: VOTER last_known_addr { host: "127.22.32.2" port: 37235 } } peers { permanent_uuid: "9f03426377364f248649ab6250a42970" member_type: VOTER last_known_addr { host: "127.22.32.3" port: 34169 } }
I20260710 10:59:46.172729 22864 leader_election.cc:290] T 832b203c4b7d48209662101bfa07af63 P bc54dc9f505f4046bb8ff59faa94545f [CANDIDATE]: Term 3 election: Requested vote from peers fe63cfa2bf854539874bb72e0cd9699e (127.22.32.1:46703), 9f03426377364f248649ab6250a42970 (127.22.32.3:34169)
I20260710 10:59:46.173369 22790 tablet_service.cc:1917] Received RequestConsensusVote() RPC: tablet_id: "832b203c4b7d48209662101bfa07af63" candidate_uuid: "bc54dc9f505f4046bb8ff59faa94545f" candidate_term: 3 candidate_status { last_received { term: 2 index: 1 } } ignore_live_leader: true dest_uuid: "fe63cfa2bf854539874bb72e0cd9699e"
I20260710 10:59:46.173606 22936 tablet_service.cc:1917] Received RequestConsensusVote() RPC: tablet_id: "832b203c4b7d48209662101bfa07af63" candidate_uuid: "bc54dc9f505f4046bb8ff59faa94545f" candidate_term: 3 candidate_status { last_received { term: 2 index: 1 } } ignore_live_leader: true dest_uuid: "9f03426377364f248649ab6250a42970"
I20260710 10:59:46.173823 22790 raft_consensus.cc:3055] T 832b203c4b7d48209662101bfa07af63 P fe63cfa2bf854539874bb72e0cd9699e [term 2 LEADER]: Stepping down as leader of term 2
I20260710 10:59:46.174100 22790 raft_consensus.cc:740] T 832b203c4b7d48209662101bfa07af63 P fe63cfa2bf854539874bb72e0cd9699e [term 2 LEADER]: Becoming Follower/Learner. State: Replica: fe63cfa2bf854539874bb72e0cd9699e, State: Running, Role: LEADER
I20260710 10:59:46.174114 22936 raft_consensus.cc:3060] T 832b203c4b7d48209662101bfa07af63 P 9f03426377364f248649ab6250a42970 [term 2 FOLLOWER]: Advancing to term 3
I20260710 10:59:46.174739 22790 consensus_queue.cc:260] T 832b203c4b7d48209662101bfa07af63 P fe63cfa2bf854539874bb72e0cd9699e [NON_LEADER]: Queue going to NON_LEADER mode. State: All replicated index: 0, Majority replicated index: 1, Committed index: 1, Last appended: 2.1, Last appended by leader: 1, Current term: 2, Majority size: -1, State: 0, Mode: NON_LEADER, active raft config: opid_index: -1 OBSOLETE_local: false peers { permanent_uuid: "fe63cfa2bf854539874bb72e0cd9699e" member_type: VOTER last_known_addr { host: "127.22.32.1" port: 46703 } } peers { permanent_uuid: "bc54dc9f505f4046bb8ff59faa94545f" member_type: VOTER last_known_addr { host: "127.22.32.2" port: 37235 } } peers { permanent_uuid: "9f03426377364f248649ab6250a42970" member_type: VOTER last_known_addr { host: "127.22.32.3" port: 34169 } }
I20260710 10:59:46.175535 22790 raft_consensus.cc:3060] T 832b203c4b7d48209662101bfa07af63 P fe63cfa2bf854539874bb72e0cd9699e [term 2 FOLLOWER]: Advancing to term 3
I20260710 10:59:46.178687 22936 raft_consensus.cc:2468] T 832b203c4b7d48209662101bfa07af63 P 9f03426377364f248649ab6250a42970 [term 3 FOLLOWER]: Leader election vote request: Granting yes vote for candidate bc54dc9f505f4046bb8ff59faa94545f in term 3.
I20260710 10:59:46.179600 22829 leader_election.cc:304] T 832b203c4b7d48209662101bfa07af63 P bc54dc9f505f4046bb8ff59faa94545f [CANDIDATE]: Term 3 election: Election decided. Result: candidate won. Election summary: received 2 responses out of 3 voters: 2 yes votes; 0 no votes. yes voters: 9f03426377364f248649ab6250a42970, bc54dc9f505f4046bb8ff59faa94545f; no voters: 
I20260710 10:59:46.179777 22790 raft_consensus.cc:2468] T 832b203c4b7d48209662101bfa07af63 P fe63cfa2bf854539874bb72e0cd9699e [term 3 FOLLOWER]: Leader election vote request: Granting yes vote for candidate bc54dc9f505f4046bb8ff59faa94545f in term 3.
I20260710 10:59:46.180235 22993 raft_consensus.cc:2804] T 832b203c4b7d48209662101bfa07af63 P bc54dc9f505f4046bb8ff59faa94545f [term 3 FOLLOWER]: Leader election won for term 3
I20260710 10:59:46.180631 22993 raft_consensus.cc:697] T 832b203c4b7d48209662101bfa07af63 P bc54dc9f505f4046bb8ff59faa94545f [term 3 LEADER]: Becoming Leader. State: Replica: bc54dc9f505f4046bb8ff59faa94545f, State: Running, Role: LEADER
I20260710 10:59:46.181258 22993 consensus_queue.cc:237] T 832b203c4b7d48209662101bfa07af63 P bc54dc9f505f4046bb8ff59faa94545f [LEADER]: Queue going to LEADER mode. State: All replicated index: 0, Majority replicated index: 1, Committed index: 1, Last appended: 2.1, Last appended by leader: 1, Current term: 3, Majority size: 2, State: 0, Mode: LEADER, active raft config: opid_index: -1 OBSOLETE_local: false peers { permanent_uuid: "fe63cfa2bf854539874bb72e0cd9699e" member_type: VOTER last_known_addr { host: "127.22.32.1" port: 46703 } } peers { permanent_uuid: "bc54dc9f505f4046bb8ff59faa94545f" member_type: VOTER last_known_addr { host: "127.22.32.2" port: 37235 } } peers { permanent_uuid: "9f03426377364f248649ab6250a42970" member_type: VOTER last_known_addr { host: "127.22.32.3" port: 34169 } }
I20260710 10:59:46.187085 22688 catalog_manager.cc:5697] T 832b203c4b7d48209662101bfa07af63 P bc54dc9f505f4046bb8ff59faa94545f reported cstate change: term changed from 2 to 3, leader changed from fe63cfa2bf854539874bb72e0cd9699e (127.22.32.1) to bc54dc9f505f4046bb8ff59faa94545f (127.22.32.2). New cstate: current_term: 3 leader_uuid: "bc54dc9f505f4046bb8ff59faa94545f" committed_config { opid_index: -1 OBSOLETE_local: false peers { permanent_uuid: "fe63cfa2bf854539874bb72e0cd9699e" member_type: VOTER last_known_addr { host: "127.22.32.1" port: 46703 } health_report { overall_health: UNKNOWN } } peers { permanent_uuid: "bc54dc9f505f4046bb8ff59faa94545f" member_type: VOTER last_known_addr { host: "127.22.32.2" port: 37235 } health_report { overall_health: HEALTHY } } peers { permanent_uuid: "9f03426377364f248649ab6250a42970" member_type: VOTER last_known_addr { host: "127.22.32.3" port: 34169 } health_report { overall_health: UNKNOWN } } }
I20260710 10:59:46.264081 23090 raft_consensus.cc:993] T cc5ef7c0b2384c7caf1d8d60efbc7652 P bc54dc9f505f4046bb8ff59faa94545f: : Instructing follower fe63cfa2bf854539874bb72e0cd9699e to start an election
I20260710 10:59:46.264489 22993 raft_consensus.cc:1081] T cc5ef7c0b2384c7caf1d8d60efbc7652 P bc54dc9f505f4046bb8ff59faa94545f [term 1 LEADER]: Signalling peer fe63cfa2bf854539874bb72e0cd9699e to start an election
I20260710 10:59:46.265767 22790 tablet_service.cc:2044] Received Run Leader Election RPC: tablet_id: "cc5ef7c0b2384c7caf1d8d60efbc7652"
dest_uuid: "fe63cfa2bf854539874bb72e0cd9699e"
 from {username='slave'} at 127.0.0.1:37394
I20260710 10:59:46.266199 22790 raft_consensus.cc:493] T cc5ef7c0b2384c7caf1d8d60efbc7652 P fe63cfa2bf854539874bb72e0cd9699e [term 1 FOLLOWER]: Starting forced leader election (received explicit request)
I20260710 10:59:46.266459 22790 raft_consensus.cc:3060] T cc5ef7c0b2384c7caf1d8d60efbc7652 P fe63cfa2bf854539874bb72e0cd9699e [term 1 FOLLOWER]: Advancing to term 2
I20260710 10:59:46.270572 22790 raft_consensus.cc:515] T cc5ef7c0b2384c7caf1d8d60efbc7652 P fe63cfa2bf854539874bb72e0cd9699e [term 2 FOLLOWER]: Starting forced leader election with config: opid_index: -1 OBSOLETE_local: false peers { permanent_uuid: "fe63cfa2bf854539874bb72e0cd9699e" member_type: VOTER last_known_addr { host: "127.22.32.1" port: 46703 } } peers { permanent_uuid: "bc54dc9f505f4046bb8ff59faa94545f" member_type: VOTER last_known_addr { host: "127.22.32.2" port: 37235 } } peers { permanent_uuid: "9f03426377364f248649ab6250a42970" member_type: VOTER last_known_addr { host: "127.22.32.3" port: 34169 } }
I20260710 10:59:46.271940 22790 leader_election.cc:290] T cc5ef7c0b2384c7caf1d8d60efbc7652 P fe63cfa2bf854539874bb72e0cd9699e [CANDIDATE]: Term 2 election: Requested vote from peers bc54dc9f505f4046bb8ff59faa94545f (127.22.32.2:37235), 9f03426377364f248649ab6250a42970 (127.22.32.3:34169)
I20260710 10:59:46.272750 22864 tablet_service.cc:1917] Received RequestConsensusVote() RPC: tablet_id: "cc5ef7c0b2384c7caf1d8d60efbc7652" candidate_uuid: "fe63cfa2bf854539874bb72e0cd9699e" candidate_term: 2 candidate_status { last_received { term: 1 index: 1 } } ignore_live_leader: true dest_uuid: "bc54dc9f505f4046bb8ff59faa94545f"
I20260710 10:59:46.272962 22936 tablet_service.cc:1917] Received RequestConsensusVote() RPC: tablet_id: "cc5ef7c0b2384c7caf1d8d60efbc7652" candidate_uuid: "fe63cfa2bf854539874bb72e0cd9699e" candidate_term: 2 candidate_status { last_received { term: 1 index: 1 } } ignore_live_leader: true dest_uuid: "9f03426377364f248649ab6250a42970"
I20260710 10:59:46.273221 22864 raft_consensus.cc:3055] T cc5ef7c0b2384c7caf1d8d60efbc7652 P bc54dc9f505f4046bb8ff59faa94545f [term 1 LEADER]: Stepping down as leader of term 1
I20260710 10:59:46.273444 22936 raft_consensus.cc:3060] T cc5ef7c0b2384c7caf1d8d60efbc7652 P 9f03426377364f248649ab6250a42970 [term 1 FOLLOWER]: Advancing to term 2
I20260710 10:59:46.273553 22864 raft_consensus.cc:740] T cc5ef7c0b2384c7caf1d8d60efbc7652 P bc54dc9f505f4046bb8ff59faa94545f [term 1 LEADER]: Becoming Follower/Learner. State: Replica: bc54dc9f505f4046bb8ff59faa94545f, State: Running, Role: LEADER
I20260710 10:59:46.274188 22864 consensus_queue.cc:260] T cc5ef7c0b2384c7caf1d8d60efbc7652 P bc54dc9f505f4046bb8ff59faa94545f [NON_LEADER]: Queue going to NON_LEADER mode. State: All replicated index: 0, Majority replicated index: 1, Committed index: 1, Last appended: 1.1, Last appended by leader: 1, Current term: 1, Majority size: -1, State: 0, Mode: NON_LEADER, active raft config: opid_index: -1 OBSOLETE_local: false peers { permanent_uuid: "fe63cfa2bf854539874bb72e0cd9699e" member_type: VOTER last_known_addr { host: "127.22.32.1" port: 46703 } } peers { permanent_uuid: "bc54dc9f505f4046bb8ff59faa94545f" member_type: VOTER last_known_addr { host: "127.22.32.2" port: 37235 } } peers { permanent_uuid: "9f03426377364f248649ab6250a42970" member_type: VOTER last_known_addr { host: "127.22.32.3" port: 34169 } }
I20260710 10:59:46.275484 22864 raft_consensus.cc:3060] T cc5ef7c0b2384c7caf1d8d60efbc7652 P bc54dc9f505f4046bb8ff59faa94545f [term 1 FOLLOWER]: Advancing to term 2
I20260710 10:59:46.278283 22936 raft_consensus.cc:2468] T cc5ef7c0b2384c7caf1d8d60efbc7652 P 9f03426377364f248649ab6250a42970 [term 2 FOLLOWER]: Leader election vote request: Granting yes vote for candidate fe63cfa2bf854539874bb72e0cd9699e in term 2.
I20260710 10:59:46.279091 22754 leader_election.cc:304] T cc5ef7c0b2384c7caf1d8d60efbc7652 P fe63cfa2bf854539874bb72e0cd9699e [CANDIDATE]: Term 2 election: Election decided. Result: candidate won. Election summary: received 2 responses out of 3 voters: 2 yes votes; 0 no votes. yes voters: 9f03426377364f248649ab6250a42970, fe63cfa2bf854539874bb72e0cd9699e; no voters: 
I20260710 10:59:46.279666 23082 raft_consensus.cc:2804] T cc5ef7c0b2384c7caf1d8d60efbc7652 P fe63cfa2bf854539874bb72e0cd9699e [term 2 FOLLOWER]: Leader election won for term 2
I20260710 10:59:46.279739 22864 raft_consensus.cc:2468] T cc5ef7c0b2384c7caf1d8d60efbc7652 P bc54dc9f505f4046bb8ff59faa94545f [term 2 FOLLOWER]: Leader election vote request: Granting yes vote for candidate fe63cfa2bf854539874bb72e0cd9699e in term 2.
I20260710 10:59:46.280064 23082 raft_consensus.cc:697] T cc5ef7c0b2384c7caf1d8d60efbc7652 P fe63cfa2bf854539874bb72e0cd9699e [term 2 LEADER]: Becoming Leader. State: Replica: fe63cfa2bf854539874bb72e0cd9699e, State: Running, Role: LEADER
I20260710 10:59:46.280805 23082 consensus_queue.cc:237] T cc5ef7c0b2384c7caf1d8d60efbc7652 P fe63cfa2bf854539874bb72e0cd9699e [LEADER]: Queue going to LEADER mode. State: All replicated index: 0, Majority replicated index: 1, Committed index: 1, Last appended: 1.1, Last appended by leader: 1, Current term: 2, Majority size: 2, State: 0, Mode: LEADER, active raft config: opid_index: -1 OBSOLETE_local: false peers { permanent_uuid: "fe63cfa2bf854539874bb72e0cd9699e" member_type: VOTER last_known_addr { host: "127.22.32.1" port: 46703 } } peers { permanent_uuid: "bc54dc9f505f4046bb8ff59faa94545f" member_type: VOTER last_known_addr { host: "127.22.32.2" port: 37235 } } peers { permanent_uuid: "9f03426377364f248649ab6250a42970" member_type: VOTER last_known_addr { host: "127.22.32.3" port: 34169 } }
I20260710 10:59:46.286440 22688 catalog_manager.cc:5697] T cc5ef7c0b2384c7caf1d8d60efbc7652 P fe63cfa2bf854539874bb72e0cd9699e reported cstate change: term changed from 1 to 2, leader changed from bc54dc9f505f4046bb8ff59faa94545f (127.22.32.2) to fe63cfa2bf854539874bb72e0cd9699e (127.22.32.1). New cstate: current_term: 2 leader_uuid: "fe63cfa2bf854539874bb72e0cd9699e" committed_config { opid_index: -1 OBSOLETE_local: false peers { permanent_uuid: "fe63cfa2bf854539874bb72e0cd9699e" member_type: VOTER last_known_addr { host: "127.22.32.1" port: 46703 } health_report { overall_health: HEALTHY } } peers { permanent_uuid: "bc54dc9f505f4046bb8ff59faa94545f" member_type: VOTER last_known_addr { host: "127.22.32.2" port: 37235 } health_report { overall_health: UNKNOWN } } peers { permanent_uuid: "9f03426377364f248649ab6250a42970" member_type: VOTER last_known_addr { host: "127.22.32.3" port: 34169 } health_report { overall_health: UNKNOWN } } }
I20260710 10:59:46.343160 22790 raft_consensus.cc:1275] T fa14ce031e1f420a9d1db35e9ed971dd P fe63cfa2bf854539874bb72e0cd9699e [term 2 FOLLOWER]: Refusing update from remote peer bc54dc9f505f4046bb8ff59faa94545f: Log matching property violated. Preceding OpId in replica: term: 1 index: 1. Preceding OpId from leader: term: 2 index: 2. (index mismatch)
I20260710 10:59:46.344272 22993 consensus_queue.cc:1048] T fa14ce031e1f420a9d1db35e9ed971dd P bc54dc9f505f4046bb8ff59faa94545f [LEADER]: Connected to new peer: Peer: permanent_uuid: "fe63cfa2bf854539874bb72e0cd9699e" member_type: VOTER last_known_addr { host: "127.22.32.1" port: 46703 }, Status: LMP_MISMATCH, Last received: 0.0, Next index: 2, Last known committed idx: 1, Time since last communication: 0.000s
I20260710 10:59:46.353817 22936 raft_consensus.cc:1275] T fa14ce031e1f420a9d1db35e9ed971dd P 9f03426377364f248649ab6250a42970 [term 2 FOLLOWER]: Refusing update from remote peer bc54dc9f505f4046bb8ff59faa94545f: Log matching property violated. Preceding OpId in replica: term: 1 index: 1. Preceding OpId from leader: term: 2 index: 2. (index mismatch)
I20260710 10:59:46.355311 22993 consensus_queue.cc:1048] T fa14ce031e1f420a9d1db35e9ed971dd P bc54dc9f505f4046bb8ff59faa94545f [LEADER]: Connected to new peer: Peer: permanent_uuid: "9f03426377364f248649ab6250a42970" member_type: VOTER last_known_addr { host: "127.22.32.3" port: 34169 }, Status: LMP_MISMATCH, Last received: 0.0, Next index: 2, Last known committed idx: 1, Time since last communication: 0.000s
