I20260710 10:59:42.726236 22985 ts_tablet_manager.cc:1403] T 6ebdb6564e4f4b8da85ce05ba7b9409a P bc54dc9f505f4046bb8ff59faa94545f: Time spent bootstrapping tablet: real 0.127s	user 0.014s	sys 0.005s
I20260710 10:59:42.729305 22985 raft_consensus.cc:359] T 6ebdb6564e4f4b8da85ce05ba7b9409a P bc54dc9f505f4046bb8ff59faa94545f [term 0 FOLLOWER]: Replica starting. Triggering 0 pending ops. Active config: opid_index: -1 OBSOLETE_local: false peers { permanent_uuid: "bc54dc9f505f4046bb8ff59faa94545f" member_type: VOTER last_known_addr { host: "127.22.32.2" port: 37235 } } peers { permanent_uuid: "9f03426377364f248649ab6250a42970" member_type: VOTER last_known_addr { host: "127.22.32.3" port: 34169 } } peers { permanent_uuid: "fe63cfa2bf854539874bb72e0cd9699e" member_type: VOTER last_known_addr { host: "127.22.32.1" port: 46703 } }
I20260710 10:59:42.730036 22985 raft_consensus.cc:385] T 6ebdb6564e4f4b8da85ce05ba7b9409a P bc54dc9f505f4046bb8ff59faa94545f [term 0 FOLLOWER]: Consensus starting up: Expiring failure detector timer to make a prompt election more likely
I20260710 10:59:42.730324 22985 raft_consensus.cc:740] T 6ebdb6564e4f4b8da85ce05ba7b9409a P bc54dc9f505f4046bb8ff59faa94545f [term 0 FOLLOWER]: Becoming Follower/Learner. State: Replica: bc54dc9f505f4046bb8ff59faa94545f, State: Initialized, Role: FOLLOWER
I20260710 10:59:42.732018 22985 consensus_queue.cc:260] T 6ebdb6564e4f4b8da85ce05ba7b9409a P bc54dc9f505f4046bb8ff59faa94545f [NON_LEADER]: Queue going to NON_LEADER mode. State: All replicated index: 0, Majority replicated index: 0, Committed index: 0, Last appended: 0.0, Last appended by leader: 0, Current term: 0, Majority size: -1, State: 0, Mode: NON_LEADER, active raft config: opid_index: -1 OBSOLETE_local: false peers { permanent_uuid: "bc54dc9f505f4046bb8ff59faa94545f" member_type: VOTER last_known_addr { host: "127.22.32.2" port: 37235 } } peers { permanent_uuid: "9f03426377364f248649ab6250a42970" member_type: VOTER last_known_addr { host: "127.22.32.3" port: 34169 } } peers { permanent_uuid: "fe63cfa2bf854539874bb72e0cd9699e" member_type: VOTER last_known_addr { host: "127.22.32.1" port: 46703 } }
I20260710 10:59:42.726236 22983 ts_tablet_manager.cc:1403] T 832b203c4b7d48209662101bfa07af63 P fe63cfa2bf854539874bb72e0cd9699e: Time spent bootstrapping tablet: real 0.033s	user 0.016s	sys 0.015s
I20260710 10:59:42.737983 22983 raft_consensus.cc:359] T 832b203c4b7d48209662101bfa07af63 P fe63cfa2bf854539874bb72e0cd9699e [term 0 FOLLOWER]: Replica starting. Triggering 0 pending ops. Active config: opid_index: -1 OBSOLETE_local: false peers { permanent_uuid: "fe63cfa2bf854539874bb72e0cd9699e" member_type: VOTER last_known_addr { host: "127.22.32.1" port: 46703 } } peers { permanent_uuid: "bc54dc9f505f4046bb8ff59faa94545f" member_type: VOTER last_known_addr { host: "127.22.32.2" port: 37235 } } peers { permanent_uuid: "9f03426377364f248649ab6250a42970" member_type: VOTER last_known_addr { host: "127.22.32.3" port: 34169 } }
I20260710 10:59:42.738778 22983 raft_consensus.cc:385] T 832b203c4b7d48209662101bfa07af63 P fe63cfa2bf854539874bb72e0cd9699e [term 0 FOLLOWER]: Consensus starting up: Expiring failure detector timer to make a prompt election more likely
I20260710 10:59:42.738937 22891 heartbeater.cc:499] Master 127.22.32.62:41625 was elected leader, sending a full tablet report...
I20260710 10:59:42.739147 22983 raft_consensus.cc:740] T 832b203c4b7d48209662101bfa07af63 P fe63cfa2bf854539874bb72e0cd9699e [term 0 FOLLOWER]: Becoming Follower/Learner. State: Replica: fe63cfa2bf854539874bb72e0cd9699e, State: Initialized, Role: FOLLOWER
I20260710 10:59:42.737393 22984 tablet_bootstrap.cc:492] T bbae7a8b37184a25a6d05a65782608b2 P 9f03426377364f248649ab6250a42970: No bootstrap required, opened a new log
I20260710 10:59:42.740859 22984 ts_tablet_manager.cc:1403] T bbae7a8b37184a25a6d05a65782608b2 P 9f03426377364f248649ab6250a42970: Time spent bootstrapping tablet: real 0.033s	user 0.011s	sys 0.007s
I20260710 10:59:42.741729 22985 ts_tablet_manager.cc:1434] T 6ebdb6564e4f4b8da85ce05ba7b9409a P bc54dc9f505f4046bb8ff59faa94545f: Time spent starting tablet: real 0.015s	user 0.001s	sys 0.007s
I20260710 10:59:42.742570 22985 tablet_bootstrap.cc:492] T cc5ef7c0b2384c7caf1d8d60efbc7652 P bc54dc9f505f4046bb8ff59faa94545f: Bootstrap starting.
I20260710 10:59:42.743494 22984 raft_consensus.cc:359] T bbae7a8b37184a25a6d05a65782608b2 P 9f03426377364f248649ab6250a42970 [term 0 FOLLOWER]: Replica starting. Triggering 0 pending ops. Active config: opid_index: -1 OBSOLETE_local: false peers { permanent_uuid: "fe63cfa2bf854539874bb72e0cd9699e" member_type: VOTER last_known_addr { host: "127.22.32.1" port: 46703 } } peers { permanent_uuid: "bc54dc9f505f4046bb8ff59faa94545f" member_type: VOTER last_known_addr { host: "127.22.32.2" port: 37235 } } peers { permanent_uuid: "9f03426377364f248649ab6250a42970" member_type: VOTER last_known_addr { host: "127.22.32.3" port: 34169 } }
I20260710 10:59:42.744223 22984 raft_consensus.cc:385] T bbae7a8b37184a25a6d05a65782608b2 P 9f03426377364f248649ab6250a42970 [term 0 FOLLOWER]: Consensus starting up: Expiring failure detector timer to make a prompt election more likely
I20260710 10:59:42.744499 22984 raft_consensus.cc:740] T bbae7a8b37184a25a6d05a65782608b2 P 9f03426377364f248649ab6250a42970 [term 0 FOLLOWER]: Becoming Follower/Learner. State: Replica: 9f03426377364f248649ab6250a42970, State: Initialized, Role: FOLLOWER
I20260710 10:59:42.745227 22984 consensus_queue.cc:260] T bbae7a8b37184a25a6d05a65782608b2 P 9f03426377364f248649ab6250a42970 [NON_LEADER]: Queue going to NON_LEADER mode. State: All replicated index: 0, Majority replicated index: 0, Committed index: 0, Last appended: 0.0, Last appended by leader: 0, Current term: 0, Majority size: -1, State: 0, Mode: NON_LEADER, active raft config: opid_index: -1 OBSOLETE_local: false peers { permanent_uuid: "fe63cfa2bf854539874bb72e0cd9699e" member_type: VOTER last_known_addr { host: "127.22.32.1" port: 46703 } } peers { permanent_uuid: "bc54dc9f505f4046bb8ff59faa94545f" member_type: VOTER last_known_addr { host: "127.22.32.2" port: 37235 } } peers { permanent_uuid: "9f03426377364f248649ab6250a42970" member_type: VOTER last_known_addr { host: "127.22.32.3" port: 34169 } }
I20260710 10:59:42.747316 22984 ts_tablet_manager.cc:1434] T bbae7a8b37184a25a6d05a65782608b2 P 9f03426377364f248649ab6250a42970: Time spent starting tablet: real 0.006s	user 0.001s	sys 0.003s
I20260710 10:59:42.748205 22984 tablet_bootstrap.cc:492] T 832b203c4b7d48209662101bfa07af63 P 9f03426377364f248649ab6250a42970: Bootstrap starting.
I20260710 10:59:42.740367 22983 consensus_queue.cc:260] T 832b203c4b7d48209662101bfa07af63 P fe63cfa2bf854539874bb72e0cd9699e [NON_LEADER]: Queue going to NON_LEADER mode. State: All replicated index: 0, Majority replicated index: 0, Committed index: 0, Last appended: 0.0, Last appended by leader: 0, Current term: 0, Majority size: -1, State: 0, Mode: NON_LEADER, active raft config: opid_index: -1 OBSOLETE_local: false peers { permanent_uuid: "fe63cfa2bf854539874bb72e0cd9699e" member_type: VOTER last_known_addr { host: "127.22.32.1" port: 46703 } } peers { permanent_uuid: "bc54dc9f505f4046bb8ff59faa94545f" member_type: VOTER last_known_addr { host: "127.22.32.2" port: 37235 } } peers { permanent_uuid: "9f03426377364f248649ab6250a42970" member_type: VOTER last_known_addr { host: "127.22.32.3" port: 34169 } }
I20260710 10:59:42.751341 22983 ts_tablet_manager.cc:1434] T 832b203c4b7d48209662101bfa07af63 P fe63cfa2bf854539874bb72e0cd9699e: Time spent starting tablet: real 0.018s	user 0.003s	sys 0.003s
I20260710 10:59:42.752203 22983 tablet_bootstrap.cc:492] T 8b372f395f564bcb913ad202cc15b919 P fe63cfa2bf854539874bb72e0cd9699e: Bootstrap starting.
I20260710 10:59:42.760596 22983 tablet_bootstrap.cc:654] T 8b372f395f564bcb913ad202cc15b919 P fe63cfa2bf854539874bb72e0cd9699e: Neither blocks nor log segments found. Creating new log.
I20260710 10:59:42.763116 22985 tablet_bootstrap.cc:654] T cc5ef7c0b2384c7caf1d8d60efbc7652 P bc54dc9f505f4046bb8ff59faa94545f: Neither blocks nor log segments found. Creating new log.
I20260710 10:59:42.767320 22984 tablet_bootstrap.cc:654] T 832b203c4b7d48209662101bfa07af63 P 9f03426377364f248649ab6250a42970: Neither blocks nor log segments found. Creating new log.
I20260710 10:59:42.778532 22983 tablet_bootstrap.cc:492] T 8b372f395f564bcb913ad202cc15b919 P fe63cfa2bf854539874bb72e0cd9699e: No bootstrap required, opened a new log
I20260710 10:59:42.778959 22983 ts_tablet_manager.cc:1403] T 8b372f395f564bcb913ad202cc15b919 P fe63cfa2bf854539874bb72e0cd9699e: Time spent bootstrapping tablet: real 0.027s	user 0.012s	sys 0.002s
I20260710 10:59:42.780907 22983 raft_consensus.cc:359] T 8b372f395f564bcb913ad202cc15b919 P fe63cfa2bf854539874bb72e0cd9699e [term 0 FOLLOWER]: Replica starting. Triggering 0 pending ops. Active config: opid_index: -1 OBSOLETE_local: false peers { permanent_uuid: "fe63cfa2bf854539874bb72e0cd9699e" member_type: VOTER last_known_addr { host: "127.22.32.1" port: 46703 } } peers { permanent_uuid: "bc54dc9f505f4046bb8ff59faa94545f" member_type: VOTER last_known_addr { host: "127.22.32.2" port: 37235 } } peers { permanent_uuid: "9f03426377364f248649ab6250a42970" member_type: VOTER last_known_addr { host: "127.22.32.3" port: 34169 } }
I20260710 10:59:42.783681 22983 raft_consensus.cc:385] T 8b372f395f564bcb913ad202cc15b919 P fe63cfa2bf854539874bb72e0cd9699e [term 0 FOLLOWER]: Consensus starting up: Expiring failure detector timer to make a prompt election more likely
I20260710 10:59:42.784072 22983 raft_consensus.cc:740] T 8b372f395f564bcb913ad202cc15b919 P fe63cfa2bf854539874bb72e0cd9699e [term 0 FOLLOWER]: Becoming Follower/Learner. State: Replica: fe63cfa2bf854539874bb72e0cd9699e, State: Initialized, Role: FOLLOWER
I20260710 10:59:42.784677 22985 tablet_bootstrap.cc:492] T cc5ef7c0b2384c7caf1d8d60efbc7652 P bc54dc9f505f4046bb8ff59faa94545f: No bootstrap required, opened a new log
I20260710 10:59:42.785126 22984 tablet_bootstrap.cc:492] T 832b203c4b7d48209662101bfa07af63 P 9f03426377364f248649ab6250a42970: No bootstrap required, opened a new log
I20260710 10:59:42.785167 22985 ts_tablet_manager.cc:1403] T cc5ef7c0b2384c7caf1d8d60efbc7652 P bc54dc9f505f4046bb8ff59faa94545f: Time spent bootstrapping tablet: real 0.043s	user 0.014s	sys 0.003s
I20260710 10:59:42.784772 22983 consensus_queue.cc:260] T 8b372f395f564bcb913ad202cc15b919 P fe63cfa2bf854539874bb72e0cd9699e [NON_LEADER]: Queue going to NON_LEADER mode. State: All replicated index: 0, Majority replicated index: 0, Committed index: 0, Last appended: 0.0, Last appended by leader: 0, Current term: 0, Majority size: -1, State: 0, Mode: NON_LEADER, active raft config: opid_index: -1 OBSOLETE_local: false peers { permanent_uuid: "fe63cfa2bf854539874bb72e0cd9699e" member_type: VOTER last_known_addr { host: "127.22.32.1" port: 46703 } } peers { permanent_uuid: "bc54dc9f505f4046bb8ff59faa94545f" member_type: VOTER last_known_addr { host: "127.22.32.2" port: 37235 } } peers { permanent_uuid: "9f03426377364f248649ab6250a42970" member_type: VOTER last_known_addr { host: "127.22.32.3" port: 34169 } }
I20260710 10:59:42.785822 22984 ts_tablet_manager.cc:1403] T 832b203c4b7d48209662101bfa07af63 P 9f03426377364f248649ab6250a42970: Time spent bootstrapping tablet: real 0.038s	user 0.017s	sys 0.008s
I20260710 10:59:42.787384 22983 ts_tablet_manager.cc:1434] T 8b372f395f564bcb913ad202cc15b919 P fe63cfa2bf854539874bb72e0cd9699e: Time spent starting tablet: real 0.008s	user 0.006s	sys 0.000s
I20260710 10:59:42.788270 22983 tablet_bootstrap.cc:492] T 6ebdb6564e4f4b8da85ce05ba7b9409a P fe63cfa2bf854539874bb72e0cd9699e: Bootstrap starting.
I20260710 10:59:42.788689 22984 raft_consensus.cc:359] T 832b203c4b7d48209662101bfa07af63 P 9f03426377364f248649ab6250a42970 [term 0 FOLLOWER]: Replica starting. Triggering 0 pending ops. Active config: opid_index: -1 OBSOLETE_local: false peers { permanent_uuid: "fe63cfa2bf854539874bb72e0cd9699e" member_type: VOTER last_known_addr { host: "127.22.32.1" port: 46703 } } peers { permanent_uuid: "bc54dc9f505f4046bb8ff59faa94545f" member_type: VOTER last_known_addr { host: "127.22.32.2" port: 37235 } } peers { permanent_uuid: "9f03426377364f248649ab6250a42970" member_type: VOTER last_known_addr { host: "127.22.32.3" port: 34169 } }
I20260710 10:59:42.789453 22984 raft_consensus.cc:385] T 832b203c4b7d48209662101bfa07af63 P 9f03426377364f248649ab6250a42970 [term 0 FOLLOWER]: Consensus starting up: Expiring failure detector timer to make a prompt election more likely
I20260710 10:59:42.789780 22984 raft_consensus.cc:740] T 832b203c4b7d48209662101bfa07af63 P 9f03426377364f248649ab6250a42970 [term 0 FOLLOWER]: Becoming Follower/Learner. State: Replica: 9f03426377364f248649ab6250a42970, State: Initialized, Role: FOLLOWER
I20260710 10:59:42.791103 22984 consensus_queue.cc:260] T 832b203c4b7d48209662101bfa07af63 P 9f03426377364f248649ab6250a42970 [NON_LEADER]: Queue going to NON_LEADER mode. State: All replicated index: 0, Majority replicated index: 0, Committed index: 0, Last appended: 0.0, Last appended by leader: 0, Current term: 0, Majority size: -1, State: 0, Mode: NON_LEADER, active raft config: opid_index: -1 OBSOLETE_local: false peers { permanent_uuid: "fe63cfa2bf854539874bb72e0cd9699e" member_type: VOTER last_known_addr { host: "127.22.32.1" port: 46703 } } peers { permanent_uuid: "bc54dc9f505f4046bb8ff59faa94545f" member_type: VOTER last_known_addr { host: "127.22.32.2" port: 37235 } } peers { permanent_uuid: "9f03426377364f248649ab6250a42970" member_type: VOTER last_known_addr { host: "127.22.32.3" port: 34169 } }
I20260710 10:59:42.796059 22983 tablet_bootstrap.cc:654] T 6ebdb6564e4f4b8da85ce05ba7b9409a P fe63cfa2bf854539874bb72e0cd9699e: Neither blocks nor log segments found. Creating new log.
I20260710 10:59:42.797598 22984 ts_tablet_manager.cc:1434] T 832b203c4b7d48209662101bfa07af63 P 9f03426377364f248649ab6250a42970: Time spent starting tablet: real 0.011s	user 0.006s	sys 0.000s
W20260710 10:59:42.801188 22817 tablet.cc:2406] T 832b203c4b7d48209662101bfa07af63 P fe63cfa2bf854539874bb72e0cd9699e: Can't schedule compaction. Clean time has not been advanced past its initial value.
I20260710 10:59:42.802091 22985 raft_consensus.cc:359] T cc5ef7c0b2384c7caf1d8d60efbc7652 P bc54dc9f505f4046bb8ff59faa94545f [term 0 FOLLOWER]: Replica starting. Triggering 0 pending ops. Active config: opid_index: -1 OBSOLETE_local: false peers { permanent_uuid: "fe63cfa2bf854539874bb72e0cd9699e" member_type: VOTER last_known_addr { host: "127.22.32.1" port: 46703 } } peers { permanent_uuid: "bc54dc9f505f4046bb8ff59faa94545f" member_type: VOTER last_known_addr { host: "127.22.32.2" port: 37235 } } peers { permanent_uuid: "9f03426377364f248649ab6250a42970" member_type: VOTER last_known_addr { host: "127.22.32.3" port: 34169 } }
I20260710 10:59:42.802783 22985 raft_consensus.cc:385] T cc5ef7c0b2384c7caf1d8d60efbc7652 P bc54dc9f505f4046bb8ff59faa94545f [term 0 FOLLOWER]: Consensus starting up: Expiring failure detector timer to make a prompt election more likely
I20260710 10:59:42.803046 22985 raft_consensus.cc:740] T cc5ef7c0b2384c7caf1d8d60efbc7652 P bc54dc9f505f4046bb8ff59faa94545f [term 0 FOLLOWER]: Becoming Follower/Learner. State: Replica: bc54dc9f505f4046bb8ff59faa94545f, State: Initialized, Role: FOLLOWER
I20260710 10:59:42.804515 22984 tablet_bootstrap.cc:492] T 2c534457e36643eb927ab880bcf353e1 P 9f03426377364f248649ab6250a42970: Bootstrap starting.
I20260710 10:59:42.808161 22983 tablet_bootstrap.cc:492] T 6ebdb6564e4f4b8da85ce05ba7b9409a P fe63cfa2bf854539874bb72e0cd9699e: No bootstrap required, opened a new log
I20260710 10:59:42.808018 22985 consensus_queue.cc:260] T cc5ef7c0b2384c7caf1d8d60efbc7652 P bc54dc9f505f4046bb8ff59faa94545f [NON_LEADER]: Queue going to NON_LEADER mode. State: All replicated index: 0, Majority replicated index: 0, Committed index: 0, Last appended: 0.0, Last appended by leader: 0, Current term: 0, Majority size: -1, State: 0, Mode: NON_LEADER, active raft config: opid_index: -1 OBSOLETE_local: false peers { permanent_uuid: "fe63cfa2bf854539874bb72e0cd9699e" member_type: VOTER last_known_addr { host: "127.22.32.1" port: 46703 } } peers { permanent_uuid: "bc54dc9f505f4046bb8ff59faa94545f" member_type: VOTER last_known_addr { host: "127.22.32.2" port: 37235 } } peers { permanent_uuid: "9f03426377364f248649ab6250a42970" member_type: VOTER last_known_addr { host: "127.22.32.3" port: 34169 } }
I20260710 10:59:42.808665 22983 ts_tablet_manager.cc:1403] T 6ebdb6564e4f4b8da85ce05ba7b9409a P fe63cfa2bf854539874bb72e0cd9699e: Time spent bootstrapping tablet: real 0.021s	user 0.012s	sys 0.005s
I20260710 10:59:42.810236 22985 ts_tablet_manager.cc:1434] T cc5ef7c0b2384c7caf1d8d60efbc7652 P bc54dc9f505f4046bb8ff59faa94545f: Time spent starting tablet: real 0.025s	user 0.006s	sys 0.000s
I20260710 10:59:42.811184 22985 tablet_bootstrap.cc:492] T 4530176f5d504aff8d1729a8b117eae1 P bc54dc9f505f4046bb8ff59faa94545f: Bootstrap starting.
I20260710 10:59:42.811520 22983 raft_consensus.cc:359] T 6ebdb6564e4f4b8da85ce05ba7b9409a P fe63cfa2bf854539874bb72e0cd9699e [term 0 FOLLOWER]: Replica starting. Triggering 0 pending ops. Active config: opid_index: -1 OBSOLETE_local: false peers { permanent_uuid: "bc54dc9f505f4046bb8ff59faa94545f" member_type: VOTER last_known_addr { host: "127.22.32.2" port: 37235 } } peers { permanent_uuid: "9f03426377364f248649ab6250a42970" member_type: VOTER last_known_addr { host: "127.22.32.3" port: 34169 } } peers { permanent_uuid: "fe63cfa2bf854539874bb72e0cd9699e" member_type: VOTER last_known_addr { host: "127.22.32.1" port: 46703 } }
I20260710 10:59:42.812702 22983 raft_consensus.cc:385] T 6ebdb6564e4f4b8da85ce05ba7b9409a P fe63cfa2bf854539874bb72e0cd9699e [term 0 FOLLOWER]: Consensus starting up: Expiring failure detector timer to make a prompt election more likely
I20260710 10:59:42.813012 22983 raft_consensus.cc:740] T 6ebdb6564e4f4b8da85ce05ba7b9409a P fe63cfa2bf854539874bb72e0cd9699e [term 0 FOLLOWER]: Becoming Follower/Learner. State: Replica: fe63cfa2bf854539874bb72e0cd9699e, State: Initialized, Role: FOLLOWER
I20260710 10:59:42.813724 22983 consensus_queue.cc:260] T 6ebdb6564e4f4b8da85ce05ba7b9409a P fe63cfa2bf854539874bb72e0cd9699e [NON_LEADER]: Queue going to NON_LEADER mode. State: All replicated index: 0, Majority replicated index: 0, Committed index: 0, Last appended: 0.0, Last appended by leader: 0, Current term: 0, Majority size: -1, State: 0, Mode: NON_LEADER, active raft config: opid_index: -1 OBSOLETE_local: false peers { permanent_uuid: "bc54dc9f505f4046bb8ff59faa94545f" member_type: VOTER last_known_addr { host: "127.22.32.2" port: 37235 } } peers { permanent_uuid: "9f03426377364f248649ab6250a42970" member_type: VOTER last_known_addr { host: "127.22.32.3" port: 34169 } } peers { permanent_uuid: "fe63cfa2bf854539874bb72e0cd9699e" member_type: VOTER last_known_addr { host: "127.22.32.1" port: 46703 } }
I20260710 10:59:42.816259 22983 ts_tablet_manager.cc:1434] T 6ebdb6564e4f4b8da85ce05ba7b9409a P fe63cfa2bf854539874bb72e0cd9699e: Time spent starting tablet: real 0.007s	user 0.000s	sys 0.008s
I20260710 10:59:42.817256 22983 tablet_bootstrap.cc:492] T 4530176f5d504aff8d1729a8b117eae1 P fe63cfa2bf854539874bb72e0cd9699e: Bootstrap starting.
I20260710 10:59:42.821626 22984 tablet_bootstrap.cc:654] T 2c534457e36643eb927ab880bcf353e1 P 9f03426377364f248649ab6250a42970: Neither blocks nor log segments found. Creating new log.
I20260710 10:59:42.826653 22983 tablet_bootstrap.cc:654] T 4530176f5d504aff8d1729a8b117eae1 P fe63cfa2bf854539874bb72e0cd9699e: Neither blocks nor log segments found. Creating new log.
I20260710 10:59:42.831832 22985 tablet_bootstrap.cc:654] T 4530176f5d504aff8d1729a8b117eae1 P bc54dc9f505f4046bb8ff59faa94545f: Neither blocks nor log segments found. Creating new log.
I20260710 10:59:42.835753 22983 tablet_bootstrap.cc:492] T 4530176f5d504aff8d1729a8b117eae1 P fe63cfa2bf854539874bb72e0cd9699e: No bootstrap required, opened a new log
I20260710 10:59:42.836136 22983 ts_tablet_manager.cc:1403] T 4530176f5d504aff8d1729a8b117eae1 P fe63cfa2bf854539874bb72e0cd9699e: Time spent bootstrapping tablet: real 0.019s	user 0.009s	sys 0.005s
I20260710 10:59:42.836797 22985 tablet_bootstrap.cc:492] T 4530176f5d504aff8d1729a8b117eae1 P bc54dc9f505f4046bb8ff59faa94545f: No bootstrap required, opened a new log
I20260710 10:59:42.837285 22985 ts_tablet_manager.cc:1403] T 4530176f5d504aff8d1729a8b117eae1 P bc54dc9f505f4046bb8ff59faa94545f: Time spent bootstrapping tablet: real 0.026s	user 0.010s	sys 0.001s
I20260710 10:59:42.838990 22983 raft_consensus.cc:359] T 4530176f5d504aff8d1729a8b117eae1 P fe63cfa2bf854539874bb72e0cd9699e [term 0 FOLLOWER]: Replica starting. Triggering 0 pending ops. Active config: opid_index: -1 OBSOLETE_local: false peers { permanent_uuid: "fe63cfa2bf854539874bb72e0cd9699e" member_type: VOTER last_known_addr { host: "127.22.32.1" port: 46703 } } peers { permanent_uuid: "bc54dc9f505f4046bb8ff59faa94545f" member_type: VOTER last_known_addr { host: "127.22.32.2" port: 37235 } } peers { permanent_uuid: "9f03426377364f248649ab6250a42970" member_type: VOTER last_known_addr { host: "127.22.32.3" port: 34169 } }
I20260710 10:59:42.839586 22983 raft_consensus.cc:385] T 4530176f5d504aff8d1729a8b117eae1 P fe63cfa2bf854539874bb72e0cd9699e [term 0 FOLLOWER]: Consensus starting up: Expiring failure detector timer to make a prompt election more likely
I20260710 10:59:42.839874 22983 raft_consensus.cc:740] T 4530176f5d504aff8d1729a8b117eae1 P fe63cfa2bf854539874bb72e0cd9699e [term 0 FOLLOWER]: Becoming Follower/Learner. State: Replica: fe63cfa2bf854539874bb72e0cd9699e, State: Initialized, Role: FOLLOWER
I20260710 10:59:42.840526 22983 consensus_queue.cc:260] T 4530176f5d504aff8d1729a8b117eae1 P fe63cfa2bf854539874bb72e0cd9699e [NON_LEADER]: Queue going to NON_LEADER mode. State: All replicated index: 0, Majority replicated index: 0, Committed index: 0, Last appended: 0.0, Last appended by leader: 0, Current term: 0, Majority size: -1, State: 0, Mode: NON_LEADER, active raft config: opid_index: -1 OBSOLETE_local: false peers { permanent_uuid: "fe63cfa2bf854539874bb72e0cd9699e" member_type: VOTER last_known_addr { host: "127.22.32.1" port: 46703 } } peers { permanent_uuid: "bc54dc9f505f4046bb8ff59faa94545f" member_type: VOTER last_known_addr { host: "127.22.32.2" port: 37235 } } peers { permanent_uuid: "9f03426377364f248649ab6250a42970" member_type: VOTER last_known_addr { host: "127.22.32.3" port: 34169 } }
I20260710 10:59:42.841277 22985 raft_consensus.cc:359] T 4530176f5d504aff8d1729a8b117eae1 P bc54dc9f505f4046bb8ff59faa94545f [term 0 FOLLOWER]: Replica starting. Triggering 0 pending ops. Active config: opid_index: -1 OBSOLETE_local: false peers { permanent_uuid: "fe63cfa2bf854539874bb72e0cd9699e" member_type: VOTER last_known_addr { host: "127.22.32.1" port: 46703 } } peers { permanent_uuid: "bc54dc9f505f4046bb8ff59faa94545f" member_type: VOTER last_known_addr { host: "127.22.32.2" port: 37235 } } peers { permanent_uuid: "9f03426377364f248649ab6250a42970" member_type: VOTER last_known_addr { host: "127.22.32.3" port: 34169 } }
I20260710 10:59:42.841938 22985 raft_consensus.cc:385] T 4530176f5d504aff8d1729a8b117eae1 P bc54dc9f505f4046bb8ff59faa94545f [term 0 FOLLOWER]: Consensus starting up: Expiring failure detector timer to make a prompt election more likely
I20260710 10:59:42.842200 22985 raft_consensus.cc:740] T 4530176f5d504aff8d1729a8b117eae1 P bc54dc9f505f4046bb8ff59faa94545f [term 0 FOLLOWER]: Becoming Follower/Learner. State: Replica: bc54dc9f505f4046bb8ff59faa94545f, State: Initialized, Role: FOLLOWER
I20260710 10:59:42.842355 22983 ts_tablet_manager.cc:1434] T 4530176f5d504aff8d1729a8b117eae1 P fe63cfa2bf854539874bb72e0cd9699e: Time spent starting tablet: real 0.006s	user 0.007s	sys 0.000s
I20260710 10:59:42.842904 22985 consensus_queue.cc:260] T 4530176f5d504aff8d1729a8b117eae1 P bc54dc9f505f4046bb8ff59faa94545f [NON_LEADER]: Queue going to NON_LEADER mode. State: All replicated index: 0, Majority replicated index: 0, Committed index: 0, Last appended: 0.0, Last appended by leader: 0, Current term: 0, Majority size: -1, State: 0, Mode: NON_LEADER, active raft config: opid_index: -1 OBSOLETE_local: false peers { permanent_uuid: "fe63cfa2bf854539874bb72e0cd9699e" member_type: VOTER last_known_addr { host: "127.22.32.1" port: 46703 } } peers { permanent_uuid: "bc54dc9f505f4046bb8ff59faa94545f" member_type: VOTER last_known_addr { host: "127.22.32.2" port: 37235 } } peers { permanent_uuid: "9f03426377364f248649ab6250a42970" member_type: VOTER last_known_addr { host: "127.22.32.3" port: 34169 } }
I20260710 10:59:42.845112 22984 tablet_bootstrap.cc:492] T 2c534457e36643eb927ab880bcf353e1 P 9f03426377364f248649ab6250a42970: No bootstrap required, opened a new log
I20260710 10:59:42.845577 22984 ts_tablet_manager.cc:1403] T 2c534457e36643eb927ab880bcf353e1 P 9f03426377364f248649ab6250a42970: Time spent bootstrapping tablet: real 0.041s	user 0.012s	sys 0.006s
I20260710 10:59:42.847728 22984 raft_consensus.cc:359] T 2c534457e36643eb927ab880bcf353e1 P 9f03426377364f248649ab6250a42970 [term 0 FOLLOWER]: Replica starting. Triggering 0 pending ops. Active config: opid_index: -1 OBSOLETE_local: false peers { permanent_uuid: "fe63cfa2bf854539874bb72e0cd9699e" member_type: VOTER last_known_addr { host: "127.22.32.1" port: 46703 } } peers { permanent_uuid: "bc54dc9f505f4046bb8ff59faa94545f" member_type: VOTER last_known_addr { host: "127.22.32.2" port: 37235 } } peers { permanent_uuid: "9f03426377364f248649ab6250a42970" member_type: VOTER last_known_addr { host: "127.22.32.3" port: 34169 } }
I20260710 10:59:42.848176 22984 raft_consensus.cc:385] T 2c534457e36643eb927ab880bcf353e1 P 9f03426377364f248649ab6250a42970 [term 0 FOLLOWER]: Consensus starting up: Expiring failure detector timer to make a prompt election more likely
I20260710 10:59:42.848379 22984 raft_consensus.cc:740] T 2c534457e36643eb927ab880bcf353e1 P 9f03426377364f248649ab6250a42970 [term 0 FOLLOWER]: Becoming Follower/Learner. State: Replica: 9f03426377364f248649ab6250a42970, State: Initialized, Role: FOLLOWER
I20260710 10:59:42.851210 22985 ts_tablet_manager.cc:1434] T 4530176f5d504aff8d1729a8b117eae1 P bc54dc9f505f4046bb8ff59faa94545f: Time spent starting tablet: real 0.014s	user 0.005s	sys 0.000s
I20260710 10:59:42.851866 22983 tablet_bootstrap.cc:492] T cc5ef7c0b2384c7caf1d8d60efbc7652 P fe63cfa2bf854539874bb72e0cd9699e: Bootstrap starting.
I20260710 10:59:42.849478 22984 consensus_queue.cc:260] T 2c534457e36643eb927ab880bcf353e1 P 9f03426377364f248649ab6250a42970 [NON_LEADER]: Queue going to NON_LEADER mode. State: All replicated index: 0, Majority replicated index: 0, Committed index: 0, Last appended: 0.0, Last appended by leader: 0, Current term: 0, Majority size: -1, State: 0, Mode: NON_LEADER, active raft config: opid_index: -1 OBSOLETE_local: false peers { permanent_uuid: "fe63cfa2bf854539874bb72e0cd9699e" member_type: VOTER last_known_addr { host: "127.22.32.1" port: 46703 } } peers { permanent_uuid: "bc54dc9f505f4046bb8ff59faa94545f" member_type: VOTER last_known_addr { host: "127.22.32.2" port: 37235 } } peers { permanent_uuid: "9f03426377364f248649ab6250a42970" member_type: VOTER last_known_addr { host: "127.22.32.3" port: 34169 } }
I20260710 10:59:42.855368 22984 ts_tablet_manager.cc:1434] T 2c534457e36643eb927ab880bcf353e1 P 9f03426377364f248649ab6250a42970: Time spent starting tablet: real 0.010s	user 0.005s	sys 0.000s
I20260710 10:59:42.856496 22984 tablet_bootstrap.cc:492] T cc5ef7c0b2384c7caf1d8d60efbc7652 P 9f03426377364f248649ab6250a42970: Bootstrap starting.
I20260710 10:59:42.862768 22985 tablet_bootstrap.cc:492] T 2c534457e36643eb927ab880bcf353e1 P bc54dc9f505f4046bb8ff59faa94545f: Bootstrap starting.
I20260710 10:59:42.864177 22983 tablet_bootstrap.cc:654] T cc5ef7c0b2384c7caf1d8d60efbc7652 P fe63cfa2bf854539874bb72e0cd9699e: Neither blocks nor log segments found. Creating new log.
I20260710 10:59:42.867122 22984 tablet_bootstrap.cc:654] T cc5ef7c0b2384c7caf1d8d60efbc7652 P 9f03426377364f248649ab6250a42970: Neither blocks nor log segments found. Creating new log.
I20260710 10:59:42.874130 22985 tablet_bootstrap.cc:654] T 2c534457e36643eb927ab880bcf353e1 P bc54dc9f505f4046bb8ff59faa94545f: Neither blocks nor log segments found. Creating new log.
I20260710 10:59:42.876351 22983 tablet_bootstrap.cc:492] T cc5ef7c0b2384c7caf1d8d60efbc7652 P fe63cfa2bf854539874bb72e0cd9699e: No bootstrap required, opened a new log
I20260710 10:59:42.876890 22983 ts_tablet_manager.cc:1403] T cc5ef7c0b2384c7caf1d8d60efbc7652 P fe63cfa2bf854539874bb72e0cd9699e: Time spent bootstrapping tablet: real 0.025s	user 0.014s	sys 0.003s
I20260710 10:59:42.880208 22983 raft_consensus.cc:359] T cc5ef7c0b2384c7caf1d8d60efbc7652 P fe63cfa2bf854539874bb72e0cd9699e [term 0 FOLLOWER]: Replica starting. Triggering 0 pending ops. Active config: opid_index: -1 OBSOLETE_local: false peers { permanent_uuid: "fe63cfa2bf854539874bb72e0cd9699e" member_type: VOTER last_known_addr { host: "127.22.32.1" port: 46703 } } peers { permanent_uuid: "bc54dc9f505f4046bb8ff59faa94545f" member_type: VOTER last_known_addr { host: "127.22.32.2" port: 37235 } } peers { permanent_uuid: "9f03426377364f248649ab6250a42970" member_type: VOTER last_known_addr { host: "127.22.32.3" port: 34169 } }
I20260710 10:59:42.880903 22983 raft_consensus.cc:385] T cc5ef7c0b2384c7caf1d8d60efbc7652 P fe63cfa2bf854539874bb72e0cd9699e [term 0 FOLLOWER]: Consensus starting up: Expiring failure detector timer to make a prompt election more likely
I20260710 10:59:42.881079 22984 tablet_bootstrap.cc:492] T cc5ef7c0b2384c7caf1d8d60efbc7652 P 9f03426377364f248649ab6250a42970: No bootstrap required, opened a new log
I20260710 10:59:42.881201 22983 raft_consensus.cc:740] T cc5ef7c0b2384c7caf1d8d60efbc7652 P fe63cfa2bf854539874bb72e0cd9699e [term 0 FOLLOWER]: Becoming Follower/Learner. State: Replica: fe63cfa2bf854539874bb72e0cd9699e, State: Initialized, Role: FOLLOWER
I20260710 10:59:42.881736 22984 ts_tablet_manager.cc:1403] T cc5ef7c0b2384c7caf1d8d60efbc7652 P 9f03426377364f248649ab6250a42970: Time spent bootstrapping tablet: real 0.025s	user 0.016s	sys 0.002s
I20260710 10:59:42.882121 22983 consensus_queue.cc:260] T cc5ef7c0b2384c7caf1d8d60efbc7652 P fe63cfa2bf854539874bb72e0cd9699e [NON_LEADER]: Queue going to NON_LEADER mode. State: All replicated index: 0, Majority replicated index: 0, Committed index: 0, Last appended: 0.0, Last appended by leader: 0, Current term: 0, Majority size: -1, State: 0, Mode: NON_LEADER, active raft config: opid_index: -1 OBSOLETE_local: false peers { permanent_uuid: "fe63cfa2bf854539874bb72e0cd9699e" member_type: VOTER last_known_addr { host: "127.22.32.1" port: 46703 } } peers { permanent_uuid: "bc54dc9f505f4046bb8ff59faa94545f" member_type: VOTER last_known_addr { host: "127.22.32.2" port: 37235 } } peers { permanent_uuid: "9f03426377364f248649ab6250a42970" member_type: VOTER last_known_addr { host: "127.22.32.3" port: 34169 } }
I20260710 10:59:42.884977 22983 ts_tablet_manager.cc:1434] T cc5ef7c0b2384c7caf1d8d60efbc7652 P fe63cfa2bf854539874bb72e0cd9699e: Time spent starting tablet: real 0.008s	user 0.008s	sys 0.000s
I20260710 10:59:42.885874 22983 tablet_bootstrap.cc:492] T 2c534457e36643eb927ab880bcf353e1 P fe63cfa2bf854539874bb72e0cd9699e: Bootstrap starting.
I20260710 10:59:42.888376 22984 raft_consensus.cc:359] T cc5ef7c0b2384c7caf1d8d60efbc7652 P 9f03426377364f248649ab6250a42970 [term 0 FOLLOWER]: Replica starting. Triggering 0 pending ops. Active config: opid_index: -1 OBSOLETE_local: false peers { permanent_uuid: "fe63cfa2bf854539874bb72e0cd9699e" member_type: VOTER last_known_addr { host: "127.22.32.1" port: 46703 } } peers { permanent_uuid: "bc54dc9f505f4046bb8ff59faa94545f" member_type: VOTER last_known_addr { host: "127.22.32.2" port: 37235 } } peers { permanent_uuid: "9f03426377364f248649ab6250a42970" member_type: VOTER last_known_addr { host: "127.22.32.3" port: 34169 } }
I20260710 10:59:42.889223 22984 raft_consensus.cc:385] T cc5ef7c0b2384c7caf1d8d60efbc7652 P 9f03426377364f248649ab6250a42970 [term 0 FOLLOWER]: Consensus starting up: Expiring failure detector timer to make a prompt election more likely
I20260710 10:59:42.889623 22984 raft_consensus.cc:740] T cc5ef7c0b2384c7caf1d8d60efbc7652 P 9f03426377364f248649ab6250a42970 [term 0 FOLLOWER]: Becoming Follower/Learner. State: Replica: 9f03426377364f248649ab6250a42970, State: Initialized, Role: FOLLOWER
I20260710 10:59:42.890576 22984 consensus_queue.cc:260] T cc5ef7c0b2384c7caf1d8d60efbc7652 P 9f03426377364f248649ab6250a42970 [NON_LEADER]: Queue going to NON_LEADER mode. State: All replicated index: 0, Majority replicated index: 0, Committed index: 0, Last appended: 0.0, Last appended by leader: 0, Current term: 0, Majority size: -1, State: 0, Mode: NON_LEADER, active raft config: opid_index: -1 OBSOLETE_local: false peers { permanent_uuid: "fe63cfa2bf854539874bb72e0cd9699e" member_type: VOTER last_known_addr { host: "127.22.32.1" port: 46703 } } peers { permanent_uuid: "bc54dc9f505f4046bb8ff59faa94545f" member_type: VOTER last_known_addr { host: "127.22.32.2" port: 37235 } } peers { permanent_uuid: "9f03426377364f248649ab6250a42970" member_type: VOTER last_known_addr { host: "127.22.32.3" port: 34169 } }
I20260710 10:59:42.893640 22983 tablet_bootstrap.cc:654] T 2c534457e36643eb927ab880bcf353e1 P fe63cfa2bf854539874bb72e0cd9699e: Neither blocks nor log segments found. Creating new log.
I20260710 10:59:42.898132 22985 tablet_bootstrap.cc:492] T 2c534457e36643eb927ab880bcf353e1 P bc54dc9f505f4046bb8ff59faa94545f: No bootstrap required, opened a new log
I20260710 10:59:42.898674 22985 ts_tablet_manager.cc:1403] T 2c534457e36643eb927ab880bcf353e1 P bc54dc9f505f4046bb8ff59faa94545f: Time spent bootstrapping tablet: real 0.036s	user 0.006s	sys 0.015s
I20260710 10:59:42.899153 22984 ts_tablet_manager.cc:1434] T cc5ef7c0b2384c7caf1d8d60efbc7652 P 9f03426377364f248649ab6250a42970: Time spent starting tablet: real 0.017s	user 0.005s	sys 0.000s
I20260710 10:59:42.900832 22984 tablet_bootstrap.cc:492] T 4530176f5d504aff8d1729a8b117eae1 P 9f03426377364f248649ab6250a42970: Bootstrap starting.
I20260710 10:59:42.902472 22985 raft_consensus.cc:359] T 2c534457e36643eb927ab880bcf353e1 P bc54dc9f505f4046bb8ff59faa94545f [term 0 FOLLOWER]: Replica starting. Triggering 0 pending ops. Active config: opid_index: -1 OBSOLETE_local: false peers { permanent_uuid: "fe63cfa2bf854539874bb72e0cd9699e" member_type: VOTER last_known_addr { host: "127.22.32.1" port: 46703 } } peers { permanent_uuid: "bc54dc9f505f4046bb8ff59faa94545f" member_type: VOTER last_known_addr { host: "127.22.32.2" port: 37235 } } peers { permanent_uuid: "9f03426377364f248649ab6250a42970" member_type: VOTER last_known_addr { host: "127.22.32.3" port: 34169 } }
I20260710 10:59:42.903318 22985 raft_consensus.cc:385] T 2c534457e36643eb927ab880bcf353e1 P bc54dc9f505f4046bb8ff59faa94545f [term 0 FOLLOWER]: Consensus starting up: Expiring failure detector timer to make a prompt election more likely
I20260710 10:59:42.903668 22985 raft_consensus.cc:740] T 2c534457e36643eb927ab880bcf353e1 P bc54dc9f505f4046bb8ff59faa94545f [term 0 FOLLOWER]: Becoming Follower/Learner. State: Replica: bc54dc9f505f4046bb8ff59faa94545f, State: Initialized, Role: FOLLOWER
I20260710 10:59:42.904496 22985 consensus_queue.cc:260] T 2c534457e36643eb927ab880bcf353e1 P bc54dc9f505f4046bb8ff59faa94545f [NON_LEADER]: Queue going to NON_LEADER mode. State: All replicated index: 0, Majority replicated index: 0, Committed index: 0, Last appended: 0.0, Last appended by leader: 0, Current term: 0, Majority size: -1, State: 0, Mode: NON_LEADER, active raft config: opid_index: -1 OBSOLETE_local: false peers { permanent_uuid: "fe63cfa2bf854539874bb72e0cd9699e" member_type: VOTER last_known_addr { host: "127.22.32.1" port: 46703 } } peers { permanent_uuid: "bc54dc9f505f4046bb8ff59faa94545f" member_type: VOTER last_known_addr { host: "127.22.32.2" port: 37235 } } peers { permanent_uuid: "9f03426377364f248649ab6250a42970" member_type: VOTER last_known_addr { host: "127.22.32.3" port: 34169 } }
I20260710 10:59:42.909250 22983 tablet_bootstrap.cc:492] T 2c534457e36643eb927ab880bcf353e1 P fe63cfa2bf854539874bb72e0cd9699e: No bootstrap required, opened a new log
I20260710 10:59:42.909765 22983 ts_tablet_manager.cc:1403] T 2c534457e36643eb927ab880bcf353e1 P fe63cfa2bf854539874bb72e0cd9699e: Time spent bootstrapping tablet: real 0.024s	user 0.012s	sys 0.000s
I20260710 10:59:42.911584 22984 tablet_bootstrap.cc:654] T 4530176f5d504aff8d1729a8b117eae1 P 9f03426377364f248649ab6250a42970: Neither blocks nor log segments found. Creating new log.
I20260710 10:59:42.911783 22985 ts_tablet_manager.cc:1434] T 2c534457e36643eb927ab880bcf353e1 P bc54dc9f505f4046bb8ff59faa94545f: Time spent starting tablet: real 0.013s	user 0.005s	sys 0.004s
I20260710 10:59:42.912725 22985 tablet_bootstrap.cc:492] T fa14ce031e1f420a9d1db35e9ed971dd P bc54dc9f505f4046bb8ff59faa94545f: Bootstrap starting.
I20260710 10:59:42.912921 22983 raft_consensus.cc:359] T 2c534457e36643eb927ab880bcf353e1 P fe63cfa2bf854539874bb72e0cd9699e [term 0 FOLLOWER]: Replica starting. Triggering 0 pending ops. Active config: opid_index: -1 OBSOLETE_local: false peers { permanent_uuid: "fe63cfa2bf854539874bb72e0cd9699e" member_type: VOTER last_known_addr { host: "127.22.32.1" port: 46703 } } peers { permanent_uuid: "bc54dc9f505f4046bb8ff59faa94545f" member_type: VOTER last_known_addr { host: "127.22.32.2" port: 37235 } } peers { permanent_uuid: "9f03426377364f248649ab6250a42970" member_type: VOTER last_known_addr { host: "127.22.32.3" port: 34169 } }
I20260710 10:59:42.913625 22983 raft_consensus.cc:385] T 2c534457e36643eb927ab880bcf353e1 P fe63cfa2bf854539874bb72e0cd9699e [term 0 FOLLOWER]: Consensus starting up: Expiring failure detector timer to make a prompt election more likely
I20260710 10:59:42.914038 22983 raft_consensus.cc:740] T 2c534457e36643eb927ab880bcf353e1 P fe63cfa2bf854539874bb72e0cd9699e [term 0 FOLLOWER]: Becoming Follower/Learner. State: Replica: fe63cfa2bf854539874bb72e0cd9699e, State: Initialized, Role: FOLLOWER
I20260710 10:59:42.914181 22993 raft_consensus.cc:493] T cc5ef7c0b2384c7caf1d8d60efbc7652 P bc54dc9f505f4046bb8ff59faa94545f [term 0 FOLLOWER]: Starting pre-election (no leader contacted us within the election timeout)
I20260710 10:59:42.914644 22993 raft_consensus.cc:515] T cc5ef7c0b2384c7caf1d8d60efbc7652 P bc54dc9f505f4046bb8ff59faa94545f [term 0 FOLLOWER]: Starting pre-election with config: opid_index: -1 OBSOLETE_local: false peers { permanent_uuid: "fe63cfa2bf854539874bb72e0cd9699e" member_type: VOTER last_known_addr { host: "127.22.32.1" port: 46703 } } peers { permanent_uuid: "bc54dc9f505f4046bb8ff59faa94545f" member_type: VOTER last_known_addr { host: "127.22.32.2" port: 37235 } } peers { permanent_uuid: "9f03426377364f248649ab6250a42970" member_type: VOTER last_known_addr { host: "127.22.32.3" port: 34169 } }
I20260710 10:59:42.914762 22983 consensus_queue.cc:260] T 2c534457e36643eb927ab880bcf353e1 P fe63cfa2bf854539874bb72e0cd9699e [NON_LEADER]: Queue going to NON_LEADER mode. State: All replicated index: 0, Majority replicated index: 0, Committed index: 0, Last appended: 0.0, Last appended by leader: 0, Current term: 0, Majority size: -1, State: 0, Mode: NON_LEADER, active raft config: opid_index: -1 OBSOLETE_local: false peers { permanent_uuid: "fe63cfa2bf854539874bb72e0cd9699e" member_type: VOTER last_known_addr { host: "127.22.32.1" port: 46703 } } peers { permanent_uuid: "bc54dc9f505f4046bb8ff59faa94545f" member_type: VOTER last_known_addr { host: "127.22.32.2" port: 37235 } } peers { permanent_uuid: "9f03426377364f248649ab6250a42970" member_type: VOTER last_known_addr { host: "127.22.32.3" port: 34169 } }
I20260710 10:59:42.916965 22983 ts_tablet_manager.cc:1434] T 2c534457e36643eb927ab880bcf353e1 P fe63cfa2bf854539874bb72e0cd9699e: Time spent starting tablet: real 0.007s	user 0.004s	sys 0.000s
I20260710 10:59:42.917650 22993 leader_election.cc:290] T cc5ef7c0b2384c7caf1d8d60efbc7652 P bc54dc9f505f4046bb8ff59faa94545f [CANDIDATE]: Term 1 pre-election: Requested pre-vote from peers fe63cfa2bf854539874bb72e0cd9699e (127.22.32.1:46703), 9f03426377364f248649ab6250a42970 (127.22.32.3:34169)
I20260710 10:59:42.921979 22983 tablet_bootstrap.cc:492] T e29e0d17491048a486ed149f946425ca P fe63cfa2bf854539874bb72e0cd9699e: Bootstrap starting.
I20260710 10:59:42.934018 22983 tablet_bootstrap.cc:654] T e29e0d17491048a486ed149f946425ca P fe63cfa2bf854539874bb72e0cd9699e: Neither blocks nor log segments found. Creating new log.
I20260710 10:59:42.949713 22985 tablet_bootstrap.cc:654] T fa14ce031e1f420a9d1db35e9ed971dd P bc54dc9f505f4046bb8ff59faa94545f: Neither blocks nor log segments found. Creating new log.
I20260710 10:59:42.951699 22990 raft_consensus.cc:493] T bbae7a8b37184a25a6d05a65782608b2 P 9f03426377364f248649ab6250a42970 [term 0 FOLLOWER]: Starting pre-election (no leader contacted us within the election timeout)
I20260710 10:59:42.952641 22990 raft_consensus.cc:515] T bbae7a8b37184a25a6d05a65782608b2 P 9f03426377364f248649ab6250a42970 [term 0 FOLLOWER]: Starting pre-election with config: opid_index: -1 OBSOLETE_local: false peers { permanent_uuid: "fe63cfa2bf854539874bb72e0cd9699e" member_type: VOTER last_known_addr { host: "127.22.32.1" port: 46703 } } peers { permanent_uuid: "bc54dc9f505f4046bb8ff59faa94545f" member_type: VOTER last_known_addr { host: "127.22.32.2" port: 37235 } } peers { permanent_uuid: "9f03426377364f248649ab6250a42970" member_type: VOTER last_known_addr { host: "127.22.32.3" port: 34169 } }
I20260710 10:59:42.959542 22990 leader_election.cc:290] T bbae7a8b37184a25a6d05a65782608b2 P 9f03426377364f248649ab6250a42970 [CANDIDATE]: Term 1 pre-election: Requested pre-vote from peers fe63cfa2bf854539874bb72e0cd9699e (127.22.32.1:46703), bc54dc9f505f4046bb8ff59faa94545f (127.22.32.2:37235)
I20260710 10:59:42.974725 22989 raft_consensus.cc:493] T bbae7a8b37184a25a6d05a65782608b2 P fe63cfa2bf854539874bb72e0cd9699e [term 0 FOLLOWER]: Starting pre-election (no leader contacted us within the election timeout)
I20260710 10:59:42.975234 22989 raft_consensus.cc:515] T bbae7a8b37184a25a6d05a65782608b2 P fe63cfa2bf854539874bb72e0cd9699e [term 0 FOLLOWER]: Starting pre-election with config: opid_index: -1 OBSOLETE_local: false peers { permanent_uuid: "fe63cfa2bf854539874bb72e0cd9699e" member_type: VOTER last_known_addr { host: "127.22.32.1" port: 46703 } } peers { permanent_uuid: "bc54dc9f505f4046bb8ff59faa94545f" member_type: VOTER last_known_addr { host: "127.22.32.2" port: 37235 } } peers { permanent_uuid: "9f03426377364f248649ab6250a42970" member_type: VOTER last_known_addr { host: "127.22.32.3" port: 34169 } }
I20260710 10:59:42.978030 22984 tablet_bootstrap.cc:492] T 4530176f5d504aff8d1729a8b117eae1 P 9f03426377364f248649ab6250a42970: No bootstrap required, opened a new log
I20260710 10:59:42.978458 22984 ts_tablet_manager.cc:1403] T 4530176f5d504aff8d1729a8b117eae1 P 9f03426377364f248649ab6250a42970: Time spent bootstrapping tablet: real 0.078s	user 0.023s	sys 0.019s
I20260710 10:59:42.979079 22983 tablet_bootstrap.cc:492] T e29e0d17491048a486ed149f946425ca P fe63cfa2bf854539874bb72e0cd9699e: No bootstrap required, opened a new log
I20260710 10:59:42.979562 22983 ts_tablet_manager.cc:1403] T e29e0d17491048a486ed149f946425ca P fe63cfa2bf854539874bb72e0cd9699e: Time spent bootstrapping tablet: real 0.059s	user 0.014s	sys 0.005s
I20260710 10:59:42.980795 22989 leader_election.cc:290] T bbae7a8b37184a25a6d05a65782608b2 P fe63cfa2bf854539874bb72e0cd9699e [CANDIDATE]: Term 1 pre-election: Requested pre-vote from peers bc54dc9f505f4046bb8ff59faa94545f (127.22.32.2:37235), 9f03426377364f248649ab6250a42970 (127.22.32.3:34169)
I20260710 10:59:42.983659 22984 raft_consensus.cc:359] T 4530176f5d504aff8d1729a8b117eae1 P 9f03426377364f248649ab6250a42970 [term 0 FOLLOWER]: Replica starting. Triggering 0 pending ops. Active config: opid_index: -1 OBSOLETE_local: false peers { permanent_uuid: "fe63cfa2bf854539874bb72e0cd9699e" member_type: VOTER last_known_addr { host: "127.22.32.1" port: 46703 } } peers { permanent_uuid: "bc54dc9f505f4046bb8ff59faa94545f" member_type: VOTER last_known_addr { host: "127.22.32.2" port: 37235 } } peers { permanent_uuid: "9f03426377364f248649ab6250a42970" member_type: VOTER last_known_addr { host: "127.22.32.3" port: 34169 } }
I20260710 10:59:42.984906 22984 raft_consensus.cc:385] T 4530176f5d504aff8d1729a8b117eae1 P 9f03426377364f248649ab6250a42970 [term 0 FOLLOWER]: Consensus starting up: Expiring failure detector timer to make a prompt election more likely
I20260710 10:59:42.982982 22989 raft_consensus.cc:493] T 8b372f395f564bcb913ad202cc15b919 P fe63cfa2bf854539874bb72e0cd9699e [term 0 FOLLOWER]: Starting pre-election (no leader contacted us within the election timeout)
I20260710 10:59:42.985186 22984 raft_consensus.cc:740] T 4530176f5d504aff8d1729a8b117eae1 P 9f03426377364f248649ab6250a42970 [term 0 FOLLOWER]: Becoming Follower/Learner. State: Replica: 9f03426377364f248649ab6250a42970, State: Initialized, Role: FOLLOWER
I20260710 10:59:43.001756 22983 raft_consensus.cc:359] T e29e0d17491048a486ed149f946425ca P fe63cfa2bf854539874bb72e0cd9699e [term 0 FOLLOWER]: Replica starting. Triggering 0 pending ops. Active config: opid_index: -1 OBSOLETE_local: false peers { permanent_uuid: "fe63cfa2bf854539874bb72e0cd9699e" member_type: VOTER last_known_addr { host: "127.22.32.1" port: 46703 } } peers { permanent_uuid: "bc54dc9f505f4046bb8ff59faa94545f" member_type: VOTER last_known_addr { host: "127.22.32.2" port: 37235 } } peers { permanent_uuid: "9f03426377364f248649ab6250a42970" member_type: VOTER last_known_addr { host: "127.22.32.3" port: 34169 } }
I20260710 10:59:43.002637 22983 raft_consensus.cc:385] T e29e0d17491048a486ed149f946425ca P fe63cfa2bf854539874bb72e0cd9699e [term 0 FOLLOWER]: Consensus starting up: Expiring failure detector timer to make a prompt election more likely
I20260710 10:59:43.002957 22983 raft_consensus.cc:740] T e29e0d17491048a486ed149f946425ca P fe63cfa2bf854539874bb72e0cd9699e [term 0 FOLLOWER]: Becoming Follower/Learner. State: Replica: fe63cfa2bf854539874bb72e0cd9699e, State: Initialized, Role: FOLLOWER
I20260710 10:59:43.006155 22983 consensus_queue.cc:260] T e29e0d17491048a486ed149f946425ca P fe63cfa2bf854539874bb72e0cd9699e [NON_LEADER]: Queue going to NON_LEADER mode. State: All replicated index: 0, Majority replicated index: 0, Committed index: 0, Last appended: 0.0, Last appended by leader: 0, Current term: 0, Majority size: -1, State: 0, Mode: NON_LEADER, active raft config: opid_index: -1 OBSOLETE_local: false peers { permanent_uuid: "fe63cfa2bf854539874bb72e0cd9699e" member_type: VOTER last_known_addr { host: "127.22.32.1" port: 46703 } } peers { permanent_uuid: "bc54dc9f505f4046bb8ff59faa94545f" member_type: VOTER last_known_addr { host: "127.22.32.2" port: 37235 } } peers { permanent_uuid: "9f03426377364f248649ab6250a42970" member_type: VOTER last_known_addr { host: "127.22.32.3" port: 34169 } }
I20260710 10:59:42.994712 22989 raft_consensus.cc:515] T 8b372f395f564bcb913ad202cc15b919 P fe63cfa2bf854539874bb72e0cd9699e [term 0 FOLLOWER]: Starting pre-election with config: opid_index: -1 OBSOLETE_local: false peers { permanent_uuid: "fe63cfa2bf854539874bb72e0cd9699e" member_type: VOTER last_known_addr { host: "127.22.32.1" port: 46703 } } peers { permanent_uuid: "bc54dc9f505f4046bb8ff59faa94545f" member_type: VOTER last_known_addr { host: "127.22.32.2" port: 37235 } } peers { permanent_uuid: "9f03426377364f248649ab6250a42970" member_type: VOTER last_known_addr { host: "127.22.32.3" port: 34169 } }
I20260710 10:59:43.009310 22983 ts_tablet_manager.cc:1434] T e29e0d17491048a486ed149f946425ca P fe63cfa2bf854539874bb72e0cd9699e: Time spent starting tablet: real 0.029s	user 0.007s	sys 0.001s
I20260710 10:59:43.010044 22989 leader_election.cc:290] T 8b372f395f564bcb913ad202cc15b919 P fe63cfa2bf854539874bb72e0cd9699e [CANDIDATE]: Term 1 pre-election: Requested pre-vote from peers bc54dc9f505f4046bb8ff59faa94545f (127.22.32.2:37235), 9f03426377364f248649ab6250a42970 (127.22.32.3:34169)
I20260710 10:59:43.011035 22984 consensus_queue.cc:260] T 4530176f5d504aff8d1729a8b117eae1 P 9f03426377364f248649ab6250a42970 [NON_LEADER]: Queue going to NON_LEADER mode. State: All replicated index: 0, Majority replicated index: 0, Committed index: 0, Last appended: 0.0, Last appended by leader: 0, Current term: 0, Majority size: -1, State: 0, Mode: NON_LEADER, active raft config: opid_index: -1 OBSOLETE_local: false peers { permanent_uuid: "fe63cfa2bf854539874bb72e0cd9699e" member_type: VOTER last_known_addr { host: "127.22.32.1" port: 46703 } } peers { permanent_uuid: "bc54dc9f505f4046bb8ff59faa94545f" member_type: VOTER last_known_addr { host: "127.22.32.2" port: 37235 } } peers { permanent_uuid: "9f03426377364f248649ab6250a42970" member_type: VOTER last_known_addr { host: "127.22.32.3" port: 34169 } }
I20260710 10:59:43.014135 22984 ts_tablet_manager.cc:1434] T 4530176f5d504aff8d1729a8b117eae1 P 9f03426377364f248649ab6250a42970: Time spent starting tablet: real 0.035s	user 0.007s	sys 0.001s
I20260710 10:59:43.017300 22983 tablet_bootstrap.cc:492] T fa14ce031e1f420a9d1db35e9ed971dd P fe63cfa2bf854539874bb72e0cd9699e: Bootstrap starting.
I20260710 10:59:43.024925 22984 tablet_bootstrap.cc:492] T fa14ce031e1f420a9d1db35e9ed971dd P 9f03426377364f248649ab6250a42970: Bootstrap starting.
I20260710 10:59:43.041577 22983 tablet_bootstrap.cc:654] T fa14ce031e1f420a9d1db35e9ed971dd P fe63cfa2bf854539874bb72e0cd9699e: Neither blocks nor log segments found. Creating new log.
