I20260710 10:59:48.588972  9023 consensus_queue.cc:260] T f9a33c974ca240ca99dc7c6b2d4dbc4a P 29de61c7f842464c8f11a63d2959a226 [NON_LEADER]: Queue going to NON_LEADER mode. State: All replicated index: 0, Majority replicated index: 0, Committed index: 0, Last appended: 0.0, Last appended by leader: 0, Current term: 0, Majority size: -1, State: 0, Mode: NON_LEADER, active raft config: opid_index: -1 OBSOLETE_local: false peers { permanent_uuid: "29de61c7f842464c8f11a63d2959a226" member_type: VOTER last_known_addr { host: "127.8.125.129" port: 36799 } } peers { permanent_uuid: "bbfe5007ee154562b2ed3d2af5b534a2" member_type: VOTER last_known_addr { host: "127.8.125.130" port: 40731 } } peers { permanent_uuid: "af8432b38be8482682eef52e935316cc" member_type: VOTER last_known_addr { host: "127.8.125.131" port: 42137 } }
I20260710 10:59:48.590144  8929 heartbeater.cc:499] Master 127.8.125.190:45981 was elected leader, sending a full tablet report...
I20260710 10:59:48.591171  9021 ts_tablet_manager.cc:1434] T b48c80b6d13d4014baa579610f720584 P bbfe5007ee154562b2ed3d2af5b534a2: Time spent starting tablet: real 0.017s	user 0.011s	sys 0.004s
I20260710 10:59:48.590693  9022 consensus_queue.cc:260] T b48c80b6d13d4014baa579610f720584 P af8432b38be8482682eef52e935316cc [NON_LEADER]: Queue going to NON_LEADER mode. State: All replicated index: 0, Majority replicated index: 0, Committed index: 0, Last appended: 0.0, Last appended by leader: 0, Current term: 0, Majority size: -1, State: 0, Mode: NON_LEADER, active raft config: opid_index: -1 OBSOLETE_local: false peers { permanent_uuid: "29de61c7f842464c8f11a63d2959a226" member_type: VOTER last_known_addr { host: "127.8.125.129" port: 36799 } } peers { permanent_uuid: "bbfe5007ee154562b2ed3d2af5b534a2" member_type: VOTER last_known_addr { host: "127.8.125.130" port: 40731 } } peers { permanent_uuid: "af8432b38be8482682eef52e935316cc" member_type: VOTER last_known_addr { host: "127.8.125.131" port: 42137 } }
I20260710 10:59:48.593017  9021 tablet_bootstrap.cc:492] T ac3e1b5cb39d484b8e1d1785443b9b27 P bbfe5007ee154562b2ed3d2af5b534a2: Bootstrap starting.
I20260710 10:59:48.600080  9003 heartbeater.cc:499] Master 127.8.125.190:45981 was elected leader, sending a full tablet report...
I20260710 10:59:48.601708  9022 ts_tablet_manager.cc:1434] T b48c80b6d13d4014baa579610f720584 P af8432b38be8482682eef52e935316cc: Time spent starting tablet: real 0.019s	user 0.006s	sys 0.009s
I20260710 10:59:48.602003  9021 tablet_bootstrap.cc:654] T ac3e1b5cb39d484b8e1d1785443b9b27 P bbfe5007ee154562b2ed3d2af5b534a2: Neither blocks nor log segments found. Creating new log.
I20260710 10:59:48.602883  9022 tablet_bootstrap.cc:492] T ac3e1b5cb39d484b8e1d1785443b9b27 P af8432b38be8482682eef52e935316cc: Bootstrap starting.
I20260710 10:59:48.615373  9022 tablet_bootstrap.cc:654] T ac3e1b5cb39d484b8e1d1785443b9b27 P af8432b38be8482682eef52e935316cc: Neither blocks nor log segments found. Creating new log.
I20260710 10:59:48.622097  9021 tablet_bootstrap.cc:492] T ac3e1b5cb39d484b8e1d1785443b9b27 P bbfe5007ee154562b2ed3d2af5b534a2: No bootstrap required, opened a new log
I20260710 10:59:48.622725  9021 ts_tablet_manager.cc:1403] T ac3e1b5cb39d484b8e1d1785443b9b27 P bbfe5007ee154562b2ed3d2af5b534a2: Time spent bootstrapping tablet: real 0.030s	user 0.017s	sys 0.009s
I20260710 10:59:48.625452  9023 ts_tablet_manager.cc:1434] T f9a33c974ca240ca99dc7c6b2d4dbc4a P 29de61c7f842464c8f11a63d2959a226: Time spent starting tablet: real 0.042s	user 0.010s	sys 0.000s
I20260710 10:59:48.626026  9021 raft_consensus.cc:359] T ac3e1b5cb39d484b8e1d1785443b9b27 P bbfe5007ee154562b2ed3d2af5b534a2 [term 0 FOLLOWER]: Replica starting. Triggering 0 pending ops. Active config: opid_index: -1 OBSOLETE_local: false peers { permanent_uuid: "af8432b38be8482682eef52e935316cc" member_type: VOTER last_known_addr { host: "127.8.125.131" port: 42137 } } peers { permanent_uuid: "bbfe5007ee154562b2ed3d2af5b534a2" member_type: VOTER last_known_addr { host: "127.8.125.130" port: 40731 } } peers { permanent_uuid: "29de61c7f842464c8f11a63d2959a226" member_type: VOTER last_known_addr { host: "127.8.125.129" port: 36799 } }
I20260710 10:59:48.626719  9023 tablet_bootstrap.cc:492] T 592a6dc3a561469e86fe731b01da8be7 P 29de61c7f842464c8f11a63d2959a226: Bootstrap starting.
I20260710 10:59:48.626754  9022 tablet_bootstrap.cc:492] T ac3e1b5cb39d484b8e1d1785443b9b27 P af8432b38be8482682eef52e935316cc: No bootstrap required, opened a new log
I20260710 10:59:48.626948  9021 raft_consensus.cc:385] T ac3e1b5cb39d484b8e1d1785443b9b27 P bbfe5007ee154562b2ed3d2af5b534a2 [term 0 FOLLOWER]: Consensus starting up: Expiring failure detector timer to make a prompt election more likely
I20260710 10:59:48.627417  9021 raft_consensus.cc:740] T ac3e1b5cb39d484b8e1d1785443b9b27 P bbfe5007ee154562b2ed3d2af5b534a2 [term 0 FOLLOWER]: Becoming Follower/Learner. State: Replica: bbfe5007ee154562b2ed3d2af5b534a2, State: Initialized, Role: FOLLOWER
I20260710 10:59:48.628443  9021 consensus_queue.cc:260] T ac3e1b5cb39d484b8e1d1785443b9b27 P bbfe5007ee154562b2ed3d2af5b534a2 [NON_LEADER]: Queue going to NON_LEADER mode. State: All replicated index: 0, Majority replicated index: 0, Committed index: 0, Last appended: 0.0, Last appended by leader: 0, Current term: 0, Majority size: -1, State: 0, Mode: NON_LEADER, active raft config: opid_index: -1 OBSOLETE_local: false peers { permanent_uuid: "af8432b38be8482682eef52e935316cc" member_type: VOTER last_known_addr { host: "127.8.125.131" port: 42137 } } peers { permanent_uuid: "bbfe5007ee154562b2ed3d2af5b534a2" member_type: VOTER last_known_addr { host: "127.8.125.130" port: 40731 } } peers { permanent_uuid: "29de61c7f842464c8f11a63d2959a226" member_type: VOTER last_known_addr { host: "127.8.125.129" port: 36799 } }
I20260710 10:59:48.629828  9022 ts_tablet_manager.cc:1403] T ac3e1b5cb39d484b8e1d1785443b9b27 P af8432b38be8482682eef52e935316cc: Time spent bootstrapping tablet: real 0.027s	user 0.013s	sys 0.002s
I20260710 10:59:48.631384  9021 ts_tablet_manager.cc:1434] T ac3e1b5cb39d484b8e1d1785443b9b27 P bbfe5007ee154562b2ed3d2af5b534a2: Time spent starting tablet: real 0.008s	user 0.006s	sys 0.001s
I20260710 10:59:48.632498  9021 tablet_bootstrap.cc:492] T 71dd3d4d45a946ea82e3b3d640122fb5 P bbfe5007ee154562b2ed3d2af5b534a2: Bootstrap starting.
I20260710 10:59:48.636396  9023 tablet_bootstrap.cc:654] T 592a6dc3a561469e86fe731b01da8be7 P 29de61c7f842464c8f11a63d2959a226: Neither blocks nor log segments found. Creating new log.
I20260710 10:59:48.645618  9022 raft_consensus.cc:359] T ac3e1b5cb39d484b8e1d1785443b9b27 P af8432b38be8482682eef52e935316cc [term 0 FOLLOWER]: Replica starting. Triggering 0 pending ops. Active config: opid_index: -1 OBSOLETE_local: false peers { permanent_uuid: "af8432b38be8482682eef52e935316cc" member_type: VOTER last_known_addr { host: "127.8.125.131" port: 42137 } } peers { permanent_uuid: "bbfe5007ee154562b2ed3d2af5b534a2" member_type: VOTER last_known_addr { host: "127.8.125.130" port: 40731 } } peers { permanent_uuid: "29de61c7f842464c8f11a63d2959a226" member_type: VOTER last_known_addr { host: "127.8.125.129" port: 36799 } }
I20260710 10:59:48.646552  9022 raft_consensus.cc:385] T ac3e1b5cb39d484b8e1d1785443b9b27 P af8432b38be8482682eef52e935316cc [term 0 FOLLOWER]: Consensus starting up: Expiring failure detector timer to make a prompt election more likely
I20260710 10:59:48.646894  9022 raft_consensus.cc:740] T ac3e1b5cb39d484b8e1d1785443b9b27 P af8432b38be8482682eef52e935316cc [term 0 FOLLOWER]: Becoming Follower/Learner. State: Replica: af8432b38be8482682eef52e935316cc, State: Initialized, Role: FOLLOWER
I20260710 10:59:48.648319  9022 consensus_queue.cc:260] T ac3e1b5cb39d484b8e1d1785443b9b27 P af8432b38be8482682eef52e935316cc [NON_LEADER]: Queue going to NON_LEADER mode. State: All replicated index: 0, Majority replicated index: 0, Committed index: 0, Last appended: 0.0, Last appended by leader: 0, Current term: 0, Majority size: -1, State: 0, Mode: NON_LEADER, active raft config: opid_index: -1 OBSOLETE_local: false peers { permanent_uuid: "af8432b38be8482682eef52e935316cc" member_type: VOTER last_known_addr { host: "127.8.125.131" port: 42137 } } peers { permanent_uuid: "bbfe5007ee154562b2ed3d2af5b534a2" member_type: VOTER last_known_addr { host: "127.8.125.130" port: 40731 } } peers { permanent_uuid: "29de61c7f842464c8f11a63d2959a226" member_type: VOTER last_known_addr { host: "127.8.125.129" port: 36799 } }
I20260710 10:59:48.650871  9022 ts_tablet_manager.cc:1434] T ac3e1b5cb39d484b8e1d1785443b9b27 P af8432b38be8482682eef52e935316cc: Time spent starting tablet: real 0.021s	user 0.003s	sys 0.005s
I20260710 10:59:48.651968  9022 tablet_bootstrap.cc:492] T 71dd3d4d45a946ea82e3b3d640122fb5 P af8432b38be8482682eef52e935316cc: Bootstrap starting.
I20260710 10:59:48.652987  9021 tablet_bootstrap.cc:654] T 71dd3d4d45a946ea82e3b3d640122fb5 P bbfe5007ee154562b2ed3d2af5b534a2: Neither blocks nor log segments found. Creating new log.
W20260710 10:59:48.652885  9004 tablet.cc:2406] T ac3e1b5cb39d484b8e1d1785443b9b27 P af8432b38be8482682eef52e935316cc: Can't schedule compaction. Clean time has not been advanced past its initial value.
I20260710 10:59:48.662966  9022 tablet_bootstrap.cc:654] T 71dd3d4d45a946ea82e3b3d640122fb5 P af8432b38be8482682eef52e935316cc: Neither blocks nor log segments found. Creating new log.
I20260710 10:59:48.664882  9023 tablet_bootstrap.cc:492] T 592a6dc3a561469e86fe731b01da8be7 P 29de61c7f842464c8f11a63d2959a226: No bootstrap required, opened a new log
I20260710 10:59:48.665410  9023 ts_tablet_manager.cc:1403] T 592a6dc3a561469e86fe731b01da8be7 P 29de61c7f842464c8f11a63d2959a226: Time spent bootstrapping tablet: real 0.039s	user 0.012s	sys 0.000s
I20260710 10:59:48.668520  9023 raft_consensus.cc:359] T 592a6dc3a561469e86fe731b01da8be7 P 29de61c7f842464c8f11a63d2959a226 [term 0 FOLLOWER]: Replica starting. Triggering 0 pending ops. Active config: opid_index: -1 OBSOLETE_local: false peers { permanent_uuid: "29de61c7f842464c8f11a63d2959a226" member_type: VOTER last_known_addr { host: "127.8.125.129" port: 36799 } } peers { permanent_uuid: "bbfe5007ee154562b2ed3d2af5b534a2" member_type: VOTER last_known_addr { host: "127.8.125.130" port: 40731 } } peers { permanent_uuid: "af8432b38be8482682eef52e935316cc" member_type: VOTER last_known_addr { host: "127.8.125.131" port: 42137 } }
I20260710 10:59:48.669139  9021 tablet_bootstrap.cc:492] T 71dd3d4d45a946ea82e3b3d640122fb5 P bbfe5007ee154562b2ed3d2af5b534a2: No bootstrap required, opened a new log
I20260710 10:59:48.669195  9023 raft_consensus.cc:385] T 592a6dc3a561469e86fe731b01da8be7 P 29de61c7f842464c8f11a63d2959a226 [term 0 FOLLOWER]: Consensus starting up: Expiring failure detector timer to make a prompt election more likely
I20260710 10:59:48.669867  9023 raft_consensus.cc:740] T 592a6dc3a561469e86fe731b01da8be7 P 29de61c7f842464c8f11a63d2959a226 [term 0 FOLLOWER]: Becoming Follower/Learner. State: Replica: 29de61c7f842464c8f11a63d2959a226, State: Initialized, Role: FOLLOWER
I20260710 10:59:48.670022  9021 ts_tablet_manager.cc:1403] T 71dd3d4d45a946ea82e3b3d640122fb5 P bbfe5007ee154562b2ed3d2af5b534a2: Time spent bootstrapping tablet: real 0.038s	user 0.007s	sys 0.017s
I20260710 10:59:48.670807  9023 consensus_queue.cc:260] T 592a6dc3a561469e86fe731b01da8be7 P 29de61c7f842464c8f11a63d2959a226 [NON_LEADER]: Queue going to NON_LEADER mode. State: All replicated index: 0, Majority replicated index: 0, Committed index: 0, Last appended: 0.0, Last appended by leader: 0, Current term: 0, Majority size: -1, State: 0, Mode: NON_LEADER, active raft config: opid_index: -1 OBSOLETE_local: false peers { permanent_uuid: "29de61c7f842464c8f11a63d2959a226" member_type: VOTER last_known_addr { host: "127.8.125.129" port: 36799 } } peers { permanent_uuid: "bbfe5007ee154562b2ed3d2af5b534a2" member_type: VOTER last_known_addr { host: "127.8.125.130" port: 40731 } } peers { permanent_uuid: "af8432b38be8482682eef52e935316cc" member_type: VOTER last_known_addr { host: "127.8.125.131" port: 42137 } }
I20260710 10:59:48.674306  9021 raft_consensus.cc:359] T 71dd3d4d45a946ea82e3b3d640122fb5 P bbfe5007ee154562b2ed3d2af5b534a2 [term 0 FOLLOWER]: Replica starting. Triggering 0 pending ops. Active config: opid_index: -1 OBSOLETE_local: false peers { permanent_uuid: "29de61c7f842464c8f11a63d2959a226" member_type: VOTER last_known_addr { host: "127.8.125.129" port: 36799 } } peers { permanent_uuid: "bbfe5007ee154562b2ed3d2af5b534a2" member_type: VOTER last_known_addr { host: "127.8.125.130" port: 40731 } } peers { permanent_uuid: "af8432b38be8482682eef52e935316cc" member_type: VOTER last_known_addr { host: "127.8.125.131" port: 42137 } }
I20260710 10:59:48.675370  9021 raft_consensus.cc:385] T 71dd3d4d45a946ea82e3b3d640122fb5 P bbfe5007ee154562b2ed3d2af5b534a2 [term 0 FOLLOWER]: Consensus starting up: Expiring failure detector timer to make a prompt election more likely
I20260710 10:59:48.675841  9021 raft_consensus.cc:740] T 71dd3d4d45a946ea82e3b3d640122fb5 P bbfe5007ee154562b2ed3d2af5b534a2 [term 0 FOLLOWER]: Becoming Follower/Learner. State: Replica: bbfe5007ee154562b2ed3d2af5b534a2, State: Initialized, Role: FOLLOWER
I20260710 10:59:48.676856  9021 consensus_queue.cc:260] T 71dd3d4d45a946ea82e3b3d640122fb5 P bbfe5007ee154562b2ed3d2af5b534a2 [NON_LEADER]: Queue going to NON_LEADER mode. State: All replicated index: 0, Majority replicated index: 0, Committed index: 0, Last appended: 0.0, Last appended by leader: 0, Current term: 0, Majority size: -1, State: 0, Mode: NON_LEADER, active raft config: opid_index: -1 OBSOLETE_local: false peers { permanent_uuid: "29de61c7f842464c8f11a63d2959a226" member_type: VOTER last_known_addr { host: "127.8.125.129" port: 36799 } } peers { permanent_uuid: "bbfe5007ee154562b2ed3d2af5b534a2" member_type: VOTER last_known_addr { host: "127.8.125.130" port: 40731 } } peers { permanent_uuid: "af8432b38be8482682eef52e935316cc" member_type: VOTER last_known_addr { host: "127.8.125.131" port: 42137 } }
I20260710 10:59:48.678334  9022 tablet_bootstrap.cc:492] T 71dd3d4d45a946ea82e3b3d640122fb5 P af8432b38be8482682eef52e935316cc: No bootstrap required, opened a new log
I20260710 10:59:48.678838  9022 ts_tablet_manager.cc:1403] T 71dd3d4d45a946ea82e3b3d640122fb5 P af8432b38be8482682eef52e935316cc: Time spent bootstrapping tablet: real 0.027s	user 0.009s	sys 0.012s
I20260710 10:59:48.680501  9023 ts_tablet_manager.cc:1434] T 592a6dc3a561469e86fe731b01da8be7 P 29de61c7f842464c8f11a63d2959a226: Time spent starting tablet: real 0.015s	user 0.003s	sys 0.005s
I20260710 10:59:48.682183  9022 raft_consensus.cc:359] T 71dd3d4d45a946ea82e3b3d640122fb5 P af8432b38be8482682eef52e935316cc [term 0 FOLLOWER]: Replica starting. Triggering 0 pending ops. Active config: opid_index: -1 OBSOLETE_local: false peers { permanent_uuid: "29de61c7f842464c8f11a63d2959a226" member_type: VOTER last_known_addr { host: "127.8.125.129" port: 36799 } } peers { permanent_uuid: "bbfe5007ee154562b2ed3d2af5b534a2" member_type: VOTER last_known_addr { host: "127.8.125.130" port: 40731 } } peers { permanent_uuid: "af8432b38be8482682eef52e935316cc" member_type: VOTER last_known_addr { host: "127.8.125.131" port: 42137 } }
I20260710 10:59:48.683020  9022 raft_consensus.cc:385] T 71dd3d4d45a946ea82e3b3d640122fb5 P af8432b38be8482682eef52e935316cc [term 0 FOLLOWER]: Consensus starting up: Expiring failure detector timer to make a prompt election more likely
I20260710 10:59:48.683441  9022 raft_consensus.cc:740] T 71dd3d4d45a946ea82e3b3d640122fb5 P af8432b38be8482682eef52e935316cc [term 0 FOLLOWER]: Becoming Follower/Learner. State: Replica: af8432b38be8482682eef52e935316cc, State: Initialized, Role: FOLLOWER
I20260710 10:59:48.685384  9022 consensus_queue.cc:260] T 71dd3d4d45a946ea82e3b3d640122fb5 P af8432b38be8482682eef52e935316cc [NON_LEADER]: Queue going to NON_LEADER mode. State: All replicated index: 0, Majority replicated index: 0, Committed index: 0, Last appended: 0.0, Last appended by leader: 0, Current term: 0, Majority size: -1, State: 0, Mode: NON_LEADER, active raft config: opid_index: -1 OBSOLETE_local: false peers { permanent_uuid: "29de61c7f842464c8f11a63d2959a226" member_type: VOTER last_known_addr { host: "127.8.125.129" port: 36799 } } peers { permanent_uuid: "bbfe5007ee154562b2ed3d2af5b534a2" member_type: VOTER last_known_addr { host: "127.8.125.130" port: 40731 } } peers { permanent_uuid: "af8432b38be8482682eef52e935316cc" member_type: VOTER last_known_addr { host: "127.8.125.131" port: 42137 } }
I20260710 10:59:48.687938  9021 ts_tablet_manager.cc:1434] T 71dd3d4d45a946ea82e3b3d640122fb5 P bbfe5007ee154562b2ed3d2af5b534a2: Time spent starting tablet: real 0.017s	user 0.008s	sys 0.000s
I20260710 10:59:48.688856  9022 ts_tablet_manager.cc:1434] T 71dd3d4d45a946ea82e3b3d640122fb5 P af8432b38be8482682eef52e935316cc: Time spent starting tablet: real 0.010s	user 0.009s	sys 0.000s
I20260710 10:59:48.690392  9022 tablet_bootstrap.cc:492] T fd3057cbe0a94dcf84f497e320651d5f P af8432b38be8482682eef52e935316cc: Bootstrap starting.
I20260710 10:59:48.692250  9021 tablet_bootstrap.cc:492] T 592a6dc3a561469e86fe731b01da8be7 P bbfe5007ee154562b2ed3d2af5b534a2: Bootstrap starting.
I20260710 10:59:48.692355  9023 tablet_bootstrap.cc:492] T 89e7eb5c63e9402e872100cab7bf3ef0 P 29de61c7f842464c8f11a63d2959a226: Bootstrap starting.
I20260710 10:59:48.699146  9021 tablet_bootstrap.cc:654] T 592a6dc3a561469e86fe731b01da8be7 P bbfe5007ee154562b2ed3d2af5b534a2: Neither blocks nor log segments found. Creating new log.
I20260710 10:59:48.701596  9023 tablet_bootstrap.cc:654] T 89e7eb5c63e9402e872100cab7bf3ef0 P 29de61c7f842464c8f11a63d2959a226: Neither blocks nor log segments found. Creating new log.
I20260710 10:59:48.701624  9022 tablet_bootstrap.cc:654] T fd3057cbe0a94dcf84f497e320651d5f P af8432b38be8482682eef52e935316cc: Neither blocks nor log segments found. Creating new log.
I20260710 10:59:48.711479  9030 raft_consensus.cc:493] T f9a33c974ca240ca99dc7c6b2d4dbc4a P 29de61c7f842464c8f11a63d2959a226 [term 0 FOLLOWER]: Starting pre-election (no leader contacted us within the election timeout)
I20260710 10:59:48.712095  9030 raft_consensus.cc:515] T f9a33c974ca240ca99dc7c6b2d4dbc4a P 29de61c7f842464c8f11a63d2959a226 [term 0 FOLLOWER]: Starting pre-election with config: opid_index: -1 OBSOLETE_local: false peers { permanent_uuid: "29de61c7f842464c8f11a63d2959a226" member_type: VOTER last_known_addr { host: "127.8.125.129" port: 36799 } } peers { permanent_uuid: "bbfe5007ee154562b2ed3d2af5b534a2" member_type: VOTER last_known_addr { host: "127.8.125.130" port: 40731 } } peers { permanent_uuid: "af8432b38be8482682eef52e935316cc" member_type: VOTER last_known_addr { host: "127.8.125.131" port: 42137 } }
I20260710 10:59:48.716383  9030 leader_election.cc:290] T f9a33c974ca240ca99dc7c6b2d4dbc4a P 29de61c7f842464c8f11a63d2959a226 [CANDIDATE]: Term 1 pre-election: Requested pre-vote from peers bbfe5007ee154562b2ed3d2af5b534a2 (127.8.125.130:40731), af8432b38be8482682eef52e935316cc (127.8.125.131:42137)
I20260710 10:59:48.721726  9021 tablet_bootstrap.cc:492] T 592a6dc3a561469e86fe731b01da8be7 P bbfe5007ee154562b2ed3d2af5b534a2: No bootstrap required, opened a new log
I20260710 10:59:48.722297  9021 ts_tablet_manager.cc:1403] T 592a6dc3a561469e86fe731b01da8be7 P bbfe5007ee154562b2ed3d2af5b534a2: Time spent bootstrapping tablet: real 0.030s	user 0.014s	sys 0.004s
I20260710 10:59:48.726934  9023 tablet_bootstrap.cc:492] T 89e7eb5c63e9402e872100cab7bf3ef0 P 29de61c7f842464c8f11a63d2959a226: No bootstrap required, opened a new log
I20260710 10:59:48.728452  9023 ts_tablet_manager.cc:1403] T 89e7eb5c63e9402e872100cab7bf3ef0 P 29de61c7f842464c8f11a63d2959a226: Time spent bootstrapping tablet: real 0.036s	user 0.013s	sys 0.009s
I20260710 10:59:48.731519  9021 raft_consensus.cc:359] T 592a6dc3a561469e86fe731b01da8be7 P bbfe5007ee154562b2ed3d2af5b534a2 [term 0 FOLLOWER]: Replica starting. Triggering 0 pending ops. Active config: opid_index: -1 OBSOLETE_local: false peers { permanent_uuid: "29de61c7f842464c8f11a63d2959a226" member_type: VOTER last_known_addr { host: "127.8.125.129" port: 36799 } } peers { permanent_uuid: "bbfe5007ee154562b2ed3d2af5b534a2" member_type: VOTER last_known_addr { host: "127.8.125.130" port: 40731 } } peers { permanent_uuid: "af8432b38be8482682eef52e935316cc" member_type: VOTER last_known_addr { host: "127.8.125.131" port: 42137 } }
I20260710 10:59:48.731951  9023 raft_consensus.cc:359] T 89e7eb5c63e9402e872100cab7bf3ef0 P 29de61c7f842464c8f11a63d2959a226 [term 0 FOLLOWER]: Replica starting. Triggering 0 pending ops. Active config: opid_index: -1 OBSOLETE_local: false peers { permanent_uuid: "29de61c7f842464c8f11a63d2959a226" member_type: VOTER last_known_addr { host: "127.8.125.129" port: 36799 } } peers { permanent_uuid: "bbfe5007ee154562b2ed3d2af5b534a2" member_type: VOTER last_known_addr { host: "127.8.125.130" port: 40731 } } peers { permanent_uuid: "af8432b38be8482682eef52e935316cc" member_type: VOTER last_known_addr { host: "127.8.125.131" port: 42137 } }
I20260710 10:59:48.734172  9023 raft_consensus.cc:385] T 89e7eb5c63e9402e872100cab7bf3ef0 P 29de61c7f842464c8f11a63d2959a226 [term 0 FOLLOWER]: Consensus starting up: Expiring failure detector timer to make a prompt election more likely
I20260710 10:59:48.734544  9023 raft_consensus.cc:740] T 89e7eb5c63e9402e872100cab7bf3ef0 P 29de61c7f842464c8f11a63d2959a226 [term 0 FOLLOWER]: Becoming Follower/Learner. State: Replica: 29de61c7f842464c8f11a63d2959a226, State: Initialized, Role: FOLLOWER
I20260710 10:59:48.732861  9021 raft_consensus.cc:385] T 592a6dc3a561469e86fe731b01da8be7 P bbfe5007ee154562b2ed3d2af5b534a2 [term 0 FOLLOWER]: Consensus starting up: Expiring failure detector timer to make a prompt election more likely
I20260710 10:59:48.735553  9021 raft_consensus.cc:740] T 592a6dc3a561469e86fe731b01da8be7 P bbfe5007ee154562b2ed3d2af5b534a2 [term 0 FOLLOWER]: Becoming Follower/Learner. State: Replica: bbfe5007ee154562b2ed3d2af5b534a2, State: Initialized, Role: FOLLOWER
I20260710 10:59:48.736594  9021 consensus_queue.cc:260] T 592a6dc3a561469e86fe731b01da8be7 P bbfe5007ee154562b2ed3d2af5b534a2 [NON_LEADER]: Queue going to NON_LEADER mode. State: All replicated index: 0, Majority replicated index: 0, Committed index: 0, Last appended: 0.0, Last appended by leader: 0, Current term: 0, Majority size: -1, State: 0, Mode: NON_LEADER, active raft config: opid_index: -1 OBSOLETE_local: false peers { permanent_uuid: "29de61c7f842464c8f11a63d2959a226" member_type: VOTER last_known_addr { host: "127.8.125.129" port: 36799 } } peers { permanent_uuid: "bbfe5007ee154562b2ed3d2af5b534a2" member_type: VOTER last_known_addr { host: "127.8.125.130" port: 40731 } } peers { permanent_uuid: "af8432b38be8482682eef52e935316cc" member_type: VOTER last_known_addr { host: "127.8.125.131" port: 42137 } }
I20260710 10:59:48.738981  9022 tablet_bootstrap.cc:492] T fd3057cbe0a94dcf84f497e320651d5f P af8432b38be8482682eef52e935316cc: No bootstrap required, opened a new log
I20260710 10:59:48.739452  9021 ts_tablet_manager.cc:1434] T 592a6dc3a561469e86fe731b01da8be7 P bbfe5007ee154562b2ed3d2af5b534a2: Time spent starting tablet: real 0.011s	user 0.004s	sys 0.003s
I20260710 10:59:48.740151  9022 ts_tablet_manager.cc:1403] T fd3057cbe0a94dcf84f497e320651d5f P af8432b38be8482682eef52e935316cc: Time spent bootstrapping tablet: real 0.050s	user 0.020s	sys 0.012s
I20260710 10:59:48.740491  9021 tablet_bootstrap.cc:492] T fd3057cbe0a94dcf84f497e320651d5f P bbfe5007ee154562b2ed3d2af5b534a2: Bootstrap starting.
I20260710 10:59:48.741987  9023 consensus_queue.cc:260] T 89e7eb5c63e9402e872100cab7bf3ef0 P 29de61c7f842464c8f11a63d2959a226 [NON_LEADER]: Queue going to NON_LEADER mode. State: All replicated index: 0, Majority replicated index: 0, Committed index: 0, Last appended: 0.0, Last appended by leader: 0, Current term: 0, Majority size: -1, State: 0, Mode: NON_LEADER, active raft config: opid_index: -1 OBSOLETE_local: false peers { permanent_uuid: "29de61c7f842464c8f11a63d2959a226" member_type: VOTER last_known_addr { host: "127.8.125.129" port: 36799 } } peers { permanent_uuid: "bbfe5007ee154562b2ed3d2af5b534a2" member_type: VOTER last_known_addr { host: "127.8.125.130" port: 40731 } } peers { permanent_uuid: "af8432b38be8482682eef52e935316cc" member_type: VOTER last_known_addr { host: "127.8.125.131" port: 42137 } }
I20260710 10:59:48.744391  9023 ts_tablet_manager.cc:1434] T 89e7eb5c63e9402e872100cab7bf3ef0 P 29de61c7f842464c8f11a63d2959a226: Time spent starting tablet: real 0.015s	user 0.007s	sys 0.000s
I20260710 10:59:48.745378  9023 tablet_bootstrap.cc:492] T fd3057cbe0a94dcf84f497e320651d5f P 29de61c7f842464c8f11a63d2959a226: Bootstrap starting.
I20260710 10:59:48.745568  9022 raft_consensus.cc:359] T fd3057cbe0a94dcf84f497e320651d5f P af8432b38be8482682eef52e935316cc [term 0 FOLLOWER]: Replica starting. Triggering 0 pending ops. Active config: opid_index: -1 OBSOLETE_local: false peers { permanent_uuid: "29de61c7f842464c8f11a63d2959a226" member_type: VOTER last_known_addr { host: "127.8.125.129" port: 36799 } } peers { permanent_uuid: "bbfe5007ee154562b2ed3d2af5b534a2" member_type: VOTER last_known_addr { host: "127.8.125.130" port: 40731 } } peers { permanent_uuid: "af8432b38be8482682eef52e935316cc" member_type: VOTER last_known_addr { host: "127.8.125.131" port: 42137 } }
I20260710 10:59:48.746402  9022 raft_consensus.cc:385] T fd3057cbe0a94dcf84f497e320651d5f P af8432b38be8482682eef52e935316cc [term 0 FOLLOWER]: Consensus starting up: Expiring failure detector timer to make a prompt election more likely
I20260710 10:59:48.746762  9022 raft_consensus.cc:740] T fd3057cbe0a94dcf84f497e320651d5f P af8432b38be8482682eef52e935316cc [term 0 FOLLOWER]: Becoming Follower/Learner. State: Replica: af8432b38be8482682eef52e935316cc, State: Initialized, Role: FOLLOWER
I20260710 10:59:48.747556  9022 consensus_queue.cc:260] T fd3057cbe0a94dcf84f497e320651d5f P af8432b38be8482682eef52e935316cc [NON_LEADER]: Queue going to NON_LEADER mode. State: All replicated index: 0, Majority replicated index: 0, Committed index: 0, Last appended: 0.0, Last appended by leader: 0, Current term: 0, Majority size: -1, State: 0, Mode: NON_LEADER, active raft config: opid_index: -1 OBSOLETE_local: false peers { permanent_uuid: "29de61c7f842464c8f11a63d2959a226" member_type: VOTER last_known_addr { host: "127.8.125.129" port: 36799 } } peers { permanent_uuid: "bbfe5007ee154562b2ed3d2af5b534a2" member_type: VOTER last_known_addr { host: "127.8.125.130" port: 40731 } } peers { permanent_uuid: "af8432b38be8482682eef52e935316cc" member_type: VOTER last_known_addr { host: "127.8.125.131" port: 42137 } }
I20260710 10:59:48.749764  9022 ts_tablet_manager.cc:1434] T fd3057cbe0a94dcf84f497e320651d5f P af8432b38be8482682eef52e935316cc: Time spent starting tablet: real 0.009s	user 0.007s	sys 0.000s
I20260710 10:59:48.750681  9022 tablet_bootstrap.cc:492] T 015cdb39cc844512b9bdee188f21e75f P af8432b38be8482682eef52e935316cc: Bootstrap starting.
I20260710 10:59:48.756796  9021 tablet_bootstrap.cc:654] T fd3057cbe0a94dcf84f497e320651d5f P bbfe5007ee154562b2ed3d2af5b534a2: Neither blocks nor log segments found. Creating new log.
I20260710 10:59:48.759136  9022 tablet_bootstrap.cc:654] T 015cdb39cc844512b9bdee188f21e75f P af8432b38be8482682eef52e935316cc: Neither blocks nor log segments found. Creating new log.
I20260710 10:59:48.764160  9023 tablet_bootstrap.cc:654] T fd3057cbe0a94dcf84f497e320651d5f P 29de61c7f842464c8f11a63d2959a226: Neither blocks nor log segments found. Creating new log.
I20260710 10:59:48.773201  9022 tablet_bootstrap.cc:492] T 015cdb39cc844512b9bdee188f21e75f P af8432b38be8482682eef52e935316cc: No bootstrap required, opened a new log
I20260710 10:59:48.773731  9022 ts_tablet_manager.cc:1403] T 015cdb39cc844512b9bdee188f21e75f P af8432b38be8482682eef52e935316cc: Time spent bootstrapping tablet: real 0.023s	user 0.015s	sys 0.002s
I20260710 10:59:48.779178  8978 tablet_service.cc:1917] Received RequestConsensusVote() RPC: tablet_id: "f9a33c974ca240ca99dc7c6b2d4dbc4a" candidate_uuid: "29de61c7f842464c8f11a63d2959a226" candidate_term: 1 candidate_status { last_received { term: 0 index: 0 } } ignore_live_leader: false dest_uuid: "af8432b38be8482682eef52e935316cc" is_pre_election: true
I20260710 10:59:48.779779  9022 raft_consensus.cc:359] T 015cdb39cc844512b9bdee188f21e75f P af8432b38be8482682eef52e935316cc [term 0 FOLLOWER]: Replica starting. Triggering 0 pending ops. Active config: opid_index: -1 OBSOLETE_local: false peers { permanent_uuid: "29de61c7f842464c8f11a63d2959a226" member_type: VOTER last_known_addr { host: "127.8.125.129" port: 36799 } } peers { permanent_uuid: "bbfe5007ee154562b2ed3d2af5b534a2" member_type: VOTER last_known_addr { host: "127.8.125.130" port: 40731 } } peers { permanent_uuid: "af8432b38be8482682eef52e935316cc" member_type: VOTER last_known_addr { host: "127.8.125.131" port: 42137 } }
I20260710 10:59:48.780516  9022 raft_consensus.cc:385] T 015cdb39cc844512b9bdee188f21e75f P af8432b38be8482682eef52e935316cc [term 0 FOLLOWER]: Consensus starting up: Expiring failure detector timer to make a prompt election more likely
I20260710 10:59:48.780781  9022 raft_consensus.cc:740] T 015cdb39cc844512b9bdee188f21e75f P af8432b38be8482682eef52e935316cc [term 0 FOLLOWER]: Becoming Follower/Learner. State: Replica: af8432b38be8482682eef52e935316cc, State: Initialized, Role: FOLLOWER
W20260710 10:59:48.781885  8792 leader_election.cc:343] T f9a33c974ca240ca99dc7c6b2d4dbc4a P 29de61c7f842464c8f11a63d2959a226 [CANDIDATE]: Term 1 pre-election: Tablet error from VoteRequest() call to peer af8432b38be8482682eef52e935316cc (127.8.125.131:42137): Illegal state: must be running to vote when last-logged opid is not known
I20260710 10:59:48.781598  9022 consensus_queue.cc:260] T 015cdb39cc844512b9bdee188f21e75f P af8432b38be8482682eef52e935316cc [NON_LEADER]: Queue going to NON_LEADER mode. State: All replicated index: 0, Majority replicated index: 0, Committed index: 0, Last appended: 0.0, Last appended by leader: 0, Current term: 0, Majority size: -1, State: 0, Mode: NON_LEADER, active raft config: opid_index: -1 OBSOLETE_local: false peers { permanent_uuid: "29de61c7f842464c8f11a63d2959a226" member_type: VOTER last_known_addr { host: "127.8.125.129" port: 36799 } } peers { permanent_uuid: "bbfe5007ee154562b2ed3d2af5b534a2" member_type: VOTER last_known_addr { host: "127.8.125.130" port: 40731 } } peers { permanent_uuid: "af8432b38be8482682eef52e935316cc" member_type: VOTER last_known_addr { host: "127.8.125.131" port: 42137 } }
I20260710 10:59:48.785313  8904 tablet_service.cc:1917] Received RequestConsensusVote() RPC: tablet_id: "f9a33c974ca240ca99dc7c6b2d4dbc4a" candidate_uuid: "29de61c7f842464c8f11a63d2959a226" candidate_term: 1 candidate_status { last_received { term: 0 index: 0 } } ignore_live_leader: false dest_uuid: "bbfe5007ee154562b2ed3d2af5b534a2" is_pre_election: true
I20260710 10:59:48.785720  9022 ts_tablet_manager.cc:1434] T 015cdb39cc844512b9bdee188f21e75f P af8432b38be8482682eef52e935316cc: Time spent starting tablet: real 0.012s	user 0.005s	sys 0.000s
I20260710 10:59:48.787295  9022 tablet_bootstrap.cc:492] T 592a6dc3a561469e86fe731b01da8be7 P af8432b38be8482682eef52e935316cc: Bootstrap starting.
I20260710 10:59:48.789422  9021 tablet_bootstrap.cc:492] T fd3057cbe0a94dcf84f497e320651d5f P bbfe5007ee154562b2ed3d2af5b534a2: No bootstrap required, opened a new log
I20260710 10:59:48.790007  9021 ts_tablet_manager.cc:1403] T fd3057cbe0a94dcf84f497e320651d5f P bbfe5007ee154562b2ed3d2af5b534a2: Time spent bootstrapping tablet: real 0.050s	user 0.017s	sys 0.004s
W20260710 10:59:48.790019  8795 leader_election.cc:343] T f9a33c974ca240ca99dc7c6b2d4dbc4a P 29de61c7f842464c8f11a63d2959a226 [CANDIDATE]: Term 1 pre-election: Tablet error from VoteRequest() call to peer bbfe5007ee154562b2ed3d2af5b534a2 (127.8.125.130:40731): Illegal state: must be running to vote when last-logged opid is not known
I20260710 10:59:48.790678  8795 leader_election.cc:304] T f9a33c974ca240ca99dc7c6b2d4dbc4a P 29de61c7f842464c8f11a63d2959a226 [CANDIDATE]: Term 1 pre-election: Election decided. Result: candidate lost. Election summary: received 3 responses out of 3 voters: 1 yes votes; 2 no votes. yes voters: 29de61c7f842464c8f11a63d2959a226; no voters: af8432b38be8482682eef52e935316cc, bbfe5007ee154562b2ed3d2af5b534a2
I20260710 10:59:48.792124  9030 raft_consensus.cc:2749] T f9a33c974ca240ca99dc7c6b2d4dbc4a P 29de61c7f842464c8f11a63d2959a226 [term 0 FOLLOWER]: Leader pre-election lost for term 1. Reason: could not achieve majority
I20260710 10:59:48.793380  9021 raft_consensus.cc:359] T fd3057cbe0a94dcf84f497e320651d5f P bbfe5007ee154562b2ed3d2af5b534a2 [term 0 FOLLOWER]: Replica starting. Triggering 0 pending ops. Active config: opid_index: -1 OBSOLETE_local: false peers { permanent_uuid: "29de61c7f842464c8f11a63d2959a226" member_type: VOTER last_known_addr { host: "127.8.125.129" port: 36799 } } peers { permanent_uuid: "bbfe5007ee154562b2ed3d2af5b534a2" member_type: VOTER last_known_addr { host: "127.8.125.130" port: 40731 } } peers { permanent_uuid: "af8432b38be8482682eef52e935316cc" member_type: VOTER last_known_addr { host: "127.8.125.131" port: 42137 } }
I20260710 10:59:48.794049  9022 tablet_bootstrap.cc:654] T 592a6dc3a561469e86fe731b01da8be7 P af8432b38be8482682eef52e935316cc: Neither blocks nor log segments found. Creating new log.
I20260710 10:59:48.794248  9021 raft_consensus.cc:385] T fd3057cbe0a94dcf84f497e320651d5f P bbfe5007ee154562b2ed3d2af5b534a2 [term 0 FOLLOWER]: Consensus starting up: Expiring failure detector timer to make a prompt election more likely
I20260710 10:59:48.794628  9021 raft_consensus.cc:740] T fd3057cbe0a94dcf84f497e320651d5f P bbfe5007ee154562b2ed3d2af5b534a2 [term 0 FOLLOWER]: Becoming Follower/Learner. State: Replica: bbfe5007ee154562b2ed3d2af5b534a2, State: Initialized, Role: FOLLOWER
I20260710 10:59:48.795449  9021 consensus_queue.cc:260] T fd3057cbe0a94dcf84f497e320651d5f P bbfe5007ee154562b2ed3d2af5b534a2 [NON_LEADER]: Queue going to NON_LEADER mode. State: All replicated index: 0, Majority replicated index: 0, Committed index: 0, Last appended: 0.0, Last appended by leader: 0, Current term: 0, Majority size: -1, State: 0, Mode: NON_LEADER, active raft config: opid_index: -1 OBSOLETE_local: false peers { permanent_uuid: "29de61c7f842464c8f11a63d2959a226" member_type: VOTER last_known_addr { host: "127.8.125.129" port: 36799 } } peers { permanent_uuid: "bbfe5007ee154562b2ed3d2af5b534a2" member_type: VOTER last_known_addr { host: "127.8.125.130" port: 40731 } } peers { permanent_uuid: "af8432b38be8482682eef52e935316cc" member_type: VOTER last_known_addr { host: "127.8.125.131" port: 42137 } }
I20260710 10:59:48.798130  9021 ts_tablet_manager.cc:1434] T fd3057cbe0a94dcf84f497e320651d5f P bbfe5007ee154562b2ed3d2af5b534a2: Time spent starting tablet: real 0.008s	user 0.006s	sys 0.001s
I20260710 10:59:48.800232  9023 tablet_bootstrap.cc:492] T fd3057cbe0a94dcf84f497e320651d5f P 29de61c7f842464c8f11a63d2959a226: No bootstrap required, opened a new log
I20260710 10:59:48.800746  9023 ts_tablet_manager.cc:1403] T fd3057cbe0a94dcf84f497e320651d5f P 29de61c7f842464c8f11a63d2959a226: Time spent bootstrapping tablet: real 0.056s	user 0.006s	sys 0.013s
I20260710 10:59:48.804409  9023 raft_consensus.cc:359] T fd3057cbe0a94dcf84f497e320651d5f P 29de61c7f842464c8f11a63d2959a226 [term 0 FOLLOWER]: Replica starting. Triggering 0 pending ops. Active config: opid_index: -1 OBSOLETE_local: false peers { permanent_uuid: "29de61c7f842464c8f11a63d2959a226" member_type: VOTER last_known_addr { host: "127.8.125.129" port: 36799 } } peers { permanent_uuid: "bbfe5007ee154562b2ed3d2af5b534a2" member_type: VOTER last_known_addr { host: "127.8.125.130" port: 40731 } } peers { permanent_uuid: "af8432b38be8482682eef52e935316cc" member_type: VOTER last_known_addr { host: "127.8.125.131" port: 42137 } }
I20260710 10:59:48.805225  9023 raft_consensus.cc:385] T fd3057cbe0a94dcf84f497e320651d5f P 29de61c7f842464c8f11a63d2959a226 [term 0 FOLLOWER]: Consensus starting up: Expiring failure detector timer to make a prompt election more likely
I20260710 10:59:48.805500  9023 raft_consensus.cc:740] T fd3057cbe0a94dcf84f497e320651d5f P 29de61c7f842464c8f11a63d2959a226 [term 0 FOLLOWER]: Becoming Follower/Learner. State: Replica: 29de61c7f842464c8f11a63d2959a226, State: Initialized, Role: FOLLOWER
I20260710 10:59:48.806417  9023 consensus_queue.cc:260] T fd3057cbe0a94dcf84f497e320651d5f P 29de61c7f842464c8f11a63d2959a226 [NON_LEADER]: Queue going to NON_LEADER mode. State: All replicated index: 0, Majority replicated index: 0, Committed index: 0, Last appended: 0.0, Last appended by leader: 0, Current term: 0, Majority size: -1, State: 0, Mode: NON_LEADER, active raft config: opid_index: -1 OBSOLETE_local: false peers { permanent_uuid: "29de61c7f842464c8f11a63d2959a226" member_type: VOTER last_known_addr { host: "127.8.125.129" port: 36799 } } peers { permanent_uuid: "bbfe5007ee154562b2ed3d2af5b534a2" member_type: VOTER last_known_addr { host: "127.8.125.130" port: 40731 } } peers { permanent_uuid: "af8432b38be8482682eef52e935316cc" member_type: VOTER last_known_addr { host: "127.8.125.131" port: 42137 } }
I20260710 10:59:48.809005  9023 ts_tablet_manager.cc:1434] T fd3057cbe0a94dcf84f497e320651d5f P 29de61c7f842464c8f11a63d2959a226: Time spent starting tablet: real 0.008s	user 0.009s	sys 0.000s
I20260710 10:59:48.810027  9023 tablet_bootstrap.cc:492] T 015cdb39cc844512b9bdee188f21e75f P 29de61c7f842464c8f11a63d2959a226: Bootstrap starting.
I20260710 10:59:48.817875  9021 tablet_bootstrap.cc:492] T 015cdb39cc844512b9bdee188f21e75f P bbfe5007ee154562b2ed3d2af5b534a2: Bootstrap starting.
I20260710 10:59:48.826458  9027 raft_consensus.cc:493] T fd3057cbe0a94dcf84f497e320651d5f P bbfe5007ee154562b2ed3d2af5b534a2 [term 0 FOLLOWER]: Starting pre-election (no leader contacted us within the election timeout)
I20260710 10:59:48.827332  9027 raft_consensus.cc:515] T fd3057cbe0a94dcf84f497e320651d5f P bbfe5007ee154562b2ed3d2af5b534a2 [term 0 FOLLOWER]: Starting pre-election with config: opid_index: -1 OBSOLETE_local: false peers { permanent_uuid: "29de61c7f842464c8f11a63d2959a226" member_type: VOTER last_known_addr { host: "127.8.125.129" port: 36799 } } peers { permanent_uuid: "bbfe5007ee154562b2ed3d2af5b534a2" member_type: VOTER last_known_addr { host: "127.8.125.130" port: 40731 } } peers { permanent_uuid: "af8432b38be8482682eef52e935316cc" member_type: VOTER last_known_addr { host: "127.8.125.131" port: 42137 } }
I20260710 10:59:48.830452  9027 leader_election.cc:290] T fd3057cbe0a94dcf84f497e320651d5f P bbfe5007ee154562b2ed3d2af5b534a2 [CANDIDATE]: Term 1 pre-election: Requested pre-vote from peers 29de61c7f842464c8f11a63d2959a226 (127.8.125.129:36799), af8432b38be8482682eef52e935316cc (127.8.125.131:42137)
I20260710 10:59:48.826828  9023 tablet_bootstrap.cc:654] T 015cdb39cc844512b9bdee188f21e75f P 29de61c7f842464c8f11a63d2959a226: Neither blocks nor log segments found. Creating new log.
I20260710 10:59:48.834147  9022 tablet_bootstrap.cc:492] T 592a6dc3a561469e86fe731b01da8be7 P af8432b38be8482682eef52e935316cc: No bootstrap required, opened a new log
I20260710 10:59:48.834682  9022 ts_tablet_manager.cc:1403] T 592a6dc3a561469e86fe731b01da8be7 P af8432b38be8482682eef52e935316cc: Time spent bootstrapping tablet: real 0.048s	user 0.014s	sys 0.030s
I20260710 10:59:48.838019  9022 raft_consensus.cc:359] T 592a6dc3a561469e86fe731b01da8be7 P af8432b38be8482682eef52e935316cc [term 0 FOLLOWER]: Replica starting. Triggering 0 pending ops. Active config: opid_index: -1 OBSOLETE_local: false peers { permanent_uuid: "29de61c7f842464c8f11a63d2959a226" member_type: VOTER last_known_addr { host: "127.8.125.129" port: 36799 } } peers { permanent_uuid: "bbfe5007ee154562b2ed3d2af5b534a2" member_type: VOTER last_known_addr { host: "127.8.125.130" port: 40731 } } peers { permanent_uuid: "af8432b38be8482682eef52e935316cc" member_type: VOTER last_known_addr { host: "127.8.125.131" port: 42137 } }
I20260710 10:59:48.838918  9022 raft_consensus.cc:385] T 592a6dc3a561469e86fe731b01da8be7 P af8432b38be8482682eef52e935316cc [term 0 FOLLOWER]: Consensus starting up: Expiring failure detector timer to make a prompt election more likely
I20260710 10:59:48.839219  9022 raft_consensus.cc:740] T 592a6dc3a561469e86fe731b01da8be7 P af8432b38be8482682eef52e935316cc [term 0 FOLLOWER]: Becoming Follower/Learner. State: Replica: af8432b38be8482682eef52e935316cc, State: Initialized, Role: FOLLOWER
I20260710 10:59:48.840310  9021 tablet_bootstrap.cc:654] T 015cdb39cc844512b9bdee188f21e75f P bbfe5007ee154562b2ed3d2af5b534a2: Neither blocks nor log segments found. Creating new log.
I20260710 10:59:48.840081  9022 consensus_queue.cc:260] T 592a6dc3a561469e86fe731b01da8be7 P af8432b38be8482682eef52e935316cc [NON_LEADER]: Queue going to NON_LEADER mode. State: All replicated index: 0, Majority replicated index: 0, Committed index: 0, Last appended: 0.0, Last appended by leader: 0, Current term: 0, Majority size: -1, State: 0, Mode: NON_LEADER, active raft config: opid_index: -1 OBSOLETE_local: false peers { permanent_uuid: "29de61c7f842464c8f11a63d2959a226" member_type: VOTER last_known_addr { host: "127.8.125.129" port: 36799 } } peers { permanent_uuid: "bbfe5007ee154562b2ed3d2af5b534a2" member_type: VOTER last_known_addr { host: "127.8.125.130" port: 40731 } } peers { permanent_uuid: "af8432b38be8482682eef52e935316cc" member_type: VOTER last_known_addr { host: "127.8.125.131" port: 42137 } }
I20260710 10:59:48.846455  9023 tablet_bootstrap.cc:492] T 015cdb39cc844512b9bdee188f21e75f P 29de61c7f842464c8f11a63d2959a226: No bootstrap required, opened a new log
I20260710 10:59:48.847157  9023 ts_tablet_manager.cc:1403] T 015cdb39cc844512b9bdee188f21e75f P 29de61c7f842464c8f11a63d2959a226: Time spent bootstrapping tablet: real 0.037s	user 0.007s	sys 0.012s
I20260710 10:59:48.851071  9023 raft_consensus.cc:359] T 015cdb39cc844512b9bdee188f21e75f P 29de61c7f842464c8f11a63d2959a226 [term 0 FOLLOWER]: Replica starting. Triggering 0 pending ops. Active config: opid_index: -1 OBSOLETE_local: false peers { permanent_uuid: "29de61c7f842464c8f11a63d2959a226" member_type: VOTER last_known_addr { host: "127.8.125.129" port: 36799 } } peers { permanent_uuid: "bbfe5007ee154562b2ed3d2af5b534a2" member_type: VOTER last_known_addr { host: "127.8.125.130" port: 40731 } } peers { permanent_uuid: "af8432b38be8482682eef52e935316cc" member_type: VOTER last_known_addr { host: "127.8.125.131" port: 42137 } }
I20260710 10:59:48.852077  9023 raft_consensus.cc:385] T 015cdb39cc844512b9bdee188f21e75f P 29de61c7f842464c8f11a63d2959a226 [term 0 FOLLOWER]: Consensus starting up: Expiring failure detector timer to make a prompt election more likely
I20260710 10:59:48.852440  9023 raft_consensus.cc:740] T 015cdb39cc844512b9bdee188f21e75f P 29de61c7f842464c8f11a63d2959a226 [term 0 FOLLOWER]: Becoming Follower/Learner. State: Replica: 29de61c7f842464c8f11a63d2959a226, State: Initialized, Role: FOLLOWER
I20260710 10:59:48.853351  9023 consensus_queue.cc:260] T 015cdb39cc844512b9bdee188f21e75f P 29de61c7f842464c8f11a63d2959a226 [NON_LEADER]: Queue going to NON_LEADER mode. State: All replicated index: 0, Majority replicated index: 0, Committed index: 0, Last appended: 0.0, Last appended by leader: 0, Current term: 0, Majority size: -1, State: 0, Mode: NON_LEADER, active raft config: opid_index: -1 OBSOLETE_local: false peers { permanent_uuid: "29de61c7f842464c8f11a63d2959a226" member_type: VOTER last_known_addr { host: "127.8.125.129" port: 36799 } } peers { permanent_uuid: "bbfe5007ee154562b2ed3d2af5b534a2" member_type: VOTER last_known_addr { host: "127.8.125.130" port: 40731 } } peers { permanent_uuid: "af8432b38be8482682eef52e935316cc" member_type: VOTER last_known_addr { host: "127.8.125.131" port: 42137 } }
I20260710 10:59:48.853873  9022 ts_tablet_manager.cc:1434] T 592a6dc3a561469e86fe731b01da8be7 P af8432b38be8482682eef52e935316cc: Time spent starting tablet: real 0.019s	user 0.005s	sys 0.004s
I20260710 10:59:48.855986  9023 ts_tablet_manager.cc:1434] T 015cdb39cc844512b9bdee188f21e75f P 29de61c7f842464c8f11a63d2959a226: Time spent starting tablet: real 0.008s	user 0.008s	sys 0.000s
I20260710 10:59:48.857016  9023 tablet_bootstrap.cc:492] T ac3e1b5cb39d484b8e1d1785443b9b27 P 29de61c7f842464c8f11a63d2959a226: Bootstrap starting.
I20260710 10:59:48.861114  9028 raft_consensus.cc:493] T ac3e1b5cb39d484b8e1d1785443b9b27 P af8432b38be8482682eef52e935316cc [term 0 FOLLOWER]: Starting pre-election (no leader contacted us within the election timeout)
I20260710 10:59:48.861897  9028 raft_consensus.cc:515] T ac3e1b5cb39d484b8e1d1785443b9b27 P af8432b38be8482682eef52e935316cc [term 0 FOLLOWER]: Starting pre-election with config: opid_index: -1 OBSOLETE_local: false peers { permanent_uuid: "af8432b38be8482682eef52e935316cc" member_type: VOTER last_known_addr { host: "127.8.125.131" port: 42137 } } peers { permanent_uuid: "bbfe5007ee154562b2ed3d2af5b534a2" member_type: VOTER last_known_addr { host: "127.8.125.130" port: 40731 } } peers { permanent_uuid: "29de61c7f842464c8f11a63d2959a226" member_type: VOTER last_known_addr { host: "127.8.125.129" port: 36799 } }
I20260710 10:59:48.866137  9021 tablet_bootstrap.cc:492] T 015cdb39cc844512b9bdee188f21e75f P bbfe5007ee154562b2ed3d2af5b534a2: No bootstrap required, opened a new log
I20260710 10:59:48.866758  9021 ts_tablet_manager.cc:1403] T 015cdb39cc844512b9bdee188f21e75f P bbfe5007ee154562b2ed3d2af5b534a2: Time spent bootstrapping tablet: real 0.049s	user 0.013s	sys 0.017s
I20260710 10:59:48.866971  9028 leader_election.cc:290] T ac3e1b5cb39d484b8e1d1785443b9b27 P af8432b38be8482682eef52e935316cc [CANDIDATE]: Term 1 pre-election: Requested pre-vote from peers bbfe5007ee154562b2ed3d2af5b534a2 (127.8.125.130:40731), 29de61c7f842464c8f11a63d2959a226 (127.8.125.129:36799)
I20260710 10:59:48.867321  9023 tablet_bootstrap.cc:654] T ac3e1b5cb39d484b8e1d1785443b9b27 P 29de61c7f842464c8f11a63d2959a226: Neither blocks nor log segments found. Creating new log.
I20260710 10:59:48.871065  9021 raft_consensus.cc:359] T 015cdb39cc844512b9bdee188f21e75f P bbfe5007ee154562b2ed3d2af5b534a2 [term 0 FOLLOWER]: Replica starting. Triggering 0 pending ops. Active config: opid_index: -1 OBSOLETE_local: false peers { permanent_uuid: "29de61c7f842464c8f11a63d2959a226" member_type: VOTER last_known_addr { host: "127.8.125.129" port: 36799 } } peers { permanent_uuid: "bbfe5007ee154562b2ed3d2af5b534a2" member_type: VOTER last_known_addr { host: "127.8.125.130" port: 40731 } } peers { permanent_uuid: "af8432b38be8482682eef52e935316cc" member_type: VOTER last_known_addr { host: "127.8.125.131" port: 42137 } }
I20260710 10:59:48.871930  9021 raft_consensus.cc:385] T 015cdb39cc844512b9bdee188f21e75f P bbfe5007ee154562b2ed3d2af5b534a2 [term 0 FOLLOWER]: Consensus starting up: Expiring failure detector timer to make a prompt election more likely
I20260710 10:59:48.872289  9021 raft_consensus.cc:740] T 015cdb39cc844512b9bdee188f21e75f P bbfe5007ee154562b2ed3d2af5b534a2 [term 0 FOLLOWER]: Becoming Follower/Learner. State: Replica: bbfe5007ee154562b2ed3d2af5b534a2, State: Initialized, Role: FOLLOWER
I20260710 10:59:48.873124  9030 raft_consensus.cc:493] T 592a6dc3a561469e86fe731b01da8be7 P 29de61c7f842464c8f11a63d2959a226 [term 0 FOLLOWER]: Starting pre-election (no leader contacted us within the election timeout)
I20260710 10:59:48.873704  9030 raft_consensus.cc:515] T 592a6dc3a561469e86fe731b01da8be7 P 29de61c7f842464c8f11a63d2959a226 [term 0 FOLLOWER]: Starting pre-election with config: opid_index: -1 OBSOLETE_local: false peers { permanent_uuid: "29de61c7f842464c8f11a63d2959a226" member_type: VOTER last_known_addr { host: "127.8.125.129" port: 36799 } } peers { permanent_uuid: "bbfe5007ee154562b2ed3d2af5b534a2" member_type: VOTER last_known_addr { host: "127.8.125.130" port: 40731 } } peers { permanent_uuid: "af8432b38be8482682eef52e935316cc" member_type: VOTER last_known_addr { host: "127.8.125.131" port: 42137 } }
I20260710 10:59:48.873380  9021 consensus_queue.cc:260] T 015cdb39cc844512b9bdee188f21e75f P bbfe5007ee154562b2ed3d2af5b534a2 [NON_LEADER]: Queue going to NON_LEADER mode. State: All replicated index: 0, Majority replicated index: 0, Committed index: 0, Last appended: 0.0, Last appended by leader: 0, Current term: 0, Majority size: -1, State: 0, Mode: NON_LEADER, active raft config: opid_index: -1 OBSOLETE_local: false peers { permanent_uuid: "29de61c7f842464c8f11a63d2959a226" member_type: VOTER last_known_addr { host: "127.8.125.129" port: 36799 } } peers { permanent_uuid: "bbfe5007ee154562b2ed3d2af5b534a2" member_type: VOTER last_known_addr { host: "127.8.125.130" port: 40731 } } peers { permanent_uuid: "af8432b38be8482682eef52e935316cc" member_type: VOTER last_known_addr { host: "127.8.125.131" port: 42137 } }
I20260710 10:59:48.875445  9022 tablet_bootstrap.cc:492] T f9a33c974ca240ca99dc7c6b2d4dbc4a P af8432b38be8482682eef52e935316cc: Bootstrap starting.
I20260710 10:59:48.875962  9030 leader_election.cc:290] T 592a6dc3a561469e86fe731b01da8be7 P 29de61c7f842464c8f11a63d2959a226 [CANDIDATE]: Term 1 pre-election: Requested pre-vote from peers bbfe5007ee154562b2ed3d2af5b534a2 (127.8.125.130:40731), af8432b38be8482682eef52e935316cc (127.8.125.131:42137)
I20260710 10:59:48.876888  8904 tablet_service.cc:1917] Received RequestConsensusVote() RPC: tablet_id: "592a6dc3a561469e86fe731b01da8be7" candidate_uuid: "29de61c7f842464c8f11a63d2959a226" candidate_term: 1 candidate_status { last_received { term: 0 index: 0 } } ignore_live_leader: false dest_uuid: "bbfe5007ee154562b2ed3d2af5b534a2" is_pre_election: true
