I20260710 10:59:58.803815 12616 leader_election.cc:304] T a61ebacd4f7e48fc9fd36ef59eab4789 P e84eee8759d44c729beb95eae620812c [CANDIDATE]: Term 1 election: Election decided. Result: candidate won. Election summary: received 2 responses out of 3 voters: 2 yes votes; 0 no votes. yes voters: a206704e83714d5ca0d04b56ad48c751, e84eee8759d44c729beb95eae620812c; no voters: 
I20260710 10:59:58.804134 12690 tablet_bootstrap.cc:654] T e278c6b93bbe4005b1ee0a182ac180f3 P e84eee8759d44c729beb95eae620812c: Neither blocks nor log segments found. Creating new log.
I20260710 10:59:58.804668 12712 raft_consensus.cc:2804] T a61ebacd4f7e48fc9fd36ef59eab4789 P e84eee8759d44c729beb95eae620812c [term 1 FOLLOWER]: Leader election won for term 1
I20260710 10:59:58.796080 12704 raft_consensus.cc:515] T 56247e39c0a14b5b9c3cb2d19bd239ba P a206704e83714d5ca0d04b56ad48c751 [term 1 FOLLOWER]: Starting leader election with config: opid_index: -1 OBSOLETE_local: false peers { permanent_uuid: "a206704e83714d5ca0d04b56ad48c751" member_type: VOTER last_known_addr { host: "127.11.155.1" port: 34545 } } peers { permanent_uuid: "8ffbd3a7ddea4d7d84cb211eb75bece3" member_type: VOTER last_known_addr { host: "127.11.155.2" port: 38193 } } peers { permanent_uuid: "e84eee8759d44c729beb95eae620812c" member_type: VOTER last_known_addr { host: "127.11.155.3" port: 43885 } }
I20260710 10:59:58.814249 12577 tablet_service.cc:1917] Received RequestConsensusVote() RPC: tablet_id: "56247e39c0a14b5b9c3cb2d19bd239ba" candidate_uuid: "a206704e83714d5ca0d04b56ad48c751" candidate_term: 1 candidate_status { last_received { term: 0 index: 0 } } ignore_live_leader: false dest_uuid: "8ffbd3a7ddea4d7d84cb211eb75bece3"
I20260710 10:59:58.814851 12577 raft_consensus.cc:3060] T 56247e39c0a14b5b9c3cb2d19bd239ba P 8ffbd3a7ddea4d7d84cb211eb75bece3 [term 0 FOLLOWER]: Advancing to term 1
I20260710 10:59:58.821825 12577 raft_consensus.cc:2468] T 56247e39c0a14b5b9c3cb2d19bd239ba P 8ffbd3a7ddea4d7d84cb211eb75bece3 [term 1 FOLLOWER]: Leader election vote request: Granting yes vote for candidate a206704e83714d5ca0d04b56ad48c751 in term 1.
I20260710 10:59:58.823758 12651 tablet_service.cc:1917] Received RequestConsensusVote() RPC: tablet_id: "56247e39c0a14b5b9c3cb2d19bd239ba" candidate_uuid: "a206704e83714d5ca0d04b56ad48c751" candidate_term: 1 candidate_status { last_received { term: 0 index: 0 } } ignore_live_leader: false dest_uuid: "e84eee8759d44c729beb95eae620812c"
I20260710 10:59:58.824515 12651 raft_consensus.cc:3060] T 56247e39c0a14b5b9c3cb2d19bd239ba P e84eee8759d44c729beb95eae620812c [term 0 FOLLOWER]: Advancing to term 1
I20260710 10:59:58.825479 12712 raft_consensus.cc:697] T a61ebacd4f7e48fc9fd36ef59eab4789 P e84eee8759d44c729beb95eae620812c [term 1 LEADER]: Becoming Leader. State: Replica: e84eee8759d44c729beb95eae620812c, State: Running, Role: LEADER
I20260710 10:59:58.826315 12712 consensus_queue.cc:237] T a61ebacd4f7e48fc9fd36ef59eab4789 P e84eee8759d44c729beb95eae620812c [LEADER]: Queue going to LEADER mode. State: All replicated index: 0, Majority replicated index: 0, Committed index: 0, Last appended: 0.0, Last appended by leader: 0, Current term: 1, Majority size: 2, State: 0, Mode: LEADER, active raft config: opid_index: -1 OBSOLETE_local: false peers { permanent_uuid: "a206704e83714d5ca0d04b56ad48c751" member_type: VOTER last_known_addr { host: "127.11.155.1" port: 34545 } } peers { permanent_uuid: "8ffbd3a7ddea4d7d84cb211eb75bece3" member_type: VOTER last_known_addr { host: "127.11.155.2" port: 38193 } } peers { permanent_uuid: "e84eee8759d44c729beb95eae620812c" member_type: VOTER last_known_addr { host: "127.11.155.3" port: 43885 } }
I20260710 10:59:58.831250 12695 leader_election.cc:290] T a61ebacd4f7e48fc9fd36ef59eab4789 P e84eee8759d44c729beb95eae620812c [CANDIDATE]: Term 1 election: Requested vote from peers a206704e83714d5ca0d04b56ad48c751 (127.11.155.1:34545), 8ffbd3a7ddea4d7d84cb211eb75bece3 (127.11.155.2:38193)
I20260710 10:59:58.831429 12467 leader_election.cc:304] T 56247e39c0a14b5b9c3cb2d19bd239ba P a206704e83714d5ca0d04b56ad48c751 [CANDIDATE]: Term 1 election: Election decided. Result: candidate won. Election summary: received 2 responses out of 3 voters: 2 yes votes; 0 no votes. yes voters: 8ffbd3a7ddea4d7d84cb211eb75bece3, a206704e83714d5ca0d04b56ad48c751; no voters: 
I20260710 10:59:58.833722 12651 raft_consensus.cc:2468] T 56247e39c0a14b5b9c3cb2d19bd239ba P e84eee8759d44c729beb95eae620812c [term 1 FOLLOWER]: Leader election vote request: Granting yes vote for candidate a206704e83714d5ca0d04b56ad48c751 in term 1.
I20260710 10:59:58.833976 12694 ts_tablet_manager.cc:1434] T 2243387ea43c453d9eb9bca8f510676a P a206704e83714d5ca0d04b56ad48c751: Time spent starting tablet: real 0.052s	user 0.019s	sys 0.007s
I20260710 10:59:58.834451 12577 tablet_service.cc:1917] Received RequestConsensusVote() RPC: tablet_id: "a61ebacd4f7e48fc9fd36ef59eab4789" candidate_uuid: "e84eee8759d44c729beb95eae620812c" candidate_term: 1 candidate_status { last_received { term: 0 index: 0 } } ignore_live_leader: false dest_uuid: "8ffbd3a7ddea4d7d84cb211eb75bece3"
I20260710 10:59:58.835843 12577 raft_consensus.cc:3060] T a61ebacd4f7e48fc9fd36ef59eab4789 P 8ffbd3a7ddea4d7d84cb211eb75bece3 [term 0 FOLLOWER]: Advancing to term 1
I20260710 10:59:58.838636 12694 tablet_bootstrap.cc:492] T 0476e4880aa64a7b81dbb3d1e7cf40c7 P a206704e83714d5ca0d04b56ad48c751: Bootstrap starting.
I20260710 10:59:58.840451 12690 tablet_bootstrap.cc:492] T e278c6b93bbe4005b1ee0a182ac180f3 P e84eee8759d44c729beb95eae620812c: No bootstrap required, opened a new log
I20260710 10:59:58.840921 12690 ts_tablet_manager.cc:1403] T e278c6b93bbe4005b1ee0a182ac180f3 P e84eee8759d44c729beb95eae620812c: Time spent bootstrapping tablet: real 0.043s	user 0.026s	sys 0.016s
I20260710 10:59:58.843057 12704 leader_election.cc:290] T 56247e39c0a14b5b9c3cb2d19bd239ba P a206704e83714d5ca0d04b56ad48c751 [CANDIDATE]: Term 1 election: Requested vote from peers 8ffbd3a7ddea4d7d84cb211eb75bece3 (127.11.155.2:38193), e84eee8759d44c729beb95eae620812c (127.11.155.3:43885)
I20260710 10:59:58.843537 12690 raft_consensus.cc:359] T e278c6b93bbe4005b1ee0a182ac180f3 P e84eee8759d44c729beb95eae620812c [term 0 FOLLOWER]: Replica starting. Triggering 0 pending ops. Active config: opid_index: -1 OBSOLETE_local: false peers { permanent_uuid: "a206704e83714d5ca0d04b56ad48c751" member_type: VOTER last_known_addr { host: "127.11.155.1" port: 34545 } } peers { permanent_uuid: "8ffbd3a7ddea4d7d84cb211eb75bece3" member_type: VOTER last_known_addr { host: "127.11.155.2" port: 38193 } } peers { permanent_uuid: "e84eee8759d44c729beb95eae620812c" member_type: VOTER last_known_addr { host: "127.11.155.3" port: 43885 } }
I20260710 10:59:58.844342 12690 raft_consensus.cc:385] T e278c6b93bbe4005b1ee0a182ac180f3 P e84eee8759d44c729beb95eae620812c [term 0 FOLLOWER]: Consensus starting up: Expiring failure detector timer to make a prompt election more likely
I20260710 10:59:58.844660 12690 raft_consensus.cc:740] T e278c6b93bbe4005b1ee0a182ac180f3 P e84eee8759d44c729beb95eae620812c [term 0 FOLLOWER]: Becoming Follower/Learner. State: Replica: e84eee8759d44c729beb95eae620812c, State: Initialized, Role: FOLLOWER
I20260710 10:59:58.845101 12694 tablet_bootstrap.cc:654] T 0476e4880aa64a7b81dbb3d1e7cf40c7 P a206704e83714d5ca0d04b56ad48c751: Neither blocks nor log segments found. Creating new log.
I20260710 10:59:58.836570 12726 raft_consensus.cc:2804] T 56247e39c0a14b5b9c3cb2d19bd239ba P a206704e83714d5ca0d04b56ad48c751 [term 1 FOLLOWER]: Leader election won for term 1
I20260710 10:59:58.845695 12726 raft_consensus.cc:697] T 56247e39c0a14b5b9c3cb2d19bd239ba P a206704e83714d5ca0d04b56ad48c751 [term 1 LEADER]: Becoming Leader. State: Replica: a206704e83714d5ca0d04b56ad48c751, State: Running, Role: LEADER
I20260710 10:59:58.845600 12690 consensus_queue.cc:260] T e278c6b93bbe4005b1ee0a182ac180f3 P e84eee8759d44c729beb95eae620812c [NON_LEADER]: Queue going to NON_LEADER mode. State: All replicated index: 0, Majority replicated index: 0, Committed index: 0, Last appended: 0.0, Last appended by leader: 0, Current term: 0, Majority size: -1, State: 0, Mode: NON_LEADER, active raft config: opid_index: -1 OBSOLETE_local: false peers { permanent_uuid: "a206704e83714d5ca0d04b56ad48c751" member_type: VOTER last_known_addr { host: "127.11.155.1" port: 34545 } } peers { permanent_uuid: "8ffbd3a7ddea4d7d84cb211eb75bece3" member_type: VOTER last_known_addr { host: "127.11.155.2" port: 38193 } } peers { permanent_uuid: "e84eee8759d44c729beb95eae620812c" member_type: VOTER last_known_addr { host: "127.11.155.3" port: 43885 } }
I20260710 10:59:58.846863 12726 consensus_queue.cc:237] T 56247e39c0a14b5b9c3cb2d19bd239ba P a206704e83714d5ca0d04b56ad48c751 [LEADER]: Queue going to LEADER mode. State: All replicated index: 0, Majority replicated index: 0, Committed index: 0, Last appended: 0.0, Last appended by leader: 0, Current term: 1, Majority size: 2, State: 0, Mode: LEADER, active raft config: opid_index: -1 OBSOLETE_local: false peers { permanent_uuid: "a206704e83714d5ca0d04b56ad48c751" member_type: VOTER last_known_addr { host: "127.11.155.1" port: 34545 } } peers { permanent_uuid: "8ffbd3a7ddea4d7d84cb211eb75bece3" member_type: VOTER last_known_addr { host: "127.11.155.2" port: 38193 } } peers { permanent_uuid: "e84eee8759d44c729beb95eae620812c" member_type: VOTER last_known_addr { host: "127.11.155.3" port: 43885 } }
I20260710 10:59:58.848140 12690 ts_tablet_manager.cc:1434] T e278c6b93bbe4005b1ee0a182ac180f3 P e84eee8759d44c729beb95eae620812c: Time spent starting tablet: real 0.007s	user 0.006s	sys 0.000s
I20260710 10:59:58.849123 12690 tablet_bootstrap.cc:492] T e6c6f137ad874a518d1d67d1da6eb58a P e84eee8759d44c729beb95eae620812c: Bootstrap starting.
I20260710 10:59:58.850183 12691 tablet_bootstrap.cc:492] T e278c6b93bbe4005b1ee0a182ac180f3 P 8ffbd3a7ddea4d7d84cb211eb75bece3: No bootstrap required, opened a new log
I20260710 10:59:58.850622 12691 ts_tablet_manager.cc:1403] T e278c6b93bbe4005b1ee0a182ac180f3 P 8ffbd3a7ddea4d7d84cb211eb75bece3: Time spent bootstrapping tablet: real 0.054s	user 0.016s	sys 0.003s
I20260710 10:59:58.853119 12691 raft_consensus.cc:359] T e278c6b93bbe4005b1ee0a182ac180f3 P 8ffbd3a7ddea4d7d84cb211eb75bece3 [term 0 FOLLOWER]: Replica starting. Triggering 0 pending ops. Active config: opid_index: -1 OBSOLETE_local: false peers { permanent_uuid: "a206704e83714d5ca0d04b56ad48c751" member_type: VOTER last_known_addr { host: "127.11.155.1" port: 34545 } } peers { permanent_uuid: "8ffbd3a7ddea4d7d84cb211eb75bece3" member_type: VOTER last_known_addr { host: "127.11.155.2" port: 38193 } } peers { permanent_uuid: "e84eee8759d44c729beb95eae620812c" member_type: VOTER last_known_addr { host: "127.11.155.3" port: 43885 } }
I20260710 10:59:58.853717 12691 raft_consensus.cc:385] T e278c6b93bbe4005b1ee0a182ac180f3 P 8ffbd3a7ddea4d7d84cb211eb75bece3 [term 0 FOLLOWER]: Consensus starting up: Expiring failure detector timer to make a prompt election more likely
I20260710 10:59:58.853981 12691 raft_consensus.cc:740] T e278c6b93bbe4005b1ee0a182ac180f3 P 8ffbd3a7ddea4d7d84cb211eb75bece3 [term 0 FOLLOWER]: Becoming Follower/Learner. State: Replica: 8ffbd3a7ddea4d7d84cb211eb75bece3, State: Initialized, Role: FOLLOWER
I20260710 10:59:58.854696 12690 tablet_bootstrap.cc:654] T e6c6f137ad874a518d1d67d1da6eb58a P e84eee8759d44c729beb95eae620812c: Neither blocks nor log segments found. Creating new log.
I20260710 10:59:58.854681 12691 consensus_queue.cc:260] T e278c6b93bbe4005b1ee0a182ac180f3 P 8ffbd3a7ddea4d7d84cb211eb75bece3 [NON_LEADER]: Queue going to NON_LEADER mode. State: All replicated index: 0, Majority replicated index: 0, Committed index: 0, Last appended: 0.0, Last appended by leader: 0, Current term: 0, Majority size: -1, State: 0, Mode: NON_LEADER, active raft config: opid_index: -1 OBSOLETE_local: false peers { permanent_uuid: "a206704e83714d5ca0d04b56ad48c751" member_type: VOTER last_known_addr { host: "127.11.155.1" port: 34545 } } peers { permanent_uuid: "8ffbd3a7ddea4d7d84cb211eb75bece3" member_type: VOTER last_known_addr { host: "127.11.155.2" port: 38193 } } peers { permanent_uuid: "e84eee8759d44c729beb95eae620812c" member_type: VOTER last_known_addr { host: "127.11.155.3" port: 43885 } }
I20260710 10:59:58.863489 12577 raft_consensus.cc:2468] T a61ebacd4f7e48fc9fd36ef59eab4789 P 8ffbd3a7ddea4d7d84cb211eb75bece3 [term 1 FOLLOWER]: Leader election vote request: Granting yes vote for candidate e84eee8759d44c729beb95eae620812c in term 1.
I20260710 10:59:58.864301 12691 ts_tablet_manager.cc:1434] T e278c6b93bbe4005b1ee0a182ac180f3 P 8ffbd3a7ddea4d7d84cb211eb75bece3: Time spent starting tablet: real 0.013s	user 0.004s	sys 0.001s
I20260710 10:59:58.864161 12398 catalog_manager.cc:5697] T a61ebacd4f7e48fc9fd36ef59eab4789 P e84eee8759d44c729beb95eae620812c reported cstate change: term changed from 0 to 1, leader changed from <none> to e84eee8759d44c729beb95eae620812c (127.11.155.3). New cstate: current_term: 1 leader_uuid: "e84eee8759d44c729beb95eae620812c" committed_config { opid_index: -1 OBSOLETE_local: false peers { permanent_uuid: "a206704e83714d5ca0d04b56ad48c751" member_type: VOTER last_known_addr { host: "127.11.155.1" port: 34545 } health_report { overall_health: UNKNOWN } } peers { permanent_uuid: "8ffbd3a7ddea4d7d84cb211eb75bece3" member_type: VOTER last_known_addr { host: "127.11.155.2" port: 38193 } health_report { overall_health: UNKNOWN } } peers { permanent_uuid: "e84eee8759d44c729beb95eae620812c" member_type: VOTER last_known_addr { host: "127.11.155.3" port: 43885 } health_report { overall_health: HEALTHY } } }
I20260710 10:59:58.866956 12690 tablet_bootstrap.cc:492] T e6c6f137ad874a518d1d67d1da6eb58a P e84eee8759d44c729beb95eae620812c: No bootstrap required, opened a new log
I20260710 10:59:58.867528 12694 tablet_bootstrap.cc:492] T 0476e4880aa64a7b81dbb3d1e7cf40c7 P a206704e83714d5ca0d04b56ad48c751: No bootstrap required, opened a new log
I20260710 10:59:58.867547 12690 ts_tablet_manager.cc:1403] T e6c6f137ad874a518d1d67d1da6eb58a P e84eee8759d44c729beb95eae620812c: Time spent bootstrapping tablet: real 0.019s	user 0.008s	sys 0.008s
I20260710 10:59:58.868032 12694 ts_tablet_manager.cc:1403] T 0476e4880aa64a7b81dbb3d1e7cf40c7 P a206704e83714d5ca0d04b56ad48c751: Time spent bootstrapping tablet: real 0.030s	user 0.002s	sys 0.009s
I20260710 10:59:58.870338 12690 raft_consensus.cc:359] T e6c6f137ad874a518d1d67d1da6eb58a P e84eee8759d44c729beb95eae620812c [term 0 FOLLOWER]: Replica starting. Triggering 0 pending ops. Active config: opid_index: -1 OBSOLETE_local: false peers { permanent_uuid: "a206704e83714d5ca0d04b56ad48c751" member_type: VOTER last_known_addr { host: "127.11.155.1" port: 34545 } } peers { permanent_uuid: "8ffbd3a7ddea4d7d84cb211eb75bece3" member_type: VOTER last_known_addr { host: "127.11.155.2" port: 38193 } } peers { permanent_uuid: "e84eee8759d44c729beb95eae620812c" member_type: VOTER last_known_addr { host: "127.11.155.3" port: 43885 } }
I20260710 10:59:58.871073 12690 raft_consensus.cc:385] T e6c6f137ad874a518d1d67d1da6eb58a P e84eee8759d44c729beb95eae620812c [term 0 FOLLOWER]: Consensus starting up: Expiring failure detector timer to make a prompt election more likely
I20260710 10:59:58.870779 12694 raft_consensus.cc:359] T 0476e4880aa64a7b81dbb3d1e7cf40c7 P a206704e83714d5ca0d04b56ad48c751 [term 0 FOLLOWER]: Replica starting. Triggering 0 pending ops. Active config: opid_index: -1 OBSOLETE_local: false peers { permanent_uuid: "a206704e83714d5ca0d04b56ad48c751" member_type: VOTER last_known_addr { host: "127.11.155.1" port: 34545 } } peers { permanent_uuid: "8ffbd3a7ddea4d7d84cb211eb75bece3" member_type: VOTER last_known_addr { host: "127.11.155.2" port: 38193 } } peers { permanent_uuid: "e84eee8759d44c729beb95eae620812c" member_type: VOTER last_known_addr { host: "127.11.155.3" port: 43885 } }
I20260710 10:59:58.871469 12694 raft_consensus.cc:385] T 0476e4880aa64a7b81dbb3d1e7cf40c7 P a206704e83714d5ca0d04b56ad48c751 [term 0 FOLLOWER]: Consensus starting up: Expiring failure detector timer to make a prompt election more likely
I20260710 10:59:58.871441 12690 raft_consensus.cc:740] T e6c6f137ad874a518d1d67d1da6eb58a P e84eee8759d44c729beb95eae620812c [term 0 FOLLOWER]: Becoming Follower/Learner. State: Replica: e84eee8759d44c729beb95eae620812c, State: Initialized, Role: FOLLOWER
I20260710 10:59:58.871845 12694 raft_consensus.cc:740] T 0476e4880aa64a7b81dbb3d1e7cf40c7 P a206704e83714d5ca0d04b56ad48c751 [term 0 FOLLOWER]: Becoming Follower/Learner. State: Replica: a206704e83714d5ca0d04b56ad48c751, State: Initialized, Role: FOLLOWER
I20260710 10:59:58.872498 12690 consensus_queue.cc:260] T e6c6f137ad874a518d1d67d1da6eb58a P e84eee8759d44c729beb95eae620812c [NON_LEADER]: Queue going to NON_LEADER mode. State: All replicated index: 0, Majority replicated index: 0, Committed index: 0, Last appended: 0.0, Last appended by leader: 0, Current term: 0, Majority size: -1, State: 0, Mode: NON_LEADER, active raft config: opid_index: -1 OBSOLETE_local: false peers { permanent_uuid: "a206704e83714d5ca0d04b56ad48c751" member_type: VOTER last_known_addr { host: "127.11.155.1" port: 34545 } } peers { permanent_uuid: "8ffbd3a7ddea4d7d84cb211eb75bece3" member_type: VOTER last_known_addr { host: "127.11.155.2" port: 38193 } } peers { permanent_uuid: "e84eee8759d44c729beb95eae620812c" member_type: VOTER last_known_addr { host: "127.11.155.3" port: 43885 } }
I20260710 10:59:58.872509 12694 consensus_queue.cc:260] T 0476e4880aa64a7b81dbb3d1e7cf40c7 P a206704e83714d5ca0d04b56ad48c751 [NON_LEADER]: Queue going to NON_LEADER mode. State: All replicated index: 0, Majority replicated index: 0, Committed index: 0, Last appended: 0.0, Last appended by leader: 0, Current term: 0, Majority size: -1, State: 0, Mode: NON_LEADER, active raft config: opid_index: -1 OBSOLETE_local: false peers { permanent_uuid: "a206704e83714d5ca0d04b56ad48c751" member_type: VOTER last_known_addr { host: "127.11.155.1" port: 34545 } } peers { permanent_uuid: "8ffbd3a7ddea4d7d84cb211eb75bece3" member_type: VOTER last_known_addr { host: "127.11.155.2" port: 38193 } } peers { permanent_uuid: "e84eee8759d44c729beb95eae620812c" member_type: VOTER last_known_addr { host: "127.11.155.3" port: 43885 } }
I20260710 10:59:58.874763 12690 ts_tablet_manager.cc:1434] T e6c6f137ad874a518d1d67d1da6eb58a P e84eee8759d44c729beb95eae620812c: Time spent starting tablet: real 0.007s	user 0.006s	sys 0.000s
I20260710 10:59:58.874759 12694 ts_tablet_manager.cc:1434] T 0476e4880aa64a7b81dbb3d1e7cf40c7 P a206704e83714d5ca0d04b56ad48c751: Time spent starting tablet: real 0.006s	user 0.001s	sys 0.007s
I20260710 10:59:58.876111 12694 tablet_bootstrap.cc:492] T e278c6b93bbe4005b1ee0a182ac180f3 P a206704e83714d5ca0d04b56ad48c751: Bootstrap starting.
I20260710 10:59:58.884182 12694 tablet_bootstrap.cc:654] T e278c6b93bbe4005b1ee0a182ac180f3 P a206704e83714d5ca0d04b56ad48c751: Neither blocks nor log segments found. Creating new log.
I20260710 10:59:58.888748 12694 tablet_bootstrap.cc:492] T e278c6b93bbe4005b1ee0a182ac180f3 P a206704e83714d5ca0d04b56ad48c751: No bootstrap required, opened a new log
I20260710 10:59:58.888378 12400 catalog_manager.cc:5697] T 56247e39c0a14b5b9c3cb2d19bd239ba P a206704e83714d5ca0d04b56ad48c751 reported cstate change: term changed from 0 to 1, leader changed from <none> to a206704e83714d5ca0d04b56ad48c751 (127.11.155.1). New cstate: current_term: 1 leader_uuid: "a206704e83714d5ca0d04b56ad48c751" committed_config { opid_index: -1 OBSOLETE_local: false peers { permanent_uuid: "a206704e83714d5ca0d04b56ad48c751" member_type: VOTER last_known_addr { host: "127.11.155.1" port: 34545 } health_report { overall_health: HEALTHY } } peers { permanent_uuid: "8ffbd3a7ddea4d7d84cb211eb75bece3" member_type: VOTER last_known_addr { host: "127.11.155.2" port: 38193 } health_report { overall_health: UNKNOWN } } peers { permanent_uuid: "e84eee8759d44c729beb95eae620812c" member_type: VOTER last_known_addr { host: "127.11.155.3" port: 43885 } health_report { overall_health: UNKNOWN } } }
I20260710 10:59:58.889173 12694 ts_tablet_manager.cc:1403] T e278c6b93bbe4005b1ee0a182ac180f3 P a206704e83714d5ca0d04b56ad48c751: Time spent bootstrapping tablet: real 0.013s	user 0.009s	sys 0.000s
I20260710 10:59:58.891827 12694 raft_consensus.cc:359] T e278c6b93bbe4005b1ee0a182ac180f3 P a206704e83714d5ca0d04b56ad48c751 [term 0 FOLLOWER]: Replica starting. Triggering 0 pending ops. Active config: opid_index: -1 OBSOLETE_local: false peers { permanent_uuid: "a206704e83714d5ca0d04b56ad48c751" member_type: VOTER last_known_addr { host: "127.11.155.1" port: 34545 } } peers { permanent_uuid: "8ffbd3a7ddea4d7d84cb211eb75bece3" member_type: VOTER last_known_addr { host: "127.11.155.2" port: 38193 } } peers { permanent_uuid: "e84eee8759d44c729beb95eae620812c" member_type: VOTER last_known_addr { host: "127.11.155.3" port: 43885 } }
I20260710 10:59:58.892410 12694 raft_consensus.cc:385] T e278c6b93bbe4005b1ee0a182ac180f3 P a206704e83714d5ca0d04b56ad48c751 [term 0 FOLLOWER]: Consensus starting up: Expiring failure detector timer to make a prompt election more likely
I20260710 10:59:58.892719 12694 raft_consensus.cc:740] T e278c6b93bbe4005b1ee0a182ac180f3 P a206704e83714d5ca0d04b56ad48c751 [term 0 FOLLOWER]: Becoming Follower/Learner. State: Replica: a206704e83714d5ca0d04b56ad48c751, State: Initialized, Role: FOLLOWER
I20260710 10:59:58.893399 12694 consensus_queue.cc:260] T e278c6b93bbe4005b1ee0a182ac180f3 P a206704e83714d5ca0d04b56ad48c751 [NON_LEADER]: Queue going to NON_LEADER mode. State: All replicated index: 0, Majority replicated index: 0, Committed index: 0, Last appended: 0.0, Last appended by leader: 0, Current term: 0, Majority size: -1, State: 0, Mode: NON_LEADER, active raft config: opid_index: -1 OBSOLETE_local: false peers { permanent_uuid: "a206704e83714d5ca0d04b56ad48c751" member_type: VOTER last_known_addr { host: "127.11.155.1" port: 34545 } } peers { permanent_uuid: "8ffbd3a7ddea4d7d84cb211eb75bece3" member_type: VOTER last_known_addr { host: "127.11.155.2" port: 38193 } } peers { permanent_uuid: "e84eee8759d44c729beb95eae620812c" member_type: VOTER last_known_addr { host: "127.11.155.3" port: 43885 } }
I20260710 10:59:58.895457 12694 ts_tablet_manager.cc:1434] T e278c6b93bbe4005b1ee0a182ac180f3 P a206704e83714d5ca0d04b56ad48c751: Time spent starting tablet: real 0.006s	user 0.007s	sys 0.000s
I20260710 10:59:58.896173 12694 tablet_bootstrap.cc:492] T c6b90ac3024b4b138b15c9aac73c73aa P a206704e83714d5ca0d04b56ad48c751: Bootstrap starting.
I20260710 10:59:58.901160 12694 tablet_bootstrap.cc:654] T c6b90ac3024b4b138b15c9aac73c73aa P a206704e83714d5ca0d04b56ad48c751: Neither blocks nor log segments found. Creating new log.
I20260710 10:59:58.905702 12694 tablet_bootstrap.cc:492] T c6b90ac3024b4b138b15c9aac73c73aa P a206704e83714d5ca0d04b56ad48c751: No bootstrap required, opened a new log
I20260710 10:59:58.905988 12694 ts_tablet_manager.cc:1403] T c6b90ac3024b4b138b15c9aac73c73aa P a206704e83714d5ca0d04b56ad48c751: Time spent bootstrapping tablet: real 0.010s	user 0.008s	sys 0.000s
I20260710 10:59:58.907681 12694 raft_consensus.cc:359] T c6b90ac3024b4b138b15c9aac73c73aa P a206704e83714d5ca0d04b56ad48c751 [term 0 FOLLOWER]: Replica starting. Triggering 0 pending ops. Active config: opid_index: -1 OBSOLETE_local: false peers { permanent_uuid: "a206704e83714d5ca0d04b56ad48c751" member_type: VOTER last_known_addr { host: "127.11.155.1" port: 34545 } } peers { permanent_uuid: "8ffbd3a7ddea4d7d84cb211eb75bece3" member_type: VOTER last_known_addr { host: "127.11.155.2" port: 38193 } } peers { permanent_uuid: "e84eee8759d44c729beb95eae620812c" member_type: VOTER last_known_addr { host: "127.11.155.3" port: 43885 } }
I20260710 10:59:58.908090 12694 raft_consensus.cc:385] T c6b90ac3024b4b138b15c9aac73c73aa P a206704e83714d5ca0d04b56ad48c751 [term 0 FOLLOWER]: Consensus starting up: Expiring failure detector timer to make a prompt election more likely
I20260710 10:59:58.908247 12694 raft_consensus.cc:740] T c6b90ac3024b4b138b15c9aac73c73aa P a206704e83714d5ca0d04b56ad48c751 [term 0 FOLLOWER]: Becoming Follower/Learner. State: Replica: a206704e83714d5ca0d04b56ad48c751, State: Initialized, Role: FOLLOWER
I20260710 10:59:58.908646 12694 consensus_queue.cc:260] T c6b90ac3024b4b138b15c9aac73c73aa P a206704e83714d5ca0d04b56ad48c751 [NON_LEADER]: Queue going to NON_LEADER mode. State: All replicated index: 0, Majority replicated index: 0, Committed index: 0, Last appended: 0.0, Last appended by leader: 0, Current term: 0, Majority size: -1, State: 0, Mode: NON_LEADER, active raft config: opid_index: -1 OBSOLETE_local: false peers { permanent_uuid: "a206704e83714d5ca0d04b56ad48c751" member_type: VOTER last_known_addr { host: "127.11.155.1" port: 34545 } } peers { permanent_uuid: "8ffbd3a7ddea4d7d84cb211eb75bece3" member_type: VOTER last_known_addr { host: "127.11.155.2" port: 38193 } } peers { permanent_uuid: "e84eee8759d44c729beb95eae620812c" member_type: VOTER last_known_addr { host: "127.11.155.3" port: 43885 } }
I20260710 10:59:58.910121 12694 ts_tablet_manager.cc:1434] T c6b90ac3024b4b138b15c9aac73c73aa P a206704e83714d5ca0d04b56ad48c751: Time spent starting tablet: real 0.004s	user 0.000s	sys 0.002s
I20260710 10:59:58.911033 12694 tablet_bootstrap.cc:492] T d182bc668e4640e6a40fde28da82a450 P a206704e83714d5ca0d04b56ad48c751: Bootstrap starting.
I20260710 10:59:58.915382 12694 tablet_bootstrap.cc:654] T d182bc668e4640e6a40fde28da82a450 P a206704e83714d5ca0d04b56ad48c751: Neither blocks nor log segments found. Creating new log.
I20260710 10:59:58.920362 12694 tablet_bootstrap.cc:492] T d182bc668e4640e6a40fde28da82a450 P a206704e83714d5ca0d04b56ad48c751: No bootstrap required, opened a new log
I20260710 10:59:58.920766 12694 ts_tablet_manager.cc:1403] T d182bc668e4640e6a40fde28da82a450 P a206704e83714d5ca0d04b56ad48c751: Time spent bootstrapping tablet: real 0.010s	user 0.008s	sys 0.000s
I20260710 10:59:58.922546 12694 raft_consensus.cc:359] T d182bc668e4640e6a40fde28da82a450 P a206704e83714d5ca0d04b56ad48c751 [term 0 FOLLOWER]: Replica starting. Triggering 0 pending ops. Active config: opid_index: -1 OBSOLETE_local: false peers { permanent_uuid: "a206704e83714d5ca0d04b56ad48c751" member_type: VOTER last_known_addr { host: "127.11.155.1" port: 34545 } } peers { permanent_uuid: "8ffbd3a7ddea4d7d84cb211eb75bece3" member_type: VOTER last_known_addr { host: "127.11.155.2" port: 38193 } } peers { permanent_uuid: "e84eee8759d44c729beb95eae620812c" member_type: VOTER last_known_addr { host: "127.11.155.3" port: 43885 } }
I20260710 10:59:58.923065 12694 raft_consensus.cc:385] T d182bc668e4640e6a40fde28da82a450 P a206704e83714d5ca0d04b56ad48c751 [term 0 FOLLOWER]: Consensus starting up: Expiring failure detector timer to make a prompt election more likely
I20260710 10:59:58.923319 12694 raft_consensus.cc:740] T d182bc668e4640e6a40fde28da82a450 P a206704e83714d5ca0d04b56ad48c751 [term 0 FOLLOWER]: Becoming Follower/Learner. State: Replica: a206704e83714d5ca0d04b56ad48c751, State: Initialized, Role: FOLLOWER
I20260710 10:59:58.923781 12694 consensus_queue.cc:260] T d182bc668e4640e6a40fde28da82a450 P a206704e83714d5ca0d04b56ad48c751 [NON_LEADER]: Queue going to NON_LEADER mode. State: All replicated index: 0, Majority replicated index: 0, Committed index: 0, Last appended: 0.0, Last appended by leader: 0, Current term: 0, Majority size: -1, State: 0, Mode: NON_LEADER, active raft config: opid_index: -1 OBSOLETE_local: false peers { permanent_uuid: "a206704e83714d5ca0d04b56ad48c751" member_type: VOTER last_known_addr { host: "127.11.155.1" port: 34545 } } peers { permanent_uuid: "8ffbd3a7ddea4d7d84cb211eb75bece3" member_type: VOTER last_known_addr { host: "127.11.155.2" port: 38193 } } peers { permanent_uuid: "e84eee8759d44c729beb95eae620812c" member_type: VOTER last_known_addr { host: "127.11.155.3" port: 43885 } }
I20260710 10:59:58.925197 12696 consensus_queue.cc:1048] T 0476e4880aa64a7b81dbb3d1e7cf40c7 P 8ffbd3a7ddea4d7d84cb211eb75bece3 [LEADER]: Connected to new peer: Peer: permanent_uuid: "e84eee8759d44c729beb95eae620812c" member_type: VOTER last_known_addr { host: "127.11.155.3" port: 43885 }, Status: LMP_MISMATCH, Last received: 0.0, Next index: 1, Last known committed idx: 0, Time since last communication: 0.000s
I20260710 10:59:58.925395 12694 ts_tablet_manager.cc:1434] T d182bc668e4640e6a40fde28da82a450 P a206704e83714d5ca0d04b56ad48c751: Time spent starting tablet: real 0.004s	user 0.003s	sys 0.000s
I20260710 10:59:58.926337 12694 tablet_bootstrap.cc:492] T e6c6f137ad874a518d1d67d1da6eb58a P a206704e83714d5ca0d04b56ad48c751: Bootstrap starting.
I20260710 10:59:58.930670 12694 tablet_bootstrap.cc:654] T e6c6f137ad874a518d1d67d1da6eb58a P a206704e83714d5ca0d04b56ad48c751: Neither blocks nor log segments found. Creating new log.
I20260710 10:59:58.941220 12694 tablet_bootstrap.cc:492] T e6c6f137ad874a518d1d67d1da6eb58a P a206704e83714d5ca0d04b56ad48c751: No bootstrap required, opened a new log
I20260710 10:59:58.941579 12694 ts_tablet_manager.cc:1403] T e6c6f137ad874a518d1d67d1da6eb58a P a206704e83714d5ca0d04b56ad48c751: Time spent bootstrapping tablet: real 0.015s	user 0.004s	sys 0.004s
I20260710 10:59:58.943763 12694 raft_consensus.cc:359] T e6c6f137ad874a518d1d67d1da6eb58a P a206704e83714d5ca0d04b56ad48c751 [term 0 FOLLOWER]: Replica starting. Triggering 0 pending ops. Active config: opid_index: -1 OBSOLETE_local: false peers { permanent_uuid: "a206704e83714d5ca0d04b56ad48c751" member_type: VOTER last_known_addr { host: "127.11.155.1" port: 34545 } } peers { permanent_uuid: "8ffbd3a7ddea4d7d84cb211eb75bece3" member_type: VOTER last_known_addr { host: "127.11.155.2" port: 38193 } } peers { permanent_uuid: "e84eee8759d44c729beb95eae620812c" member_type: VOTER last_known_addr { host: "127.11.155.3" port: 43885 } }
I20260710 10:59:58.944418 12694 raft_consensus.cc:385] T e6c6f137ad874a518d1d67d1da6eb58a P a206704e83714d5ca0d04b56ad48c751 [term 0 FOLLOWER]: Consensus starting up: Expiring failure detector timer to make a prompt election more likely
I20260710 10:59:58.944692 12694 raft_consensus.cc:740] T e6c6f137ad874a518d1d67d1da6eb58a P a206704e83714d5ca0d04b56ad48c751 [term 0 FOLLOWER]: Becoming Follower/Learner. State: Replica: a206704e83714d5ca0d04b56ad48c751, State: Initialized, Role: FOLLOWER
I20260710 10:59:58.945245 12694 consensus_queue.cc:260] T e6c6f137ad874a518d1d67d1da6eb58a P a206704e83714d5ca0d04b56ad48c751 [NON_LEADER]: Queue going to NON_LEADER mode. State: All replicated index: 0, Majority replicated index: 0, Committed index: 0, Last appended: 0.0, Last appended by leader: 0, Current term: 0, Majority size: -1, State: 0, Mode: NON_LEADER, active raft config: opid_index: -1 OBSOLETE_local: false peers { permanent_uuid: "a206704e83714d5ca0d04b56ad48c751" member_type: VOTER last_known_addr { host: "127.11.155.1" port: 34545 } } peers { permanent_uuid: "8ffbd3a7ddea4d7d84cb211eb75bece3" member_type: VOTER last_known_addr { host: "127.11.155.2" port: 38193 } } peers { permanent_uuid: "e84eee8759d44c729beb95eae620812c" member_type: VOTER last_known_addr { host: "127.11.155.3" port: 43885 } }
I20260710 10:59:58.945719 12501 raft_consensus.cc:3060] T 0476e4880aa64a7b81dbb3d1e7cf40c7 P a206704e83714d5ca0d04b56ad48c751 [term 0 FOLLOWER]: Advancing to term 1
I20260710 10:59:58.947190 12694 ts_tablet_manager.cc:1434] T e6c6f137ad874a518d1d67d1da6eb58a P a206704e83714d5ca0d04b56ad48c751: Time spent starting tablet: real 0.005s	user 0.006s	sys 0.000s
I20260710 10:59:58.953212 12712 raft_consensus.cc:493] T d182bc668e4640e6a40fde28da82a450 P e84eee8759d44c729beb95eae620812c [term 0 FOLLOWER]: Starting pre-election (no leader contacted us within the election timeout)
I20260710 10:59:58.953598 12712 raft_consensus.cc:515] T d182bc668e4640e6a40fde28da82a450 P e84eee8759d44c729beb95eae620812c [term 0 FOLLOWER]: Starting pre-election with config: opid_index: -1 OBSOLETE_local: false peers { permanent_uuid: "a206704e83714d5ca0d04b56ad48c751" member_type: VOTER last_known_addr { host: "127.11.155.1" port: 34545 } } peers { permanent_uuid: "8ffbd3a7ddea4d7d84cb211eb75bece3" member_type: VOTER last_known_addr { host: "127.11.155.2" port: 38193 } } peers { permanent_uuid: "e84eee8759d44c729beb95eae620812c" member_type: VOTER last_known_addr { host: "127.11.155.3" port: 43885 } }
I20260710 10:59:58.954571 12696 consensus_queue.cc:1048] T 0476e4880aa64a7b81dbb3d1e7cf40c7 P 8ffbd3a7ddea4d7d84cb211eb75bece3 [LEADER]: Connected to new peer: Peer: permanent_uuid: "a206704e83714d5ca0d04b56ad48c751" member_type: VOTER last_known_addr { host: "127.11.155.1" port: 34545 }, Status: LMP_MISMATCH, Last received: 0.0, Next index: 1, Last known committed idx: 0, Time since last communication: 0.000s
I20260710 10:59:58.955385 12712 leader_election.cc:290] T d182bc668e4640e6a40fde28da82a450 P e84eee8759d44c729beb95eae620812c [CANDIDATE]: Term 1 pre-election: Requested pre-vote from peers a206704e83714d5ca0d04b56ad48c751 (127.11.155.1:34545), 8ffbd3a7ddea4d7d84cb211eb75bece3 (127.11.155.2:38193)
I20260710 10:59:58.956429 12577 tablet_service.cc:1917] Received RequestConsensusVote() RPC: tablet_id: "d182bc668e4640e6a40fde28da82a450" candidate_uuid: "e84eee8759d44c729beb95eae620812c" candidate_term: 1 candidate_status { last_received { term: 0 index: 0 } } ignore_live_leader: false dest_uuid: "8ffbd3a7ddea4d7d84cb211eb75bece3" is_pre_election: true
I20260710 10:59:58.956782 12501 tablet_service.cc:1917] Received RequestConsensusVote() RPC: tablet_id: "d182bc668e4640e6a40fde28da82a450" candidate_uuid: "e84eee8759d44c729beb95eae620812c" candidate_term: 1 candidate_status { last_received { term: 0 index: 0 } } ignore_live_leader: false dest_uuid: "a206704e83714d5ca0d04b56ad48c751" is_pre_election: true
I20260710 10:59:58.957039 12577 raft_consensus.cc:2468] T d182bc668e4640e6a40fde28da82a450 P 8ffbd3a7ddea4d7d84cb211eb75bece3 [term 0 FOLLOWER]: Leader pre-election vote request: Granting yes vote for candidate e84eee8759d44c729beb95eae620812c in term 0.
I20260710 10:59:58.957398 12501 raft_consensus.cc:2468] T d182bc668e4640e6a40fde28da82a450 P a206704e83714d5ca0d04b56ad48c751 [term 0 FOLLOWER]: Leader pre-election vote request: Granting yes vote for candidate e84eee8759d44c729beb95eae620812c in term 0.
I20260710 10:59:58.958354 12616 leader_election.cc:304] T d182bc668e4640e6a40fde28da82a450 P e84eee8759d44c729beb95eae620812c [CANDIDATE]: Term 1 pre-election: Election decided. Result: candidate won. Election summary: received 2 responses out of 3 voters: 2 yes votes; 0 no votes. yes voters: a206704e83714d5ca0d04b56ad48c751, e84eee8759d44c729beb95eae620812c; no voters: 
I20260710 10:59:58.959311 12712 raft_consensus.cc:2804] T d182bc668e4640e6a40fde28da82a450 P e84eee8759d44c729beb95eae620812c [term 0 FOLLOWER]: Leader pre-election won for term 1
I20260710 10:59:58.959708 12712 raft_consensus.cc:493] T d182bc668e4640e6a40fde28da82a450 P e84eee8759d44c729beb95eae620812c [term 0 FOLLOWER]: Starting leader election (no leader contacted us within the election timeout)
I20260710 10:59:58.960172 12712 raft_consensus.cc:3060] T d182bc668e4640e6a40fde28da82a450 P e84eee8759d44c729beb95eae620812c [term 0 FOLLOWER]: Advancing to term 1
I20260710 10:59:58.967116 12712 raft_consensus.cc:515] T d182bc668e4640e6a40fde28da82a450 P e84eee8759d44c729beb95eae620812c [term 1 FOLLOWER]: Starting leader election with config: opid_index: -1 OBSOLETE_local: false peers { permanent_uuid: "a206704e83714d5ca0d04b56ad48c751" member_type: VOTER last_known_addr { host: "127.11.155.1" port: 34545 } } peers { permanent_uuid: "8ffbd3a7ddea4d7d84cb211eb75bece3" member_type: VOTER last_known_addr { host: "127.11.155.2" port: 38193 } } peers { permanent_uuid: "e84eee8759d44c729beb95eae620812c" member_type: VOTER last_known_addr { host: "127.11.155.3" port: 43885 } }
I20260710 10:59:58.969034 12712 leader_election.cc:290] T d182bc668e4640e6a40fde28da82a450 P e84eee8759d44c729beb95eae620812c [CANDIDATE]: Term 1 election: Requested vote from peers a206704e83714d5ca0d04b56ad48c751 (127.11.155.1:34545), 8ffbd3a7ddea4d7d84cb211eb75bece3 (127.11.155.2:38193)
I20260710 10:59:58.970022 12577 tablet_service.cc:1917] Received RequestConsensusVote() RPC: tablet_id: "d182bc668e4640e6a40fde28da82a450" candidate_uuid: "e84eee8759d44c729beb95eae620812c" candidate_term: 1 candidate_status { last_received { term: 0 index: 0 } } ignore_live_leader: false dest_uuid: "8ffbd3a7ddea4d7d84cb211eb75bece3"
I20260710 10:59:58.969990 12502 tablet_service.cc:1917] Received RequestConsensusVote() RPC: tablet_id: "d182bc668e4640e6a40fde28da82a450" candidate_uuid: "e84eee8759d44c729beb95eae620812c" candidate_term: 1 candidate_status { last_received { term: 0 index: 0 } } ignore_live_leader: false dest_uuid: "a206704e83714d5ca0d04b56ad48c751"
I20260710 10:59:58.970677 12577 raft_consensus.cc:3060] T d182bc668e4640e6a40fde28da82a450 P 8ffbd3a7ddea4d7d84cb211eb75bece3 [term 0 FOLLOWER]: Advancing to term 1
I20260710 10:59:58.970868 12502 raft_consensus.cc:3060] T d182bc668e4640e6a40fde28da82a450 P a206704e83714d5ca0d04b56ad48c751 [term 0 FOLLOWER]: Advancing to term 1
I20260710 10:59:58.977126 12577 raft_consensus.cc:2468] T d182bc668e4640e6a40fde28da82a450 P 8ffbd3a7ddea4d7d84cb211eb75bece3 [term 1 FOLLOWER]: Leader election vote request: Granting yes vote for candidate e84eee8759d44c729beb95eae620812c in term 1.
I20260710 10:59:58.977135 12502 raft_consensus.cc:2468] T d182bc668e4640e6a40fde28da82a450 P a206704e83714d5ca0d04b56ad48c751 [term 1 FOLLOWER]: Leader election vote request: Granting yes vote for candidate e84eee8759d44c729beb95eae620812c in term 1.
I20260710 10:59:58.978322 12616 leader_election.cc:304] T d182bc668e4640e6a40fde28da82a450 P e84eee8759d44c729beb95eae620812c [CANDIDATE]: Term 1 election: Election decided. Result: candidate won. Election summary: received 2 responses out of 3 voters: 2 yes votes; 0 no votes. yes voters: a206704e83714d5ca0d04b56ad48c751, e84eee8759d44c729beb95eae620812c; no voters: 
I20260710 10:59:58.978972 12712 raft_consensus.cc:2804] T d182bc668e4640e6a40fde28da82a450 P e84eee8759d44c729beb95eae620812c [term 1 FOLLOWER]: Leader election won for term 1
I20260710 10:59:58.979415 12712 raft_consensus.cc:697] T d182bc668e4640e6a40fde28da82a450 P e84eee8759d44c729beb95eae620812c [term 1 LEADER]: Becoming Leader. State: Replica: e84eee8759d44c729beb95eae620812c, State: Running, Role: LEADER
I20260710 10:59:58.980098 12712 consensus_queue.cc:237] T d182bc668e4640e6a40fde28da82a450 P e84eee8759d44c729beb95eae620812c [LEADER]: Queue going to LEADER mode. State: All replicated index: 0, Majority replicated index: 0, Committed index: 0, Last appended: 0.0, Last appended by leader: 0, Current term: 1, Majority size: 2, State: 0, Mode: LEADER, active raft config: opid_index: -1 OBSOLETE_local: false peers { permanent_uuid: "a206704e83714d5ca0d04b56ad48c751" member_type: VOTER last_known_addr { host: "127.11.155.1" port: 34545 } } peers { permanent_uuid: "8ffbd3a7ddea4d7d84cb211eb75bece3" member_type: VOTER last_known_addr { host: "127.11.155.2" port: 38193 } } peers { permanent_uuid: "e84eee8759d44c729beb95eae620812c" member_type: VOTER last_known_addr { host: "127.11.155.3" port: 43885 } }
I20260710 10:59:58.987855 12400 catalog_manager.cc:5697] T d182bc668e4640e6a40fde28da82a450 P e84eee8759d44c729beb95eae620812c reported cstate change: term changed from 0 to 1, leader changed from <none> to e84eee8759d44c729beb95eae620812c (127.11.155.3). New cstate: current_term: 1 leader_uuid: "e84eee8759d44c729beb95eae620812c" committed_config { opid_index: -1 OBSOLETE_local: false peers { permanent_uuid: "a206704e83714d5ca0d04b56ad48c751" member_type: VOTER last_known_addr { host: "127.11.155.1" port: 34545 } health_report { overall_health: UNKNOWN } } peers { permanent_uuid: "8ffbd3a7ddea4d7d84cb211eb75bece3" member_type: VOTER last_known_addr { host: "127.11.155.2" port: 38193 } health_report { overall_health: UNKNOWN } } peers { permanent_uuid: "e84eee8759d44c729beb95eae620812c" member_type: VOTER last_known_addr { host: "127.11.155.3" port: 43885 } health_report { overall_health: HEALTHY } } }
I20260710 10:59:59.003659 12726 raft_consensus.cc:493] T c6b90ac3024b4b138b15c9aac73c73aa P a206704e83714d5ca0d04b56ad48c751 [term 0 FOLLOWER]: Starting pre-election (no leader contacted us within the election timeout)
I20260710 10:59:59.004163 12726 raft_consensus.cc:515] T c6b90ac3024b4b138b15c9aac73c73aa P a206704e83714d5ca0d04b56ad48c751 [term 0 FOLLOWER]: Starting pre-election with config: opid_index: -1 OBSOLETE_local: false peers { permanent_uuid: "a206704e83714d5ca0d04b56ad48c751" member_type: VOTER last_known_addr { host: "127.11.155.1" port: 34545 } } peers { permanent_uuid: "8ffbd3a7ddea4d7d84cb211eb75bece3" member_type: VOTER last_known_addr { host: "127.11.155.2" port: 38193 } } peers { permanent_uuid: "e84eee8759d44c729beb95eae620812c" member_type: VOTER last_known_addr { host: "127.11.155.3" port: 43885 } }
I20260710 10:59:59.005928 12726 leader_election.cc:290] T c6b90ac3024b4b138b15c9aac73c73aa P a206704e83714d5ca0d04b56ad48c751 [CANDIDATE]: Term 1 pre-election: Requested pre-vote from peers 8ffbd3a7ddea4d7d84cb211eb75bece3 (127.11.155.2:38193), e84eee8759d44c729beb95eae620812c (127.11.155.3:43885)
I20260710 10:59:59.006829 12577 tablet_service.cc:1917] Received RequestConsensusVote() RPC: tablet_id: "c6b90ac3024b4b138b15c9aac73c73aa" candidate_uuid: "a206704e83714d5ca0d04b56ad48c751" candidate_term: 1 candidate_status { last_received { term: 0 index: 0 } } ignore_live_leader: false dest_uuid: "8ffbd3a7ddea4d7d84cb211eb75bece3" is_pre_election: true
I20260710 10:59:59.007077 12650 tablet_service.cc:1917] Received RequestConsensusVote() RPC: tablet_id: "c6b90ac3024b4b138b15c9aac73c73aa" candidate_uuid: "a206704e83714d5ca0d04b56ad48c751" candidate_term: 1 candidate_status { last_received { term: 0 index: 0 } } ignore_live_leader: false dest_uuid: "e84eee8759d44c729beb95eae620812c" is_pre_election: true
I20260710 10:59:59.007514 12577 raft_consensus.cc:2468] T c6b90ac3024b4b138b15c9aac73c73aa P 8ffbd3a7ddea4d7d84cb211eb75bece3 [term 0 FOLLOWER]: Leader pre-election vote request: Granting yes vote for candidate a206704e83714d5ca0d04b56ad48c751 in term 0.
I20260710 10:59:59.007597 12650 raft_consensus.cc:2468] T c6b90ac3024b4b138b15c9aac73c73aa P e84eee8759d44c729beb95eae620812c [term 0 FOLLOWER]: Leader pre-election vote request: Granting yes vote for candidate a206704e83714d5ca0d04b56ad48c751 in term 0.
I20260710 10:59:59.008632 12467 leader_election.cc:304] T c6b90ac3024b4b138b15c9aac73c73aa P a206704e83714d5ca0d04b56ad48c751 [CANDIDATE]: Term 1 pre-election: Election decided. Result: candidate won. Election summary: received 2 responses out of 3 voters: 2 yes votes; 0 no votes. yes voters: 8ffbd3a7ddea4d7d84cb211eb75bece3, a206704e83714d5ca0d04b56ad48c751; no voters: 
I20260710 10:59:59.009260 12726 raft_consensus.cc:2804] T c6b90ac3024b4b138b15c9aac73c73aa P a206704e83714d5ca0d04b56ad48c751 [term 0 FOLLOWER]: Leader pre-election won for term 1
I20260710 10:59:59.009649 12726 raft_consensus.cc:493] T c6b90ac3024b4b138b15c9aac73c73aa P a206704e83714d5ca0d04b56ad48c751 [term 0 FOLLOWER]: Starting leader election (no leader contacted us within the election timeout)
I20260710 10:59:59.009953 12726 raft_consensus.cc:3060] T c6b90ac3024b4b138b15c9aac73c73aa P a206704e83714d5ca0d04b56ad48c751 [term 0 FOLLOWER]: Advancing to term 1
I20260710 10:59:59.031631 12696 raft_consensus.cc:493] T df2a20bff15342248f6c12ab4c01a8c0 P 8ffbd3a7ddea4d7d84cb211eb75bece3 [term 0 FOLLOWER]: Starting pre-election (no leader contacted us within the election timeout)
I20260710 10:59:59.032047 12696 raft_consensus.cc:515] T df2a20bff15342248f6c12ab4c01a8c0 P 8ffbd3a7ddea4d7d84cb211eb75bece3 [term 0 FOLLOWER]: Starting pre-election with config: opid_index: -1 OBSOLETE_local: false peers { permanent_uuid: "e84eee8759d44c729beb95eae620812c" member_type: VOTER last_known_addr { host: "127.11.155.3" port: 43885 } } peers { permanent_uuid: "8ffbd3a7ddea4d7d84cb211eb75bece3" member_type: VOTER last_known_addr { host: "127.11.155.2" port: 38193 } } peers { permanent_uuid: "a206704e83714d5ca0d04b56ad48c751" member_type: VOTER last_known_addr { host: "127.11.155.1" port: 34545 } }
I20260710 10:59:59.033685 12696 leader_election.cc:290] T df2a20bff15342248f6c12ab4c01a8c0 P 8ffbd3a7ddea4d7d84cb211eb75bece3 [CANDIDATE]: Term 1 pre-election: Requested pre-vote from peers e84eee8759d44c729beb95eae620812c (127.11.155.3:43885), a206704e83714d5ca0d04b56ad48c751 (127.11.155.1:34545)
I20260710 10:59:59.034554 12650 tablet_service.cc:1917] Received RequestConsensusVote() RPC: tablet_id: "df2a20bff15342248f6c12ab4c01a8c0" candidate_uuid: "8ffbd3a7ddea4d7d84cb211eb75bece3" candidate_term: 1 candidate_status { last_received { term: 0 index: 0 } } ignore_live_leader: false dest_uuid: "e84eee8759d44c729beb95eae620812c" is_pre_election: true
I20260710 10:59:59.034859 12502 tablet_service.cc:1917] Received RequestConsensusVote() RPC: tablet_id: "df2a20bff15342248f6c12ab4c01a8c0" candidate_uuid: "8ffbd3a7ddea4d7d84cb211eb75bece3" candidate_term: 1 candidate_status { last_received { term: 0 index: 0 } } ignore_live_leader: false dest_uuid: "a206704e83714d5ca0d04b56ad48c751" is_pre_election: true
I20260710 10:59:59.035100 12650 raft_consensus.cc:2468] T df2a20bff15342248f6c12ab4c01a8c0 P e84eee8759d44c729beb95eae620812c [term 0 FOLLOWER]: Leader pre-election vote request: Granting yes vote for candidate 8ffbd3a7ddea4d7d84cb211eb75bece3 in term 0.
I20260710 10:59:59.035642 12726 raft_consensus.cc:515] T c6b90ac3024b4b138b15c9aac73c73aa P a206704e83714d5ca0d04b56ad48c751 [term 1 FOLLOWER]: Starting leader election with config: opid_index: -1 OBSOLETE_local: false peers { permanent_uuid: "a206704e83714d5ca0d04b56ad48c751" member_type: VOTER last_known_addr { host: "127.11.155.1" port: 34545 } } peers { permanent_uuid: "8ffbd3a7ddea4d7d84cb211eb75bece3" member_type: VOTER last_known_addr { host: "127.11.155.2" port: 38193 } } peers { permanent_uuid: "e84eee8759d44c729beb95eae620812c" member_type: VOTER last_known_addr { host: "127.11.155.3" port: 43885 } }
I20260710 10:59:59.035537 12502 raft_consensus.cc:2468] T df2a20bff15342248f6c12ab4c01a8c0 P a206704e83714d5ca0d04b56ad48c751 [term 0 FOLLOWER]: Leader pre-election vote request: Granting yes vote for candidate 8ffbd3a7ddea4d7d84cb211eb75bece3 in term 0.
I20260710 10:59:59.036242 12540 leader_election.cc:304] T df2a20bff15342248f6c12ab4c01a8c0 P 8ffbd3a7ddea4d7d84cb211eb75bece3 [CANDIDATE]: Term 1 pre-election: Election decided. Result: candidate won. Election summary: received 2 responses out of 3 voters: 2 yes votes; 0 no votes. yes voters: 8ffbd3a7ddea4d7d84cb211eb75bece3, e84eee8759d44c729beb95eae620812c; no voters: 
I20260710 10:59:59.037236 12696 raft_consensus.cc:2804] T df2a20bff15342248f6c12ab4c01a8c0 P 8ffbd3a7ddea4d7d84cb211eb75bece3 [term 0 FOLLOWER]: Leader pre-election won for term 1
I20260710 10:59:59.037673 12696 raft_consensus.cc:493] T df2a20bff15342248f6c12ab4c01a8c0 P 8ffbd3a7ddea4d7d84cb211eb75bece3 [term 0 FOLLOWER]: Starting leader election (no leader contacted us within the election timeout)
I20260710 10:59:59.037993 12726 leader_election.cc:290] T c6b90ac3024b4b138b15c9aac73c73aa P a206704e83714d5ca0d04b56ad48c751 [CANDIDATE]: Term 1 election: Requested vote from peers 8ffbd3a7ddea4d7d84cb211eb75bece3 (127.11.155.2:38193), e84eee8759d44c729beb95eae620812c (127.11.155.3:43885)
I20260710 10:59:59.038091 12696 raft_consensus.cc:3060] T df2a20bff15342248f6c12ab4c01a8c0 P 8ffbd3a7ddea4d7d84cb211eb75bece3 [term 0 FOLLOWER]: Advancing to term 1
I20260710 10:59:59.038192 12577 tablet_service.cc:1917] Received RequestConsensusVote() RPC: tablet_id: "c6b90ac3024b4b138b15c9aac73c73aa" candidate_uuid: "a206704e83714d5ca0d04b56ad48c751" candidate_term: 1 candidate_status { last_received { term: 0 index: 0 } } ignore_live_leader: false dest_uuid: "8ffbd3a7ddea4d7d84cb211eb75bece3"
I20260710 10:59:59.038883 12577 raft_consensus.cc:3060] T c6b90ac3024b4b138b15c9aac73c73aa P 8ffbd3a7ddea4d7d84cb211eb75bece3 [term 0 FOLLOWER]: Advancing to term 1
I20260710 10:59:59.039609 12650 tablet_service.cc:1917] Received RequestConsensusVote() RPC: tablet_id: "c6b90ac3024b4b138b15c9aac73c73aa" candidate_uuid: "a206704e83714d5ca0d04b56ad48c751" candidate_term: 1 candidate_status { last_received { term: 0 index: 0 } } ignore_live_leader: false dest_uuid: "e84eee8759d44c729beb95eae620812c"
I20260710 10:59:59.040127 12650 raft_consensus.cc:3060] T c6b90ac3024b4b138b15c9aac73c73aa P e84eee8759d44c729beb95eae620812c [term 0 FOLLOWER]: Advancing to term 1
I20260710 10:59:59.050647 12712 raft_consensus.cc:493] T e6c6f137ad874a518d1d67d1da6eb58a P e84eee8759d44c729beb95eae620812c [term 0 FOLLOWER]: Starting pre-election (no leader contacted us within the election timeout)
I20260710 10:59:59.051154 12712 raft_consensus.cc:515] T e6c6f137ad874a518d1d67d1da6eb58a P e84eee8759d44c729beb95eae620812c [term 0 FOLLOWER]: Starting pre-election with config: opid_index: -1 OBSOLETE_local: false peers { permanent_uuid: "a206704e83714d5ca0d04b56ad48c751" member_type: VOTER last_known_addr { host: "127.11.155.1" port: 34545 } } peers { permanent_uuid: "8ffbd3a7ddea4d7d84cb211eb75bece3" member_type: VOTER last_known_addr { host: "127.11.155.2" port: 38193 } } peers { permanent_uuid: "e84eee8759d44c729beb95eae620812c" member_type: VOTER last_known_addr { host: "127.11.155.3" port: 43885 } }
I20260710 10:59:59.052896 12712 leader_election.cc:290] T e6c6f137ad874a518d1d67d1da6eb58a P e84eee8759d44c729beb95eae620812c [CANDIDATE]: Term 1 pre-election: Requested pre-vote from peers a206704e83714d5ca0d04b56ad48c751 (127.11.155.1:34545), 8ffbd3a7ddea4d7d84cb211eb75bece3 (127.11.155.2:38193)
