I20260710 11:00:00.298481 21001 consensus_queue.cc:1048] T f9fec8c2a9f44cab8361883d53420b44 P e77c138ee1d845189de50f9ef25f78d3 [LEADER]: Connected to new peer: Peer: permanent_uuid: "fd64e3f68bb54fc98291ee13f59ac259" member_type: VOTER last_known_addr { host: "127.19.180.65" port: 32827 }, Status: LMP_MISMATCH, Last received: 0.0, Next index: 1, Last known committed idx: 0, Time since last communication: 0.000s
I20260710 11:00:00.308755 21001 consensus_queue.cc:1048] T f9fec8c2a9f44cab8361883d53420b44 P e77c138ee1d845189de50f9ef25f78d3 [LEADER]: Connected to new peer: Peer: permanent_uuid: "f8745e8539284442b80c2dc02834875d" member_type: VOTER last_known_addr { host: "127.19.180.67" port: 37257 }, Status: LMP_MISMATCH, Last received: 0.0, Next index: 1, Last known committed idx: 0, Time since last communication: 0.000s
I20260710 11:00:00.426456 21022 consensus_queue.cc:1048] T c9b90a2c8cf64828b3047bd5cbebb566 P f8745e8539284442b80c2dc02834875d [LEADER]: Connected to new peer: Peer: permanent_uuid: "e77c138ee1d845189de50f9ef25f78d3" member_type: VOTER last_known_addr { host: "127.19.180.66" port: 37225 }, Status: LMP_MISMATCH, Last received: 0.0, Next index: 1, Last known committed idx: 0, Time since last communication: 0.000s
I20260710 11:00:00.437021 21023 consensus_queue.cc:1048] T c9b90a2c8cf64828b3047bd5cbebb566 P f8745e8539284442b80c2dc02834875d [LEADER]: Connected to new peer: Peer: permanent_uuid: "fd64e3f68bb54fc98291ee13f59ac259" member_type: VOTER last_known_addr { host: "127.19.180.65" port: 32827 }, Status: LMP_MISMATCH, Last received: 0.0, Next index: 1, Last known committed idx: 0, Time since last communication: 0.000s
I20260710 11:00:00.547281 21023 consensus_queue.cc:1048] T 9b4735a77e364032b528a7477a10e3b9 P f8745e8539284442b80c2dc02834875d [LEADER]: Connected to new peer: Peer: permanent_uuid: "fd64e3f68bb54fc98291ee13f59ac259" member_type: VOTER last_known_addr { host: "127.19.180.65" port: 32827 }, Status: LMP_MISMATCH, Last received: 0.0, Next index: 1, Last known committed idx: 0, Time since last communication: 0.000s
I20260710 11:00:00.559118 21022 consensus_queue.cc:1048] T 9b4735a77e364032b528a7477a10e3b9 P f8745e8539284442b80c2dc02834875d [LEADER]: Connected to new peer: Peer: permanent_uuid: "e77c138ee1d845189de50f9ef25f78d3" member_type: VOTER last_known_addr { host: "127.19.180.66" port: 37225 }, Status: LMP_MISMATCH, Last received: 0.0, Next index: 1, Last known committed idx: 0, Time since last communication: 0.000s
I20260710 11:00:00.587711 20951 tablet_service.cc:2072] Received LeaderStepDown RPC: tablet_id: "9b4735a77e364032b528a7477a10e3b9"
dest_uuid: "f8745e8539284442b80c2dc02834875d"
mode: GRACEFUL
new_leader_uuid: "fd64e3f68bb54fc98291ee13f59ac259"
 from {username='slave'} at 127.0.0.1:51648
I20260710 11:00:00.588311 20951 raft_consensus.cc:606] T 9b4735a77e364032b528a7477a10e3b9 P f8745e8539284442b80c2dc02834875d [term 1 LEADER]: Received request to transfer leadership to TS fd64e3f68bb54fc98291ee13f59ac259
I20260710 11:00:00.602344 20876 tablet_service.cc:2072] Received LeaderStepDown RPC: tablet_id: "8e4f68398e34459eb1d9969fc659fd5f"
dest_uuid: "e77c138ee1d845189de50f9ef25f78d3"
mode: GRACEFUL
new_leader_uuid: "fd64e3f68bb54fc98291ee13f59ac259"
 from {username='slave'} at 127.0.0.1:37904
I20260710 11:00:00.602851 20876 raft_consensus.cc:606] T 8e4f68398e34459eb1d9969fc659fd5f P e77c138ee1d845189de50f9ef25f78d3 [term 1 LEADER]: Received request to transfer leadership to TS fd64e3f68bb54fc98291ee13f59ac259
I20260710 11:00:00.607466 20876 tablet_service.cc:2072] Received LeaderStepDown RPC: tablet_id: "19f150a222064be688deda0f0a707975"
dest_uuid: "e77c138ee1d845189de50f9ef25f78d3"
mode: GRACEFUL
new_leader_uuid: "fd64e3f68bb54fc98291ee13f59ac259"
 from {username='slave'} at 127.0.0.1:37904
I20260710 11:00:00.607933 20876 raft_consensus.cc:606] T 19f150a222064be688deda0f0a707975 P e77c138ee1d845189de50f9ef25f78d3 [term 1 LEADER]: Received request to transfer leadership to TS fd64e3f68bb54fc98291ee13f59ac259
I20260710 11:00:00.612586 20876 tablet_service.cc:2072] Received LeaderStepDown RPC: tablet_id: "f9fec8c2a9f44cab8361883d53420b44"
dest_uuid: "e77c138ee1d845189de50f9ef25f78d3"
mode: GRACEFUL
new_leader_uuid: "fd64e3f68bb54fc98291ee13f59ac259"
 from {username='slave'} at 127.0.0.1:37904
I20260710 11:00:00.613065 20876 raft_consensus.cc:606] T f9fec8c2a9f44cab8361883d53420b44 P e77c138ee1d845189de50f9ef25f78d3 [term 1 LEADER]: Received request to transfer leadership to TS fd64e3f68bb54fc98291ee13f59ac259
I20260710 11:00:00.618353 20951 tablet_service.cc:2072] Received LeaderStepDown RPC: tablet_id: "b97099823c5d455a9f094127c7a7dc69"
dest_uuid: "f8745e8539284442b80c2dc02834875d"
mode: GRACEFUL
new_leader_uuid: "fd64e3f68bb54fc98291ee13f59ac259"
 from {username='slave'} at 127.0.0.1:51648
I20260710 11:00:00.618867 20951 raft_consensus.cc:606] T b97099823c5d455a9f094127c7a7dc69 P f8745e8539284442b80c2dc02834875d [term 1 LEADER]: Received request to transfer leadership to TS fd64e3f68bb54fc98291ee13f59ac259
I20260710 11:00:00.623803 20951 tablet_service.cc:2072] Received LeaderStepDown RPC: tablet_id: "c9b90a2c8cf64828b3047bd5cbebb566"
dest_uuid: "f8745e8539284442b80c2dc02834875d"
mode: GRACEFUL
new_leader_uuid: "e77c138ee1d845189de50f9ef25f78d3"
 from {username='slave'} at 127.0.0.1:51648
I20260710 11:00:00.624429 20951 raft_consensus.cc:606] T c9b90a2c8cf64828b3047bd5cbebb566 P f8745e8539284442b80c2dc02834875d [term 1 LEADER]: Received request to transfer leadership to TS e77c138ee1d845189de50f9ef25f78d3
I20260710 11:00:00.630112 20951 tablet_service.cc:2072] Received LeaderStepDown RPC: tablet_id: "3f1911b753664bb5b47ebd03434b9f4f"
dest_uuid: "f8745e8539284442b80c2dc02834875d"
mode: GRACEFUL
new_leader_uuid: "e77c138ee1d845189de50f9ef25f78d3"
 from {username='slave'} at 127.0.0.1:51648
I20260710 11:00:00.630596 20951 raft_consensus.cc:606] T 3f1911b753664bb5b47ebd03434b9f4f P f8745e8539284442b80c2dc02834875d [term 1 LEADER]: Received request to transfer leadership to TS e77c138ee1d845189de50f9ef25f78d3
I20260710 11:00:00.635366 21018 consensus_queue.cc:1048] T c9b5fd45677940f38f9aba16c6145f55 P fd64e3f68bb54fc98291ee13f59ac259 [LEADER]: Connected to new peer: Peer: permanent_uuid: "f8745e8539284442b80c2dc02834875d" member_type: VOTER last_known_addr { host: "127.19.180.67" port: 37257 }, Status: LMP_MISMATCH, Last received: 0.0, Next index: 1, Last known committed idx: 0, Time since last communication: 0.001s
I20260710 11:00:00.650594 21036 raft_consensus.cc:993] T 19f150a222064be688deda0f0a707975 P e77c138ee1d845189de50f9ef25f78d3: : Instructing follower fd64e3f68bb54fc98291ee13f59ac259 to start an election
I20260710 11:00:00.651041 21036 raft_consensus.cc:1081] T 19f150a222064be688deda0f0a707975 P e77c138ee1d845189de50f9ef25f78d3 [term 1 LEADER]: Signalling peer fd64e3f68bb54fc98291ee13f59ac259 to start an election
I20260710 11:00:00.652968 21065 consensus_queue.cc:1048] T c9b5fd45677940f38f9aba16c6145f55 P fd64e3f68bb54fc98291ee13f59ac259 [LEADER]: Connected to new peer: Peer: permanent_uuid: "e77c138ee1d845189de50f9ef25f78d3" member_type: VOTER last_known_addr { host: "127.19.180.66" port: 37225 }, Status: LMP_MISMATCH, Last received: 0.0, Next index: 1, Last known committed idx: 0, Time since last communication: 0.000s
I20260710 11:00:00.655723 20802 tablet_service.cc:2044] Received Run Leader Election RPC: tablet_id: "19f150a222064be688deda0f0a707975"
dest_uuid: "fd64e3f68bb54fc98291ee13f59ac259"
 from {username='slave'} at 127.0.0.1:41670
I20260710 11:00:00.656308 20802 raft_consensus.cc:493] T 19f150a222064be688deda0f0a707975 P fd64e3f68bb54fc98291ee13f59ac259 [term 1 FOLLOWER]: Starting forced leader election (received explicit request)
I20260710 11:00:00.656670 20802 raft_consensus.cc:3060] T 19f150a222064be688deda0f0a707975 P fd64e3f68bb54fc98291ee13f59ac259 [term 1 FOLLOWER]: Advancing to term 2
I20260710 11:00:00.661156 20801 tablet_service.cc:2072] Received LeaderStepDown RPC: tablet_id: "1e1a2b462c894a39976cfb5ade7f2047"
dest_uuid: "fd64e3f68bb54fc98291ee13f59ac259"
mode: GRACEFUL
new_leader_uuid: "e77c138ee1d845189de50f9ef25f78d3"
 from {username='slave'} at 127.0.0.1:41676
I20260710 11:00:00.661777 20801 raft_consensus.cc:606] T 1e1a2b462c894a39976cfb5ade7f2047 P fd64e3f68bb54fc98291ee13f59ac259 [term 1 LEADER]: Received request to transfer leadership to TS e77c138ee1d845189de50f9ef25f78d3
I20260710 11:00:00.669256 20801 tablet_service.cc:2072] Received LeaderStepDown RPC: tablet_id: "c9b5fd45677940f38f9aba16c6145f55"
dest_uuid: "fd64e3f68bb54fc98291ee13f59ac259"
mode: GRACEFUL
new_leader_uuid: "f8745e8539284442b80c2dc02834875d"
 from {username='slave'} at 127.0.0.1:41676
I20260710 11:00:00.669836 20801 raft_consensus.cc:606] T c9b5fd45677940f38f9aba16c6145f55 P fd64e3f68bb54fc98291ee13f59ac259 [term 1 LEADER]: Received request to transfer leadership to TS f8745e8539284442b80c2dc02834875d
I20260710 11:00:00.753842 20802 raft_consensus.cc:515] T 19f150a222064be688deda0f0a707975 P fd64e3f68bb54fc98291ee13f59ac259 [term 2 FOLLOWER]: Starting forced leader election with config: opid_index: -1 OBSOLETE_local: false peers { permanent_uuid: "fd64e3f68bb54fc98291ee13f59ac259" member_type: VOTER last_known_addr { host: "127.19.180.65" port: 32827 } } peers { permanent_uuid: "e77c138ee1d845189de50f9ef25f78d3" member_type: VOTER last_known_addr { host: "127.19.180.66" port: 37225 } } peers { permanent_uuid: "f8745e8539284442b80c2dc02834875d" member_type: VOTER last_known_addr { host: "127.19.180.67" port: 37257 } }
I20260710 11:00:00.756354 20802 leader_election.cc:290] T 19f150a222064be688deda0f0a707975 P fd64e3f68bb54fc98291ee13f59ac259 [CANDIDATE]: Term 2 election: Requested vote from peers e77c138ee1d845189de50f9ef25f78d3 (127.19.180.66:37225), f8745e8539284442b80c2dc02834875d (127.19.180.67:37257)
I20260710 11:00:00.757097 20876 tablet_service.cc:1917] Received RequestConsensusVote() RPC: tablet_id: "19f150a222064be688deda0f0a707975" candidate_uuid: "fd64e3f68bb54fc98291ee13f59ac259" candidate_term: 2 candidate_status { last_received { term: 1 index: 1 } } ignore_live_leader: true dest_uuid: "e77c138ee1d845189de50f9ef25f78d3"
I20260710 11:00:00.757954 20951 tablet_service.cc:1917] Received RequestConsensusVote() RPC: tablet_id: "19f150a222064be688deda0f0a707975" candidate_uuid: "fd64e3f68bb54fc98291ee13f59ac259" candidate_term: 2 candidate_status { last_received { term: 1 index: 1 } } ignore_live_leader: true dest_uuid: "f8745e8539284442b80c2dc02834875d"
I20260710 11:00:00.758437 20876 raft_consensus.cc:3055] T 19f150a222064be688deda0f0a707975 P e77c138ee1d845189de50f9ef25f78d3 [term 1 LEADER]: Stepping down as leader of term 1
I20260710 11:00:00.758562 20951 raft_consensus.cc:3060] T 19f150a222064be688deda0f0a707975 P f8745e8539284442b80c2dc02834875d [term 1 FOLLOWER]: Advancing to term 2
I20260710 11:00:00.758724 20876 raft_consensus.cc:740] T 19f150a222064be688deda0f0a707975 P e77c138ee1d845189de50f9ef25f78d3 [term 1 LEADER]: Becoming Follower/Learner. State: Replica: e77c138ee1d845189de50f9ef25f78d3, State: Running, Role: LEADER
I20260710 11:00:00.759470 20876 consensus_queue.cc:260] T 19f150a222064be688deda0f0a707975 P e77c138ee1d845189de50f9ef25f78d3 [NON_LEADER]: Queue going to NON_LEADER mode. State: All replicated index: 0, Majority replicated index: 1, Committed index: 1, Last appended: 1.1, Last appended by leader: 1, Current term: 1, Majority size: -1, State: 0, Mode: NON_LEADER, active raft config: opid_index: -1 OBSOLETE_local: false peers { permanent_uuid: "fd64e3f68bb54fc98291ee13f59ac259" member_type: VOTER last_known_addr { host: "127.19.180.65" port: 32827 } } peers { permanent_uuid: "e77c138ee1d845189de50f9ef25f78d3" member_type: VOTER last_known_addr { host: "127.19.180.66" port: 37225 } } peers { permanent_uuid: "f8745e8539284442b80c2dc02834875d" member_type: VOTER last_known_addr { host: "127.19.180.67" port: 37257 } }
I20260710 11:00:00.760375 20876 raft_consensus.cc:3060] T 19f150a222064be688deda0f0a707975 P e77c138ee1d845189de50f9ef25f78d3 [term 1 FOLLOWER]: Advancing to term 2
I20260710 11:00:00.802028 21001 raft_consensus.cc:993] T f9fec8c2a9f44cab8361883d53420b44 P e77c138ee1d845189de50f9ef25f78d3: : Instructing follower fd64e3f68bb54fc98291ee13f59ac259 to start an election
I20260710 11:00:00.802548 21033 raft_consensus.cc:1081] T f9fec8c2a9f44cab8361883d53420b44 P e77c138ee1d845189de50f9ef25f78d3 [term 1 LEADER]: Signalling peer fd64e3f68bb54fc98291ee13f59ac259 to start an election
I20260710 11:00:00.803937 20802 tablet_service.cc:2044] Received Run Leader Election RPC: tablet_id: "f9fec8c2a9f44cab8361883d53420b44"
dest_uuid: "fd64e3f68bb54fc98291ee13f59ac259"
 from {username='slave'} at 127.0.0.1:41670
I20260710 11:00:00.804508 20802 raft_consensus.cc:493] T f9fec8c2a9f44cab8361883d53420b44 P fd64e3f68bb54fc98291ee13f59ac259 [term 1 FOLLOWER]: Starting forced leader election (received explicit request)
I20260710 11:00:00.804862 20802 raft_consensus.cc:3060] T f9fec8c2a9f44cab8361883d53420b44 P fd64e3f68bb54fc98291ee13f59ac259 [term 1 FOLLOWER]: Advancing to term 2
I20260710 11:00:00.855496 21023 raft_consensus.cc:993] T 3f1911b753664bb5b47ebd03434b9f4f P f8745e8539284442b80c2dc02834875d: : Instructing follower e77c138ee1d845189de50f9ef25f78d3 to start an election
I20260710 11:00:00.855962 21022 raft_consensus.cc:1081] T 3f1911b753664bb5b47ebd03434b9f4f P f8745e8539284442b80c2dc02834875d [term 1 LEADER]: Signalling peer e77c138ee1d845189de50f9ef25f78d3 to start an election
I20260710 11:00:00.856921 20876 raft_consensus.cc:2468] T 19f150a222064be688deda0f0a707975 P e77c138ee1d845189de50f9ef25f78d3 [term 2 FOLLOWER]: Leader election vote request: Granting yes vote for candidate fd64e3f68bb54fc98291ee13f59ac259 in term 2.
I20260710 11:00:00.857033 20802 raft_consensus.cc:515] T f9fec8c2a9f44cab8361883d53420b44 P fd64e3f68bb54fc98291ee13f59ac259 [term 2 FOLLOWER]: Starting forced leader election with config: opid_index: -1 OBSOLETE_local: false peers { permanent_uuid: "fd64e3f68bb54fc98291ee13f59ac259" member_type: VOTER last_known_addr { host: "127.19.180.65" port: 32827 } } peers { permanent_uuid: "e77c138ee1d845189de50f9ef25f78d3" member_type: VOTER last_known_addr { host: "127.19.180.66" port: 37225 } } peers { permanent_uuid: "f8745e8539284442b80c2dc02834875d" member_type: VOTER last_known_addr { host: "127.19.180.67" port: 37257 } }
I20260710 11:00:00.857692 20951 raft_consensus.cc:2468] T 19f150a222064be688deda0f0a707975 P f8745e8539284442b80c2dc02834875d [term 2 FOLLOWER]: Leader election vote request: Granting yes vote for candidate fd64e3f68bb54fc98291ee13f59ac259 in term 2.
I20260710 11:00:00.857589 20875 tablet_service.cc:2044] Received Run Leader Election RPC: tablet_id: "3f1911b753664bb5b47ebd03434b9f4f"
dest_uuid: "e77c138ee1d845189de50f9ef25f78d3"
 from {username='slave'} at 127.0.0.1:37898
I20260710 11:00:00.858503 20875 raft_consensus.cc:493] T 3f1911b753664bb5b47ebd03434b9f4f P e77c138ee1d845189de50f9ef25f78d3 [term 1 FOLLOWER]: Starting forced leader election (received explicit request)
I20260710 11:00:00.858898 20875 raft_consensus.cc:3060] T 3f1911b753664bb5b47ebd03434b9f4f P e77c138ee1d845189de50f9ef25f78d3 [term 1 FOLLOWER]: Advancing to term 2
I20260710 11:00:00.858964 20766 leader_election.cc:304] T 19f150a222064be688deda0f0a707975 P fd64e3f68bb54fc98291ee13f59ac259 [CANDIDATE]: Term 2 election: Election decided. Result: candidate won. Election summary: received 2 responses out of 3 voters: 2 yes votes; 0 no votes. yes voters: e77c138ee1d845189de50f9ef25f78d3, fd64e3f68bb54fc98291ee13f59ac259; no voters: 
I20260710 11:00:00.859515 20802 leader_election.cc:290] T f9fec8c2a9f44cab8361883d53420b44 P fd64e3f68bb54fc98291ee13f59ac259 [CANDIDATE]: Term 2 election: Requested vote from peers e77c138ee1d845189de50f9ef25f78d3 (127.19.180.66:37225), f8745e8539284442b80c2dc02834875d (127.19.180.67:37257)
I20260710 11:00:00.860742 21066 raft_consensus.cc:2804] T 19f150a222064be688deda0f0a707975 P fd64e3f68bb54fc98291ee13f59ac259 [term 2 FOLLOWER]: Leader election won for term 2
I20260710 11:00:00.861202 21066 raft_consensus.cc:697] T 19f150a222064be688deda0f0a707975 P fd64e3f68bb54fc98291ee13f59ac259 [term 2 LEADER]: Becoming Leader. State: Replica: fd64e3f68bb54fc98291ee13f59ac259, State: Running, Role: LEADER
I20260710 11:00:00.862097 21066 consensus_queue.cc:237] T 19f150a222064be688deda0f0a707975 P fd64e3f68bb54fc98291ee13f59ac259 [LEADER]: Queue going to LEADER mode. State: All replicated index: 0, Majority replicated index: 1, Committed index: 1, Last appended: 1.1, Last appended by leader: 1, Current term: 2, Majority size: 2, State: 0, Mode: LEADER, active raft config: opid_index: -1 OBSOLETE_local: false peers { permanent_uuid: "fd64e3f68bb54fc98291ee13f59ac259" member_type: VOTER last_known_addr { host: "127.19.180.65" port: 32827 } } peers { permanent_uuid: "e77c138ee1d845189de50f9ef25f78d3" member_type: VOTER last_known_addr { host: "127.19.180.66" port: 37225 } } peers { permanent_uuid: "f8745e8539284442b80c2dc02834875d" member_type: VOTER last_known_addr { host: "127.19.180.67" port: 37257 } }
I20260710 11:00:00.862501 20876 tablet_service.cc:1917] Received RequestConsensusVote() RPC: tablet_id: "f9fec8c2a9f44cab8361883d53420b44" candidate_uuid: "fd64e3f68bb54fc98291ee13f59ac259" candidate_term: 2 candidate_status { last_received { term: 1 index: 1 } } ignore_live_leader: true dest_uuid: "e77c138ee1d845189de50f9ef25f78d3"
I20260710 11:00:00.863059 20876 raft_consensus.cc:3055] T f9fec8c2a9f44cab8361883d53420b44 P e77c138ee1d845189de50f9ef25f78d3 [term 1 LEADER]: Stepping down as leader of term 1
I20260710 11:00:00.861104 20948 tablet_service.cc:1917] Received RequestConsensusVote() RPC: tablet_id: "f9fec8c2a9f44cab8361883d53420b44" candidate_uuid: "fd64e3f68bb54fc98291ee13f59ac259" candidate_term: 2 candidate_status { last_received { term: 1 index: 1 } } ignore_live_leader: true dest_uuid: "f8745e8539284442b80c2dc02834875d"
I20260710 11:00:00.863428 20876 raft_consensus.cc:740] T f9fec8c2a9f44cab8361883d53420b44 P e77c138ee1d845189de50f9ef25f78d3 [term 1 LEADER]: Becoming Follower/Learner. State: Replica: e77c138ee1d845189de50f9ef25f78d3, State: Running, Role: LEADER
I20260710 11:00:00.863673 20948 raft_consensus.cc:3060] T f9fec8c2a9f44cab8361883d53420b44 P f8745e8539284442b80c2dc02834875d [term 1 FOLLOWER]: Advancing to term 2
I20260710 11:00:00.864259 20876 consensus_queue.cc:260] T f9fec8c2a9f44cab8361883d53420b44 P e77c138ee1d845189de50f9ef25f78d3 [NON_LEADER]: Queue going to NON_LEADER mode. State: All replicated index: 0, Majority replicated index: 1, Committed index: 1, Last appended: 1.1, Last appended by leader: 1, Current term: 1, Majority size: -1, State: 0, Mode: NON_LEADER, active raft config: opid_index: -1 OBSOLETE_local: false peers { permanent_uuid: "fd64e3f68bb54fc98291ee13f59ac259" member_type: VOTER last_known_addr { host: "127.19.180.65" port: 32827 } } peers { permanent_uuid: "e77c138ee1d845189de50f9ef25f78d3" member_type: VOTER last_known_addr { host: "127.19.180.66" port: 37225 } } peers { permanent_uuid: "f8745e8539284442b80c2dc02834875d" member_type: VOTER last_known_addr { host: "127.19.180.67" port: 37257 } }
I20260710 11:00:00.865556 20876 raft_consensus.cc:3060] T f9fec8c2a9f44cab8361883d53420b44 P e77c138ee1d845189de50f9ef25f78d3 [term 1 FOLLOWER]: Advancing to term 2
I20260710 11:00:00.870285 20696 catalog_manager.cc:5697] T 19f150a222064be688deda0f0a707975 P fd64e3f68bb54fc98291ee13f59ac259 reported cstate change: term changed from 1 to 2, leader changed from e77c138ee1d845189de50f9ef25f78d3 (127.19.180.66) to fd64e3f68bb54fc98291ee13f59ac259 (127.19.180.65). New cstate: current_term: 2 leader_uuid: "fd64e3f68bb54fc98291ee13f59ac259" committed_config { opid_index: -1 OBSOLETE_local: false peers { permanent_uuid: "fd64e3f68bb54fc98291ee13f59ac259" member_type: VOTER last_known_addr { host: "127.19.180.65" port: 32827 } health_report { overall_health: HEALTHY } } peers { permanent_uuid: "e77c138ee1d845189de50f9ef25f78d3" member_type: VOTER last_known_addr { host: "127.19.180.66" port: 37225 } health_report { overall_health: UNKNOWN } } peers { permanent_uuid: "f8745e8539284442b80c2dc02834875d" member_type: VOTER last_known_addr { host: "127.19.180.67" port: 37257 } health_report { overall_health: UNKNOWN } } }
I20260710 11:00:00.956467 20948 raft_consensus.cc:2468] T f9fec8c2a9f44cab8361883d53420b44 P f8745e8539284442b80c2dc02834875d [term 2 FOLLOWER]: Leader election vote request: Granting yes vote for candidate fd64e3f68bb54fc98291ee13f59ac259 in term 2.
I20260710 11:00:00.956507 20875 raft_consensus.cc:515] T 3f1911b753664bb5b47ebd03434b9f4f P e77c138ee1d845189de50f9ef25f78d3 [term 2 FOLLOWER]: Starting forced leader election with config: opid_index: -1 OBSOLETE_local: false peers { permanent_uuid: "fd64e3f68bb54fc98291ee13f59ac259" member_type: VOTER last_known_addr { host: "127.19.180.65" port: 32827 } } peers { permanent_uuid: "e77c138ee1d845189de50f9ef25f78d3" member_type: VOTER last_known_addr { host: "127.19.180.66" port: 37225 } } peers { permanent_uuid: "f8745e8539284442b80c2dc02834875d" member_type: VOTER last_known_addr { host: "127.19.180.67" port: 37257 } }
I20260710 11:00:00.958184 20766 leader_election.cc:304] T f9fec8c2a9f44cab8361883d53420b44 P fd64e3f68bb54fc98291ee13f59ac259 [CANDIDATE]: Term 2 election: Election decided. Result: candidate won. Election summary: received 2 responses out of 3 voters: 2 yes votes; 0 no votes. yes voters: f8745e8539284442b80c2dc02834875d, fd64e3f68bb54fc98291ee13f59ac259; no voters: 
I20260710 11:00:00.959054 20875 leader_election.cc:290] T 3f1911b753664bb5b47ebd03434b9f4f P e77c138ee1d845189de50f9ef25f78d3 [CANDIDATE]: Term 2 election: Requested vote from peers fd64e3f68bb54fc98291ee13f59ac259 (127.19.180.65:32827), f8745e8539284442b80c2dc02834875d (127.19.180.67:37257)
I20260710 11:00:00.959088 21066 raft_consensus.cc:2804] T f9fec8c2a9f44cab8361883d53420b44 P fd64e3f68bb54fc98291ee13f59ac259 [term 2 FOLLOWER]: Leader election won for term 2
I20260710 11:00:00.960172 21066 raft_consensus.cc:697] T f9fec8c2a9f44cab8361883d53420b44 P fd64e3f68bb54fc98291ee13f59ac259 [term 2 LEADER]: Becoming Leader. State: Replica: fd64e3f68bb54fc98291ee13f59ac259, State: Running, Role: LEADER
I20260710 11:00:00.961110 20948 tablet_service.cc:1917] Received RequestConsensusVote() RPC: tablet_id: "3f1911b753664bb5b47ebd03434b9f4f" candidate_uuid: "e77c138ee1d845189de50f9ef25f78d3" candidate_term: 2 candidate_status { last_received { term: 1 index: 1 } } ignore_live_leader: true dest_uuid: "f8745e8539284442b80c2dc02834875d"
I20260710 11:00:00.961014 21066 consensus_queue.cc:237] T f9fec8c2a9f44cab8361883d53420b44 P fd64e3f68bb54fc98291ee13f59ac259 [LEADER]: Queue going to LEADER mode. State: All replicated index: 0, Majority replicated index: 1, Committed index: 1, Last appended: 1.1, Last appended by leader: 1, Current term: 2, Majority size: 2, State: 0, Mode: LEADER, active raft config: opid_index: -1 OBSOLETE_local: false peers { permanent_uuid: "fd64e3f68bb54fc98291ee13f59ac259" member_type: VOTER last_known_addr { host: "127.19.180.65" port: 32827 } } peers { permanent_uuid: "e77c138ee1d845189de50f9ef25f78d3" member_type: VOTER last_known_addr { host: "127.19.180.66" port: 37225 } } peers { permanent_uuid: "f8745e8539284442b80c2dc02834875d" member_type: VOTER last_known_addr { host: "127.19.180.67" port: 37257 } }
I20260710 11:00:00.961635 20948 raft_consensus.cc:3055] T 3f1911b753664bb5b47ebd03434b9f4f P f8745e8539284442b80c2dc02834875d [term 1 LEADER]: Stepping down as leader of term 1
I20260710 11:00:00.961925 20948 raft_consensus.cc:740] T 3f1911b753664bb5b47ebd03434b9f4f P f8745e8539284442b80c2dc02834875d [term 1 LEADER]: Becoming Follower/Learner. State: Replica: f8745e8539284442b80c2dc02834875d, State: Running, Role: LEADER
I20260710 11:00:00.962292 20802 tablet_service.cc:1917] Received RequestConsensusVote() RPC: tablet_id: "3f1911b753664bb5b47ebd03434b9f4f" candidate_uuid: "e77c138ee1d845189de50f9ef25f78d3" candidate_term: 2 candidate_status { last_received { term: 1 index: 1 } } ignore_live_leader: true dest_uuid: "fd64e3f68bb54fc98291ee13f59ac259"
I20260710 11:00:00.962958 20802 raft_consensus.cc:3060] T 3f1911b753664bb5b47ebd03434b9f4f P fd64e3f68bb54fc98291ee13f59ac259 [term 1 FOLLOWER]: Advancing to term 2
I20260710 11:00:00.962699 20948 consensus_queue.cc:260] T 3f1911b753664bb5b47ebd03434b9f4f P f8745e8539284442b80c2dc02834875d [NON_LEADER]: Queue going to NON_LEADER mode. State: All replicated index: 0, Majority replicated index: 1, Committed index: 1, Last appended: 1.1, Last appended by leader: 1, Current term: 1, Majority size: -1, State: 0, Mode: NON_LEADER, active raft config: opid_index: -1 OBSOLETE_local: false peers { permanent_uuid: "fd64e3f68bb54fc98291ee13f59ac259" member_type: VOTER last_known_addr { host: "127.19.180.65" port: 32827 } } peers { permanent_uuid: "e77c138ee1d845189de50f9ef25f78d3" member_type: VOTER last_known_addr { host: "127.19.180.66" port: 37225 } } peers { permanent_uuid: "f8745e8539284442b80c2dc02834875d" member_type: VOTER last_known_addr { host: "127.19.180.67" port: 37257 } }
I20260710 11:00:00.963951 20948 raft_consensus.cc:3060] T 3f1911b753664bb5b47ebd03434b9f4f P f8745e8539284442b80c2dc02834875d [term 1 FOLLOWER]: Advancing to term 2
I20260710 11:00:00.968763 20696 catalog_manager.cc:5697] T f9fec8c2a9f44cab8361883d53420b44 P fd64e3f68bb54fc98291ee13f59ac259 reported cstate change: term changed from 1 to 2, leader changed from e77c138ee1d845189de50f9ef25f78d3 (127.19.180.66) to fd64e3f68bb54fc98291ee13f59ac259 (127.19.180.65). New cstate: current_term: 2 leader_uuid: "fd64e3f68bb54fc98291ee13f59ac259" committed_config { opid_index: -1 OBSOLETE_local: false peers { permanent_uuid: "fd64e3f68bb54fc98291ee13f59ac259" member_type: VOTER last_known_addr { host: "127.19.180.65" port: 32827 } health_report { overall_health: HEALTHY } } peers { permanent_uuid: "e77c138ee1d845189de50f9ef25f78d3" member_type: VOTER last_known_addr { host: "127.19.180.66" port: 37225 } health_report { overall_health: UNKNOWN } } peers { permanent_uuid: "f8745e8539284442b80c2dc02834875d" member_type: VOTER last_known_addr { host: "127.19.180.67" port: 37257 } health_report { overall_health: UNKNOWN } } }
I20260710 11:00:00.986501 21023 raft_consensus.cc:993] T b97099823c5d455a9f094127c7a7dc69 P f8745e8539284442b80c2dc02834875d: : Instructing follower fd64e3f68bb54fc98291ee13f59ac259 to start an election
I20260710 11:00:00.986950 21022 raft_consensus.cc:1081] T b97099823c5d455a9f094127c7a7dc69 P f8745e8539284442b80c2dc02834875d [term 1 LEADER]: Signalling peer fd64e3f68bb54fc98291ee13f59ac259 to start an election
I20260710 11:00:00.988269 20801 tablet_service.cc:2044] Received Run Leader Election RPC: tablet_id: "b97099823c5d455a9f094127c7a7dc69"
dest_uuid: "fd64e3f68bb54fc98291ee13f59ac259"
 from {username='slave'} at 127.0.0.1:41672
I20260710 11:00:00.988780 20801 raft_consensus.cc:493] T b97099823c5d455a9f094127c7a7dc69 P fd64e3f68bb54fc98291ee13f59ac259 [term 1 FOLLOWER]: Starting forced leader election (received explicit request)
I20260710 11:00:00.989091 20801 raft_consensus.cc:3060] T b97099823c5d455a9f094127c7a7dc69 P fd64e3f68bb54fc98291ee13f59ac259 [term 1 FOLLOWER]: Advancing to term 2
I20260710 11:00:00.997612 21023 raft_consensus.cc:993] T c9b90a2c8cf64828b3047bd5cbebb566 P f8745e8539284442b80c2dc02834875d: : Instructing follower e77c138ee1d845189de50f9ef25f78d3 to start an election
I20260710 11:00:00.998087 21022 raft_consensus.cc:1081] T c9b90a2c8cf64828b3047bd5cbebb566 P f8745e8539284442b80c2dc02834875d [term 1 LEADER]: Signalling peer e77c138ee1d845189de50f9ef25f78d3 to start an election
I20260710 11:00:00.999502 20875 tablet_service.cc:2044] Received Run Leader Election RPC: tablet_id: "c9b90a2c8cf64828b3047bd5cbebb566"
dest_uuid: "e77c138ee1d845189de50f9ef25f78d3"
 from {username='slave'} at 127.0.0.1:37898
I20260710 11:00:00.999992 20875 raft_consensus.cc:493] T c9b90a2c8cf64828b3047bd5cbebb566 P e77c138ee1d845189de50f9ef25f78d3 [term 1 FOLLOWER]: Starting forced leader election (received explicit request)
I20260710 11:00:01.000263 20875 raft_consensus.cc:3060] T c9b90a2c8cf64828b3047bd5cbebb566 P e77c138ee1d845189de50f9ef25f78d3 [term 1 FOLLOWER]: Advancing to term 2
I20260710 11:00:01.004930 21023 raft_consensus.cc:993] T 9b4735a77e364032b528a7477a10e3b9 P f8745e8539284442b80c2dc02834875d: : Instructing follower fd64e3f68bb54fc98291ee13f59ac259 to start an election
I20260710 11:00:01.005366 21023 raft_consensus.cc:1081] T 9b4735a77e364032b528a7477a10e3b9 P f8745e8539284442b80c2dc02834875d [term 1 LEADER]: Signalling peer fd64e3f68bb54fc98291ee13f59ac259 to start an election
I20260710 11:00:01.007247 20800 tablet_service.cc:2044] Received Run Leader Election RPC: tablet_id: "9b4735a77e364032b528a7477a10e3b9"
dest_uuid: "fd64e3f68bb54fc98291ee13f59ac259"
 from {username='slave'} at 127.0.0.1:41672
I20260710 11:00:01.007771 20800 raft_consensus.cc:493] T 9b4735a77e364032b528a7477a10e3b9 P fd64e3f68bb54fc98291ee13f59ac259 [term 1 FOLLOWER]: Starting forced leader election (received explicit request)
I20260710 11:00:01.008138 20800 raft_consensus.cc:3060] T 9b4735a77e364032b528a7477a10e3b9 P fd64e3f68bb54fc98291ee13f59ac259 [term 1 FOLLOWER]: Advancing to term 2
I20260710 11:00:01.027050 21001 raft_consensus.cc:993] T 8e4f68398e34459eb1d9969fc659fd5f P e77c138ee1d845189de50f9ef25f78d3: : Instructing follower fd64e3f68bb54fc98291ee13f59ac259 to start an election
I20260710 11:00:01.027629 21033 raft_consensus.cc:1081] T 8e4f68398e34459eb1d9969fc659fd5f P e77c138ee1d845189de50f9ef25f78d3 [term 1 LEADER]: Signalling peer fd64e3f68bb54fc98291ee13f59ac259 to start an election
I20260710 11:00:01.029057 20799 tablet_service.cc:2044] Received Run Leader Election RPC: tablet_id: "8e4f68398e34459eb1d9969fc659fd5f"
dest_uuid: "fd64e3f68bb54fc98291ee13f59ac259"
 from {username='slave'} at 127.0.0.1:41670
I20260710 11:00:01.029577 20799 raft_consensus.cc:493] T 8e4f68398e34459eb1d9969fc659fd5f P fd64e3f68bb54fc98291ee13f59ac259 [term 1 FOLLOWER]: Starting forced leader election (received explicit request)
I20260710 11:00:01.029865 20799 raft_consensus.cc:3060] T 8e4f68398e34459eb1d9969fc659fd5f P fd64e3f68bb54fc98291ee13f59ac259 [term 1 FOLLOWER]: Advancing to term 2
I20260710 11:00:01.060725 20802 raft_consensus.cc:2468] T 3f1911b753664bb5b47ebd03434b9f4f P fd64e3f68bb54fc98291ee13f59ac259 [term 2 FOLLOWER]: Leader election vote request: Granting yes vote for candidate e77c138ee1d845189de50f9ef25f78d3 in term 2.
I20260710 11:00:01.061861 20948 raft_consensus.cc:2468] T 3f1911b753664bb5b47ebd03434b9f4f P f8745e8539284442b80c2dc02834875d [term 2 FOLLOWER]: Leader election vote request: Granting yes vote for candidate e77c138ee1d845189de50f9ef25f78d3 in term 2.
I20260710 11:00:01.064937 20843 leader_election.cc:304] T 3f1911b753664bb5b47ebd03434b9f4f P e77c138ee1d845189de50f9ef25f78d3 [CANDIDATE]: Term 2 election: Election decided. Result: candidate won. Election summary: received 2 responses out of 3 voters: 2 yes votes; 0 no votes. yes voters: e77c138ee1d845189de50f9ef25f78d3, fd64e3f68bb54fc98291ee13f59ac259; no voters: 
I20260710 11:00:01.065832 21033 raft_consensus.cc:2804] T 3f1911b753664bb5b47ebd03434b9f4f P e77c138ee1d845189de50f9ef25f78d3 [term 2 FOLLOWER]: Leader election won for term 2
I20260710 11:00:01.065940 20876 raft_consensus.cc:2468] T f9fec8c2a9f44cab8361883d53420b44 P e77c138ee1d845189de50f9ef25f78d3 [term 2 FOLLOWER]: Leader election vote request: Granting yes vote for candidate fd64e3f68bb54fc98291ee13f59ac259 in term 2.
I20260710 11:00:01.066418 21033 raft_consensus.cc:697] T 3f1911b753664bb5b47ebd03434b9f4f P e77c138ee1d845189de50f9ef25f78d3 [term 2 LEADER]: Becoming Leader. State: Replica: e77c138ee1d845189de50f9ef25f78d3, State: Running, Role: LEADER
I20260710 11:00:01.067276 21033 consensus_queue.cc:237] T 3f1911b753664bb5b47ebd03434b9f4f P e77c138ee1d845189de50f9ef25f78d3 [LEADER]: Queue going to LEADER mode. State: All replicated index: 0, Majority replicated index: 1, Committed index: 1, Last appended: 1.1, Last appended by leader: 1, Current term: 2, Majority size: 2, State: 0, Mode: LEADER, active raft config: opid_index: -1 OBSOLETE_local: false peers { permanent_uuid: "fd64e3f68bb54fc98291ee13f59ac259" member_type: VOTER last_known_addr { host: "127.19.180.65" port: 32827 } } peers { permanent_uuid: "e77c138ee1d845189de50f9ef25f78d3" member_type: VOTER last_known_addr { host: "127.19.180.66" port: 37225 } } peers { permanent_uuid: "f8745e8539284442b80c2dc02834875d" member_type: VOTER last_known_addr { host: "127.19.180.67" port: 37257 } }
I20260710 11:00:01.075042 20696 catalog_manager.cc:5697] T 3f1911b753664bb5b47ebd03434b9f4f P e77c138ee1d845189de50f9ef25f78d3 reported cstate change: term changed from 1 to 2, leader changed from f8745e8539284442b80c2dc02834875d (127.19.180.67) to e77c138ee1d845189de50f9ef25f78d3 (127.19.180.66). New cstate: current_term: 2 leader_uuid: "e77c138ee1d845189de50f9ef25f78d3" committed_config { opid_index: -1 OBSOLETE_local: false peers { permanent_uuid: "fd64e3f68bb54fc98291ee13f59ac259" member_type: VOTER last_known_addr { host: "127.19.180.65" port: 32827 } health_report { overall_health: UNKNOWN } } peers { permanent_uuid: "e77c138ee1d845189de50f9ef25f78d3" member_type: VOTER last_known_addr { host: "127.19.180.66" port: 37225 } health_report { overall_health: HEALTHY } } peers { permanent_uuid: "f8745e8539284442b80c2dc02834875d" member_type: VOTER last_known_addr { host: "127.19.180.67" port: 37257 } health_report { overall_health: UNKNOWN } } }
I20260710 11:00:01.140987 21065 raft_consensus.cc:993] T c9b5fd45677940f38f9aba16c6145f55 P fd64e3f68bb54fc98291ee13f59ac259: : Instructing follower f8745e8539284442b80c2dc02834875d to start an election
I20260710 11:00:01.141414 21066 raft_consensus.cc:1081] T c9b5fd45677940f38f9aba16c6145f55 P fd64e3f68bb54fc98291ee13f59ac259 [term 1 LEADER]: Signalling peer f8745e8539284442b80c2dc02834875d to start an election
I20260710 11:00:01.142746 20948 tablet_service.cc:2044] Received Run Leader Election RPC: tablet_id: "c9b5fd45677940f38f9aba16c6145f55"
dest_uuid: "f8745e8539284442b80c2dc02834875d"
 from {username='slave'} at 127.0.0.1:51642
I20260710 11:00:01.143270 20948 raft_consensus.cc:493] T c9b5fd45677940f38f9aba16c6145f55 P f8745e8539284442b80c2dc02834875d [term 1 FOLLOWER]: Starting forced leader election (received explicit request)
I20260710 11:00:01.143599 20948 raft_consensus.cc:3060] T c9b5fd45677940f38f9aba16c6145f55 P f8745e8539284442b80c2dc02834875d [term 1 FOLLOWER]: Advancing to term 2
I20260710 11:00:01.162559 20948 raft_consensus.cc:515] T c9b5fd45677940f38f9aba16c6145f55 P f8745e8539284442b80c2dc02834875d [term 2 FOLLOWER]: Starting forced leader election with config: opid_index: -1 OBSOLETE_local: false peers { permanent_uuid: "fd64e3f68bb54fc98291ee13f59ac259" member_type: VOTER last_known_addr { host: "127.19.180.65" port: 32827 } } peers { permanent_uuid: "e77c138ee1d845189de50f9ef25f78d3" member_type: VOTER last_known_addr { host: "127.19.180.66" port: 37225 } } peers { permanent_uuid: "f8745e8539284442b80c2dc02834875d" member_type: VOTER last_known_addr { host: "127.19.180.67" port: 37257 } }
I20260710 11:00:01.162942 20801 raft_consensus.cc:515] T b97099823c5d455a9f094127c7a7dc69 P fd64e3f68bb54fc98291ee13f59ac259 [term 2 FOLLOWER]: Starting forced leader election with config: opid_index: -1 OBSOLETE_local: false peers { permanent_uuid: "fd64e3f68bb54fc98291ee13f59ac259" member_type: VOTER last_known_addr { host: "127.19.180.65" port: 32827 } } peers { permanent_uuid: "e77c138ee1d845189de50f9ef25f78d3" member_type: VOTER last_known_addr { host: "127.19.180.66" port: 37225 } } peers { permanent_uuid: "f8745e8539284442b80c2dc02834875d" member_type: VOTER last_known_addr { host: "127.19.180.67" port: 37257 } }
I20260710 11:00:01.162560 20800 raft_consensus.cc:515] T 9b4735a77e364032b528a7477a10e3b9 P fd64e3f68bb54fc98291ee13f59ac259 [term 2 FOLLOWER]: Starting forced leader election with config: opid_index: -1 OBSOLETE_local: false peers { permanent_uuid: "f8745e8539284442b80c2dc02834875d" member_type: VOTER last_known_addr { host: "127.19.180.67" port: 37257 } } peers { permanent_uuid: "e77c138ee1d845189de50f9ef25f78d3" member_type: VOTER last_known_addr { host: "127.19.180.66" port: 37225 } } peers { permanent_uuid: "fd64e3f68bb54fc98291ee13f59ac259" member_type: VOTER last_known_addr { host: "127.19.180.65" port: 32827 } }
I20260710 11:00:01.163033 20799 raft_consensus.cc:515] T 8e4f68398e34459eb1d9969fc659fd5f P fd64e3f68bb54fc98291ee13f59ac259 [term 2 FOLLOWER]: Starting forced leader election with config: opid_index: -1 OBSOLETE_local: false peers { permanent_uuid: "fd64e3f68bb54fc98291ee13f59ac259" member_type: VOTER last_known_addr { host: "127.19.180.65" port: 32827 } } peers { permanent_uuid: "e77c138ee1d845189de50f9ef25f78d3" member_type: VOTER last_known_addr { host: "127.19.180.66" port: 37225 } } peers { permanent_uuid: "f8745e8539284442b80c2dc02834875d" member_type: VOTER last_known_addr { host: "127.19.180.67" port: 37257 } }
I20260710 11:00:01.165231 20800 leader_election.cc:290] T 9b4735a77e364032b528a7477a10e3b9 P fd64e3f68bb54fc98291ee13f59ac259 [CANDIDATE]: Term 2 election: Requested vote from peers f8745e8539284442b80c2dc02834875d (127.19.180.67:37257), e77c138ee1d845189de50f9ef25f78d3 (127.19.180.66:37225)
I20260710 11:00:01.165419 20948 leader_election.cc:290] T c9b5fd45677940f38f9aba16c6145f55 P f8745e8539284442b80c2dc02834875d [CANDIDATE]: Term 2 election: Requested vote from peers fd64e3f68bb54fc98291ee13f59ac259 (127.19.180.65:32827), e77c138ee1d845189de50f9ef25f78d3 (127.19.180.66:37225)
I20260710 11:00:01.165267 20801 leader_election.cc:290] T b97099823c5d455a9f094127c7a7dc69 P fd64e3f68bb54fc98291ee13f59ac259 [CANDIDATE]: Term 2 election: Requested vote from peers e77c138ee1d845189de50f9ef25f78d3 (127.19.180.66:37225), f8745e8539284442b80c2dc02834875d (127.19.180.67:37257)
I20260710 11:00:01.165540 20799 leader_election.cc:290] T 8e4f68398e34459eb1d9969fc659fd5f P fd64e3f68bb54fc98291ee13f59ac259 [CANDIDATE]: Term 2 election: Requested vote from peers e77c138ee1d845189de50f9ef25f78d3 (127.19.180.66:37225), f8745e8539284442b80c2dc02834875d (127.19.180.67:37257)
I20260710 11:00:01.162560 20875 raft_consensus.cc:515] T c9b90a2c8cf64828b3047bd5cbebb566 P e77c138ee1d845189de50f9ef25f78d3 [term 2 FOLLOWER]: Starting forced leader election with config: opid_index: -1 OBSOLETE_local: false peers { permanent_uuid: "fd64e3f68bb54fc98291ee13f59ac259" member_type: VOTER last_known_addr { host: "127.19.180.65" port: 32827 } } peers { permanent_uuid: "e77c138ee1d845189de50f9ef25f78d3" member_type: VOTER last_known_addr { host: "127.19.180.66" port: 37225 } } peers { permanent_uuid: "f8745e8539284442b80c2dc02834875d" member_type: VOTER last_known_addr { host: "127.19.180.67" port: 37257 } }
I20260710 11:00:01.167402 20948 tablet_service.cc:1917] Received RequestConsensusVote() RPC: tablet_id: "9b4735a77e364032b528a7477a10e3b9" candidate_uuid: "fd64e3f68bb54fc98291ee13f59ac259" candidate_term: 2 candidate_status { last_received { term: 1 index: 1 } } ignore_live_leader: true dest_uuid: "f8745e8539284442b80c2dc02834875d"
I20260710 11:00:01.167431 20876 tablet_service.cc:1917] Received RequestConsensusVote() RPC: tablet_id: "c9b5fd45677940f38f9aba16c6145f55" candidate_uuid: "f8745e8539284442b80c2dc02834875d" candidate_term: 2 candidate_status { last_received { term: 1 index: 1 } } ignore_live_leader: true dest_uuid: "e77c138ee1d845189de50f9ef25f78d3"
I20260710 11:00:01.168007 20877 tablet_service.cc:1917] Received RequestConsensusVote() RPC: tablet_id: "b97099823c5d455a9f094127c7a7dc69" candidate_uuid: "fd64e3f68bb54fc98291ee13f59ac259" candidate_term: 2 candidate_status { last_received { term: 1 index: 1 } } ignore_live_leader: true dest_uuid: "e77c138ee1d845189de50f9ef25f78d3"
I20260710 11:00:01.168099 20948 raft_consensus.cc:3055] T 9b4735a77e364032b528a7477a10e3b9 P f8745e8539284442b80c2dc02834875d [term 1 LEADER]: Stepping down as leader of term 1
I20260710 11:00:01.168184 20876 raft_consensus.cc:3060] T c9b5fd45677940f38f9aba16c6145f55 P e77c138ee1d845189de50f9ef25f78d3 [term 1 FOLLOWER]: Advancing to term 2
I20260710 11:00:01.168561 20948 raft_consensus.cc:740] T 9b4735a77e364032b528a7477a10e3b9 P f8745e8539284442b80c2dc02834875d [term 1 LEADER]: Becoming Follower/Learner. State: Replica: f8745e8539284442b80c2dc02834875d, State: Running, Role: LEADER
I20260710 11:00:01.168572 20877 raft_consensus.cc:3060] T b97099823c5d455a9f094127c7a7dc69 P e77c138ee1d845189de50f9ef25f78d3 [term 1 FOLLOWER]: Advancing to term 2
I20260710 11:00:01.169283 20799 tablet_service.cc:1917] Received RequestConsensusVote() RPC: tablet_id: "c9b90a2c8cf64828b3047bd5cbebb566" candidate_uuid: "e77c138ee1d845189de50f9ef25f78d3" candidate_term: 2 candidate_status { last_received { term: 1 index: 1 } } ignore_live_leader: true dest_uuid: "fd64e3f68bb54fc98291ee13f59ac259"
I20260710 11:00:01.169520 20875 leader_election.cc:290] T c9b90a2c8cf64828b3047bd5cbebb566 P e77c138ee1d845189de50f9ef25f78d3 [CANDIDATE]: Term 2 election: Requested vote from peers fd64e3f68bb54fc98291ee13f59ac259 (127.19.180.65:32827), f8745e8539284442b80c2dc02834875d (127.19.180.67:37257)
I20260710 11:00:01.169824 20799 raft_consensus.cc:3060] T c9b90a2c8cf64828b3047bd5cbebb566 P fd64e3f68bb54fc98291ee13f59ac259 [term 1 FOLLOWER]: Advancing to term 2
I20260710 11:00:01.169624 20948 consensus_queue.cc:260] T 9b4735a77e364032b528a7477a10e3b9 P f8745e8539284442b80c2dc02834875d [NON_LEADER]: Queue going to NON_LEADER mode. State: All replicated index: 0, Majority replicated index: 1, Committed index: 1, Last appended: 1.1, Last appended by leader: 1, Current term: 1, Majority size: -1, State: 0, Mode: NON_LEADER, active raft config: opid_index: -1 OBSOLETE_local: false peers { permanent_uuid: "f8745e8539284442b80c2dc02834875d" member_type: VOTER last_known_addr { host: "127.19.180.67" port: 37257 } } peers { permanent_uuid: "e77c138ee1d845189de50f9ef25f78d3" member_type: VOTER last_known_addr { host: "127.19.180.66" port: 37225 } } peers { permanent_uuid: "fd64e3f68bb54fc98291ee13f59ac259" member_type: VOTER last_known_addr { host: "127.19.180.65" port: 32827 } }
I20260710 11:00:01.171800 20948 raft_consensus.cc:3060] T 9b4735a77e364032b528a7477a10e3b9 P f8745e8539284442b80c2dc02834875d [term 1 FOLLOWER]: Advancing to term 2
I20260710 11:00:01.172120 20951 tablet_service.cc:1917] Received RequestConsensusVote() RPC: tablet_id: "c9b90a2c8cf64828b3047bd5cbebb566" candidate_uuid: "e77c138ee1d845189de50f9ef25f78d3" candidate_term: 2 candidate_status { last_received { term: 1 index: 1 } } ignore_live_leader: true dest_uuid: "f8745e8539284442b80c2dc02834875d"
I20260710 11:00:01.172660 20951 raft_consensus.cc:3055] T c9b90a2c8cf64828b3047bd5cbebb566 P f8745e8539284442b80c2dc02834875d [term 1 LEADER]: Stepping down as leader of term 1
I20260710 11:00:01.172947 20951 raft_consensus.cc:740] T c9b90a2c8cf64828b3047bd5cbebb566 P f8745e8539284442b80c2dc02834875d [term 1 LEADER]: Becoming Follower/Learner. State: Replica: f8745e8539284442b80c2dc02834875d, State: Running, Role: LEADER
I20260710 11:00:01.176704 20799 raft_consensus.cc:2468] T c9b90a2c8cf64828b3047bd5cbebb566 P fd64e3f68bb54fc98291ee13f59ac259 [term 2 FOLLOWER]: Leader election vote request: Granting yes vote for candidate e77c138ee1d845189de50f9ef25f78d3 in term 2.
I20260710 11:00:01.176880 20876 raft_consensus.cc:2468] T c9b5fd45677940f38f9aba16c6145f55 P e77c138ee1d845189de50f9ef25f78d3 [term 2 FOLLOWER]: Leader election vote request: Granting yes vote for candidate f8745e8539284442b80c2dc02834875d in term 2.
I20260710 11:00:01.177896 20915 leader_election.cc:304] T c9b5fd45677940f38f9aba16c6145f55 P f8745e8539284442b80c2dc02834875d [CANDIDATE]: Term 2 election: Election decided. Result: candidate won. Election summary: received 2 responses out of 3 voters: 2 yes votes; 0 no votes. yes voters: e77c138ee1d845189de50f9ef25f78d3, f8745e8539284442b80c2dc02834875d; no voters: 
I20260710 11:00:01.178015 20843 leader_election.cc:304] T c9b90a2c8cf64828b3047bd5cbebb566 P e77c138ee1d845189de50f9ef25f78d3 [CANDIDATE]: Term 2 election: Election decided. Result: candidate won. Election summary: received 2 responses out of 3 voters: 2 yes votes; 0 no votes. yes voters: e77c138ee1d845189de50f9ef25f78d3, fd64e3f68bb54fc98291ee13f59ac259; no voters: 
I20260710 11:00:01.178841 21023 raft_consensus.cc:2804] T c9b5fd45677940f38f9aba16c6145f55 P f8745e8539284442b80c2dc02834875d [term 2 FOLLOWER]: Leader election won for term 2
I20260710 11:00:01.179098 21033 raft_consensus.cc:2804] T c9b90a2c8cf64828b3047bd5cbebb566 P e77c138ee1d845189de50f9ef25f78d3 [term 2 FOLLOWER]: Leader election won for term 2
I20260710 11:00:01.179318 21023 raft_consensus.cc:697] T c9b5fd45677940f38f9aba16c6145f55 P f8745e8539284442b80c2dc02834875d [term 2 LEADER]: Becoming Leader. State: Replica: f8745e8539284442b80c2dc02834875d, State: Running, Role: LEADER
I20260710 11:00:01.179518 20948 raft_consensus.cc:2468] T 9b4735a77e364032b528a7477a10e3b9 P f8745e8539284442b80c2dc02834875d [term 2 FOLLOWER]: Leader election vote request: Granting yes vote for candidate fd64e3f68bb54fc98291ee13f59ac259 in term 2.
I20260710 11:00:01.179719 21033 raft_consensus.cc:697] T c9b90a2c8cf64828b3047bd5cbebb566 P e77c138ee1d845189de50f9ef25f78d3 [term 2 LEADER]: Becoming Leader. State: Replica: e77c138ee1d845189de50f9ef25f78d3, State: Running, Role: LEADER
I20260710 11:00:01.180855 21033 consensus_queue.cc:237] T c9b90a2c8cf64828b3047bd5cbebb566 P e77c138ee1d845189de50f9ef25f78d3 [LEADER]: Queue going to LEADER mode. State: All replicated index: 0, Majority replicated index: 1, Committed index: 1, Last appended: 1.1, Last appended by leader: 1, Current term: 2, Majority size: 2, State: 0, Mode: LEADER, active raft config: opid_index: -1 OBSOLETE_local: false peers { permanent_uuid: "fd64e3f68bb54fc98291ee13f59ac259" member_type: VOTER last_known_addr { host: "127.19.180.65" port: 32827 } } peers { permanent_uuid: "e77c138ee1d845189de50f9ef25f78d3" member_type: VOTER last_known_addr { host: "127.19.180.66" port: 37225 } } peers { permanent_uuid: "f8745e8539284442b80c2dc02834875d" member_type: VOTER last_known_addr { host: "127.19.180.67" port: 37257 } }
I20260710 11:00:01.180222 21023 consensus_queue.cc:237] T c9b5fd45677940f38f9aba16c6145f55 P f8745e8539284442b80c2dc02834875d [LEADER]: Queue going to LEADER mode. State: All replicated index: 0, Majority replicated index: 1, Committed index: 1, Last appended: 1.1, Last appended by leader: 1, Current term: 2, Majority size: 2, State: 0, Mode: LEADER, active raft config: opid_index: -1 OBSOLETE_local: false peers { permanent_uuid: "fd64e3f68bb54fc98291ee13f59ac259" member_type: VOTER last_known_addr { host: "127.19.180.65" port: 32827 } } peers { permanent_uuid: "e77c138ee1d845189de50f9ef25f78d3" member_type: VOTER last_known_addr { host: "127.19.180.66" port: 37225 } } peers { permanent_uuid: "f8745e8539284442b80c2dc02834875d" member_type: VOTER last_known_addr { host: "127.19.180.67" port: 37257 } }
I20260710 11:00:01.173874 20951 consensus_queue.cc:260] T c9b90a2c8cf64828b3047bd5cbebb566 P f8745e8539284442b80c2dc02834875d [NON_LEADER]: Queue going to NON_LEADER mode. State: All replicated index: 0, Majority replicated index: 1, Committed index: 1, Last appended: 1.1, Last appended by leader: 1, Current term: 1, Majority size: -1, State: 0, Mode: NON_LEADER, active raft config: opid_index: -1 OBSOLETE_local: false peers { permanent_uuid: "fd64e3f68bb54fc98291ee13f59ac259" member_type: VOTER last_known_addr { host: "127.19.180.65" port: 32827 } } peers { permanent_uuid: "e77c138ee1d845189de50f9ef25f78d3" member_type: VOTER last_known_addr { host: "127.19.180.66" port: 37225 } } peers { permanent_uuid: "f8745e8539284442b80c2dc02834875d" member_type: VOTER last_known_addr { host: "127.19.180.67" port: 37257 } }
I20260710 11:00:01.184455 20951 raft_consensus.cc:3060] T c9b90a2c8cf64828b3047bd5cbebb566 P f8745e8539284442b80c2dc02834875d [term 1 FOLLOWER]: Advancing to term 2
I20260710 11:00:01.186764 20877 raft_consensus.cc:2468] T b97099823c5d455a9f094127c7a7dc69 P e77c138ee1d845189de50f9ef25f78d3 [term 2 FOLLOWER]: Leader election vote request: Granting yes vote for candidate fd64e3f68bb54fc98291ee13f59ac259 in term 2.
I20260710 11:00:01.187458 20875 tablet_service.cc:1917] Received RequestConsensusVote() RPC: tablet_id: "9b4735a77e364032b528a7477a10e3b9" candidate_uuid: "fd64e3f68bb54fc98291ee13f59ac259" candidate_term: 2 candidate_status { last_received { term: 1 index: 1 } } ignore_live_leader: true dest_uuid: "e77c138ee1d845189de50f9ef25f78d3"
I20260710 11:00:01.187997 20875 raft_consensus.cc:3060] T 9b4735a77e364032b528a7477a10e3b9 P e77c138ee1d845189de50f9ef25f78d3 [term 1 FOLLOWER]: Advancing to term 2
I20260710 11:00:01.189055 20876 tablet_service.cc:1917] Received RequestConsensusVote() RPC: tablet_id: "8e4f68398e34459eb1d9969fc659fd5f" candidate_uuid: "fd64e3f68bb54fc98291ee13f59ac259" candidate_term: 2 candidate_status { last_received { term: 1 index: 1 } } ignore_live_leader: true dest_uuid: "e77c138ee1d845189de50f9ef25f78d3"
I20260710 11:00:01.189069 20950 tablet_service.cc:1917] Received RequestConsensusVote() RPC: tablet_id: "8e4f68398e34459eb1d9969fc659fd5f" candidate_uuid: "fd64e3f68bb54fc98291ee13f59ac259" candidate_term: 2 candidate_status { last_received { term: 1 index: 1 } } ignore_live_leader: true dest_uuid: "f8745e8539284442b80c2dc02834875d"
I20260710 11:00:01.189733 20950 raft_consensus.cc:3060] T 8e4f68398e34459eb1d9969fc659fd5f P f8745e8539284442b80c2dc02834875d [term 1 FOLLOWER]: Advancing to term 2
