I20260710 10:59:56.585001 20311 raft_consensus.cc:3060] T 7e72e1b0c2d247fb891f72da604e59a2 P 1234b7bcd4af4b43a1a3d86a1f12c0e4 [term 2 FOLLOWER]: Advancing to term 3
I20260710 10:59:56.589246 20311 raft_consensus.cc:515] T 7e72e1b0c2d247fb891f72da604e59a2 P 1234b7bcd4af4b43a1a3d86a1f12c0e4 [term 3 FOLLOWER]: Starting forced leader election with config: opid_index: -1 OBSOLETE_local: false peers { permanent_uuid: "1234b7bcd4af4b43a1a3d86a1f12c0e4" member_type: VOTER last_known_addr { host: "127.19.180.65" port: 41925 } } peers { permanent_uuid: "a4a48b4ca1f14dffa67080e170036c3c" member_type: VOTER last_known_addr { host: "127.19.180.66" port: 32979 } } peers { permanent_uuid: "14a8d0c7b3bb4856a15cf4a356270199" member_type: VOTER last_known_addr { host: "127.19.180.67" port: 45905 } }
I20260710 10:59:56.590713 20311 leader_election.cc:290] T 7e72e1b0c2d247fb891f72da604e59a2 P 1234b7bcd4af4b43a1a3d86a1f12c0e4 [CANDIDATE]: Term 3 election: Requested vote from peers a4a48b4ca1f14dffa67080e170036c3c (127.19.180.66:32979), 14a8d0c7b3bb4856a15cf4a356270199 (127.19.180.67:45905)
I20260710 10:59:56.591578 20387 tablet_service.cc:1917] Received RequestConsensusVote() RPC: tablet_id: "7e72e1b0c2d247fb891f72da604e59a2" candidate_uuid: "1234b7bcd4af4b43a1a3d86a1f12c0e4" candidate_term: 3 candidate_status { last_received { term: 2 index: 2 } } ignore_live_leader: true dest_uuid: "a4a48b4ca1f14dffa67080e170036c3c"
I20260710 10:59:56.591921 20460 tablet_service.cc:1917] Received RequestConsensusVote() RPC: tablet_id: "7e72e1b0c2d247fb891f72da604e59a2" candidate_uuid: "1234b7bcd4af4b43a1a3d86a1f12c0e4" candidate_term: 3 candidate_status { last_received { term: 2 index: 2 } } ignore_live_leader: true dest_uuid: "14a8d0c7b3bb4856a15cf4a356270199"
I20260710 10:59:56.592145 20387 raft_consensus.cc:3055] T 7e72e1b0c2d247fb891f72da604e59a2 P a4a48b4ca1f14dffa67080e170036c3c [term 2 LEADER]: Stepping down as leader of term 2
I20260710 10:59:56.592459 20460 raft_consensus.cc:3060] T 7e72e1b0c2d247fb891f72da604e59a2 P 14a8d0c7b3bb4856a15cf4a356270199 [term 2 FOLLOWER]: Advancing to term 3
I20260710 10:59:56.592485 20387 raft_consensus.cc:740] T 7e72e1b0c2d247fb891f72da604e59a2 P a4a48b4ca1f14dffa67080e170036c3c [term 2 LEADER]: Becoming Follower/Learner. State: Replica: a4a48b4ca1f14dffa67080e170036c3c, State: Running, Role: LEADER
I20260710 10:59:56.593319 20387 consensus_queue.cc:260] T 7e72e1b0c2d247fb891f72da604e59a2 P a4a48b4ca1f14dffa67080e170036c3c [NON_LEADER]: Queue going to NON_LEADER mode. State: All replicated index: 0, Majority replicated index: 2, Committed index: 2, Last appended: 2.2, Last appended by leader: 2, Current term: 2, Majority size: -1, State: 0, Mode: NON_LEADER, active raft config: opid_index: -1 OBSOLETE_local: false peers { permanent_uuid: "1234b7bcd4af4b43a1a3d86a1f12c0e4" member_type: VOTER last_known_addr { host: "127.19.180.65" port: 41925 } } peers { permanent_uuid: "a4a48b4ca1f14dffa67080e170036c3c" member_type: VOTER last_known_addr { host: "127.19.180.66" port: 32979 } } peers { permanent_uuid: "14a8d0c7b3bb4856a15cf4a356270199" member_type: VOTER last_known_addr { host: "127.19.180.67" port: 45905 } }
I20260710 10:59:56.594199 20387 raft_consensus.cc:3060] T 7e72e1b0c2d247fb891f72da604e59a2 P a4a48b4ca1f14dffa67080e170036c3c [term 2 FOLLOWER]: Advancing to term 3
I20260710 10:59:56.596760 20460 raft_consensus.cc:2468] T 7e72e1b0c2d247fb891f72da604e59a2 P 14a8d0c7b3bb4856a15cf4a356270199 [term 3 FOLLOWER]: Leader election vote request: Granting yes vote for candidate 1234b7bcd4af4b43a1a3d86a1f12c0e4 in term 3.
I20260710 10:59:56.598006 20278 leader_election.cc:304] T 7e72e1b0c2d247fb891f72da604e59a2 P 1234b7bcd4af4b43a1a3d86a1f12c0e4 [CANDIDATE]: Term 3 election: Election decided. Result: candidate won. Election summary: received 2 responses out of 3 voters: 2 yes votes; 0 no votes. yes voters: 1234b7bcd4af4b43a1a3d86a1f12c0e4, 14a8d0c7b3bb4856a15cf4a356270199; no voters: 
I20260710 10:59:56.598798 20387 raft_consensus.cc:2468] T 7e72e1b0c2d247fb891f72da604e59a2 P a4a48b4ca1f14dffa67080e170036c3c [term 3 FOLLOWER]: Leader election vote request: Granting yes vote for candidate 1234b7bcd4af4b43a1a3d86a1f12c0e4 in term 3.
I20260710 10:59:56.600040 20649 raft_consensus.cc:2804] T 7e72e1b0c2d247fb891f72da604e59a2 P 1234b7bcd4af4b43a1a3d86a1f12c0e4 [term 3 FOLLOWER]: Leader election won for term 3
I20260710 10:59:56.601099 20649 raft_consensus.cc:697] T 7e72e1b0c2d247fb891f72da604e59a2 P 1234b7bcd4af4b43a1a3d86a1f12c0e4 [term 3 LEADER]: Becoming Leader. State: Replica: 1234b7bcd4af4b43a1a3d86a1f12c0e4, State: Running, Role: LEADER
I20260710 10:59:56.601912 20649 consensus_queue.cc:237] T 7e72e1b0c2d247fb891f72da604e59a2 P 1234b7bcd4af4b43a1a3d86a1f12c0e4 [LEADER]: Queue going to LEADER mode. State: All replicated index: 0, Majority replicated index: 2, Committed index: 2, Last appended: 2.2, Last appended by leader: 2, Current term: 3, Majority size: 2, State: 0, Mode: LEADER, active raft config: opid_index: -1 OBSOLETE_local: false peers { permanent_uuid: "1234b7bcd4af4b43a1a3d86a1f12c0e4" member_type: VOTER last_known_addr { host: "127.19.180.65" port: 41925 } } peers { permanent_uuid: "a4a48b4ca1f14dffa67080e170036c3c" member_type: VOTER last_known_addr { host: "127.19.180.66" port: 32979 } } peers { permanent_uuid: "14a8d0c7b3bb4856a15cf4a356270199" member_type: VOTER last_known_addr { host: "127.19.180.67" port: 45905 } }
I20260710 10:59:56.608395 20208 catalog_manager.cc:5697] T 7e72e1b0c2d247fb891f72da604e59a2 P 1234b7bcd4af4b43a1a3d86a1f12c0e4 reported cstate change: term changed from 2 to 3, leader changed from a4a48b4ca1f14dffa67080e170036c3c (127.19.180.66) to 1234b7bcd4af4b43a1a3d86a1f12c0e4 (127.19.180.65). New cstate: current_term: 3 leader_uuid: "1234b7bcd4af4b43a1a3d86a1f12c0e4" committed_config { opid_index: -1 OBSOLETE_local: false peers { permanent_uuid: "1234b7bcd4af4b43a1a3d86a1f12c0e4" member_type: VOTER last_known_addr { host: "127.19.180.65" port: 41925 } health_report { overall_health: HEALTHY } } peers { permanent_uuid: "a4a48b4ca1f14dffa67080e170036c3c" member_type: VOTER last_known_addr { host: "127.19.180.66" port: 32979 } health_report { overall_health: UNKNOWN } } peers { permanent_uuid: "14a8d0c7b3bb4856a15cf4a356270199" member_type: VOTER last_known_addr { host: "127.19.180.67" port: 45905 } health_report { overall_health: UNKNOWN } } }
I20260710 10:59:56.779994 20642 raft_consensus.cc:993] T f238ef0d48f7495ab38bd3acc4771db4 P a4a48b4ca1f14dffa67080e170036c3c: : Instructing follower 14a8d0c7b3bb4856a15cf4a356270199 to start an election
I20260710 10:59:56.780514 20632 raft_consensus.cc:1081] T f238ef0d48f7495ab38bd3acc4771db4 P a4a48b4ca1f14dffa67080e170036c3c [term 2 LEADER]: Signalling peer 14a8d0c7b3bb4856a15cf4a356270199 to start an election
I20260710 10:59:56.782045 20460 tablet_service.cc:2044] Received Run Leader Election RPC: tablet_id: "f238ef0d48f7495ab38bd3acc4771db4"
dest_uuid: "14a8d0c7b3bb4856a15cf4a356270199"
 from {username='slave'} at 127.0.0.1:37820
I20260710 10:59:56.782514 20460 raft_consensus.cc:493] T f238ef0d48f7495ab38bd3acc4771db4 P 14a8d0c7b3bb4856a15cf4a356270199 [term 2 FOLLOWER]: Starting forced leader election (received explicit request)
I20260710 10:59:56.782814 20460 raft_consensus.cc:3060] T f238ef0d48f7495ab38bd3acc4771db4 P 14a8d0c7b3bb4856a15cf4a356270199 [term 2 FOLLOWER]: Advancing to term 3
I20260710 10:59:56.787186 20460 raft_consensus.cc:515] T f238ef0d48f7495ab38bd3acc4771db4 P 14a8d0c7b3bb4856a15cf4a356270199 [term 3 FOLLOWER]: Starting forced leader election with config: opid_index: -1 OBSOLETE_local: false peers { permanent_uuid: "1234b7bcd4af4b43a1a3d86a1f12c0e4" member_type: VOTER last_known_addr { host: "127.19.180.65" port: 41925 } } peers { permanent_uuid: "a4a48b4ca1f14dffa67080e170036c3c" member_type: VOTER last_known_addr { host: "127.19.180.66" port: 32979 } } peers { permanent_uuid: "14a8d0c7b3bb4856a15cf4a356270199" member_type: VOTER last_known_addr { host: "127.19.180.67" port: 45905 } }
I20260710 10:59:56.788686 20460 leader_election.cc:290] T f238ef0d48f7495ab38bd3acc4771db4 P 14a8d0c7b3bb4856a15cf4a356270199 [CANDIDATE]: Term 3 election: Requested vote from peers 1234b7bcd4af4b43a1a3d86a1f12c0e4 (127.19.180.65:41925), a4a48b4ca1f14dffa67080e170036c3c (127.19.180.66:32979)
I20260710 10:59:56.789578 20311 tablet_service.cc:1917] Received RequestConsensusVote() RPC: tablet_id: "f238ef0d48f7495ab38bd3acc4771db4" candidate_uuid: "14a8d0c7b3bb4856a15cf4a356270199" candidate_term: 3 candidate_status { last_received { term: 2 index: 2 } } ignore_live_leader: true dest_uuid: "1234b7bcd4af4b43a1a3d86a1f12c0e4"
I20260710 10:59:56.789759 20387 tablet_service.cc:1917] Received RequestConsensusVote() RPC: tablet_id: "f238ef0d48f7495ab38bd3acc4771db4" candidate_uuid: "14a8d0c7b3bb4856a15cf4a356270199" candidate_term: 3 candidate_status { last_received { term: 2 index: 2 } } ignore_live_leader: true dest_uuid: "a4a48b4ca1f14dffa67080e170036c3c"
I20260710 10:59:56.790030 20311 raft_consensus.cc:3060] T f238ef0d48f7495ab38bd3acc4771db4 P 1234b7bcd4af4b43a1a3d86a1f12c0e4 [term 2 FOLLOWER]: Advancing to term 3
I20260710 10:59:56.790357 20387 raft_consensus.cc:3055] T f238ef0d48f7495ab38bd3acc4771db4 P a4a48b4ca1f14dffa67080e170036c3c [term 2 LEADER]: Stepping down as leader of term 2
I20260710 10:59:56.790652 20387 raft_consensus.cc:740] T f238ef0d48f7495ab38bd3acc4771db4 P a4a48b4ca1f14dffa67080e170036c3c [term 2 LEADER]: Becoming Follower/Learner. State: Replica: a4a48b4ca1f14dffa67080e170036c3c, State: Running, Role: LEADER
I20260710 10:59:56.791213 20387 consensus_queue.cc:260] T f238ef0d48f7495ab38bd3acc4771db4 P a4a48b4ca1f14dffa67080e170036c3c [NON_LEADER]: Queue going to NON_LEADER mode. State: All replicated index: 0, Majority replicated index: 2, Committed index: 2, Last appended: 2.2, Last appended by leader: 2, Current term: 2, Majority size: -1, State: 0, Mode: NON_LEADER, active raft config: opid_index: -1 OBSOLETE_local: false peers { permanent_uuid: "1234b7bcd4af4b43a1a3d86a1f12c0e4" member_type: VOTER last_known_addr { host: "127.19.180.65" port: 41925 } } peers { permanent_uuid: "a4a48b4ca1f14dffa67080e170036c3c" member_type: VOTER last_known_addr { host: "127.19.180.66" port: 32979 } } peers { permanent_uuid: "14a8d0c7b3bb4856a15cf4a356270199" member_type: VOTER last_known_addr { host: "127.19.180.67" port: 45905 } }
I20260710 10:59:56.792075 20387 raft_consensus.cc:3060] T f238ef0d48f7495ab38bd3acc4771db4 P a4a48b4ca1f14dffa67080e170036c3c [term 2 FOLLOWER]: Advancing to term 3
I20260710 10:59:56.795519 20311 raft_consensus.cc:2468] T f238ef0d48f7495ab38bd3acc4771db4 P 1234b7bcd4af4b43a1a3d86a1f12c0e4 [term 3 FOLLOWER]: Leader election vote request: Granting yes vote for candidate 14a8d0c7b3bb4856a15cf4a356270199 in term 3.
I20260710 10:59:56.796229 20387 raft_consensus.cc:2468] T f238ef0d48f7495ab38bd3acc4771db4 P a4a48b4ca1f14dffa67080e170036c3c [term 3 FOLLOWER]: Leader election vote request: Granting yes vote for candidate 14a8d0c7b3bb4856a15cf4a356270199 in term 3.
I20260710 10:59:56.796649 20424 leader_election.cc:304] T f238ef0d48f7495ab38bd3acc4771db4 P 14a8d0c7b3bb4856a15cf4a356270199 [CANDIDATE]: Term 3 election: Election decided. Result: candidate won. Election summary: received 2 responses out of 3 voters: 2 yes votes; 0 no votes. yes voters: 1234b7bcd4af4b43a1a3d86a1f12c0e4, 14a8d0c7b3bb4856a15cf4a356270199; no voters: 
I20260710 10:59:56.797514 20601 raft_consensus.cc:2804] T f238ef0d48f7495ab38bd3acc4771db4 P 14a8d0c7b3bb4856a15cf4a356270199 [term 3 FOLLOWER]: Leader election won for term 3
I20260710 10:59:56.797895 20601 raft_consensus.cc:697] T f238ef0d48f7495ab38bd3acc4771db4 P 14a8d0c7b3bb4856a15cf4a356270199 [term 3 LEADER]: Becoming Leader. State: Replica: 14a8d0c7b3bb4856a15cf4a356270199, State: Running, Role: LEADER
I20260710 10:59:56.798568 20601 consensus_queue.cc:237] T f238ef0d48f7495ab38bd3acc4771db4 P 14a8d0c7b3bb4856a15cf4a356270199 [LEADER]: Queue going to LEADER mode. State: All replicated index: 0, Majority replicated index: 2, Committed index: 2, Last appended: 2.2, Last appended by leader: 2, Current term: 3, Majority size: 2, State: 0, Mode: LEADER, active raft config: opid_index: -1 OBSOLETE_local: false peers { permanent_uuid: "1234b7bcd4af4b43a1a3d86a1f12c0e4" member_type: VOTER last_known_addr { host: "127.19.180.65" port: 41925 } } peers { permanent_uuid: "a4a48b4ca1f14dffa67080e170036c3c" member_type: VOTER last_known_addr { host: "127.19.180.66" port: 32979 } } peers { permanent_uuid: "14a8d0c7b3bb4856a15cf4a356270199" member_type: VOTER last_known_addr { host: "127.19.180.67" port: 45905 } }
I20260710 10:59:56.805712 20642 raft_consensus.cc:993] T eba60519d63b45b7a2222adda392dcf8 P a4a48b4ca1f14dffa67080e170036c3c: : Instructing follower 1234b7bcd4af4b43a1a3d86a1f12c0e4 to start an election
I20260710 10:59:56.806200 20632 raft_consensus.cc:1081] T eba60519d63b45b7a2222adda392dcf8 P a4a48b4ca1f14dffa67080e170036c3c [term 3 LEADER]: Signalling peer 1234b7bcd4af4b43a1a3d86a1f12c0e4 to start an election
I20260710 10:59:56.806399 20208 catalog_manager.cc:5697] T f238ef0d48f7495ab38bd3acc4771db4 P 14a8d0c7b3bb4856a15cf4a356270199 reported cstate change: term changed from 2 to 3, leader changed from a4a48b4ca1f14dffa67080e170036c3c (127.19.180.66) to 14a8d0c7b3bb4856a15cf4a356270199 (127.19.180.67). New cstate: current_term: 3 leader_uuid: "14a8d0c7b3bb4856a15cf4a356270199" committed_config { opid_index: -1 OBSOLETE_local: false peers { permanent_uuid: "1234b7bcd4af4b43a1a3d86a1f12c0e4" member_type: VOTER last_known_addr { host: "127.19.180.65" port: 41925 } health_report { overall_health: UNKNOWN } } peers { permanent_uuid: "a4a48b4ca1f14dffa67080e170036c3c" member_type: VOTER last_known_addr { host: "127.19.180.66" port: 32979 } health_report { overall_health: UNKNOWN } } peers { permanent_uuid: "14a8d0c7b3bb4856a15cf4a356270199" member_type: VOTER last_known_addr { host: "127.19.180.67" port: 45905 } health_report { overall_health: HEALTHY } } }
I20260710 10:59:56.807605 20311 tablet_service.cc:2044] Received Run Leader Election RPC: tablet_id: "eba60519d63b45b7a2222adda392dcf8"
dest_uuid: "1234b7bcd4af4b43a1a3d86a1f12c0e4"
 from {username='slave'} at 127.0.0.1:43294
I20260710 10:59:56.808036 20311 raft_consensus.cc:493] T eba60519d63b45b7a2222adda392dcf8 P 1234b7bcd4af4b43a1a3d86a1f12c0e4 [term 3 FOLLOWER]: Starting forced leader election (received explicit request)
I20260710 10:59:56.808329 20311 raft_consensus.cc:3060] T eba60519d63b45b7a2222adda392dcf8 P 1234b7bcd4af4b43a1a3d86a1f12c0e4 [term 3 FOLLOWER]: Advancing to term 4
I20260710 10:59:56.813632 20311 raft_consensus.cc:515] T eba60519d63b45b7a2222adda392dcf8 P 1234b7bcd4af4b43a1a3d86a1f12c0e4 [term 4 FOLLOWER]: Starting forced leader election with config: opid_index: -1 OBSOLETE_local: false peers { permanent_uuid: "1234b7bcd4af4b43a1a3d86a1f12c0e4" member_type: VOTER last_known_addr { host: "127.19.180.65" port: 41925 } } peers { permanent_uuid: "a4a48b4ca1f14dffa67080e170036c3c" member_type: VOTER last_known_addr { host: "127.19.180.66" port: 32979 } } peers { permanent_uuid: "14a8d0c7b3bb4856a15cf4a356270199" member_type: VOTER last_known_addr { host: "127.19.180.67" port: 45905 } }
I20260710 10:59:56.815250 20311 leader_election.cc:290] T eba60519d63b45b7a2222adda392dcf8 P 1234b7bcd4af4b43a1a3d86a1f12c0e4 [CANDIDATE]: Term 4 election: Requested vote from peers a4a48b4ca1f14dffa67080e170036c3c (127.19.180.66:32979), 14a8d0c7b3bb4856a15cf4a356270199 (127.19.180.67:45905)
I20260710 10:59:56.816205 20387 tablet_service.cc:1917] Received RequestConsensusVote() RPC: tablet_id: "eba60519d63b45b7a2222adda392dcf8" candidate_uuid: "1234b7bcd4af4b43a1a3d86a1f12c0e4" candidate_term: 4 candidate_status { last_received { term: 3 index: 3 } } ignore_live_leader: true dest_uuid: "a4a48b4ca1f14dffa67080e170036c3c"
I20260710 10:59:56.816265 20460 tablet_service.cc:1917] Received RequestConsensusVote() RPC: tablet_id: "eba60519d63b45b7a2222adda392dcf8" candidate_uuid: "1234b7bcd4af4b43a1a3d86a1f12c0e4" candidate_term: 4 candidate_status { last_received { term: 3 index: 3 } } ignore_live_leader: true dest_uuid: "14a8d0c7b3bb4856a15cf4a356270199"
I20260710 10:59:56.816951 20387 raft_consensus.cc:3055] T eba60519d63b45b7a2222adda392dcf8 P a4a48b4ca1f14dffa67080e170036c3c [term 3 LEADER]: Stepping down as leader of term 3
I20260710 10:59:56.817023 20460 raft_consensus.cc:3060] T eba60519d63b45b7a2222adda392dcf8 P 14a8d0c7b3bb4856a15cf4a356270199 [term 3 FOLLOWER]: Advancing to term 4
I20260710 10:59:56.817332 20387 raft_consensus.cc:740] T eba60519d63b45b7a2222adda392dcf8 P a4a48b4ca1f14dffa67080e170036c3c [term 3 LEADER]: Becoming Follower/Learner. State: Replica: a4a48b4ca1f14dffa67080e170036c3c, State: Running, Role: LEADER
I20260710 10:59:56.818100 20387 consensus_queue.cc:260] T eba60519d63b45b7a2222adda392dcf8 P a4a48b4ca1f14dffa67080e170036c3c [NON_LEADER]: Queue going to NON_LEADER mode. State: All replicated index: 0, Majority replicated index: 3, Committed index: 3, Last appended: 3.3, Last appended by leader: 3, Current term: 3, Majority size: -1, State: 0, Mode: NON_LEADER, active raft config: opid_index: -1 OBSOLETE_local: false peers { permanent_uuid: "1234b7bcd4af4b43a1a3d86a1f12c0e4" member_type: VOTER last_known_addr { host: "127.19.180.65" port: 41925 } } peers { permanent_uuid: "a4a48b4ca1f14dffa67080e170036c3c" member_type: VOTER last_known_addr { host: "127.19.180.66" port: 32979 } } peers { permanent_uuid: "14a8d0c7b3bb4856a15cf4a356270199" member_type: VOTER last_known_addr { host: "127.19.180.67" port: 45905 } }
I20260710 10:59:56.819164 20387 raft_consensus.cc:3060] T eba60519d63b45b7a2222adda392dcf8 P a4a48b4ca1f14dffa67080e170036c3c [term 3 FOLLOWER]: Advancing to term 4
I20260710 10:59:56.823263 20460 raft_consensus.cc:2468] T eba60519d63b45b7a2222adda392dcf8 P 14a8d0c7b3bb4856a15cf4a356270199 [term 4 FOLLOWER]: Leader election vote request: Granting yes vote for candidate 1234b7bcd4af4b43a1a3d86a1f12c0e4 in term 4.
I20260710 10:59:56.824506 20278 leader_election.cc:304] T eba60519d63b45b7a2222adda392dcf8 P 1234b7bcd4af4b43a1a3d86a1f12c0e4 [CANDIDATE]: Term 4 election: Election decided. Result: candidate won. Election summary: received 2 responses out of 3 voters: 2 yes votes; 0 no votes. yes voters: 1234b7bcd4af4b43a1a3d86a1f12c0e4, 14a8d0c7b3bb4856a15cf4a356270199; no voters: 
I20260710 10:59:56.825057 20387 raft_consensus.cc:2468] T eba60519d63b45b7a2222adda392dcf8 P a4a48b4ca1f14dffa67080e170036c3c [term 4 FOLLOWER]: Leader election vote request: Granting yes vote for candidate 1234b7bcd4af4b43a1a3d86a1f12c0e4 in term 4.
I20260710 10:59:56.825346 20649 raft_consensus.cc:2804] T eba60519d63b45b7a2222adda392dcf8 P 1234b7bcd4af4b43a1a3d86a1f12c0e4 [term 4 FOLLOWER]: Leader election won for term 4
I20260710 10:59:56.825855 20649 raft_consensus.cc:697] T eba60519d63b45b7a2222adda392dcf8 P 1234b7bcd4af4b43a1a3d86a1f12c0e4 [term 4 LEADER]: Becoming Leader. State: Replica: 1234b7bcd4af4b43a1a3d86a1f12c0e4, State: Running, Role: LEADER
I20260710 10:59:56.826817 20649 consensus_queue.cc:237] T eba60519d63b45b7a2222adda392dcf8 P 1234b7bcd4af4b43a1a3d86a1f12c0e4 [LEADER]: Queue going to LEADER mode. State: All replicated index: 0, Majority replicated index: 3, Committed index: 3, Last appended: 3.3, Last appended by leader: 3, Current term: 4, Majority size: 2, State: 0, Mode: LEADER, active raft config: opid_index: -1 OBSOLETE_local: false peers { permanent_uuid: "1234b7bcd4af4b43a1a3d86a1f12c0e4" member_type: VOTER last_known_addr { host: "127.19.180.65" port: 41925 } } peers { permanent_uuid: "a4a48b4ca1f14dffa67080e170036c3c" member_type: VOTER last_known_addr { host: "127.19.180.66" port: 32979 } } peers { permanent_uuid: "14a8d0c7b3bb4856a15cf4a356270199" member_type: VOTER last_known_addr { host: "127.19.180.67" port: 45905 } }
I20260710 10:59:56.833873 20208 catalog_manager.cc:5697] T eba60519d63b45b7a2222adda392dcf8 P 1234b7bcd4af4b43a1a3d86a1f12c0e4 reported cstate change: term changed from 3 to 4, leader changed from a4a48b4ca1f14dffa67080e170036c3c (127.19.180.66) to 1234b7bcd4af4b43a1a3d86a1f12c0e4 (127.19.180.65). New cstate: current_term: 4 leader_uuid: "1234b7bcd4af4b43a1a3d86a1f12c0e4" committed_config { opid_index: -1 OBSOLETE_local: false peers { permanent_uuid: "1234b7bcd4af4b43a1a3d86a1f12c0e4" member_type: VOTER last_known_addr { host: "127.19.180.65" port: 41925 } health_report { overall_health: HEALTHY } } peers { permanent_uuid: "a4a48b4ca1f14dffa67080e170036c3c" member_type: VOTER last_known_addr { host: "127.19.180.66" port: 32979 } health_report { overall_health: UNKNOWN } } peers { permanent_uuid: "14a8d0c7b3bb4856a15cf4a356270199" member_type: VOTER last_known_addr { host: "127.19.180.67" port: 45905 } health_report { overall_health: UNKNOWN } } }
I20260710 10:59:57.016765 20387 raft_consensus.cc:1275] T 7e72e1b0c2d247fb891f72da604e59a2 P a4a48b4ca1f14dffa67080e170036c3c [term 3 FOLLOWER]: Refusing update from remote peer 1234b7bcd4af4b43a1a3d86a1f12c0e4: Log matching property violated. Preceding OpId in replica: term: 2 index: 2. Preceding OpId from leader: term: 3 index: 3. (index mismatch)
I20260710 10:59:57.018018 20649 consensus_queue.cc:1048] T 7e72e1b0c2d247fb891f72da604e59a2 P 1234b7bcd4af4b43a1a3d86a1f12c0e4 [LEADER]: Connected to new peer: Peer: permanent_uuid: "a4a48b4ca1f14dffa67080e170036c3c" member_type: VOTER last_known_addr { host: "127.19.180.66" port: 32979 }, Status: LMP_MISMATCH, Last received: 0.0, Next index: 3, Last known committed idx: 2, Time since last communication: 0.000s
I20260710 10:59:57.028198 20460 raft_consensus.cc:1275] T 7e72e1b0c2d247fb891f72da604e59a2 P 14a8d0c7b3bb4856a15cf4a356270199 [term 3 FOLLOWER]: Refusing update from remote peer 1234b7bcd4af4b43a1a3d86a1f12c0e4: Log matching property violated. Preceding OpId in replica: term: 2 index: 2. Preceding OpId from leader: term: 3 index: 3. (index mismatch)
I20260710 10:59:57.029834 20650 consensus_queue.cc:1048] T 7e72e1b0c2d247fb891f72da604e59a2 P 1234b7bcd4af4b43a1a3d86a1f12c0e4 [LEADER]: Connected to new peer: Peer: permanent_uuid: "14a8d0c7b3bb4856a15cf4a356270199" member_type: VOTER last_known_addr { host: "127.19.180.67" port: 45905 }, Status: LMP_MISMATCH, Last received: 0.0, Next index: 3, Last known committed idx: 2, Time since last communication: 0.001s
I20260710 10:59:57.060864 20632 raft_consensus.cc:993] T cb7b860ff4d84406a41618574b85a2aa P a4a48b4ca1f14dffa67080e170036c3c: : Instructing follower 1234b7bcd4af4b43a1a3d86a1f12c0e4 to start an election
I20260710 10:59:57.061213 20632 raft_consensus.cc:1081] T cb7b860ff4d84406a41618574b85a2aa P a4a48b4ca1f14dffa67080e170036c3c [term 1 LEADER]: Signalling peer 1234b7bcd4af4b43a1a3d86a1f12c0e4 to start an election
I20260710 10:59:57.062671 20311 tablet_service.cc:2044] Received Run Leader Election RPC: tablet_id: "cb7b860ff4d84406a41618574b85a2aa"
dest_uuid: "1234b7bcd4af4b43a1a3d86a1f12c0e4"
 from {username='slave'} at 127.0.0.1:43294
I20260710 10:59:57.063136 20311 raft_consensus.cc:493] T cb7b860ff4d84406a41618574b85a2aa P 1234b7bcd4af4b43a1a3d86a1f12c0e4 [term 1 FOLLOWER]: Starting forced leader election (received explicit request)
I20260710 10:59:57.063427 20311 raft_consensus.cc:3060] T cb7b860ff4d84406a41618574b85a2aa P 1234b7bcd4af4b43a1a3d86a1f12c0e4 [term 1 FOLLOWER]: Advancing to term 2
I20260710 10:59:57.067315 20311 raft_consensus.cc:515] T cb7b860ff4d84406a41618574b85a2aa P 1234b7bcd4af4b43a1a3d86a1f12c0e4 [term 2 FOLLOWER]: Starting forced leader election with config: opid_index: -1 OBSOLETE_local: false peers { permanent_uuid: "1234b7bcd4af4b43a1a3d86a1f12c0e4" member_type: VOTER last_known_addr { host: "127.19.180.65" port: 41925 } } peers { permanent_uuid: "a4a48b4ca1f14dffa67080e170036c3c" member_type: VOTER last_known_addr { host: "127.19.180.66" port: 32979 } } peers { permanent_uuid: "14a8d0c7b3bb4856a15cf4a356270199" member_type: VOTER last_known_addr { host: "127.19.180.67" port: 45905 } }
I20260710 10:59:57.068742 20311 leader_election.cc:290] T cb7b860ff4d84406a41618574b85a2aa P 1234b7bcd4af4b43a1a3d86a1f12c0e4 [CANDIDATE]: Term 2 election: Requested vote from peers a4a48b4ca1f14dffa67080e170036c3c (127.19.180.66:32979), 14a8d0c7b3bb4856a15cf4a356270199 (127.19.180.67:45905)
I20260710 10:59:57.069794 20460 tablet_service.cc:1917] Received RequestConsensusVote() RPC: tablet_id: "cb7b860ff4d84406a41618574b85a2aa" candidate_uuid: "1234b7bcd4af4b43a1a3d86a1f12c0e4" candidate_term: 2 candidate_status { last_received { term: 1 index: 1 } } ignore_live_leader: true dest_uuid: "14a8d0c7b3bb4856a15cf4a356270199"
I20260710 10:59:57.069861 20387 tablet_service.cc:1917] Received RequestConsensusVote() RPC: tablet_id: "cb7b860ff4d84406a41618574b85a2aa" candidate_uuid: "1234b7bcd4af4b43a1a3d86a1f12c0e4" candidate_term: 2 candidate_status { last_received { term: 1 index: 1 } } ignore_live_leader: true dest_uuid: "a4a48b4ca1f14dffa67080e170036c3c"
I20260710 10:59:57.070257 20460 raft_consensus.cc:3060] T cb7b860ff4d84406a41618574b85a2aa P 14a8d0c7b3bb4856a15cf4a356270199 [term 1 FOLLOWER]: Advancing to term 2
I20260710 10:59:57.070405 20387 raft_consensus.cc:3055] T cb7b860ff4d84406a41618574b85a2aa P a4a48b4ca1f14dffa67080e170036c3c [term 1 LEADER]: Stepping down as leader of term 1
I20260710 10:59:57.070750 20387 raft_consensus.cc:740] T cb7b860ff4d84406a41618574b85a2aa P a4a48b4ca1f14dffa67080e170036c3c [term 1 LEADER]: Becoming Follower/Learner. State: Replica: a4a48b4ca1f14dffa67080e170036c3c, State: Running, Role: LEADER
I20260710 10:59:57.071355 20387 consensus_queue.cc:260] T cb7b860ff4d84406a41618574b85a2aa P a4a48b4ca1f14dffa67080e170036c3c [NON_LEADER]: Queue going to NON_LEADER mode. State: All replicated index: 0, Majority replicated index: 1, Committed index: 1, Last appended: 1.1, Last appended by leader: 1, Current term: 1, Majority size: -1, State: 0, Mode: NON_LEADER, active raft config: opid_index: -1 OBSOLETE_local: false peers { permanent_uuid: "1234b7bcd4af4b43a1a3d86a1f12c0e4" member_type: VOTER last_known_addr { host: "127.19.180.65" port: 41925 } } peers { permanent_uuid: "a4a48b4ca1f14dffa67080e170036c3c" member_type: VOTER last_known_addr { host: "127.19.180.66" port: 32979 } } peers { permanent_uuid: "14a8d0c7b3bb4856a15cf4a356270199" member_type: VOTER last_known_addr { host: "127.19.180.67" port: 45905 } }
I20260710 10:59:57.072211 20387 raft_consensus.cc:3060] T cb7b860ff4d84406a41618574b85a2aa P a4a48b4ca1f14dffa67080e170036c3c [term 1 FOLLOWER]: Advancing to term 2
I20260710 10:59:57.074493 20460 raft_consensus.cc:2468] T cb7b860ff4d84406a41618574b85a2aa P 14a8d0c7b3bb4856a15cf4a356270199 [term 2 FOLLOWER]: Leader election vote request: Granting yes vote for candidate 1234b7bcd4af4b43a1a3d86a1f12c0e4 in term 2.
I20260710 10:59:57.075500 20278 leader_election.cc:304] T cb7b860ff4d84406a41618574b85a2aa P 1234b7bcd4af4b43a1a3d86a1f12c0e4 [CANDIDATE]: Term 2 election: Election decided. Result: candidate won. Election summary: received 2 responses out of 3 voters: 2 yes votes; 0 no votes. yes voters: 1234b7bcd4af4b43a1a3d86a1f12c0e4, 14a8d0c7b3bb4856a15cf4a356270199; no voters: 
I20260710 10:59:57.076424 20649 raft_consensus.cc:2804] T cb7b860ff4d84406a41618574b85a2aa P 1234b7bcd4af4b43a1a3d86a1f12c0e4 [term 2 FOLLOWER]: Leader election won for term 2
I20260710 10:59:57.076910 20649 raft_consensus.cc:697] T cb7b860ff4d84406a41618574b85a2aa P 1234b7bcd4af4b43a1a3d86a1f12c0e4 [term 2 LEADER]: Becoming Leader. State: Replica: 1234b7bcd4af4b43a1a3d86a1f12c0e4, State: Running, Role: LEADER
I20260710 10:59:57.077338 20387 raft_consensus.cc:2468] T cb7b860ff4d84406a41618574b85a2aa P a4a48b4ca1f14dffa67080e170036c3c [term 2 FOLLOWER]: Leader election vote request: Granting yes vote for candidate 1234b7bcd4af4b43a1a3d86a1f12c0e4 in term 2.
I20260710 10:59:57.077922 20649 consensus_queue.cc:237] T cb7b860ff4d84406a41618574b85a2aa P 1234b7bcd4af4b43a1a3d86a1f12c0e4 [LEADER]: Queue going to LEADER mode. State: All replicated index: 0, Majority replicated index: 1, Committed index: 1, Last appended: 1.1, Last appended by leader: 1, Current term: 2, Majority size: 2, State: 0, Mode: LEADER, active raft config: opid_index: -1 OBSOLETE_local: false peers { permanent_uuid: "1234b7bcd4af4b43a1a3d86a1f12c0e4" member_type: VOTER last_known_addr { host: "127.19.180.65" port: 41925 } } peers { permanent_uuid: "a4a48b4ca1f14dffa67080e170036c3c" member_type: VOTER last_known_addr { host: "127.19.180.66" port: 32979 } } peers { permanent_uuid: "14a8d0c7b3bb4856a15cf4a356270199" member_type: VOTER last_known_addr { host: "127.19.180.67" port: 45905 } }
I20260710 10:59:57.083855 20387 raft_consensus.cc:1275] T 976b19abe3aa4fa3ace34a5a296a8915 P a4a48b4ca1f14dffa67080e170036c3c [term 4 FOLLOWER]: Refusing update from remote peer 14a8d0c7b3bb4856a15cf4a356270199: Log matching property violated. Preceding OpId in replica: term: 3 index: 3. Preceding OpId from leader: term: 4 index: 4. (index mismatch)
I20260710 10:59:57.085381 20601 consensus_queue.cc:1048] T 976b19abe3aa4fa3ace34a5a296a8915 P 14a8d0c7b3bb4856a15cf4a356270199 [LEADER]: Connected to new peer: Peer: permanent_uuid: "a4a48b4ca1f14dffa67080e170036c3c" member_type: VOTER last_known_addr { host: "127.19.180.66" port: 32979 }, Status: LMP_MISMATCH, Last received: 0.0, Next index: 4, Last known committed idx: 3, Time since last communication: 0.000s
I20260710 10:59:57.087419 20207 catalog_manager.cc:5697] T cb7b860ff4d84406a41618574b85a2aa P 1234b7bcd4af4b43a1a3d86a1f12c0e4 reported cstate change: term changed from 1 to 2, leader changed from a4a48b4ca1f14dffa67080e170036c3c (127.19.180.66) to 1234b7bcd4af4b43a1a3d86a1f12c0e4 (127.19.180.65). New cstate: current_term: 2 leader_uuid: "1234b7bcd4af4b43a1a3d86a1f12c0e4" committed_config { opid_index: -1 OBSOLETE_local: false peers { permanent_uuid: "1234b7bcd4af4b43a1a3d86a1f12c0e4" member_type: VOTER last_known_addr { host: "127.19.180.65" port: 41925 } health_report { overall_health: HEALTHY } } peers { permanent_uuid: "a4a48b4ca1f14dffa67080e170036c3c" member_type: VOTER last_known_addr { host: "127.19.180.66" port: 32979 } health_report { overall_health: UNKNOWN } } peers { permanent_uuid: "14a8d0c7b3bb4856a15cf4a356270199" member_type: VOTER last_known_addr { host: "127.19.180.67" port: 45905 } health_report { overall_health: UNKNOWN } } }
I20260710 10:59:57.098611 20311 raft_consensus.cc:1275] T 976b19abe3aa4fa3ace34a5a296a8915 P 1234b7bcd4af4b43a1a3d86a1f12c0e4 [term 4 FOLLOWER]: Refusing update from remote peer 14a8d0c7b3bb4856a15cf4a356270199: Log matching property violated. Preceding OpId in replica: term: 3 index: 3. Preceding OpId from leader: term: 4 index: 4. (index mismatch)
I20260710 10:59:57.100208 20601 consensus_queue.cc:1048] T 976b19abe3aa4fa3ace34a5a296a8915 P 14a8d0c7b3bb4856a15cf4a356270199 [LEADER]: Connected to new peer: Peer: permanent_uuid: "1234b7bcd4af4b43a1a3d86a1f12c0e4" member_type: VOTER last_known_addr { host: "127.19.180.65" port: 41925 }, Status: LMP_MISMATCH, Last received: 0.0, Next index: 4, Last known committed idx: 3, Time since last communication: 0.000s
I20260710 10:59:57.226274 20311 raft_consensus.cc:1275] T f238ef0d48f7495ab38bd3acc4771db4 P 1234b7bcd4af4b43a1a3d86a1f12c0e4 [term 3 FOLLOWER]: Refusing update from remote peer 14a8d0c7b3bb4856a15cf4a356270199: Log matching property violated. Preceding OpId in replica: term: 2 index: 2. Preceding OpId from leader: term: 3 index: 3. (index mismatch)
I20260710 10:59:57.227504 20661 consensus_queue.cc:1048] T f238ef0d48f7495ab38bd3acc4771db4 P 14a8d0c7b3bb4856a15cf4a356270199 [LEADER]: Connected to new peer: Peer: permanent_uuid: "1234b7bcd4af4b43a1a3d86a1f12c0e4" member_type: VOTER last_known_addr { host: "127.19.180.65" port: 41925 }, Status: LMP_MISMATCH, Last received: 0.0, Next index: 3, Last known committed idx: 2, Time since last communication: 0.000s
I20260710 10:59:57.236552 20387 raft_consensus.cc:1275] T f238ef0d48f7495ab38bd3acc4771db4 P a4a48b4ca1f14dffa67080e170036c3c [term 3 FOLLOWER]: Refusing update from remote peer 14a8d0c7b3bb4856a15cf4a356270199: Log matching property violated. Preceding OpId in replica: term: 2 index: 2. Preceding OpId from leader: term: 3 index: 3. (index mismatch)
I20260710 10:59:57.238147 20661 consensus_queue.cc:1048] T f238ef0d48f7495ab38bd3acc4771db4 P 14a8d0c7b3bb4856a15cf4a356270199 [LEADER]: Connected to new peer: Peer: permanent_uuid: "a4a48b4ca1f14dffa67080e170036c3c" member_type: VOTER last_known_addr { host: "127.19.180.66" port: 32979 }, Status: LMP_MISMATCH, Last received: 0.0, Next index: 3, Last known committed idx: 2, Time since last communication: 0.000s
I20260710 10:59:57.440701 20460 raft_consensus.cc:1275] T eba60519d63b45b7a2222adda392dcf8 P 14a8d0c7b3bb4856a15cf4a356270199 [term 4 FOLLOWER]: Refusing update from remote peer 1234b7bcd4af4b43a1a3d86a1f12c0e4: Log matching property violated. Preceding OpId in replica: term: 3 index: 3. Preceding OpId from leader: term: 4 index: 4. (index mismatch)
I20260710 10:59:57.442131 20666 consensus_queue.cc:1048] T eba60519d63b45b7a2222adda392dcf8 P 1234b7bcd4af4b43a1a3d86a1f12c0e4 [LEADER]: Connected to new peer: Peer: permanent_uuid: "14a8d0c7b3bb4856a15cf4a356270199" member_type: VOTER last_known_addr { host: "127.19.180.67" port: 45905 }, Status: LMP_MISMATCH, Last received: 0.0, Next index: 4, Last known committed idx: 3, Time since last communication: 0.001s
I20260710 10:59:57.444921 20387 raft_consensus.cc:1275] T eba60519d63b45b7a2222adda392dcf8 P a4a48b4ca1f14dffa67080e170036c3c [term 4 FOLLOWER]: Refusing update from remote peer 1234b7bcd4af4b43a1a3d86a1f12c0e4: Log matching property violated. Preceding OpId in replica: term: 3 index: 3. Preceding OpId from leader: term: 4 index: 4. (index mismatch)
I20260710 10:59:57.446521 20666 consensus_queue.cc:1048] T eba60519d63b45b7a2222adda392dcf8 P 1234b7bcd4af4b43a1a3d86a1f12c0e4 [LEADER]: Connected to new peer: Peer: permanent_uuid: "a4a48b4ca1f14dffa67080e170036c3c" member_type: VOTER last_known_addr { host: "127.19.180.66" port: 32979 }, Status: LMP_MISMATCH, Last received: 0.0, Next index: 4, Last known committed idx: 3, Time since last communication: 0.001s
I20260710 10:59:57.466895 20460 raft_consensus.cc:1275] T cb7b860ff4d84406a41618574b85a2aa P 14a8d0c7b3bb4856a15cf4a356270199 [term 2 FOLLOWER]: Refusing update from remote peer 1234b7bcd4af4b43a1a3d86a1f12c0e4: Log matching property violated. Preceding OpId in replica: term: 1 index: 1. Preceding OpId from leader: term: 2 index: 2. (index mismatch)
I20260710 10:59:57.468212 20666 consensus_queue.cc:1048] T cb7b860ff4d84406a41618574b85a2aa P 1234b7bcd4af4b43a1a3d86a1f12c0e4 [LEADER]: Connected to new peer: Peer: permanent_uuid: "14a8d0c7b3bb4856a15cf4a356270199" member_type: VOTER last_known_addr { host: "127.19.180.67" port: 45905 }, Status: LMP_MISMATCH, Last received: 0.0, Next index: 2, Last known committed idx: 1, Time since last communication: 0.000s
I20260710 10:59:57.478227 20387 raft_consensus.cc:1275] T cb7b860ff4d84406a41618574b85a2aa P a4a48b4ca1f14dffa67080e170036c3c [term 2 FOLLOWER]: Refusing update from remote peer 1234b7bcd4af4b43a1a3d86a1f12c0e4: Log matching property violated. Preceding OpId in replica: term: 1 index: 1. Preceding OpId from leader: term: 2 index: 2. (index mismatch)
I20260710 10:59:57.479744 20650 consensus_queue.cc:1048] T cb7b860ff4d84406a41618574b85a2aa P 1234b7bcd4af4b43a1a3d86a1f12c0e4 [LEADER]: Connected to new peer: Peer: permanent_uuid: "a4a48b4ca1f14dffa67080e170036c3c" member_type: VOTER last_known_addr { host: "127.19.180.66" port: 32979 }, Status: LMP_MISMATCH, Last received: 0.0, Next index: 2, Last known committed idx: 1, Time since last communication: 0.000s
I20260710 10:59:57.520027 20177 auto_leader_rebalancer.cc:141] leader rebalance for table test-workload
I20260710 10:59:57.526089 20177 tablet_server.cc:179] TabletServer@127.19.180.65:0 shutting down...
I20260710 10:59:57.555182 20177 ts_tablet_manager.cc:1507] Shutting down tablet manager...
I20260710 10:59:57.556114 20177 tablet_replica.cc:333] T cb7b860ff4d84406a41618574b85a2aa P 1234b7bcd4af4b43a1a3d86a1f12c0e4: stopping tablet replica
I20260710 10:59:57.556932 20177 raft_consensus.cc:2243] T cb7b860ff4d84406a41618574b85a2aa P 1234b7bcd4af4b43a1a3d86a1f12c0e4 [term 2 LEADER]: Raft consensus shutting down.
W20260710 10:59:57.557224 20350 proxy.cc:239] Call had error, refreshing address and retrying: Remote error: Service unavailable: service kudu.consensus.ConsensusService not registered on TabletServer
I20260710 10:59:57.558005 20177 raft_consensus.cc:2272] T cb7b860ff4d84406a41618574b85a2aa P 1234b7bcd4af4b43a1a3d86a1f12c0e4 [term 2 FOLLOWER]: Raft consensus is shut down!
W20260710 10:59:57.560556 20350 consensus_peers.cc:597] T fd778160bddb4edd9364c8b728195a73 P a4a48b4ca1f14dffa67080e170036c3c -> Peer 1234b7bcd4af4b43a1a3d86a1f12c0e4 (127.19.180.65:41925): Couldn't send request to peer 1234b7bcd4af4b43a1a3d86a1f12c0e4. Status: Remote error: Service unavailable: service kudu.consensus.ConsensusService not registered on TabletServer. This is attempt 1: this message will repeat every 5th retry.
I20260710 10:59:57.561106 20177 tablet_replica.cc:333] T 29606eb2dc02492f9979f5303f166708 P 1234b7bcd4af4b43a1a3d86a1f12c0e4: stopping tablet replica
I20260710 10:59:57.561652 20177 raft_consensus.cc:2243] T 29606eb2dc02492f9979f5303f166708 P 1234b7bcd4af4b43a1a3d86a1f12c0e4 [term 2 FOLLOWER]: Raft consensus shutting down.
I20260710 10:59:57.562075 20177 raft_consensus.cc:2272] T 29606eb2dc02492f9979f5303f166708 P 1234b7bcd4af4b43a1a3d86a1f12c0e4 [term 2 FOLLOWER]: Raft consensus is shut down!
I20260710 10:59:57.563849 20177 tablet_replica.cc:333] T f238ef0d48f7495ab38bd3acc4771db4 P 1234b7bcd4af4b43a1a3d86a1f12c0e4: stopping tablet replica
I20260710 10:59:57.564427 20177 raft_consensus.cc:2243] T f238ef0d48f7495ab38bd3acc4771db4 P 1234b7bcd4af4b43a1a3d86a1f12c0e4 [term 3 FOLLOWER]: Raft consensus shutting down.
I20260710 10:59:57.564815 20177 raft_consensus.cc:2272] T f238ef0d48f7495ab38bd3acc4771db4 P 1234b7bcd4af4b43a1a3d86a1f12c0e4 [term 3 FOLLOWER]: Raft consensus is shut down!
I20260710 10:59:57.567924 20177 tablet_replica.cc:333] T fd778160bddb4edd9364c8b728195a73 P 1234b7bcd4af4b43a1a3d86a1f12c0e4: stopping tablet replica
I20260710 10:59:57.568447 20177 raft_consensus.cc:2243] T fd778160bddb4edd9364c8b728195a73 P 1234b7bcd4af4b43a1a3d86a1f12c0e4 [term 4 FOLLOWER]: Raft consensus shutting down.
I20260710 10:59:57.568881 20177 raft_consensus.cc:2272] T fd778160bddb4edd9364c8b728195a73 P 1234b7bcd4af4b43a1a3d86a1f12c0e4 [term 4 FOLLOWER]: Raft consensus is shut down!
I20260710 10:59:57.570354 20177 tablet_replica.cc:333] T 7f1f22f96e674166900d44b31f2cfb16 P 1234b7bcd4af4b43a1a3d86a1f12c0e4: stopping tablet replica
I20260710 10:59:57.570809 20177 raft_consensus.cc:2243] T 7f1f22f96e674166900d44b31f2cfb16 P 1234b7bcd4af4b43a1a3d86a1f12c0e4 [term 2 FOLLOWER]: Raft consensus shutting down.
I20260710 10:59:57.571202 20177 raft_consensus.cc:2272] T 7f1f22f96e674166900d44b31f2cfb16 P 1234b7bcd4af4b43a1a3d86a1f12c0e4 [term 2 FOLLOWER]: Raft consensus is shut down!
I20260710 10:59:57.572721 20177 tablet_replica.cc:333] T 976b19abe3aa4fa3ace34a5a296a8915 P 1234b7bcd4af4b43a1a3d86a1f12c0e4: stopping tablet replica
I20260710 10:59:57.573154 20177 raft_consensus.cc:2243] T 976b19abe3aa4fa3ace34a5a296a8915 P 1234b7bcd4af4b43a1a3d86a1f12c0e4 [term 4 FOLLOWER]: Raft consensus shutting down.
I20260710 10:59:57.573553 20177 raft_consensus.cc:2272] T 976b19abe3aa4fa3ace34a5a296a8915 P 1234b7bcd4af4b43a1a3d86a1f12c0e4 [term 4 FOLLOWER]: Raft consensus is shut down!
I20260710 10:59:57.575533 20177 tablet_replica.cc:333] T 7e72e1b0c2d247fb891f72da604e59a2 P 1234b7bcd4af4b43a1a3d86a1f12c0e4: stopping tablet replica
I20260710 10:59:57.575991 20177 raft_consensus.cc:2243] T 7e72e1b0c2d247fb891f72da604e59a2 P 1234b7bcd4af4b43a1a3d86a1f12c0e4 [term 3 LEADER]: Raft consensus shutting down.
I20260710 10:59:57.576696 20177 raft_consensus.cc:2272] T 7e72e1b0c2d247fb891f72da604e59a2 P 1234b7bcd4af4b43a1a3d86a1f12c0e4 [term 3 FOLLOWER]: Raft consensus is shut down!
I20260710 10:59:57.578555 20177 tablet_replica.cc:333] T 82dfdc2ffe474aeb93b5df1439a0adeb P 1234b7bcd4af4b43a1a3d86a1f12c0e4: stopping tablet replica
I20260710 10:59:57.579005 20177 raft_consensus.cc:2243] T 82dfdc2ffe474aeb93b5df1439a0adeb P 1234b7bcd4af4b43a1a3d86a1f12c0e4 [term 2 FOLLOWER]: Raft consensus shutting down.
I20260710 10:59:57.579372 20177 raft_consensus.cc:2272] T 82dfdc2ffe474aeb93b5df1439a0adeb P 1234b7bcd4af4b43a1a3d86a1f12c0e4 [term 2 FOLLOWER]: Raft consensus is shut down!
I20260710 10:59:57.580950 20177 tablet_replica.cc:333] T eba60519d63b45b7a2222adda392dcf8 P 1234b7bcd4af4b43a1a3d86a1f12c0e4: stopping tablet replica
I20260710 10:59:57.581354 20177 raft_consensus.cc:2243] T eba60519d63b45b7a2222adda392dcf8 P 1234b7bcd4af4b43a1a3d86a1f12c0e4 [term 4 LEADER]: Raft consensus shutting down.
I20260710 10:59:57.582088 20177 raft_consensus.cc:2272] T eba60519d63b45b7a2222adda392dcf8 P 1234b7bcd4af4b43a1a3d86a1f12c0e4 [term 4 FOLLOWER]: Raft consensus is shut down!
I20260710 10:59:57.729841 20177 tablet_server.cc:196] TabletServer@127.19.180.65:0 shutdown complete.
W20260710 10:59:57.730561 20350 consensus_peers.cc:597] T 7f1f22f96e674166900d44b31f2cfb16 P a4a48b4ca1f14dffa67080e170036c3c -> Peer 1234b7bcd4af4b43a1a3d86a1f12c0e4 (127.19.180.65:41925): Couldn't send request to peer 1234b7bcd4af4b43a1a3d86a1f12c0e4. Status: Network error: Client connection negotiation failed: client connection to 127.19.180.65:41925: connect: Connection refused (error 111). This is attempt 1: this message will repeat every 5th retry.
W20260710 10:59:57.731046 20350 consensus_peers.cc:597] T 82dfdc2ffe474aeb93b5df1439a0adeb P a4a48b4ca1f14dffa67080e170036c3c -> Peer 1234b7bcd4af4b43a1a3d86a1f12c0e4 (127.19.180.65:41925): Couldn't send request to peer 1234b7bcd4af4b43a1a3d86a1f12c0e4. Status: Network error: Client connection negotiation failed: client connection to 127.19.180.65:41925: connect: Connection refused (error 111). This is attempt 1: this message will repeat every 5th retry.
W20260710 10:59:57.731470 20424 consensus_peers.cc:597] T 976b19abe3aa4fa3ace34a5a296a8915 P 14a8d0c7b3bb4856a15cf4a356270199 -> Peer 1234b7bcd4af4b43a1a3d86a1f12c0e4 (127.19.180.65:41925): Couldn't send request to peer 1234b7bcd4af4b43a1a3d86a1f12c0e4. Status: Network error: Client connection negotiation failed: client connection to 127.19.180.65:41925: connect: Connection refused (error 111). This is attempt 1: this message will repeat every 5th retry.
W20260710 10:59:57.731911 20424 consensus_peers.cc:597] T 29606eb2dc02492f9979f5303f166708 P 14a8d0c7b3bb4856a15cf4a356270199 -> Peer 1234b7bcd4af4b43a1a3d86a1f12c0e4 (127.19.180.65:41925): Couldn't send request to peer 1234b7bcd4af4b43a1a3d86a1f12c0e4. Status: Network error: Client connection negotiation failed: client connection to 127.19.180.65:41925: connect: Connection refused (error 111). This is attempt 1: this message will repeat every 5th retry.
W20260710 10:59:57.749296 20424 consensus_peers.cc:597] T f238ef0d48f7495ab38bd3acc4771db4 P 14a8d0c7b3bb4856a15cf4a356270199 -> Peer 1234b7bcd4af4b43a1a3d86a1f12c0e4 (127.19.180.65:41925): Couldn't send request to peer 1234b7bcd4af4b43a1a3d86a1f12c0e4. Status: Network error: Client connection negotiation failed: client connection to 127.19.180.65:41925: connect: Connection refused (error 111). This is attempt 1: this message will repeat every 5th retry.
I20260710 10:59:57.750308 20177 tablet_server.cc:179] TabletServer@127.19.180.66:0 shutting down...
I20260710 10:59:57.776859 20177 ts_tablet_manager.cc:1507] Shutting down tablet manager...
I20260710 10:59:57.777486 20177 tablet_replica.cc:333] T 29606eb2dc02492f9979f5303f166708 P a4a48b4ca1f14dffa67080e170036c3c: stopping tablet replica
I20260710 10:59:57.778069 20177 raft_consensus.cc:2243] T 29606eb2dc02492f9979f5303f166708 P a4a48b4ca1f14dffa67080e170036c3c [term 2 FOLLOWER]: Raft consensus shutting down.
I20260710 10:59:57.778584 20177 raft_consensus.cc:2272] T 29606eb2dc02492f9979f5303f166708 P a4a48b4ca1f14dffa67080e170036c3c [term 2 FOLLOWER]: Raft consensus is shut down!
I20260710 10:59:57.780328 20177 tablet_replica.cc:333] T f238ef0d48f7495ab38bd3acc4771db4 P a4a48b4ca1f14dffa67080e170036c3c: stopping tablet replica
I20260710 10:59:57.780829 20177 raft_consensus.cc:2243] T f238ef0d48f7495ab38bd3acc4771db4 P a4a48b4ca1f14dffa67080e170036c3c [term 3 FOLLOWER]: Raft consensus shutting down.
I20260710 10:59:57.781224 20177 raft_consensus.cc:2272] T f238ef0d48f7495ab38bd3acc4771db4 P a4a48b4ca1f14dffa67080e170036c3c [term 3 FOLLOWER]: Raft consensus is shut down!
I20260710 10:59:57.783178 20177 tablet_replica.cc:333] T 7f1f22f96e674166900d44b31f2cfb16 P a4a48b4ca1f14dffa67080e170036c3c: stopping tablet replica
I20260710 10:59:57.783700 20177 raft_consensus.cc:2243] T 7f1f22f96e674166900d44b31f2cfb16 P a4a48b4ca1f14dffa67080e170036c3c [term 2 LEADER]: Raft consensus shutting down.
I20260710 10:59:57.784480 20177 raft_consensus.cc:2272] T 7f1f22f96e674166900d44b31f2cfb16 P a4a48b4ca1f14dffa67080e170036c3c [term 2 FOLLOWER]: Raft consensus is shut down!
I20260710 10:59:57.786099 20177 tablet_replica.cc:333] T fd778160bddb4edd9364c8b728195a73 P a4a48b4ca1f14dffa67080e170036c3c: stopping tablet replica
I20260710 10:59:57.786587 20177 raft_consensus.cc:2243] T fd778160bddb4edd9364c8b728195a73 P a4a48b4ca1f14dffa67080e170036c3c [term 4 LEADER]: Raft consensus shutting down.
I20260710 10:59:57.787297 20177 raft_consensus.cc:2272] T fd778160bddb4edd9364c8b728195a73 P a4a48b4ca1f14dffa67080e170036c3c [term 4 FOLLOWER]: Raft consensus is shut down!
I20260710 10:59:57.788973 20177 tablet_replica.cc:333] T 7e72e1b0c2d247fb891f72da604e59a2 P a4a48b4ca1f14dffa67080e170036c3c: stopping tablet replica
I20260710 10:59:57.789438 20177 raft_consensus.cc:2243] T 7e72e1b0c2d247fb891f72da604e59a2 P a4a48b4ca1f14dffa67080e170036c3c [term 3 FOLLOWER]: Raft consensus shutting down.
I20260710 10:59:57.789810 20177 raft_consensus.cc:2272] T 7e72e1b0c2d247fb891f72da604e59a2 P a4a48b4ca1f14dffa67080e170036c3c [term 3 FOLLOWER]: Raft consensus is shut down!
I20260710 10:59:57.791936 20177 tablet_replica.cc:333] T 82dfdc2ffe474aeb93b5df1439a0adeb P a4a48b4ca1f14dffa67080e170036c3c: stopping tablet replica
I20260710 10:59:57.792445 20177 raft_consensus.cc:2243] T 82dfdc2ffe474aeb93b5df1439a0adeb P a4a48b4ca1f14dffa67080e170036c3c [term 2 LEADER]: Raft consensus shutting down.
I20260710 10:59:57.793114 20177 raft_consensus.cc:2272] T 82dfdc2ffe474aeb93b5df1439a0adeb P a4a48b4ca1f14dffa67080e170036c3c [term 2 FOLLOWER]: Raft consensus is shut down!
I20260710 10:59:57.794561 20177 tablet_replica.cc:333] T 976b19abe3aa4fa3ace34a5a296a8915 P a4a48b4ca1f14dffa67080e170036c3c: stopping tablet replica
I20260710 10:59:57.794991 20177 raft_consensus.cc:2243] T 976b19abe3aa4fa3ace34a5a296a8915 P a4a48b4ca1f14dffa67080e170036c3c [term 4 FOLLOWER]: Raft consensus shutting down.
I20260710 10:59:57.795372 20177 raft_consensus.cc:2272] T 976b19abe3aa4fa3ace34a5a296a8915 P a4a48b4ca1f14dffa67080e170036c3c [term 4 FOLLOWER]: Raft consensus is shut down!
I20260710 10:59:57.797194 20177 tablet_replica.cc:333] T cb7b860ff4d84406a41618574b85a2aa P a4a48b4ca1f14dffa67080e170036c3c: stopping tablet replica
I20260710 10:59:57.797664 20177 raft_consensus.cc:2243] T cb7b860ff4d84406a41618574b85a2aa P a4a48b4ca1f14dffa67080e170036c3c [term 2 FOLLOWER]: Raft consensus shutting down.
I20260710 10:59:57.798039 20177 raft_consensus.cc:2272] T cb7b860ff4d84406a41618574b85a2aa P a4a48b4ca1f14dffa67080e170036c3c [term 2 FOLLOWER]: Raft consensus is shut down!
I20260710 10:59:57.799697 20177 tablet_replica.cc:333] T eba60519d63b45b7a2222adda392dcf8 P a4a48b4ca1f14dffa67080e170036c3c: stopping tablet replica
I20260710 10:59:57.800120 20177 raft_consensus.cc:2243] T eba60519d63b45b7a2222adda392dcf8 P a4a48b4ca1f14dffa67080e170036c3c [term 4 FOLLOWER]: Raft consensus shutting down.
I20260710 10:59:57.800524 20177 raft_consensus.cc:2272] T eba60519d63b45b7a2222adda392dcf8 P a4a48b4ca1f14dffa67080e170036c3c [term 4 FOLLOWER]: Raft consensus is shut down!
I20260710 10:59:57.845049 20177 tablet_server.cc:196] TabletServer@127.19.180.66:0 shutdown complete.
I20260710 10:59:57.861297 20177 tablet_server.cc:179] TabletServer@127.19.180.67:0 shutting down...
I20260710 10:59:57.887332 20177 ts_tablet_manager.cc:1507] Shutting down tablet manager...
I20260710 10:59:57.888046 20177 tablet_replica.cc:333] T 976b19abe3aa4fa3ace34a5a296a8915 P 14a8d0c7b3bb4856a15cf4a356270199: stopping tablet replica
I20260710 10:59:57.888744 20177 raft_consensus.cc:2243] T 976b19abe3aa4fa3ace34a5a296a8915 P 14a8d0c7b3bb4856a15cf4a356270199 [term 4 LEADER]: Raft consensus shutting down.
I20260710 10:59:57.889524 20177 raft_consensus.cc:2272] T 976b19abe3aa4fa3ace34a5a296a8915 P 14a8d0c7b3bb4856a15cf4a356270199 [term 4 FOLLOWER]: Raft consensus is shut down!
I20260710 10:59:57.891912 20177 tablet_replica.cc:333] T cb7b860ff4d84406a41618574b85a2aa P 14a8d0c7b3bb4856a15cf4a356270199: stopping tablet replica
I20260710 10:59:57.892562 20177 raft_consensus.cc:2243] T cb7b860ff4d84406a41618574b85a2aa P 14a8d0c7b3bb4856a15cf4a356270199 [term 2 FOLLOWER]: Raft consensus shutting down.
I20260710 10:59:57.893000 20177 raft_consensus.cc:2272] T cb7b860ff4d84406a41618574b85a2aa P 14a8d0c7b3bb4856a15cf4a356270199 [term 2 FOLLOWER]: Raft consensus is shut down!
I20260710 10:59:57.895049 20177 tablet_replica.cc:333] T 7f1f22f96e674166900d44b31f2cfb16 P 14a8d0c7b3bb4856a15cf4a356270199: stopping tablet replica
I20260710 10:59:57.895642 20177 raft_consensus.cc:2243] T 7f1f22f96e674166900d44b31f2cfb16 P 14a8d0c7b3bb4856a15cf4a356270199 [term 2 FOLLOWER]: Raft consensus shutting down.
