I20260710 11:00:14.809326 12070 raft_consensus.cc:2955] T 6b97541c17fe4e36a416a2b795da3795 P c5e6727c660c4b77a2e94a87db38d267 [term 1 FOLLOWER]: Committing config change with OpId 1.2: config changed from index -1 to 2, NON_VOTER 1cdb0921047240f3a2a35483abefd777 (127.10.155.196) added. New config: { opid_index: 2 OBSOLETE_local: false peers { permanent_uuid: "705060f18cc34b289a9a830862f57fbe" member_type: VOTER last_known_addr { host: "127.10.155.193" port: 36395 } } peers { permanent_uuid: "c5e6727c660c4b77a2e94a87db38d267" member_type: VOTER last_known_addr { host: "127.10.155.194" port: 39853 } } peers { permanent_uuid: "294d6e8bca6e4a9c94fbf8151168da44" member_type: VOTER last_known_addr { host: "127.10.155.195" port: 37551 } attrs { replace: true } } peers { permanent_uuid: "1cdb0921047240f3a2a35483abefd777" member_type: NON_VOTER last_known_addr { host: "127.10.155.196" port: 46743 } attrs { promote: true } } }
I20260710 11:00:14.821448 11893 catalog_manager.cc:5697] T 6b97541c17fe4e36a416a2b795da3795 P 705060f18cc34b289a9a830862f57fbe reported cstate change: config changed from index -1 to 2, NON_VOTER 1cdb0921047240f3a2a35483abefd777 (127.10.155.196) added. New cstate: current_term: 1 leader_uuid: "705060f18cc34b289a9a830862f57fbe" committed_config { opid_index: 2 OBSOLETE_local: false peers { permanent_uuid: "705060f18cc34b289a9a830862f57fbe" member_type: VOTER last_known_addr { host: "127.10.155.193" port: 36395 } health_report { overall_health: HEALTHY } } peers { permanent_uuid: "c5e6727c660c4b77a2e94a87db38d267" member_type: VOTER last_known_addr { host: "127.10.155.194" port: 39853 } health_report { overall_health: HEALTHY } } peers { permanent_uuid: "294d6e8bca6e4a9c94fbf8151168da44" member_type: VOTER last_known_addr { host: "127.10.155.195" port: 37551 } attrs { replace: true } health_report { overall_health: HEALTHY } } peers { permanent_uuid: "1cdb0921047240f3a2a35483abefd777" member_type: NON_VOTER last_known_addr { host: "127.10.155.196" port: 46743 } attrs { promote: true } health_report { overall_health: UNKNOWN } } }
I20260710 11:00:15.008661 12072 raft_consensus.cc:1240] T 902c3c2106df4b499a1eed232fec5f90 P c5e6727c660c4b77a2e94a87db38d267 [term 3 FOLLOWER]: Rejecting Update request from peer 705060f18cc34b289a9a830862f57fbe for earlier term 2. Current term is 3. Ops: []
I20260710 11:00:15.016769 12468 consensus_queue.cc:1059] T 902c3c2106df4b499a1eed232fec5f90 P 705060f18cc34b289a9a830862f57fbe [LEADER]: Peer responded invalid term: Peer: permanent_uuid: "c5e6727c660c4b77a2e94a87db38d267" member_type: VOTER last_known_addr { host: "127.10.155.194" port: 39853 }, Status: INVALID_TERM, Last received: 0.0, Next index: 2, Last known committed idx: 1, Time since last communication: 0.001s
I20260710 11:00:15.020426 12471 raft_consensus.cc:3055] T 902c3c2106df4b499a1eed232fec5f90 P 705060f18cc34b289a9a830862f57fbe [term 2 LEADER]: Stepping down as leader of term 2
I20260710 11:00:15.020979 12471 raft_consensus.cc:740] T 902c3c2106df4b499a1eed232fec5f90 P 705060f18cc34b289a9a830862f57fbe [term 2 LEADER]: Becoming Follower/Learner. State: Replica: 705060f18cc34b289a9a830862f57fbe, State: Running, Role: LEADER
I20260710 11:00:15.022576 12471 consensus_queue.cc:260] T 902c3c2106df4b499a1eed232fec5f90 P 705060f18cc34b289a9a830862f57fbe [NON_LEADER]: Queue going to NON_LEADER mode. State: All replicated index: 0, Majority replicated index: 1, Committed index: 1, Last appended: 2.2, Last appended by leader: 2, Current term: 2, Majority size: -1, State: 0, Mode: NON_LEADER, active raft config: opid_index: -1 OBSOLETE_local: false peers { permanent_uuid: "705060f18cc34b289a9a830862f57fbe" member_type: VOTER last_known_addr { host: "127.10.155.193" port: 36395 } } peers { permanent_uuid: "c5e6727c660c4b77a2e94a87db38d267" member_type: VOTER last_known_addr { host: "127.10.155.194" port: 39853 } } peers { permanent_uuid: "294d6e8bca6e4a9c94fbf8151168da44" member_type: VOTER last_known_addr { host: "127.10.155.195" port: 37551 } }
I20260710 11:00:15.024652 12471 raft_consensus.cc:3060] T 902c3c2106df4b499a1eed232fec5f90 P 705060f18cc34b289a9a830862f57fbe [term 2 FOLLOWER]: Advancing to term 3
I20260710 11:00:15.095706 12482 ts_tablet_manager.cc:933] T 6a5b80c1c81545a2892878c49abf9190 P 1cdb0921047240f3a2a35483abefd777: Initiating tablet copy from peer 294d6e8bca6e4a9c94fbf8151168da44 (127.10.155.195:37551)
I20260710 11:00:15.100342 12482 tablet_copy_client.cc:323] T 6a5b80c1c81545a2892878c49abf9190 P 1cdb0921047240f3a2a35483abefd777: tablet copy: Beginning tablet copy session from remote peer at address 127.10.155.195:37551
I20260710 11:00:15.121096 11995 raft_consensus.cc:1275] T 902c3c2106df4b499a1eed232fec5f90 P 705060f18cc34b289a9a830862f57fbe [term 3 FOLLOWER]: Refusing update from remote peer 294d6e8bca6e4a9c94fbf8151168da44: Log matching property violated. Preceding OpId in replica: term: 2 index: 2. Preceding OpId from leader: term: 3 index: 2. (term mismatch)
I20260710 11:00:15.121587 11995 pending_rounds.cc:85] T 902c3c2106df4b499a1eed232fec5f90 P 705060f18cc34b289a9a830862f57fbe: Aborting all ops after (but not including) 1
I20260710 11:00:15.121969 11995 pending_rounds.cc:107] T 902c3c2106df4b499a1eed232fec5f90 P 705060f18cc34b289a9a830862f57fbe: Aborting uncommitted NO_OP operation due to leader change: 2.2
I20260710 11:00:15.122349 11995 raft_consensus.cc:2889] T 902c3c2106df4b499a1eed232fec5f90 P 705060f18cc34b289a9a830862f57fbe [term 3 FOLLOWER]: NO_OP replication failed: Aborted: Op aborted by new leader
I20260710 11:00:15.124115 12313 consensus_queue.cc:1048] T 902c3c2106df4b499a1eed232fec5f90 P 294d6e8bca6e4a9c94fbf8151168da44 [LEADER]: Connected to new peer: Peer: permanent_uuid: "705060f18cc34b289a9a830862f57fbe" member_type: VOTER last_known_addr { host: "127.10.155.193" port: 36395 }, Status: LMP_MISMATCH, Last received: 0.0, Next index: 2, Last known committed idx: 1, Time since last communication: 0.001s
I20260710 11:00:15.132364 12156 tablet_copy_service.cc:140] P 294d6e8bca6e4a9c94fbf8151168da44: Received BeginTabletCopySession request for tablet 6a5b80c1c81545a2892878c49abf9190 from peer 1cdb0921047240f3a2a35483abefd777 ({username='slave'} at 127.0.0.1:53660)
I20260710 11:00:15.133181 12156 tablet_copy_service.cc:161] P 294d6e8bca6e4a9c94fbf8151168da44: Beginning new tablet copy session on tablet 6a5b80c1c81545a2892878c49abf9190 from peer 1cdb0921047240f3a2a35483abefd777 at {username='slave'} at 127.0.0.1:53660: session id = 1cdb0921047240f3a2a35483abefd777-6a5b80c1c81545a2892878c49abf9190
I20260710 11:00:15.133495 12072 raft_consensus.cc:1275] T 902c3c2106df4b499a1eed232fec5f90 P c5e6727c660c4b77a2e94a87db38d267 [term 3 FOLLOWER]: Refusing update from remote peer 294d6e8bca6e4a9c94fbf8151168da44: Log matching property violated. Preceding OpId in replica: term: 1 index: 1. Preceding OpId from leader: term: 3 index: 2. (index mismatch)
I20260710 11:00:15.139174 12459 consensus_queue.cc:1048] T 902c3c2106df4b499a1eed232fec5f90 P 294d6e8bca6e4a9c94fbf8151168da44 [LEADER]: Connected to new peer: Peer: permanent_uuid: "c5e6727c660c4b77a2e94a87db38d267" member_type: VOTER last_known_addr { host: "127.10.155.194" port: 39853 }, Status: LMP_MISMATCH, Last received: 0.0, Next index: 2, Last known committed idx: 1, Time since last communication: 0.001s
I20260710 11:00:15.153735 12156 tablet_copy_source_session.cc:215] T 6a5b80c1c81545a2892878c49abf9190 P 294d6e8bca6e4a9c94fbf8151168da44: Tablet Copy: opened 0 blocks and 1 log segments
I20260710 11:00:15.158478 12482 data_dirs.cc:400] Could only allocate 1 dirs of requested 3 for tablet 6a5b80c1c81545a2892878c49abf9190. 1 dirs total, 0 dirs full, 0 dirs failed
I20260710 11:00:15.188710 12488 ts_tablet_manager.cc:933] T 16144766b31f4250877803b1caf6cb02 P 1cdb0921047240f3a2a35483abefd777: Initiating tablet copy from peer 705060f18cc34b289a9a830862f57fbe (127.10.155.193:36395)
I20260710 11:00:15.210548 12482 tablet_copy_client.cc:806] T 6a5b80c1c81545a2892878c49abf9190 P 1cdb0921047240f3a2a35483abefd777: tablet copy: Starting download of 0 data blocks...
I20260710 11:00:15.211915 12482 tablet_copy_client.cc:670] T 6a5b80c1c81545a2892878c49abf9190 P 1cdb0921047240f3a2a35483abefd777: tablet copy: Starting download of 1 WAL segments...
I20260710 11:00:15.216002 12488 tablet_copy_client.cc:323] T 16144766b31f4250877803b1caf6cb02 P 1cdb0921047240f3a2a35483abefd777: tablet copy: Beginning tablet copy session from remote peer at address 127.10.155.193:36395
I20260710 11:00:15.217139 12482 tablet_copy_client.cc:538] T 6a5b80c1c81545a2892878c49abf9190 P 1cdb0921047240f3a2a35483abefd777: tablet copy: Tablet Copy complete. Replacing tablet superblock.
I20260710 11:00:15.229017 12482 tablet_bootstrap.cc:492] T 6a5b80c1c81545a2892878c49abf9190 P 1cdb0921047240f3a2a35483abefd777: Bootstrap starting.
I20260710 11:00:15.245833 12007 tablet_copy_service.cc:140] P 705060f18cc34b289a9a830862f57fbe: Received BeginTabletCopySession request for tablet 16144766b31f4250877803b1caf6cb02 from peer 1cdb0921047240f3a2a35483abefd777 ({username='slave'} at 127.0.0.1:58298)
I20260710 11:00:15.246554 12007 tablet_copy_service.cc:161] P 705060f18cc34b289a9a830862f57fbe: Beginning new tablet copy session on tablet 16144766b31f4250877803b1caf6cb02 from peer 1cdb0921047240f3a2a35483abefd777 at {username='slave'} at 127.0.0.1:58298: session id = 1cdb0921047240f3a2a35483abefd777-16144766b31f4250877803b1caf6cb02
I20260710 11:00:15.249667 12494 ts_tablet_manager.cc:933] T 6b97541c17fe4e36a416a2b795da3795 P 1cdb0921047240f3a2a35483abefd777: Initiating tablet copy from peer 705060f18cc34b289a9a830862f57fbe (127.10.155.193:36395)
I20260710 11:00:15.254276 12482 tablet_bootstrap.cc:492] T 6a5b80c1c81545a2892878c49abf9190 P 1cdb0921047240f3a2a35483abefd777: Bootstrap replayed 1/1 log segments. Stats: ops{read=2 overwritten=0 applied=2 ignored=0} inserts{seen=0 ignored=0} mutations{seen=0 ignored=0} orphaned_commits=0. Pending: 0 replicates
I20260710 11:00:15.255277 12482 tablet_bootstrap.cc:492] T 6a5b80c1c81545a2892878c49abf9190 P 1cdb0921047240f3a2a35483abefd777: Bootstrap complete.
I20260710 11:00:15.255535 12007 tablet_copy_source_session.cc:215] T 16144766b31f4250877803b1caf6cb02 P 705060f18cc34b289a9a830862f57fbe: Tablet Copy: opened 0 blocks and 1 log segments
I20260710 11:00:15.256022 12482 ts_tablet_manager.cc:1403] T 6a5b80c1c81545a2892878c49abf9190 P 1cdb0921047240f3a2a35483abefd777: Time spent bootstrapping tablet: real 0.027s	user 0.011s	sys 0.015s
I20260710 11:00:15.259135 12488 data_dirs.cc:400] Could only allocate 1 dirs of requested 3 for tablet 16144766b31f4250877803b1caf6cb02. 1 dirs total, 0 dirs full, 0 dirs failed
I20260710 11:00:15.259500 12482 raft_consensus.cc:359] T 6a5b80c1c81545a2892878c49abf9190 P 1cdb0921047240f3a2a35483abefd777 [term 1 LEARNER]: Replica starting. Triggering 0 pending ops. Active config: opid_index: 2 OBSOLETE_local: false peers { permanent_uuid: "705060f18cc34b289a9a830862f57fbe" member_type: VOTER last_known_addr { host: "127.10.155.193" port: 36395 } } peers { permanent_uuid: "c5e6727c660c4b77a2e94a87db38d267" member_type: VOTER last_known_addr { host: "127.10.155.194" port: 39853 } attrs { replace: true } } peers { permanent_uuid: "294d6e8bca6e4a9c94fbf8151168da44" member_type: VOTER last_known_addr { host: "127.10.155.195" port: 37551 } } peers { permanent_uuid: "1cdb0921047240f3a2a35483abefd777" member_type: NON_VOTER last_known_addr { host: "127.10.155.196" port: 46743 } attrs { promote: true } }
I20260710 11:00:15.260350 12482 raft_consensus.cc:740] T 6a5b80c1c81545a2892878c49abf9190 P 1cdb0921047240f3a2a35483abefd777 [term 1 LEARNER]: Becoming Follower/Learner. State: Replica: 1cdb0921047240f3a2a35483abefd777, State: Initialized, Role: LEARNER
I20260710 11:00:15.261543 12494 tablet_copy_client.cc:323] T 6b97541c17fe4e36a416a2b795da3795 P 1cdb0921047240f3a2a35483abefd777: tablet copy: Beginning tablet copy session from remote peer at address 127.10.155.193:36395
I20260710 11:00:15.261036 12482 consensus_queue.cc:260] T 6a5b80c1c81545a2892878c49abf9190 P 1cdb0921047240f3a2a35483abefd777 [NON_LEADER]: Queue going to NON_LEADER mode. State: All replicated index: 0, Majority replicated index: 0, Committed index: 2, Last appended: 1.2, Last appended by leader: 2, Current term: 0, Majority size: -1, State: 0, Mode: NON_LEADER, active raft config: opid_index: 2 OBSOLETE_local: false peers { permanent_uuid: "705060f18cc34b289a9a830862f57fbe" member_type: VOTER last_known_addr { host: "127.10.155.193" port: 36395 } } peers { permanent_uuid: "c5e6727c660c4b77a2e94a87db38d267" member_type: VOTER last_known_addr { host: "127.10.155.194" port: 39853 } attrs { replace: true } } peers { permanent_uuid: "294d6e8bca6e4a9c94fbf8151168da44" member_type: VOTER last_known_addr { host: "127.10.155.195" port: 37551 } } peers { permanent_uuid: "1cdb0921047240f3a2a35483abefd777" member_type: NON_VOTER last_known_addr { host: "127.10.155.196" port: 46743 } attrs { promote: true } }
I20260710 11:00:15.263890 12007 tablet_copy_service.cc:140] P 705060f18cc34b289a9a830862f57fbe: Received BeginTabletCopySession request for tablet 6b97541c17fe4e36a416a2b795da3795 from peer 1cdb0921047240f3a2a35483abefd777 ({username='slave'} at 127.0.0.1:58298)
I20260710 11:00:15.264483 12007 tablet_copy_service.cc:161] P 705060f18cc34b289a9a830862f57fbe: Beginning new tablet copy session on tablet 6b97541c17fe4e36a416a2b795da3795 from peer 1cdb0921047240f3a2a35483abefd777 at {username='slave'} at 127.0.0.1:58298: session id = 1cdb0921047240f3a2a35483abefd777-6b97541c17fe4e36a416a2b795da3795
I20260710 11:00:15.272053 12007 tablet_copy_source_session.cc:215] T 6b97541c17fe4e36a416a2b795da3795 P 705060f18cc34b289a9a830862f57fbe: Tablet Copy: opened 0 blocks and 1 log segments
I20260710 11:00:15.275441 12494 data_dirs.cc:400] Could only allocate 1 dirs of requested 3 for tablet 6b97541c17fe4e36a416a2b795da3795. 1 dirs total, 0 dirs full, 0 dirs failed
I20260710 11:00:15.299643 12448 heartbeater.cc:499] Master 127.10.155.254:43109 was elected leader, sending a full tablet report...
I20260710 11:00:15.304416 12494 tablet_copy_client.cc:806] T 6b97541c17fe4e36a416a2b795da3795 P 1cdb0921047240f3a2a35483abefd777: tablet copy: Starting download of 0 data blocks...
I20260710 11:00:15.305119 12494 tablet_copy_client.cc:670] T 6b97541c17fe4e36a416a2b795da3795 P 1cdb0921047240f3a2a35483abefd777: tablet copy: Starting download of 1 WAL segments...
I20260710 11:00:15.309320 12494 tablet_copy_client.cc:538] T 6b97541c17fe4e36a416a2b795da3795 P 1cdb0921047240f3a2a35483abefd777: tablet copy: Tablet Copy complete. Replacing tablet superblock.
I20260710 11:00:15.317988 12494 tablet_bootstrap.cc:492] T 6b97541c17fe4e36a416a2b795da3795 P 1cdb0921047240f3a2a35483abefd777: Bootstrap starting.
I20260710 11:00:15.346240 12494 tablet_bootstrap.cc:492] T 6b97541c17fe4e36a416a2b795da3795 P 1cdb0921047240f3a2a35483abefd777: Bootstrap replayed 1/1 log segments. Stats: ops{read=2 overwritten=0 applied=2 ignored=0} inserts{seen=0 ignored=0} mutations{seen=0 ignored=0} orphaned_commits=0. Pending: 0 replicates
I20260710 11:00:15.351675 12494 tablet_bootstrap.cc:492] T 6b97541c17fe4e36a416a2b795da3795 P 1cdb0921047240f3a2a35483abefd777: Bootstrap complete.
I20260710 11:00:15.352742 12494 ts_tablet_manager.cc:1403] T 6b97541c17fe4e36a416a2b795da3795 P 1cdb0921047240f3a2a35483abefd777: Time spent bootstrapping tablet: real 0.035s	user 0.010s	sys 0.017s
I20260710 11:00:15.355705 12494 raft_consensus.cc:359] T 6b97541c17fe4e36a416a2b795da3795 P 1cdb0921047240f3a2a35483abefd777 [term 1 LEARNER]: Replica starting. Triggering 0 pending ops. Active config: opid_index: 2 OBSOLETE_local: false peers { permanent_uuid: "705060f18cc34b289a9a830862f57fbe" member_type: VOTER last_known_addr { host: "127.10.155.193" port: 36395 } } peers { permanent_uuid: "c5e6727c660c4b77a2e94a87db38d267" member_type: VOTER last_known_addr { host: "127.10.155.194" port: 39853 } } peers { permanent_uuid: "294d6e8bca6e4a9c94fbf8151168da44" member_type: VOTER last_known_addr { host: "127.10.155.195" port: 37551 } attrs { replace: true } } peers { permanent_uuid: "1cdb0921047240f3a2a35483abefd777" member_type: NON_VOTER last_known_addr { host: "127.10.155.196" port: 46743 } attrs { promote: true } }
I20260710 11:00:15.356596 12494 raft_consensus.cc:740] T 6b97541c17fe4e36a416a2b795da3795 P 1cdb0921047240f3a2a35483abefd777 [term 1 LEARNER]: Becoming Follower/Learner. State: Replica: 1cdb0921047240f3a2a35483abefd777, State: Initialized, Role: LEARNER
I20260710 11:00:15.357479 12497 ts_tablet_manager.cc:933] T edd0dfce5a2b435d8b40a8e173bb9c72 P 1cdb0921047240f3a2a35483abefd777: Initiating tablet copy from peer 294d6e8bca6e4a9c94fbf8151168da44 (127.10.155.195:37551)
I20260710 11:00:15.357316 12494 consensus_queue.cc:260] T 6b97541c17fe4e36a416a2b795da3795 P 1cdb0921047240f3a2a35483abefd777 [NON_LEADER]: Queue going to NON_LEADER mode. State: All replicated index: 0, Majority replicated index: 0, Committed index: 2, Last appended: 1.2, Last appended by leader: 2, Current term: 0, Majority size: -1, State: 0, Mode: NON_LEADER, active raft config: opid_index: 2 OBSOLETE_local: false peers { permanent_uuid: "705060f18cc34b289a9a830862f57fbe" member_type: VOTER last_known_addr { host: "127.10.155.193" port: 36395 } } peers { permanent_uuid: "c5e6727c660c4b77a2e94a87db38d267" member_type: VOTER last_known_addr { host: "127.10.155.194" port: 39853 } } peers { permanent_uuid: "294d6e8bca6e4a9c94fbf8151168da44" member_type: VOTER last_known_addr { host: "127.10.155.195" port: 37551 } attrs { replace: true } } peers { permanent_uuid: "1cdb0921047240f3a2a35483abefd777" member_type: NON_VOTER last_known_addr { host: "127.10.155.196" port: 46743 } attrs { promote: true } }
I20260710 11:00:15.366453 12497 tablet_copy_client.cc:323] T edd0dfce5a2b435d8b40a8e173bb9c72 P 1cdb0921047240f3a2a35483abefd777: tablet copy: Beginning tablet copy session from remote peer at address 127.10.155.195:37551
I20260710 11:00:15.370497 12156 tablet_copy_service.cc:140] P 294d6e8bca6e4a9c94fbf8151168da44: Received BeginTabletCopySession request for tablet edd0dfce5a2b435d8b40a8e173bb9c72 from peer 1cdb0921047240f3a2a35483abefd777 ({username='slave'} at 127.0.0.1:53660)
I20260710 11:00:15.371250 12156 tablet_copy_service.cc:161] P 294d6e8bca6e4a9c94fbf8151168da44: Beginning new tablet copy session on tablet edd0dfce5a2b435d8b40a8e173bb9c72 from peer 1cdb0921047240f3a2a35483abefd777 at {username='slave'} at 127.0.0.1:53660: session id = 1cdb0921047240f3a2a35483abefd777-edd0dfce5a2b435d8b40a8e173bb9c72
I20260710 11:00:15.387228 12156 tablet_copy_source_session.cc:215] T edd0dfce5a2b435d8b40a8e173bb9c72 P 294d6e8bca6e4a9c94fbf8151168da44: Tablet Copy: opened 0 blocks and 1 log segments
I20260710 11:00:15.389642 12482 ts_tablet_manager.cc:1434] T 6a5b80c1c81545a2892878c49abf9190 P 1cdb0921047240f3a2a35483abefd777: Time spent starting tablet: real 0.133s	user 0.042s	sys 0.093s
I20260710 11:00:15.397720 12156 tablet_copy_service.cc:342] P 294d6e8bca6e4a9c94fbf8151168da44: Request end of tablet copy session 1cdb0921047240f3a2a35483abefd777-6a5b80c1c81545a2892878c49abf9190 received from {username='slave'} at 127.0.0.1:53660
I20260710 11:00:15.398494 12156 tablet_copy_service.cc:434] P 294d6e8bca6e4a9c94fbf8151168da44: ending tablet copy session 1cdb0921047240f3a2a35483abefd777-6a5b80c1c81545a2892878c49abf9190 on tablet 6a5b80c1c81545a2892878c49abf9190 with peer 1cdb0921047240f3a2a35483abefd777
I20260710 11:00:15.400629 12488 tablet_copy_client.cc:806] T 16144766b31f4250877803b1caf6cb02 P 1cdb0921047240f3a2a35483abefd777: tablet copy: Starting download of 0 data blocks...
I20260710 11:00:15.401278 12488 tablet_copy_client.cc:670] T 16144766b31f4250877803b1caf6cb02 P 1cdb0921047240f3a2a35483abefd777: tablet copy: Starting download of 1 WAL segments...
I20260710 11:00:15.401888 12494 ts_tablet_manager.cc:1434] T 6b97541c17fe4e36a416a2b795da3795 P 1cdb0921047240f3a2a35483abefd777: Time spent starting tablet: real 0.049s	user 0.020s	sys 0.020s
I20260710 11:00:15.404275 12497 data_dirs.cc:400] Could only allocate 1 dirs of requested 3 for tablet edd0dfce5a2b435d8b40a8e173bb9c72. 1 dirs total, 0 dirs full, 0 dirs failed
I20260710 11:00:15.404906 12007 tablet_copy_service.cc:342] P 705060f18cc34b289a9a830862f57fbe: Request end of tablet copy session 1cdb0921047240f3a2a35483abefd777-6b97541c17fe4e36a416a2b795da3795 received from {username='slave'} at 127.0.0.1:58298
I20260710 11:00:15.405365 12007 tablet_copy_service.cc:434] P 705060f18cc34b289a9a830862f57fbe: ending tablet copy session 1cdb0921047240f3a2a35483abefd777-6b97541c17fe4e36a416a2b795da3795 on tablet 6b97541c17fe4e36a416a2b795da3795 with peer 1cdb0921047240f3a2a35483abefd777
I20260710 11:00:15.409817 12488 tablet_copy_client.cc:538] T 16144766b31f4250877803b1caf6cb02 P 1cdb0921047240f3a2a35483abefd777: tablet copy: Tablet Copy complete. Replacing tablet superblock.
I20260710 11:00:15.420818 12497 tablet_copy_client.cc:806] T edd0dfce5a2b435d8b40a8e173bb9c72 P 1cdb0921047240f3a2a35483abefd777: tablet copy: Starting download of 0 data blocks...
I20260710 11:00:15.421442 12497 tablet_copy_client.cc:670] T edd0dfce5a2b435d8b40a8e173bb9c72 P 1cdb0921047240f3a2a35483abefd777: tablet copy: Starting download of 1 WAL segments...
I20260710 11:00:15.424340 12488 tablet_bootstrap.cc:492] T 16144766b31f4250877803b1caf6cb02 P 1cdb0921047240f3a2a35483abefd777: Bootstrap starting.
I20260710 11:00:15.425585 12497 tablet_copy_client.cc:538] T edd0dfce5a2b435d8b40a8e173bb9c72 P 1cdb0921047240f3a2a35483abefd777: tablet copy: Tablet Copy complete. Replacing tablet superblock.
I20260710 11:00:15.433979 12497 tablet_bootstrap.cc:492] T edd0dfce5a2b435d8b40a8e173bb9c72 P 1cdb0921047240f3a2a35483abefd777: Bootstrap starting.
I20260710 11:00:15.441970 12488 tablet_bootstrap.cc:492] T 16144766b31f4250877803b1caf6cb02 P 1cdb0921047240f3a2a35483abefd777: Bootstrap replayed 1/1 log segments. Stats: ops{read=2 overwritten=0 applied=2 ignored=0} inserts{seen=0 ignored=0} mutations{seen=0 ignored=0} orphaned_commits=0. Pending: 0 replicates
I20260710 11:00:15.442947 12488 tablet_bootstrap.cc:492] T 16144766b31f4250877803b1caf6cb02 P 1cdb0921047240f3a2a35483abefd777: Bootstrap complete.
I20260710 11:00:15.443615 12488 ts_tablet_manager.cc:1403] T 16144766b31f4250877803b1caf6cb02 P 1cdb0921047240f3a2a35483abefd777: Time spent bootstrapping tablet: real 0.019s	user 0.021s	sys 0.000s
I20260710 11:00:15.446530 12488 raft_consensus.cc:359] T 16144766b31f4250877803b1caf6cb02 P 1cdb0921047240f3a2a35483abefd777 [term 1 LEARNER]: Replica starting. Triggering 0 pending ops. Active config: opid_index: 2 OBSOLETE_local: false peers { permanent_uuid: "705060f18cc34b289a9a830862f57fbe" member_type: VOTER last_known_addr { host: "127.10.155.193" port: 36395 } } peers { permanent_uuid: "c5e6727c660c4b77a2e94a87db38d267" member_type: VOTER last_known_addr { host: "127.10.155.194" port: 39853 } } peers { permanent_uuid: "294d6e8bca6e4a9c94fbf8151168da44" member_type: VOTER last_known_addr { host: "127.10.155.195" port: 37551 } attrs { replace: true } } peers { permanent_uuid: "1cdb0921047240f3a2a35483abefd777" member_type: NON_VOTER last_known_addr { host: "127.10.155.196" port: 46743 } attrs { promote: true } }
I20260710 11:00:15.447419 12488 raft_consensus.cc:740] T 16144766b31f4250877803b1caf6cb02 P 1cdb0921047240f3a2a35483abefd777 [term 1 LEARNER]: Becoming Follower/Learner. State: Replica: 1cdb0921047240f3a2a35483abefd777, State: Initialized, Role: LEARNER
I20260710 11:00:15.448060 12488 consensus_queue.cc:260] T 16144766b31f4250877803b1caf6cb02 P 1cdb0921047240f3a2a35483abefd777 [NON_LEADER]: Queue going to NON_LEADER mode. State: All replicated index: 0, Majority replicated index: 0, Committed index: 2, Last appended: 1.2, Last appended by leader: 2, Current term: 0, Majority size: -1, State: 0, Mode: NON_LEADER, active raft config: opid_index: 2 OBSOLETE_local: false peers { permanent_uuid: "705060f18cc34b289a9a830862f57fbe" member_type: VOTER last_known_addr { host: "127.10.155.193" port: 36395 } } peers { permanent_uuid: "c5e6727c660c4b77a2e94a87db38d267" member_type: VOTER last_known_addr { host: "127.10.155.194" port: 39853 } } peers { permanent_uuid: "294d6e8bca6e4a9c94fbf8151168da44" member_type: VOTER last_known_addr { host: "127.10.155.195" port: 37551 } attrs { replace: true } } peers { permanent_uuid: "1cdb0921047240f3a2a35483abefd777" member_type: NON_VOTER last_known_addr { host: "127.10.155.196" port: 46743 } attrs { promote: true } }
I20260710 11:00:15.453176 12497 tablet_bootstrap.cc:492] T edd0dfce5a2b435d8b40a8e173bb9c72 P 1cdb0921047240f3a2a35483abefd777: Bootstrap replayed 1/1 log segments. Stats: ops{read=2 overwritten=0 applied=2 ignored=0} inserts{seen=0 ignored=0} mutations{seen=0 ignored=0} orphaned_commits=0. Pending: 0 replicates
I20260710 11:00:15.454149 12497 tablet_bootstrap.cc:492] T edd0dfce5a2b435d8b40a8e173bb9c72 P 1cdb0921047240f3a2a35483abefd777: Bootstrap complete.
I20260710 11:00:15.454427 12488 ts_tablet_manager.cc:1434] T 16144766b31f4250877803b1caf6cb02 P 1cdb0921047240f3a2a35483abefd777: Time spent starting tablet: real 0.010s	user 0.000s	sys 0.005s
I20260710 11:00:15.454903 12497 ts_tablet_manager.cc:1403] T edd0dfce5a2b435d8b40a8e173bb9c72 P 1cdb0921047240f3a2a35483abefd777: Time spent bootstrapping tablet: real 0.021s	user 0.012s	sys 0.009s
I20260710 11:00:15.456238 12006 tablet_copy_service.cc:342] P 705060f18cc34b289a9a830862f57fbe: Request end of tablet copy session 1cdb0921047240f3a2a35483abefd777-16144766b31f4250877803b1caf6cb02 received from {username='slave'} at 127.0.0.1:58298
I20260710 11:00:15.456657 12006 tablet_copy_service.cc:434] P 705060f18cc34b289a9a830862f57fbe: ending tablet copy session 1cdb0921047240f3a2a35483abefd777-16144766b31f4250877803b1caf6cb02 on tablet 16144766b31f4250877803b1caf6cb02 with peer 1cdb0921047240f3a2a35483abefd777
I20260710 11:00:15.458595 12497 raft_consensus.cc:359] T edd0dfce5a2b435d8b40a8e173bb9c72 P 1cdb0921047240f3a2a35483abefd777 [term 1 LEARNER]: Replica starting. Triggering 0 pending ops. Active config: opid_index: 2 OBSOLETE_local: false peers { permanent_uuid: "705060f18cc34b289a9a830862f57fbe" member_type: VOTER last_known_addr { host: "127.10.155.193" port: 36395 } attrs { replace: true } } peers { permanent_uuid: "c5e6727c660c4b77a2e94a87db38d267" member_type: VOTER last_known_addr { host: "127.10.155.194" port: 39853 } } peers { permanent_uuid: "294d6e8bca6e4a9c94fbf8151168da44" member_type: VOTER last_known_addr { host: "127.10.155.195" port: 37551 } } peers { permanent_uuid: "1cdb0921047240f3a2a35483abefd777" member_type: NON_VOTER last_known_addr { host: "127.10.155.196" port: 46743 } attrs { promote: true } }
I20260710 11:00:15.459425 12497 raft_consensus.cc:740] T edd0dfce5a2b435d8b40a8e173bb9c72 P 1cdb0921047240f3a2a35483abefd777 [term 1 LEARNER]: Becoming Follower/Learner. State: Replica: 1cdb0921047240f3a2a35483abefd777, State: Initialized, Role: LEARNER
I20260710 11:00:15.460490 12497 consensus_queue.cc:260] T edd0dfce5a2b435d8b40a8e173bb9c72 P 1cdb0921047240f3a2a35483abefd777 [NON_LEADER]: Queue going to NON_LEADER mode. State: All replicated index: 0, Majority replicated index: 0, Committed index: 2, Last appended: 1.2, Last appended by leader: 2, Current term: 0, Majority size: -1, State: 0, Mode: NON_LEADER, active raft config: opid_index: 2 OBSOLETE_local: false peers { permanent_uuid: "705060f18cc34b289a9a830862f57fbe" member_type: VOTER last_known_addr { host: "127.10.155.193" port: 36395 } attrs { replace: true } } peers { permanent_uuid: "c5e6727c660c4b77a2e94a87db38d267" member_type: VOTER last_known_addr { host: "127.10.155.194" port: 39853 } } peers { permanent_uuid: "294d6e8bca6e4a9c94fbf8151168da44" member_type: VOTER last_known_addr { host: "127.10.155.195" port: 37551 } } peers { permanent_uuid: "1cdb0921047240f3a2a35483abefd777" member_type: NON_VOTER last_known_addr { host: "127.10.155.196" port: 46743 } attrs { promote: true } }
I20260710 11:00:15.462889 12497 ts_tablet_manager.cc:1434] T edd0dfce5a2b435d8b40a8e173bb9c72 P 1cdb0921047240f3a2a35483abefd777: Time spent starting tablet: real 0.008s	user 0.005s	sys 0.000s
I20260710 11:00:15.464483 12156 tablet_copy_service.cc:342] P 294d6e8bca6e4a9c94fbf8151168da44: Request end of tablet copy session 1cdb0921047240f3a2a35483abefd777-edd0dfce5a2b435d8b40a8e173bb9c72 received from {username='slave'} at 127.0.0.1:53660
I20260710 11:00:15.464921 12156 tablet_copy_service.cc:434] P 294d6e8bca6e4a9c94fbf8151168da44: ending tablet copy session 1cdb0921047240f3a2a35483abefd777-edd0dfce5a2b435d8b40a8e173bb9c72 on tablet edd0dfce5a2b435d8b40a8e173bb9c72 with peer 1cdb0921047240f3a2a35483abefd777
I20260710 11:00:15.633843 12423 raft_consensus.cc:1217] T 6a5b80c1c81545a2892878c49abf9190 P 1cdb0921047240f3a2a35483abefd777 [term 1 LEARNER]: Deduplicated request from leader. Original: 1.1->[1.2-1.2]   Dedup: 1.2->[]
I20260710 11:00:15.642953 12423 raft_consensus.cc:1217] T 6b97541c17fe4e36a416a2b795da3795 P 1cdb0921047240f3a2a35483abefd777 [term 1 LEARNER]: Deduplicated request from leader. Original: 1.1->[1.2-1.2]   Dedup: 1.2->[]
I20260710 11:00:15.651316 12423 raft_consensus.cc:1217] T 16144766b31f4250877803b1caf6cb02 P 1cdb0921047240f3a2a35483abefd777 [term 1 LEARNER]: Deduplicated request from leader. Original: 1.1->[1.2-1.2]   Dedup: 1.2->[]
I20260710 11:00:15.697880 12423 raft_consensus.cc:1217] T edd0dfce5a2b435d8b40a8e173bb9c72 P 1cdb0921047240f3a2a35483abefd777 [term 1 LEARNER]: Deduplicated request from leader. Original: 1.1->[1.2-1.2]   Dedup: 1.2->[]
I20260710 11:00:16.108754 12464 raft_consensus.cc:1064] T 6a5b80c1c81545a2892878c49abf9190 P 294d6e8bca6e4a9c94fbf8151168da44: attempting to promote NON_VOTER 1cdb0921047240f3a2a35483abefd777 to VOTER
I20260710 11:00:16.110914 12464 consensus_queue.cc:237] T 6a5b80c1c81545a2892878c49abf9190 P 294d6e8bca6e4a9c94fbf8151168da44 [LEADER]: Queue going to LEADER mode. State: All replicated index: 0, Majority replicated index: 2, Committed index: 2, Last appended: 1.2, Last appended by leader: 0, Current term: 1, Majority size: 3, State: 0, Mode: LEADER, active raft config: opid_index: 3 OBSOLETE_local: false peers { permanent_uuid: "705060f18cc34b289a9a830862f57fbe" member_type: VOTER last_known_addr { host: "127.10.155.193" port: 36395 } } peers { permanent_uuid: "c5e6727c660c4b77a2e94a87db38d267" member_type: VOTER last_known_addr { host: "127.10.155.194" port: 39853 } attrs { replace: true } } peers { permanent_uuid: "294d6e8bca6e4a9c94fbf8151168da44" member_type: VOTER last_known_addr { host: "127.10.155.195" port: 37551 } } peers { permanent_uuid: "1cdb0921047240f3a2a35483abefd777" member_type: VOTER last_known_addr { host: "127.10.155.196" port: 46743 } attrs { promote: false } }
I20260710 11:00:16.117617 12468 raft_consensus.cc:1064] T 6b97541c17fe4e36a416a2b795da3795 P 705060f18cc34b289a9a830862f57fbe: attempting to promote NON_VOTER 1cdb0921047240f3a2a35483abefd777 to VOTER
I20260710 11:00:16.118824 12072 raft_consensus.cc:1275] T 6a5b80c1c81545a2892878c49abf9190 P c5e6727c660c4b77a2e94a87db38d267 [term 1 FOLLOWER]: Refusing update from remote peer 294d6e8bca6e4a9c94fbf8151168da44: Log matching property violated. Preceding OpId in replica: term: 1 index: 2. Preceding OpId from leader: term: 1 index: 3. (index mismatch)
I20260710 11:00:16.120110 12468 consensus_queue.cc:237] T 6b97541c17fe4e36a416a2b795da3795 P 705060f18cc34b289a9a830862f57fbe [LEADER]: Queue going to LEADER mode. State: All replicated index: 0, Majority replicated index: 2, Committed index: 2, Last appended: 1.2, Last appended by leader: 0, Current term: 1, Majority size: 3, State: 0, Mode: LEADER, active raft config: opid_index: 3 OBSOLETE_local: false peers { permanent_uuid: "705060f18cc34b289a9a830862f57fbe" member_type: VOTER last_known_addr { host: "127.10.155.193" port: 36395 } } peers { permanent_uuid: "c5e6727c660c4b77a2e94a87db38d267" member_type: VOTER last_known_addr { host: "127.10.155.194" port: 39853 } } peers { permanent_uuid: "294d6e8bca6e4a9c94fbf8151168da44" member_type: VOTER last_known_addr { host: "127.10.155.195" port: 37551 } attrs { replace: true } } peers { permanent_uuid: "1cdb0921047240f3a2a35483abefd777" member_type: VOTER last_known_addr { host: "127.10.155.196" port: 46743 } attrs { promote: false } }
I20260710 11:00:16.120675 11995 raft_consensus.cc:1275] T 6a5b80c1c81545a2892878c49abf9190 P 705060f18cc34b289a9a830862f57fbe [term 1 FOLLOWER]: Refusing update from remote peer 294d6e8bca6e4a9c94fbf8151168da44: Log matching property violated. Preceding OpId in replica: term: 1 index: 2. Preceding OpId from leader: term: 1 index: 3. (index mismatch)
I20260710 11:00:16.120584 12464 consensus_queue.cc:1048] T 6a5b80c1c81545a2892878c49abf9190 P 294d6e8bca6e4a9c94fbf8151168da44 [LEADER]: Connected to new peer: Peer: permanent_uuid: "c5e6727c660c4b77a2e94a87db38d267" member_type: VOTER last_known_addr { host: "127.10.155.194" port: 39853 } attrs { replace: true }, Status: LMP_MISMATCH, Last received: 0.0, Next index: 3, Last known committed idx: 2, Time since last communication: 0.000s
I20260710 11:00:16.121732 12423 raft_consensus.cc:1275] T 6a5b80c1c81545a2892878c49abf9190 P 1cdb0921047240f3a2a35483abefd777 [term 1 LEARNER]: Refusing update from remote peer 294d6e8bca6e4a9c94fbf8151168da44: Log matching property violated. Preceding OpId in replica: term: 1 index: 2. Preceding OpId from leader: term: 1 index: 3. (index mismatch)
I20260710 11:00:16.122354 12504 consensus_queue.cc:1048] T 6a5b80c1c81545a2892878c49abf9190 P 294d6e8bca6e4a9c94fbf8151168da44 [LEADER]: Connected to new peer: Peer: permanent_uuid: "705060f18cc34b289a9a830862f57fbe" member_type: VOTER last_known_addr { host: "127.10.155.193" port: 36395 }, Status: LMP_MISMATCH, Last received: 0.0, Next index: 3, Last known committed idx: 2, Time since last communication: 0.000s
I20260710 11:00:16.123335 12313 consensus_queue.cc:1048] T 6a5b80c1c81545a2892878c49abf9190 P 294d6e8bca6e4a9c94fbf8151168da44 [LEADER]: Connected to new peer: Peer: permanent_uuid: "1cdb0921047240f3a2a35483abefd777" member_type: VOTER last_known_addr { host: "127.10.155.196" port: 46743 } attrs { promote: false }, Status: LMP_MISMATCH, Last received: 0.0, Next index: 3, Last known committed idx: 2, Time since last communication: 0.000s
I20260710 11:00:16.139359 12422 raft_consensus.cc:1275] T 6b97541c17fe4e36a416a2b795da3795 P 1cdb0921047240f3a2a35483abefd777 [term 1 LEARNER]: Refusing update from remote peer 705060f18cc34b289a9a830862f57fbe: Log matching property violated. Preceding OpId in replica: term: 1 index: 2. Preceding OpId from leader: term: 1 index: 3. (index mismatch)
I20260710 11:00:16.141209 12071 raft_consensus.cc:1275] T 6b97541c17fe4e36a416a2b795da3795 P c5e6727c660c4b77a2e94a87db38d267 [term 1 FOLLOWER]: Refusing update from remote peer 705060f18cc34b289a9a830862f57fbe: Log matching property violated. Preceding OpId in replica: term: 1 index: 2. Preceding OpId from leader: term: 1 index: 3. (index mismatch)
I20260710 11:00:16.142540 12146 raft_consensus.cc:1275] T 6b97541c17fe4e36a416a2b795da3795 P 294d6e8bca6e4a9c94fbf8151168da44 [term 1 FOLLOWER]: Refusing update from remote peer 705060f18cc34b289a9a830862f57fbe: Log matching property violated. Preceding OpId in replica: term: 1 index: 2. Preceding OpId from leader: term: 1 index: 3. (index mismatch)
I20260710 11:00:16.144001 12471 consensus_queue.cc:1048] T 6b97541c17fe4e36a416a2b795da3795 P 705060f18cc34b289a9a830862f57fbe [LEADER]: Connected to new peer: Peer: permanent_uuid: "c5e6727c660c4b77a2e94a87db38d267" member_type: VOTER last_known_addr { host: "127.10.155.194" port: 39853 }, Status: LMP_MISMATCH, Last received: 0.0, Next index: 3, Last known committed idx: 2, Time since last communication: 0.000s
I20260710 11:00:16.143479 12464 raft_consensus.cc:2955] T 6a5b80c1c81545a2892878c49abf9190 P 294d6e8bca6e4a9c94fbf8151168da44 [term 1 LEADER]: Committing config change with OpId 1.3: config changed from index 2 to 3, 1cdb0921047240f3a2a35483abefd777 (127.10.155.196) changed from NON_VOTER to VOTER. New config: { opid_index: 3 OBSOLETE_local: false peers { permanent_uuid: "705060f18cc34b289a9a830862f57fbe" member_type: VOTER last_known_addr { host: "127.10.155.193" port: 36395 } } peers { permanent_uuid: "c5e6727c660c4b77a2e94a87db38d267" member_type: VOTER last_known_addr { host: "127.10.155.194" port: 39853 } attrs { replace: true } } peers { permanent_uuid: "294d6e8bca6e4a9c94fbf8151168da44" member_type: VOTER last_known_addr { host: "127.10.155.195" port: 37551 } } peers { permanent_uuid: "1cdb0921047240f3a2a35483abefd777" member_type: VOTER last_known_addr { host: "127.10.155.196" port: 46743 } attrs { promote: false } } }
I20260710 11:00:16.144809 12511 consensus_queue.cc:1048] T 6b97541c17fe4e36a416a2b795da3795 P 705060f18cc34b289a9a830862f57fbe [LEADER]: Connected to new peer: Peer: permanent_uuid: "294d6e8bca6e4a9c94fbf8151168da44" member_type: VOTER last_known_addr { host: "127.10.155.195" port: 37551 } attrs { replace: true }, Status: LMP_MISMATCH, Last received: 0.0, Next index: 3, Last known committed idx: 2, Time since last communication: 0.001s
I20260710 11:00:16.151171 12072 raft_consensus.cc:2955] T 6a5b80c1c81545a2892878c49abf9190 P c5e6727c660c4b77a2e94a87db38d267 [term 1 FOLLOWER]: Committing config change with OpId 1.3: config changed from index 2 to 3, 1cdb0921047240f3a2a35483abefd777 (127.10.155.196) changed from NON_VOTER to VOTER. New config: { opid_index: 3 OBSOLETE_local: false peers { permanent_uuid: "705060f18cc34b289a9a830862f57fbe" member_type: VOTER last_known_addr { host: "127.10.155.193" port: 36395 } } peers { permanent_uuid: "c5e6727c660c4b77a2e94a87db38d267" member_type: VOTER last_known_addr { host: "127.10.155.194" port: 39853 } attrs { replace: true } } peers { permanent_uuid: "294d6e8bca6e4a9c94fbf8151168da44" member_type: VOTER last_known_addr { host: "127.10.155.195" port: 37551 } } peers { permanent_uuid: "1cdb0921047240f3a2a35483abefd777" member_type: VOTER last_known_addr { host: "127.10.155.196" port: 46743 } attrs { promote: false } } }
I20260710 11:00:16.158082 12422 raft_consensus.cc:2955] T 6a5b80c1c81545a2892878c49abf9190 P 1cdb0921047240f3a2a35483abefd777 [term 1 FOLLOWER]: Committing config change with OpId 1.3: config changed from index 2 to 3, 1cdb0921047240f3a2a35483abefd777 (127.10.155.196) changed from NON_VOTER to VOTER. New config: { opid_index: 3 OBSOLETE_local: false peers { permanent_uuid: "705060f18cc34b289a9a830862f57fbe" member_type: VOTER last_known_addr { host: "127.10.155.193" port: 36395 } } peers { permanent_uuid: "c5e6727c660c4b77a2e94a87db38d267" member_type: VOTER last_known_addr { host: "127.10.155.194" port: 39853 } attrs { replace: true } } peers { permanent_uuid: "294d6e8bca6e4a9c94fbf8151168da44" member_type: VOTER last_known_addr { host: "127.10.155.195" port: 37551 } } peers { permanent_uuid: "1cdb0921047240f3a2a35483abefd777" member_type: VOTER last_known_addr { host: "127.10.155.196" port: 46743 } attrs { promote: false } } }
I20260710 11:00:16.148110 11995 raft_consensus.cc:2955] T 6a5b80c1c81545a2892878c49abf9190 P 705060f18cc34b289a9a830862f57fbe [term 1 FOLLOWER]: Committing config change with OpId 1.3: config changed from index 2 to 3, 1cdb0921047240f3a2a35483abefd777 (127.10.155.196) changed from NON_VOTER to VOTER. New config: { opid_index: 3 OBSOLETE_local: false peers { permanent_uuid: "705060f18cc34b289a9a830862f57fbe" member_type: VOTER last_known_addr { host: "127.10.155.193" port: 36395 } } peers { permanent_uuid: "c5e6727c660c4b77a2e94a87db38d267" member_type: VOTER last_known_addr { host: "127.10.155.194" port: 39853 } attrs { replace: true } } peers { permanent_uuid: "294d6e8bca6e4a9c94fbf8151168da44" member_type: VOTER last_known_addr { host: "127.10.155.195" port: 37551 } } peers { permanent_uuid: "1cdb0921047240f3a2a35483abefd777" member_type: VOTER last_known_addr { host: "127.10.155.196" port: 46743 } attrs { promote: false } } }
I20260710 11:00:16.167091 11892 catalog_manager.cc:5697] T 6a5b80c1c81545a2892878c49abf9190 P 294d6e8bca6e4a9c94fbf8151168da44 reported cstate change: config changed from index 2 to 3, 1cdb0921047240f3a2a35483abefd777 (127.10.155.196) changed from NON_VOTER to VOTER. New cstate: current_term: 1 leader_uuid: "294d6e8bca6e4a9c94fbf8151168da44" committed_config { opid_index: 3 OBSOLETE_local: false peers { permanent_uuid: "705060f18cc34b289a9a830862f57fbe" member_type: VOTER last_known_addr { host: "127.10.155.193" port: 36395 } health_report { overall_health: HEALTHY } } peers { permanent_uuid: "c5e6727c660c4b77a2e94a87db38d267" member_type: VOTER last_known_addr { host: "127.10.155.194" port: 39853 } attrs { replace: true } health_report { overall_health: HEALTHY } } peers { permanent_uuid: "294d6e8bca6e4a9c94fbf8151168da44" member_type: VOTER last_known_addr { host: "127.10.155.195" port: 37551 } health_report { overall_health: HEALTHY } } peers { permanent_uuid: "1cdb0921047240f3a2a35483abefd777" member_type: VOTER last_known_addr { host: "127.10.155.196" port: 46743 } attrs { promote: false } health_report { overall_health: HEALTHY } } }
I20260710 11:00:16.169373 12503 consensus_queue.cc:1048] T 6b97541c17fe4e36a416a2b795da3795 P 705060f18cc34b289a9a830862f57fbe [LEADER]: Connected to new peer: Peer: permanent_uuid: "1cdb0921047240f3a2a35483abefd777" member_type: VOTER last_known_addr { host: "127.10.155.196" port: 46743 } attrs { promote: false }, Status: LMP_MISMATCH, Last received: 0.0, Next index: 3, Last known committed idx: 2, Time since last communication: 0.000s
I20260710 11:00:16.181917 12468 raft_consensus.cc:1064] T 16144766b31f4250877803b1caf6cb02 P 705060f18cc34b289a9a830862f57fbe: attempting to promote NON_VOTER 1cdb0921047240f3a2a35483abefd777 to VOTER
I20260710 11:00:16.184419 12468 consensus_queue.cc:237] T 16144766b31f4250877803b1caf6cb02 P 705060f18cc34b289a9a830862f57fbe [LEADER]: Queue going to LEADER mode. State: All replicated index: 0, Majority replicated index: 2, Committed index: 2, Last appended: 1.2, Last appended by leader: 0, Current term: 1, Majority size: 3, State: 0, Mode: LEADER, active raft config: opid_index: 3 OBSOLETE_local: false peers { permanent_uuid: "705060f18cc34b289a9a830862f57fbe" member_type: VOTER last_known_addr { host: "127.10.155.193" port: 36395 } } peers { permanent_uuid: "c5e6727c660c4b77a2e94a87db38d267" member_type: VOTER last_known_addr { host: "127.10.155.194" port: 39853 } } peers { permanent_uuid: "294d6e8bca6e4a9c94fbf8151168da44" member_type: VOTER last_known_addr { host: "127.10.155.195" port: 37551 } attrs { replace: true } } peers { permanent_uuid: "1cdb0921047240f3a2a35483abefd777" member_type: VOTER last_known_addr { host: "127.10.155.196" port: 46743 } attrs { promote: false } }
I20260710 11:00:16.195571 12471 raft_consensus.cc:2955] T 6b97541c17fe4e36a416a2b795da3795 P 705060f18cc34b289a9a830862f57fbe [term 1 LEADER]: Committing config change with OpId 1.3: config changed from index 2 to 3, 1cdb0921047240f3a2a35483abefd777 (127.10.155.196) changed from NON_VOTER to VOTER. New config: { opid_index: 3 OBSOLETE_local: false peers { permanent_uuid: "705060f18cc34b289a9a830862f57fbe" member_type: VOTER last_known_addr { host: "127.10.155.193" port: 36395 } } peers { permanent_uuid: "c5e6727c660c4b77a2e94a87db38d267" member_type: VOTER last_known_addr { host: "127.10.155.194" port: 39853 } } peers { permanent_uuid: "294d6e8bca6e4a9c94fbf8151168da44" member_type: VOTER last_known_addr { host: "127.10.155.195" port: 37551 } attrs { replace: true } } peers { permanent_uuid: "1cdb0921047240f3a2a35483abefd777" member_type: VOTER last_known_addr { host: "127.10.155.196" port: 46743 } attrs { promote: false } } }
I20260710 11:00:16.198464 12421 raft_consensus.cc:2955] T 6b97541c17fe4e36a416a2b795da3795 P 1cdb0921047240f3a2a35483abefd777 [term 1 FOLLOWER]: Committing config change with OpId 1.3: config changed from index 2 to 3, 1cdb0921047240f3a2a35483abefd777 (127.10.155.196) changed from NON_VOTER to VOTER. New config: { opid_index: 3 OBSOLETE_local: false peers { permanent_uuid: "705060f18cc34b289a9a830862f57fbe" member_type: VOTER last_known_addr { host: "127.10.155.193" port: 36395 } } peers { permanent_uuid: "c5e6727c660c4b77a2e94a87db38d267" member_type: VOTER last_known_addr { host: "127.10.155.194" port: 39853 } } peers { permanent_uuid: "294d6e8bca6e4a9c94fbf8151168da44" member_type: VOTER last_known_addr { host: "127.10.155.195" port: 37551 } attrs { replace: true } } peers { permanent_uuid: "1cdb0921047240f3a2a35483abefd777" member_type: VOTER last_known_addr { host: "127.10.155.196" port: 46743 } attrs { promote: false } } }
I20260710 11:00:16.204648 12146 raft_consensus.cc:2955] T 6b97541c17fe4e36a416a2b795da3795 P 294d6e8bca6e4a9c94fbf8151168da44 [term 1 FOLLOWER]: Committing config change with OpId 1.3: config changed from index 2 to 3, 1cdb0921047240f3a2a35483abefd777 (127.10.155.196) changed from NON_VOTER to VOTER. New config: { opid_index: 3 OBSOLETE_local: false peers { permanent_uuid: "705060f18cc34b289a9a830862f57fbe" member_type: VOTER last_known_addr { host: "127.10.155.193" port: 36395 } } peers { permanent_uuid: "c5e6727c660c4b77a2e94a87db38d267" member_type: VOTER last_known_addr { host: "127.10.155.194" port: 39853 } } peers { permanent_uuid: "294d6e8bca6e4a9c94fbf8151168da44" member_type: VOTER last_known_addr { host: "127.10.155.195" port: 37551 } attrs { replace: true } } peers { permanent_uuid: "1cdb0921047240f3a2a35483abefd777" member_type: VOTER last_known_addr { host: "127.10.155.196" port: 46743 } attrs { promote: false } } }
I20260710 11:00:16.209618 12071 raft_consensus.cc:2955] T 6b97541c17fe4e36a416a2b795da3795 P c5e6727c660c4b77a2e94a87db38d267 [term 1 FOLLOWER]: Committing config change with OpId 1.3: config changed from index 2 to 3, 1cdb0921047240f3a2a35483abefd777 (127.10.155.196) changed from NON_VOTER to VOTER. New config: { opid_index: 3 OBSOLETE_local: false peers { permanent_uuid: "705060f18cc34b289a9a830862f57fbe" member_type: VOTER last_known_addr { host: "127.10.155.193" port: 36395 } } peers { permanent_uuid: "c5e6727c660c4b77a2e94a87db38d267" member_type: VOTER last_known_addr { host: "127.10.155.194" port: 39853 } } peers { permanent_uuid: "294d6e8bca6e4a9c94fbf8151168da44" member_type: VOTER last_known_addr { host: "127.10.155.195" port: 37551 } attrs { replace: true } } peers { permanent_uuid: "1cdb0921047240f3a2a35483abefd777" member_type: VOTER last_known_addr { host: "127.10.155.196" port: 46743 } attrs { promote: false } } }
I20260710 11:00:16.216843 12143 raft_consensus.cc:1275] T 16144766b31f4250877803b1caf6cb02 P 294d6e8bca6e4a9c94fbf8151168da44 [term 1 FOLLOWER]: Refusing update from remote peer 705060f18cc34b289a9a830862f57fbe: Log matching property violated. Preceding OpId in replica: term: 1 index: 2. Preceding OpId from leader: term: 1 index: 3. (index mismatch)
I20260710 11:00:16.218266 12072 raft_consensus.cc:1275] T 16144766b31f4250877803b1caf6cb02 P c5e6727c660c4b77a2e94a87db38d267 [term 1 FOLLOWER]: Refusing update from remote peer 705060f18cc34b289a9a830862f57fbe: Log matching property violated. Preceding OpId in replica: term: 1 index: 2. Preceding OpId from leader: term: 1 index: 3. (index mismatch)
I20260710 11:00:16.221886 12511 consensus_queue.cc:1048] T 16144766b31f4250877803b1caf6cb02 P 705060f18cc34b289a9a830862f57fbe [LEADER]: Connected to new peer: Peer: permanent_uuid: "c5e6727c660c4b77a2e94a87db38d267" member_type: VOTER last_known_addr { host: "127.10.155.194" port: 39853 }, Status: LMP_MISMATCH, Last received: 0.0, Next index: 3, Last known committed idx: 2, Time since last communication: 0.000s
I20260710 11:00:16.223114 12503 consensus_queue.cc:1048] T 16144766b31f4250877803b1caf6cb02 P 705060f18cc34b289a9a830862f57fbe [LEADER]: Connected to new peer: Peer: permanent_uuid: "294d6e8bca6e4a9c94fbf8151168da44" member_type: VOTER last_known_addr { host: "127.10.155.195" port: 37551 } attrs { replace: true }, Status: LMP_MISMATCH, Last received: 0.0, Next index: 3, Last known committed idx: 2, Time since last communication: 0.000s
I20260710 11:00:16.216747 12421 raft_consensus.cc:1275] T 16144766b31f4250877803b1caf6cb02 P 1cdb0921047240f3a2a35483abefd777 [term 1 LEARNER]: Refusing update from remote peer 705060f18cc34b289a9a830862f57fbe: Log matching property violated. Preceding OpId in replica: term: 1 index: 2. Preceding OpId from leader: term: 1 index: 3. (index mismatch)
I20260710 11:00:16.226424 12468 consensus_queue.cc:1048] T 16144766b31f4250877803b1caf6cb02 P 705060f18cc34b289a9a830862f57fbe [LEADER]: Connected to new peer: Peer: permanent_uuid: "1cdb0921047240f3a2a35483abefd777" member_type: VOTER last_known_addr { host: "127.10.155.196" port: 46743 } attrs { promote: false }, Status: LMP_MISMATCH, Last received: 0.0, Next index: 3, Last known committed idx: 2, Time since last communication: 0.005s
I20260710 11:00:16.244807 12143 consensus_queue.cc:237] T 6a5b80c1c81545a2892878c49abf9190 P 294d6e8bca6e4a9c94fbf8151168da44 [LEADER]: Queue going to LEADER mode. State: All replicated index: 0, Majority replicated index: 3, Committed index: 3, Last appended: 1.3, Last appended by leader: 0, Current term: 1, Majority size: 2, State: 0, Mode: LEADER, active raft config: opid_index: 4 OBSOLETE_local: false peers { permanent_uuid: "705060f18cc34b289a9a830862f57fbe" member_type: VOTER last_known_addr { host: "127.10.155.193" port: 36395 } } peers { permanent_uuid: "294d6e8bca6e4a9c94fbf8151168da44" member_type: VOTER last_known_addr { host: "127.10.155.195" port: 37551 } } peers { permanent_uuid: "1cdb0921047240f3a2a35483abefd777" member_type: VOTER last_known_addr { host: "127.10.155.196" port: 46743 } attrs { promote: false } }
