[==========] Running 8 tests from 2 test suites.
[----------] Global test environment set-up.
[----------] 6 tests from LeaderRebalancerTest
[ RUN      ] LeaderRebalancerTest.FunctionalTestForDivided
WARNING: Logging before InitGoogleLogging() is written to STDERR
I20260710 10:59:45.258785  7753 internal_mini_cluster.cc:156] Creating distributed mini masters. Addrs: 127.7.146.126:34655
I20260710 10:59:45.260465  7753 env_posix.cc:2285] Not raising this process' open files per process limit of 1048576; it is already as high as it can go
I20260710 10:59:45.261544  7753 file_cache.cc:504] Constructed file cache file cache with capacity 419430
W20260710 10:59:45.278621  7762 instance_detector.cc:116] could not retrieve OpenStack instance metadata: Network error: curl error: HTTP response code said error: The requested URL returned error: 404
I20260710 10:59:45.279793  7753 server_base.cc:1061] running on GCE node
W20260710 10:59:45.278822  7759 instance_detector.cc:116] could not retrieve AWS instance metadata: Network error: curl error: HTTP response code said error: The requested URL returned error: 404
W20260710 10:59:45.278630  7760 instance_detector.cc:116] could not retrieve Azure instance metadata: Network error: curl error: HTTP response code said error: The requested URL returned error: 404
I20260710 10:59:46.517535  7753 hybrid_clock.cc:584] initializing the hybrid clock with 'system_unsync' time source
W20260710 10:59:46.517755  7753 system_unsync_time.cc:38] NTP support is disabled. Clock error bounds will not be accurate. This configuration is not suitable for distributed clusters.
I20260710 10:59:46.518000  7753 hybrid_clock.cc:648] HybridClock initialized: now 1783681186517957 us; error 0 us; skew 500 ppm
I20260710 10:59:46.518905  7753 server_base.cc:861] Flag tcmalloc_max_total_thread_cache_bytes is not working since tcmalloc is not enabled.
I20260710 10:59:46.524434  7753 webserver.cc:533] Webserver started at http://127.7.146.126:34335/ using document root <none> and password file <none>
I20260710 10:59:46.525274  7753 fs_manager.cc:362] Metadata directory not provided
I20260710 10:59:46.525506  7753 fs_manager.cc:368] Using write-ahead log directory (fs_wal_dir) as metadata directory
I20260710 10:59:46.525950  7753 server_base.cc:909] This appears to be a new deployment of Kudu; creating new FS layout
I20260710 10:59:46.531626  7753 fs_manager.cc:1068] Generated new instance metadata in path /tmp/dist-test-taskyD0Dcd/test-tmp/auto_leader_rebalancer-test.0.LeaderRebalancerTest.FunctionalTestForDivided.1783681185091020-7753-0/minicluster-data/master-0-root/instance:
uuid: "60d20eca7dfb4270b7c3048b0158152b"
format_stamp: "Formatted at 2026-07-10 10:59:46 on dist-test-slave-vn19"
I20260710 10:59:46.539798  7753 fs_manager.cc:696] Time spent creating directory manager: real 0.007s	user 0.006s	sys 0.001s
I20260710 10:59:46.544857  7768 log_block_manager.cc:4127] Time spent loading block containers with low live blocks: real 0.000s	user 0.000s	sys 0.000s
I20260710 10:59:46.545970  7753 fs_manager.cc:730] Time spent opening block manager: real 0.003s	user 0.004s	sys 0.001s
I20260710 10:59:46.546311  7753 fs_manager.cc:647] Opened local filesystem: /tmp/dist-test-taskyD0Dcd/test-tmp/auto_leader_rebalancer-test.0.LeaderRebalancerTest.FunctionalTestForDivided.1783681185091020-7753-0/minicluster-data/master-0-root
uuid: "60d20eca7dfb4270b7c3048b0158152b"
format_stamp: "Formatted at 2026-07-10 10:59:46 on dist-test-slave-vn19"
I20260710 10:59:46.546659  7753 fs_report.cc:389] FS layout report
--------------------
wal directory: /tmp/dist-test-taskyD0Dcd/test-tmp/auto_leader_rebalancer-test.0.LeaderRebalancerTest.FunctionalTestForDivided.1783681185091020-7753-0/minicluster-data/master-0-root
metadata directory: /tmp/dist-test-taskyD0Dcd/test-tmp/auto_leader_rebalancer-test.0.LeaderRebalancerTest.FunctionalTestForDivided.1783681185091020-7753-0/minicluster-data/master-0-root
1 data directories: /tmp/dist-test-taskyD0Dcd/test-tmp/auto_leader_rebalancer-test.0.LeaderRebalancerTest.FunctionalTestForDivided.1783681185091020-7753-0/minicluster-data/master-0-root/data
Total live blocks: 0
Total live bytes: 0
Total live bytes (after alignment): 0
Total number of LBM containers: 0 (0 full)
Did not check for missing blocks
Did not check for orphaned blocks
Total full LBM containers with extra space: 0 (0 repaired)
Total full LBM container extra space in bytes: 0 (0 repaired)
Total incomplete LBM containers: 0 (0 repaired)
Total LBM partial records: 0 (0 repaired)
Total corrupted LBM metadata records in RocksDB: 0 (0 repaired)
I20260710 10:59:46.617441  7753 rpc_server.cc:225] running with OpenSSL 1.1.1  11 Sep 2018
I20260710 10:59:46.619009  7753 env_posix.cc:2285] Not raising this process' running threads per effective uid limit of 18446744073709551615; it is already as high as it can go
I20260710 10:59:46.619465  7753 kserver.cc:163] Server-wide thread pool size limit: 3276
I20260710 10:59:46.696822  7753 rpc_server.cc:307] RPC server started. Bound to: 127.7.146.126:34655
I20260710 10:59:46.696902  7819 acceptor_pool.cc:272] collecting diagnostics on the listening RPC socket 127.7.146.126:34655 every 8 connection(s)
I20260710 10:59:46.706584  7820 data_dirs.cc:400] Could only allocate 1 dirs of requested 3 for tablet 00000000000000000000000000000000. 1 dirs total, 0 dirs full, 0 dirs failed
I20260710 10:59:46.729182  7820 tablet_bootstrap.cc:492] T 00000000000000000000000000000000 P 60d20eca7dfb4270b7c3048b0158152b: Bootstrap starting.
I20260710 10:59:46.735244  7820 tablet_bootstrap.cc:654] T 00000000000000000000000000000000 P 60d20eca7dfb4270b7c3048b0158152b: Neither blocks nor log segments found. Creating new log.
I20260710 10:59:46.736980  7820 log.cc:826] T 00000000000000000000000000000000 P 60d20eca7dfb4270b7c3048b0158152b: Log is configured to *not* fsync() on all Append() calls
I20260710 10:59:46.741830  7820 tablet_bootstrap.cc:492] T 00000000000000000000000000000000 P 60d20eca7dfb4270b7c3048b0158152b: No bootstrap required, opened a new log
I20260710 10:59:46.762583  7820 raft_consensus.cc:359] T 00000000000000000000000000000000 P 60d20eca7dfb4270b7c3048b0158152b [term 0 FOLLOWER]: Replica starting. Triggering 0 pending ops. Active config: opid_index: -1 OBSOLETE_local: true peers { permanent_uuid: "60d20eca7dfb4270b7c3048b0158152b" member_type: VOTER }
I20260710 10:59:46.763204  7820 raft_consensus.cc:385] T 00000000000000000000000000000000 P 60d20eca7dfb4270b7c3048b0158152b [term 0 FOLLOWER]: Consensus starting up: Expiring failure detector timer to make a prompt election more likely
I20260710 10:59:46.763454  7820 raft_consensus.cc:740] T 00000000000000000000000000000000 P 60d20eca7dfb4270b7c3048b0158152b [term 0 FOLLOWER]: Becoming Follower/Learner. State: Replica: 60d20eca7dfb4270b7c3048b0158152b, State: Initialized, Role: FOLLOWER
I20260710 10:59:46.764420  7820 consensus_queue.cc:260] T 00000000000000000000000000000000 P 60d20eca7dfb4270b7c3048b0158152b [NON_LEADER]: Queue going to NON_LEADER mode. State: All replicated index: 0, Majority replicated index: 0, Committed index: 0, Last appended: 0.0, Last appended by leader: 0, Current term: 0, Majority size: -1, State: 0, Mode: NON_LEADER, active raft config: opid_index: -1 OBSOLETE_local: true peers { permanent_uuid: "60d20eca7dfb4270b7c3048b0158152b" member_type: VOTER }
I20260710 10:59:46.764918  7820 raft_consensus.cc:399] T 00000000000000000000000000000000 P 60d20eca7dfb4270b7c3048b0158152b [term 0 FOLLOWER]: Only one voter in the Raft config. Triggering election immediately
I20260710 10:59:46.765216  7820 raft_consensus.cc:493] T 00000000000000000000000000000000 P 60d20eca7dfb4270b7c3048b0158152b [term 0 FOLLOWER]: Starting leader election (initial election of a single-replica configuration)
I20260710 10:59:46.765551  7820 raft_consensus.cc:3060] T 00000000000000000000000000000000 P 60d20eca7dfb4270b7c3048b0158152b [term 0 FOLLOWER]: Advancing to term 1
I20260710 10:59:46.769920  7820 raft_consensus.cc:515] T 00000000000000000000000000000000 P 60d20eca7dfb4270b7c3048b0158152b [term 1 FOLLOWER]: Starting leader election with config: opid_index: -1 OBSOLETE_local: true peers { permanent_uuid: "60d20eca7dfb4270b7c3048b0158152b" member_type: VOTER }
I20260710 10:59:46.770687  7820 leader_election.cc:304] T 00000000000000000000000000000000 P 60d20eca7dfb4270b7c3048b0158152b [CANDIDATE]: Term 1 election: Election decided. Result: candidate won. Election summary: received 1 responses out of 1 voters: 1 yes votes; 0 no votes. yes voters: 60d20eca7dfb4270b7c3048b0158152b; no voters: 
I20260710 10:59:46.772315  7820 leader_election.cc:290] T 00000000000000000000000000000000 P 60d20eca7dfb4270b7c3048b0158152b [CANDIDATE]: Term 1 election: Requested vote from peers 
I20260710 10:59:46.772790  7823 raft_consensus.cc:2804] T 00000000000000000000000000000000 P 60d20eca7dfb4270b7c3048b0158152b [term 1 FOLLOWER]: Leader election won for term 1
I20260710 10:59:46.775913  7823 raft_consensus.cc:697] T 00000000000000000000000000000000 P 60d20eca7dfb4270b7c3048b0158152b [term 1 LEADER]: Becoming Leader. State: Replica: 60d20eca7dfb4270b7c3048b0158152b, State: Running, Role: LEADER
I20260710 10:59:46.776731  7823 consensus_queue.cc:237] T 00000000000000000000000000000000 P 60d20eca7dfb4270b7c3048b0158152b [LEADER]: Queue going to LEADER mode. State: All replicated index: 0, Majority replicated index: 0, Committed index: 0, Last appended: 0.0, Last appended by leader: 0, Current term: 1, Majority size: 1, State: 0, Mode: LEADER, active raft config: opid_index: -1 OBSOLETE_local: true peers { permanent_uuid: "60d20eca7dfb4270b7c3048b0158152b" member_type: VOTER }
I20260710 10:59:46.777298  7820 sys_catalog.cc:565] T 00000000000000000000000000000000 P 60d20eca7dfb4270b7c3048b0158152b [sys.catalog]: configured and running, proceeding with master startup.
I20260710 10:59:46.789052  7825 sys_catalog.cc:455] T 00000000000000000000000000000000 P 60d20eca7dfb4270b7c3048b0158152b [sys.catalog]: SysCatalogTable state changed. Reason: New leader 60d20eca7dfb4270b7c3048b0158152b. Latest consensus state: current_term: 1 leader_uuid: "60d20eca7dfb4270b7c3048b0158152b" committed_config { opid_index: -1 OBSOLETE_local: true peers { permanent_uuid: "60d20eca7dfb4270b7c3048b0158152b" member_type: VOTER } }
I20260710 10:59:46.789252  7824 sys_catalog.cc:455] T 00000000000000000000000000000000 P 60d20eca7dfb4270b7c3048b0158152b [sys.catalog]: SysCatalogTable state changed. Reason: RaftConsensus started. Latest consensus state: current_term: 1 leader_uuid: "60d20eca7dfb4270b7c3048b0158152b" committed_config { opid_index: -1 OBSOLETE_local: true peers { permanent_uuid: "60d20eca7dfb4270b7c3048b0158152b" member_type: VOTER } }
I20260710 10:59:46.790180  7825 sys_catalog.cc:458] T 00000000000000000000000000000000 P 60d20eca7dfb4270b7c3048b0158152b [sys.catalog]: This master's current role is: LEADER
I20260710 10:59:46.790177  7824 sys_catalog.cc:458] T 00000000000000000000000000000000 P 60d20eca7dfb4270b7c3048b0158152b [sys.catalog]: This master's current role is: LEADER
I20260710 10:59:46.793753  7833 catalog_manager.cc:1511] Loading table and tablet metadata into memory...
I20260710 10:59:46.806377  7833 catalog_manager.cc:1520] Initializing Kudu cluster ID...
I20260710 10:59:46.809072  7753 internal_mini_cluster.cc:184] Waiting to initialize catalog manager on master 0
I20260710 10:59:46.824764  7833 catalog_manager.cc:1383] Generated new cluster ID: c4f034160bc746f9b5597b85c32de479
I20260710 10:59:46.825081  7833 catalog_manager.cc:1531] Initializing Kudu internal certificate authority...
I20260710 10:59:46.843814  7833 catalog_manager.cc:1406] Generated new certificate authority record
I20260710 10:59:46.845875  7833 catalog_manager.cc:1540] Loading token signing keys...
I20260710 10:59:46.870151  7833 catalog_manager.cc:6070] T 00000000000000000000000000000000 P 60d20eca7dfb4270b7c3048b0158152b: Generated new TSK 0
I20260710 10:59:46.871387  7833 catalog_manager.cc:1550] Initializing in-progress tserver states...
I20260710 10:59:46.939988  7753 file_cache.cc:504] Constructed file cache file cache with capacity 419430
W20260710 10:59:46.949983  7842 instance_detector.cc:116] could not retrieve AWS instance metadata: Network error: curl error: HTTP response code said error: The requested URL returned error: 404
W20260710 10:59:46.952354  7843 instance_detector.cc:116] could not retrieve Azure instance metadata: Network error: curl error: HTTP response code said error: The requested URL returned error: 404
I20260710 10:59:46.955111  7753 server_base.cc:1061] running on GCE node
W20260710 10:59:46.955757  7845 instance_detector.cc:116] could not retrieve OpenStack instance metadata: Network error: curl error: HTTP response code said error: The requested URL returned error: 404
I20260710 10:59:46.956794  7753 hybrid_clock.cc:584] initializing the hybrid clock with 'system_unsync' time source
W20260710 10:59:46.957057  7753 system_unsync_time.cc:38] NTP support is disabled. Clock error bounds will not be accurate. This configuration is not suitable for distributed clusters.
I20260710 10:59:46.957268  7753 hybrid_clock.cc:648] HybridClock initialized: now 1783681186957250 us; error 0 us; skew 500 ppm
I20260710 10:59:46.958062  7753 server_base.cc:861] Flag tcmalloc_max_total_thread_cache_bytes is not working since tcmalloc is not enabled.
I20260710 10:59:46.962430  7753 webserver.cc:533] Webserver started at http://127.7.146.65:39199/ using document root <none> and password file <none>
I20260710 10:59:46.963166  7753 fs_manager.cc:362] Metadata directory not provided
I20260710 10:59:46.963438  7753 fs_manager.cc:368] Using write-ahead log directory (fs_wal_dir) as metadata directory
I20260710 10:59:46.963783  7753 server_base.cc:909] This appears to be a new deployment of Kudu; creating new FS layout
I20260710 10:59:46.965319  7753 fs_manager.cc:1068] Generated new instance metadata in path /tmp/dist-test-taskyD0Dcd/test-tmp/auto_leader_rebalancer-test.0.LeaderRebalancerTest.FunctionalTestForDivided.1783681185091020-7753-0/minicluster-data/ts-0-root/instance:
uuid: "987851dca8514d3398363e5792bf8faa"
format_stamp: "Formatted at 2026-07-10 10:59:46 on dist-test-slave-vn19"
I20260710 10:59:46.972456  7753 fs_manager.cc:696] Time spent creating directory manager: real 0.006s	user 0.006s	sys 0.003s
I20260710 10:59:46.977545  7850 log_block_manager.cc:4127] Time spent loading block containers with low live blocks: real 0.000s	user 0.000s	sys 0.000s
I20260710 10:59:46.978447  7753 fs_manager.cc:730] Time spent opening block manager: real 0.003s	user 0.002s	sys 0.000s
I20260710 10:59:46.978786  7753 fs_manager.cc:647] Opened local filesystem: /tmp/dist-test-taskyD0Dcd/test-tmp/auto_leader_rebalancer-test.0.LeaderRebalancerTest.FunctionalTestForDivided.1783681185091020-7753-0/minicluster-data/ts-0-root
uuid: "987851dca8514d3398363e5792bf8faa"
format_stamp: "Formatted at 2026-07-10 10:59:46 on dist-test-slave-vn19"
I20260710 10:59:46.979185  7753 fs_report.cc:389] FS layout report
--------------------
wal directory: /tmp/dist-test-taskyD0Dcd/test-tmp/auto_leader_rebalancer-test.0.LeaderRebalancerTest.FunctionalTestForDivided.1783681185091020-7753-0/minicluster-data/ts-0-root
metadata directory: /tmp/dist-test-taskyD0Dcd/test-tmp/auto_leader_rebalancer-test.0.LeaderRebalancerTest.FunctionalTestForDivided.1783681185091020-7753-0/minicluster-data/ts-0-root
1 data directories: /tmp/dist-test-taskyD0Dcd/test-tmp/auto_leader_rebalancer-test.0.LeaderRebalancerTest.FunctionalTestForDivided.1783681185091020-7753-0/minicluster-data/ts-0-root/data
Total live blocks: 0
Total live bytes: 0
Total live bytes (after alignment): 0
Total number of LBM containers: 0 (0 full)
Did not check for missing blocks
Did not check for orphaned blocks
Total full LBM containers with extra space: 0 (0 repaired)
Total full LBM container extra space in bytes: 0 (0 repaired)
Total incomplete LBM containers: 0 (0 repaired)
Total LBM partial records: 0 (0 repaired)
Total corrupted LBM metadata records in RocksDB: 0 (0 repaired)
I20260710 10:59:47.035571  7753 rpc_server.cc:225] running with OpenSSL 1.1.1  11 Sep 2018
I20260710 10:59:47.036942  7753 kserver.cc:163] Server-wide thread pool size limit: 3276
I20260710 10:59:47.039296  7753 txn_system_client.cc:432] TxnSystemClient initialization is disabled...
I20260710 10:59:47.043622  7753 ts_tablet_manager.cc:585] Loaded tablet metadata (0 total tablets, 0 live tablets)
I20260710 10:59:47.043877  7753 ts_tablet_manager.cc:531] Time spent load tablet metadata: real 0.000s	user 0.000s	sys 0.000s
I20260710 10:59:47.044139  7753 ts_tablet_manager.cc:616] Registered 0 tablets
I20260710 10:59:47.044322  7753 ts_tablet_manager.cc:595] Time spent register tablets: real 0.000s	user 0.000s	sys 0.000s
I20260710 10:59:47.158236  7753 rpc_server.cc:307] RPC server started. Bound to: 127.7.146.65:38977
I20260710 10:59:47.158353  7912 acceptor_pool.cc:272] collecting diagnostics on the listening RPC socket 127.7.146.65:38977 every 8 connection(s)
I20260710 10:59:47.165463  7753 file_cache.cc:504] Constructed file cache file cache with capacity 419430
W20260710 10:59:47.179975  7917 instance_detector.cc:116] could not retrieve AWS instance metadata: Network error: curl error: HTTP response code said error: The requested URL returned error: 404
W20260710 10:59:47.188035  7918 instance_detector.cc:116] could not retrieve Azure instance metadata: Network error: curl error: HTTP response code said error: The requested URL returned error: 404
I20260710 10:59:47.190296  7753 server_base.cc:1061] running on GCE node
W20260710 10:59:47.191529  7920 instance_detector.cc:116] could not retrieve OpenStack instance metadata: Network error: curl error: HTTP response code said error: The requested URL returned error: 404
I20260710 10:59:47.192677  7753 hybrid_clock.cc:584] initializing the hybrid clock with 'system_unsync' time source
W20260710 10:59:47.192950  7753 system_unsync_time.cc:38] NTP support is disabled. Clock error bounds will not be accurate. This configuration is not suitable for distributed clusters.
I20260710 10:59:47.193169  7753 hybrid_clock.cc:648] HybridClock initialized: now 1783681187193144 us; error 0 us; skew 500 ppm
I20260710 10:59:47.193985  7753 server_base.cc:861] Flag tcmalloc_max_total_thread_cache_bytes is not working since tcmalloc is not enabled.
I20260710 10:59:47.197085  7753 webserver.cc:533] Webserver started at http://127.7.146.66:43113/ using document root <none> and password file <none>
I20260710 10:59:47.197767  7753 fs_manager.cc:362] Metadata directory not provided
I20260710 10:59:47.198031  7753 fs_manager.cc:368] Using write-ahead log directory (fs_wal_dir) as metadata directory
I20260710 10:59:47.198357  7753 server_base.cc:909] This appears to be a new deployment of Kudu; creating new FS layout
I20260710 10:59:47.198992  7913 heartbeater.cc:344] Connected to a master server at 127.7.146.126:34655
I20260710 10:59:47.199466  7913 heartbeater.cc:461] Registering TS with master...
I20260710 10:59:47.199797  7753 fs_manager.cc:1068] Generated new instance metadata in path /tmp/dist-test-taskyD0Dcd/test-tmp/auto_leader_rebalancer-test.0.LeaderRebalancerTest.FunctionalTestForDivided.1783681185091020-7753-0/minicluster-data/ts-1-root/instance:
uuid: "4cafd132e5b2402eb10fe76c7b018fcc"
format_stamp: "Formatted at 2026-07-10 10:59:47 on dist-test-slave-vn19"
I20260710 10:59:47.200489  7913 heartbeater.cc:507] Master 127.7.146.126:34655 requested a full tablet report, sending...
I20260710 10:59:47.203979  7785 ts_manager.cc:194] Registered new tserver with Master: 987851dca8514d3398363e5792bf8faa (127.7.146.65:38977)
I20260710 10:59:47.206792  7753 fs_manager.cc:696] Time spent creating directory manager: real 0.006s	user 0.003s	sys 0.003s
I20260710 10:59:47.207417  7785 master_service.cc:502] Signed X509 certificate for tserver {username='slave'} at 127.0.0.1:42442
I20260710 10:59:47.211845  7925 log_block_manager.cc:4127] Time spent loading block containers with low live blocks: real 0.000s	user 0.000s	sys 0.000s
I20260710 10:59:47.213562  7753 fs_manager.cc:730] Time spent opening block manager: real 0.004s	user 0.003s	sys 0.002s
I20260710 10:59:47.213883  7753 fs_manager.cc:647] Opened local filesystem: /tmp/dist-test-taskyD0Dcd/test-tmp/auto_leader_rebalancer-test.0.LeaderRebalancerTest.FunctionalTestForDivided.1783681185091020-7753-0/minicluster-data/ts-1-root
uuid: "4cafd132e5b2402eb10fe76c7b018fcc"
format_stamp: "Formatted at 2026-07-10 10:59:47 on dist-test-slave-vn19"
I20260710 10:59:47.214241  7753 fs_report.cc:389] FS layout report
--------------------
wal directory: /tmp/dist-test-taskyD0Dcd/test-tmp/auto_leader_rebalancer-test.0.LeaderRebalancerTest.FunctionalTestForDivided.1783681185091020-7753-0/minicluster-data/ts-1-root
metadata directory: /tmp/dist-test-taskyD0Dcd/test-tmp/auto_leader_rebalancer-test.0.LeaderRebalancerTest.FunctionalTestForDivided.1783681185091020-7753-0/minicluster-data/ts-1-root
1 data directories: /tmp/dist-test-taskyD0Dcd/test-tmp/auto_leader_rebalancer-test.0.LeaderRebalancerTest.FunctionalTestForDivided.1783681185091020-7753-0/minicluster-data/ts-1-root/data
Total live blocks: 0
Total live bytes: 0
Total live bytes (after alignment): 0
Total number of LBM containers: 0 (0 full)
Did not check for missing blocks
Did not check for orphaned blocks
Total full LBM containers with extra space: 0 (0 repaired)
Total full LBM container extra space in bytes: 0 (0 repaired)
Total incomplete LBM containers: 0 (0 repaired)
Total LBM partial records: 0 (0 repaired)
Total corrupted LBM metadata records in RocksDB: 0 (0 repaired)
I20260710 10:59:47.241604  7753 rpc_server.cc:225] running with OpenSSL 1.1.1  11 Sep 2018
I20260710 10:59:47.243803  7753 kserver.cc:163] Server-wide thread pool size limit: 3276
I20260710 10:59:47.245404  7753 txn_system_client.cc:432] TxnSystemClient initialization is disabled...
I20260710 10:59:47.248996  7753 ts_tablet_manager.cc:585] Loaded tablet metadata (0 total tablets, 0 live tablets)
I20260710 10:59:47.249245  7753 ts_tablet_manager.cc:531] Time spent load tablet metadata: real 0.000s	user 0.000s	sys 0.000s
I20260710 10:59:47.249518  7753 ts_tablet_manager.cc:616] Registered 0 tablets
I20260710 10:59:47.249717  7753 ts_tablet_manager.cc:595] Time spent register tablets: real 0.000s	user 0.000s	sys 0.000s
I20260710 10:59:47.350770  7753 rpc_server.cc:307] RPC server started. Bound to: 127.7.146.66:38353
I20260710 10:59:47.350965  7987 acceptor_pool.cc:272] collecting diagnostics on the listening RPC socket 127.7.146.66:38353 every 8 connection(s)
I20260710 10:59:47.358214  7753 file_cache.cc:504] Constructed file cache file cache with capacity 419430
W20260710 10:59:47.372186  7991 instance_detector.cc:116] could not retrieve AWS instance metadata: Network error: curl error: HTTP response code said error: The requested URL returned error: 404
W20260710 10:59:47.372730  7992 instance_detector.cc:116] could not retrieve Azure instance metadata: Network error: curl error: HTTP response code said error: The requested URL returned error: 404
I20260710 10:59:47.373548  7988 heartbeater.cc:344] Connected to a master server at 127.7.146.126:34655
I20260710 10:59:47.374013  7988 heartbeater.cc:461] Registering TS with master...
W20260710 10:59:47.375111  7995 instance_detector.cc:116] could not retrieve OpenStack instance metadata: Network error: curl error: HTTP response code said error: The requested URL returned error: 404
I20260710 10:59:47.375147  7988 heartbeater.cc:507] Master 127.7.146.126:34655 requested a full tablet report, sending...
I20260710 10:59:47.378103  7785 ts_manager.cc:194] Registered new tserver with Master: 4cafd132e5b2402eb10fe76c7b018fcc (127.7.146.66:38353)
I20260710 10:59:47.378787  7753 server_base.cc:1061] running on GCE node
I20260710 10:59:47.379825  7753 hybrid_clock.cc:584] initializing the hybrid clock with 'system_unsync' time source
I20260710 10:59:47.379827  7785 master_service.cc:502] Signed X509 certificate for tserver {username='slave'} at 127.0.0.1:42450
W20260710 10:59:47.380206  7753 system_unsync_time.cc:38] NTP support is disabled. Clock error bounds will not be accurate. This configuration is not suitable for distributed clusters.
I20260710 10:59:47.380410  7753 hybrid_clock.cc:648] HybridClock initialized: now 1783681187380382 us; error 0 us; skew 500 ppm
I20260710 10:59:47.381186  7753 server_base.cc:861] Flag tcmalloc_max_total_thread_cache_bytes is not working since tcmalloc is not enabled.
I20260710 10:59:47.384056  7753 webserver.cc:533] Webserver started at http://127.7.146.67:43497/ using document root <none> and password file <none>
I20260710 10:59:47.384532  7753 fs_manager.cc:362] Metadata directory not provided
I20260710 10:59:47.384721  7753 fs_manager.cc:368] Using write-ahead log directory (fs_wal_dir) as metadata directory
I20260710 10:59:47.384989  7753 server_base.cc:909] This appears to be a new deployment of Kudu; creating new FS layout
I20260710 10:59:47.385962  7753 fs_manager.cc:1068] Generated new instance metadata in path /tmp/dist-test-taskyD0Dcd/test-tmp/auto_leader_rebalancer-test.0.LeaderRebalancerTest.FunctionalTestForDivided.1783681185091020-7753-0/minicluster-data/ts-2-root/instance:
uuid: "3ef88bc1148149d6b5ef31177f65c7df"
format_stamp: "Formatted at 2026-07-10 10:59:47 on dist-test-slave-vn19"
I20260710 10:59:47.390444  7753 fs_manager.cc:696] Time spent creating directory manager: real 0.004s	user 0.003s	sys 0.003s
I20260710 10:59:47.393705  7999 log_block_manager.cc:4127] Time spent loading block containers with low live blocks: real 0.000s	user 0.000s	sys 0.000s
I20260710 10:59:47.394539  7753 fs_manager.cc:730] Time spent opening block manager: real 0.002s	user 0.002s	sys 0.000s
I20260710 10:59:47.394837  7753 fs_manager.cc:647] Opened local filesystem: /tmp/dist-test-taskyD0Dcd/test-tmp/auto_leader_rebalancer-test.0.LeaderRebalancerTest.FunctionalTestForDivided.1783681185091020-7753-0/minicluster-data/ts-2-root
uuid: "3ef88bc1148149d6b5ef31177f65c7df"
format_stamp: "Formatted at 2026-07-10 10:59:47 on dist-test-slave-vn19"
I20260710 10:59:47.395203  7753 fs_report.cc:389] FS layout report
--------------------
wal directory: /tmp/dist-test-taskyD0Dcd/test-tmp/auto_leader_rebalancer-test.0.LeaderRebalancerTest.FunctionalTestForDivided.1783681185091020-7753-0/minicluster-data/ts-2-root
metadata directory: /tmp/dist-test-taskyD0Dcd/test-tmp/auto_leader_rebalancer-test.0.LeaderRebalancerTest.FunctionalTestForDivided.1783681185091020-7753-0/minicluster-data/ts-2-root
1 data directories: /tmp/dist-test-taskyD0Dcd/test-tmp/auto_leader_rebalancer-test.0.LeaderRebalancerTest.FunctionalTestForDivided.1783681185091020-7753-0/minicluster-data/ts-2-root/data
Total live blocks: 0
Total live bytes: 0
Total live bytes (after alignment): 0
Total number of LBM containers: 0 (0 full)
Did not check for missing blocks
Did not check for orphaned blocks
Total full LBM containers with extra space: 0 (0 repaired)
Total full LBM container extra space in bytes: 0 (0 repaired)
Total incomplete LBM containers: 0 (0 repaired)
Total LBM partial records: 0 (0 repaired)
Total corrupted LBM metadata records in RocksDB: 0 (0 repaired)
I20260710 10:59:47.412115  7753 rpc_server.cc:225] running with OpenSSL 1.1.1  11 Sep 2018
I20260710 10:59:47.413305  7753 kserver.cc:163] Server-wide thread pool size limit: 3276
I20260710 10:59:47.415701  7753 txn_system_client.cc:432] TxnSystemClient initialization is disabled...
I20260710 10:59:47.418988  7753 ts_tablet_manager.cc:585] Loaded tablet metadata (0 total tablets, 0 live tablets)
I20260710 10:59:47.419240  7753 ts_tablet_manager.cc:531] Time spent load tablet metadata: real 0.000s	user 0.000s	sys 0.000s
I20260710 10:59:47.419494  7753 ts_tablet_manager.cc:616] Registered 0 tablets
I20260710 10:59:47.419675  7753 ts_tablet_manager.cc:595] Time spent register tablets: real 0.000s	user 0.000s	sys 0.000s
I20260710 10:59:47.521848  7753 rpc_server.cc:307] RPC server started. Bound to: 127.7.146.67:44079
I20260710 10:59:47.522289  8061 acceptor_pool.cc:272] collecting diagnostics on the listening RPC socket 127.7.146.67:44079 every 8 connection(s)
I20260710 10:59:47.539271  8062 heartbeater.cc:344] Connected to a master server at 127.7.146.126:34655
I20260710 10:59:47.539654  8062 heartbeater.cc:461] Registering TS with master...
I20260710 10:59:47.540454  8062 heartbeater.cc:507] Master 127.7.146.126:34655 requested a full tablet report, sending...
I20260710 10:59:47.542315  7785 ts_manager.cc:194] Registered new tserver with Master: 3ef88bc1148149d6b5ef31177f65c7df (127.7.146.67:44079)
I20260710 10:59:47.543249  7753 internal_mini_cluster.cc:371] 3 TS(s) registered with all masters after 0.01620558s
I20260710 10:59:47.544103  7785 master_service.cc:502] Signed X509 certificate for tserver {username='slave'} at 127.0.0.1:42466
I20260710 10:59:47.598841  7785 catalog_manager.cc:2283] Servicing CreateTable request from {username='slave'} at 127.0.0.1:42472:
name: "test-workload"
schema {
  columns {
    name: "key"
    type: INT32
    is_key: true
    is_nullable: false
    encoding: AUTO_ENCODING
    compression: DEFAULT_COMPRESSION
    cfile_block_size: 0
    immutable: false
  }
  columns {
    name: "int_val"
    type: INT32
    is_key: false
    is_nullable: false
    encoding: AUTO_ENCODING
    compression: DEFAULT_COMPRESSION
    cfile_block_size: 0
    immutable: false
  }
  columns {
    name: "string_val"
    type: STRING
    is_key: false
    is_nullable: true
    encoding: AUTO_ENCODING
    compression: DEFAULT_COMPRESSION
    cfile_block_size: 0
    immutable: false
  }
}
num_replicas: 3
split_rows_range_bounds {
  rows: "\004\001\000\216\3438\016\004\001\000\034\307q\034\004\001\000\252\252\252*\004\001\0008\216\3438\004\001\000\306q\034G\004\001\000TUUU\004\001\000\3428\216c\004\001\000p\034\307q""\004\001\000\216\3438\016\004\001\000\034\307q\034\004\001\000\252\252\252*\004\001\0008\216\3438\004\001\000\306q\034G\004\001\000TUUU\004\001\000\3428\216c\004\001\000p\034\307q"
  indirect_data: """"
}
partition_schema {
  range_schema {
    columns {
      name: "key"
    }
  }
}
W20260710 10:59:47.602453  7785 catalog_manager.cc:7077] The number of live tablet servers is not enough to re-replicate a tablet replica of the newly created table test-workload in case of a server failure: 4 tablet servers would be needed, 3 are available. Consider bringing up more tablet servers.
I20260710 10:59:47.730777  7952 tablet_service.cc:1511] Processing CreateTablet for tablet d2864eb163894d0fbd526c6a7d2477dc (DEFAULT_TABLE table=test-workload [id=0e98d34fec5343d0adf7ce1d841cc466]), partition=RANGE (key) PARTITION 238609294 <= VALUES < 477218588
I20260710 10:59:47.731657  7951 tablet_service.cc:1511] Processing CreateTablet for tablet 2690b910e2f2486e8d8034be14a5f77a (DEFAULT_TABLE table=test-workload [id=0e98d34fec5343d0adf7ce1d841cc466]), partition=RANGE (key) PARTITION 477218588 <= VALUES < 715827882
I20260710 10:59:47.734110  7951 data_dirs.cc:400] Could only allocate 1 dirs of requested 3 for tablet 2690b910e2f2486e8d8034be14a5f77a. 1 dirs total, 0 dirs full, 0 dirs failed
I20260710 10:59:47.734475  7953 tablet_service.cc:1511] Processing CreateTablet for tablet ccbd74eb6b3a41409ee44793ca17d6ef (DEFAULT_TABLE table=test-workload [id=0e98d34fec5343d0adf7ce1d841cc466]), partition=RANGE (key) PARTITION VALUES < 238609294
I20260710 10:59:47.736271  7952 data_dirs.cc:400] Could only allocate 1 dirs of requested 3 for tablet d2864eb163894d0fbd526c6a7d2477dc. 1 dirs total, 0 dirs full, 0 dirs failed
I20260710 10:59:47.740082  7953 data_dirs.cc:400] Could only allocate 1 dirs of requested 3 for tablet ccbd74eb6b3a41409ee44793ca17d6ef. 1 dirs total, 0 dirs full, 0 dirs failed
I20260710 10:59:47.743114  7950 tablet_service.cc:1511] Processing CreateTablet for tablet a9aa6ddc887a471c8e199dc7cb808802 (DEFAULT_TABLE table=test-workload [id=0e98d34fec5343d0adf7ce1d841cc466]), partition=RANGE (key) PARTITION 715827882 <= VALUES < 954437176
I20260710 10:59:47.745494  7950 data_dirs.cc:400] Could only allocate 1 dirs of requested 3 for tablet a9aa6ddc887a471c8e199dc7cb808802. 1 dirs total, 0 dirs full, 0 dirs failed
I20260710 10:59:47.755779  7878 tablet_service.cc:1511] Processing CreateTablet for tablet ccbd74eb6b3a41409ee44793ca17d6ef (DEFAULT_TABLE table=test-workload [id=0e98d34fec5343d0adf7ce1d841cc466]), partition=RANGE (key) PARTITION VALUES < 238609294
I20260710 10:59:47.759783  7877 tablet_service.cc:1511] Processing CreateTablet for tablet d2864eb163894d0fbd526c6a7d2477dc (DEFAULT_TABLE table=test-workload [id=0e98d34fec5343d0adf7ce1d841cc466]), partition=RANGE (key) PARTITION 238609294 <= VALUES < 477218588
I20260710 10:59:47.760619  7878 data_dirs.cc:400] Could only allocate 1 dirs of requested 3 for tablet ccbd74eb6b3a41409ee44793ca17d6ef. 1 dirs total, 0 dirs full, 0 dirs failed
I20260710 10:59:47.765935  7874 tablet_service.cc:1511] Processing CreateTablet for tablet bd3583cdda24454ab7e45c02a92c4ff2 (DEFAULT_TABLE table=test-workload [id=0e98d34fec5343d0adf7ce1d841cc466]), partition=RANGE (key) PARTITION 954437176 <= VALUES < 1193046470
I20260710 10:59:47.767879  7875 tablet_service.cc:1511] Processing CreateTablet for tablet a9aa6ddc887a471c8e199dc7cb808802 (DEFAULT_TABLE table=test-workload [id=0e98d34fec5343d0adf7ce1d841cc466]), partition=RANGE (key) PARTITION 715827882 <= VALUES < 954437176
I20260710 10:59:47.763857  7876 tablet_service.cc:1511] Processing CreateTablet for tablet 2690b910e2f2486e8d8034be14a5f77a (DEFAULT_TABLE table=test-workload [id=0e98d34fec5343d0adf7ce1d841cc466]), partition=RANGE (key) PARTITION 477218588 <= VALUES < 715827882
I20260710 10:59:47.768738  7874 data_dirs.cc:400] Could only allocate 1 dirs of requested 3 for tablet bd3583cdda24454ab7e45c02a92c4ff2. 1 dirs total, 0 dirs full, 0 dirs failed
I20260710 10:59:47.773425  7875 data_dirs.cc:400] Could only allocate 1 dirs of requested 3 for tablet a9aa6ddc887a471c8e199dc7cb808802. 1 dirs total, 0 dirs full, 0 dirs failed
I20260710 10:59:47.775488  7876 data_dirs.cc:400] Could only allocate 1 dirs of requested 3 for tablet 2690b910e2f2486e8d8034be14a5f77a. 1 dirs total, 0 dirs full, 0 dirs failed
I20260710 10:59:47.780500  7877 data_dirs.cc:400] Could only allocate 1 dirs of requested 3 for tablet d2864eb163894d0fbd526c6a7d2477dc. 1 dirs total, 0 dirs full, 0 dirs failed
I20260710 10:59:47.779788  7949 tablet_service.cc:1511] Processing CreateTablet for tablet bd3583cdda24454ab7e45c02a92c4ff2 (DEFAULT_TABLE table=test-workload [id=0e98d34fec5343d0adf7ce1d841cc466]), partition=RANGE (key) PARTITION 954437176 <= VALUES < 1193046470
I20260710 10:59:47.783903  7949 data_dirs.cc:400] Could only allocate 1 dirs of requested 3 for tablet bd3583cdda24454ab7e45c02a92c4ff2. 1 dirs total, 0 dirs full, 0 dirs failed
I20260710 10:59:47.800930  8026 tablet_service.cc:1511] Processing CreateTablet for tablet d2864eb163894d0fbd526c6a7d2477dc (DEFAULT_TABLE table=test-workload [id=0e98d34fec5343d0adf7ce1d841cc466]), partition=RANGE (key) PARTITION 238609294 <= VALUES < 477218588
I20260710 10:59:47.811256  7873 tablet_service.cc:1511] Processing CreateTablet for tablet 0bf8b86a8f2a4a38acae6319a849d118 (DEFAULT_TABLE table=test-workload [id=0e98d34fec5343d0adf7ce1d841cc466]), partition=RANGE (key) PARTITION 1193046470 <= VALUES < 1431655764
I20260710 10:59:47.813199  8024 tablet_service.cc:1511] Processing CreateTablet for tablet a9aa6ddc887a471c8e199dc7cb808802 (DEFAULT_TABLE table=test-workload [id=0e98d34fec5343d0adf7ce1d841cc466]), partition=RANGE (key) PARTITION 715827882 <= VALUES < 954437176
I20260710 10:59:47.823441  8023 tablet_service.cc:1511] Processing CreateTablet for tablet bd3583cdda24454ab7e45c02a92c4ff2 (DEFAULT_TABLE table=test-workload [id=0e98d34fec5343d0adf7ce1d841cc466]), partition=RANGE (key) PARTITION 954437176 <= VALUES < 1193046470
I20260710 10:59:47.826948  8023 data_dirs.cc:400] Could only allocate 1 dirs of requested 3 for tablet bd3583cdda24454ab7e45c02a92c4ff2. 1 dirs total, 0 dirs full, 0 dirs failed
I20260710 10:59:47.802753  8025 tablet_service.cc:1511] Processing CreateTablet for tablet 2690b910e2f2486e8d8034be14a5f77a (DEFAULT_TABLE table=test-workload [id=0e98d34fec5343d0adf7ce1d841cc466]), partition=RANGE (key) PARTITION 477218588 <= VALUES < 715827882
I20260710 10:59:47.831478  7948 tablet_service.cc:1511] Processing CreateTablet for tablet 0bf8b86a8f2a4a38acae6319a849d118 (DEFAULT_TABLE table=test-workload [id=0e98d34fec5343d0adf7ce1d841cc466]), partition=RANGE (key) PARTITION 1193046470 <= VALUES < 1431655764
I20260710 10:59:47.833216  7948 data_dirs.cc:400] Could only allocate 1 dirs of requested 3 for tablet 0bf8b86a8f2a4a38acae6319a849d118. 1 dirs total, 0 dirs full, 0 dirs failed
W20260710 10:59:47.834573  7832 auto_rebalancer.cc:288] Could not retrieve cluster info: Service unavailable: Tablet not running
I20260710 10:59:47.835566  7873 data_dirs.cc:400] Could only allocate 1 dirs of requested 3 for tablet 0bf8b86a8f2a4a38acae6319a849d118. 1 dirs total, 0 dirs full, 0 dirs failed
I20260710 10:59:47.807801  8027 tablet_service.cc:1511] Processing CreateTablet for tablet ccbd74eb6b3a41409ee44793ca17d6ef (DEFAULT_TABLE table=test-workload [id=0e98d34fec5343d0adf7ce1d841cc466]), partition=RANGE (key) PARTITION VALUES < 238609294
I20260710 10:59:47.840204  8026 data_dirs.cc:400] Could only allocate 1 dirs of requested 3 for tablet d2864eb163894d0fbd526c6a7d2477dc. 1 dirs total, 0 dirs full, 0 dirs failed
I20260710 10:59:47.841861  8025 data_dirs.cc:400] Could only allocate 1 dirs of requested 3 for tablet 2690b910e2f2486e8d8034be14a5f77a. 1 dirs total, 0 dirs full, 0 dirs failed
I20260710 10:59:47.843611  8024 data_dirs.cc:400] Could only allocate 1 dirs of requested 3 for tablet a9aa6ddc887a471c8e199dc7cb808802. 1 dirs total, 0 dirs full, 0 dirs failed
I20260710 10:59:47.845352  8027 data_dirs.cc:400] Could only allocate 1 dirs of requested 3 for tablet ccbd74eb6b3a41409ee44793ca17d6ef. 1 dirs total, 0 dirs full, 0 dirs failed
I20260710 10:59:47.906805  8081 tablet_bootstrap.cc:492] T d2864eb163894d0fbd526c6a7d2477dc P 987851dca8514d3398363e5792bf8faa: Bootstrap starting.
I20260710 10:59:47.908869  8080 tablet_bootstrap.cc:492] T a9aa6ddc887a471c8e199dc7cb808802 P 4cafd132e5b2402eb10fe76c7b018fcc: Bootstrap starting.
I20260710 10:59:47.914014  8022 tablet_service.cc:1511] Processing CreateTablet for tablet 0bf8b86a8f2a4a38acae6319a849d118 (DEFAULT_TABLE table=test-workload [id=0e98d34fec5343d0adf7ce1d841cc466]), partition=RANGE (key) PARTITION 1193046470 <= VALUES < 1431655764
I20260710 10:59:47.915936  8022 data_dirs.cc:400] Could only allocate 1 dirs of requested 3 for tablet 0bf8b86a8f2a4a38acae6319a849d118. 1 dirs total, 0 dirs full, 0 dirs failed
I20260710 10:59:47.936633  7878 tablet_service.cc:1511] Processing CreateTablet for tablet 1ca353af7b60477db83ed1db430099f6 (DEFAULT_TABLE table=test-workload [id=0e98d34fec5343d0adf7ce1d841cc466]), partition=RANGE (key) PARTITION 1431655764 <= VALUES < 1670265058
I20260710 10:59:47.937906  7878 data_dirs.cc:400] Could only allocate 1 dirs of requested 3 for tablet 1ca353af7b60477db83ed1db430099f6. 1 dirs total, 0 dirs full, 0 dirs failed
I20260710 10:59:47.953595  7948 tablet_service.cc:1511] Processing CreateTablet for tablet 1ca353af7b60477db83ed1db430099f6 (DEFAULT_TABLE table=test-workload [id=0e98d34fec5343d0adf7ce1d841cc466]), partition=RANGE (key) PARTITION 1431655764 <= VALUES < 1670265058
I20260710 10:59:47.957522  8021 tablet_service.cc:1511] Processing CreateTablet for tablet 1ca353af7b60477db83ed1db430099f6 (DEFAULT_TABLE table=test-workload [id=0e98d34fec5343d0adf7ce1d841cc466]), partition=RANGE (key) PARTITION 1431655764 <= VALUES < 1670265058
I20260710 10:59:47.960269  7875 tablet_service.cc:1511] Processing CreateTablet for tablet 3c769943b98c4bf1bb603ebb4e4f6e8c (DEFAULT_TABLE table=test-workload [id=0e98d34fec5343d0adf7ce1d841cc466]), partition=RANGE (key) PARTITION 1670265058 <= VALUES < 1908874352
I20260710 10:59:47.960296  8021 data_dirs.cc:400] Could only allocate 1 dirs of requested 3 for tablet 1ca353af7b60477db83ed1db430099f6. 1 dirs total, 0 dirs full, 0 dirs failed
I20260710 10:59:47.956707  7948 data_dirs.cc:400] Could only allocate 1 dirs of requested 3 for tablet 1ca353af7b60477db83ed1db430099f6. 1 dirs total, 0 dirs full, 0 dirs failed
I20260710 10:59:47.962105  7875 data_dirs.cc:400] Could only allocate 1 dirs of requested 3 for tablet 3c769943b98c4bf1bb603ebb4e4f6e8c. 1 dirs total, 0 dirs full, 0 dirs failed
I20260710 10:59:47.972630  8080 tablet_bootstrap.cc:654] T a9aa6ddc887a471c8e199dc7cb808802 P 4cafd132e5b2402eb10fe76c7b018fcc: Neither blocks nor log segments found. Creating new log.
I20260710 10:59:47.976331  8081 tablet_bootstrap.cc:654] T d2864eb163894d0fbd526c6a7d2477dc P 987851dca8514d3398363e5792bf8faa: Neither blocks nor log segments found. Creating new log.
I20260710 10:59:47.976562  7953 tablet_service.cc:1511] Processing CreateTablet for tablet 3c769943b98c4bf1bb603ebb4e4f6e8c (DEFAULT_TABLE table=test-workload [id=0e98d34fec5343d0adf7ce1d841cc466]), partition=RANGE (key) PARTITION 1670265058 <= VALUES < 1908874352
I20260710 10:59:47.977821  7953 data_dirs.cc:400] Could only allocate 1 dirs of requested 3 for tablet 3c769943b98c4bf1bb603ebb4e4f6e8c. 1 dirs total, 0 dirs full, 0 dirs failed
I20260710 10:59:47.982420  8020 tablet_service.cc:1511] Processing CreateTablet for tablet 3c769943b98c4bf1bb603ebb4e4f6e8c (DEFAULT_TABLE table=test-workload [id=0e98d34fec5343d0adf7ce1d841cc466]), partition=RANGE (key) PARTITION 1670265058 <= VALUES < 1908874352
I20260710 10:59:47.986502  8020 data_dirs.cc:400] Could only allocate 1 dirs of requested 3 for tablet 3c769943b98c4bf1bb603ebb4e4f6e8c. 1 dirs total, 0 dirs full, 0 dirs failed
I20260710 10:59:48.005666  7873 tablet_service.cc:1511] Processing CreateTablet for tablet 940d5ae458b84e38b61a98bc1b1d04ce (DEFAULT_TABLE table=test-workload [id=0e98d34fec5343d0adf7ce1d841cc466]), partition=RANGE (key) PARTITION 1908874352 <= VALUES
I20260710 10:59:48.035318  7873 data_dirs.cc:400] Could only allocate 1 dirs of requested 3 for tablet 940d5ae458b84e38b61a98bc1b1d04ce. 1 dirs total, 0 dirs full, 0 dirs failed
I20260710 10:59:48.077924  8081 tablet_bootstrap.cc:492] T d2864eb163894d0fbd526c6a7d2477dc P 987851dca8514d3398363e5792bf8faa: No bootstrap required, opened a new log
I20260710 10:59:48.078528  8081 ts_tablet_manager.cc:1403] T d2864eb163894d0fbd526c6a7d2477dc P 987851dca8514d3398363e5792bf8faa: Time spent bootstrapping tablet: real 0.173s	user 0.010s	sys 0.011s
I20260710 10:59:48.082338  7950 tablet_service.cc:1511] Processing CreateTablet for tablet 940d5ae458b84e38b61a98bc1b1d04ce (DEFAULT_TABLE table=test-workload [id=0e98d34fec5343d0adf7ce1d841cc466]), partition=RANGE (key) PARTITION 1908874352 <= VALUES
I20260710 10:59:48.084022  7950 data_dirs.cc:400] Could only allocate 1 dirs of requested 3 for tablet 940d5ae458b84e38b61a98bc1b1d04ce. 1 dirs total, 0 dirs full, 0 dirs failed
I20260710 10:59:48.084895  8027 tablet_service.cc:1511] Processing CreateTablet for tablet 940d5ae458b84e38b61a98bc1b1d04ce (DEFAULT_TABLE table=test-workload [id=0e98d34fec5343d0adf7ce1d841cc466]), partition=RANGE (key) PARTITION 1908874352 <= VALUES
I20260710 10:59:48.086143  8027 data_dirs.cc:400] Could only allocate 1 dirs of requested 3 for tablet 940d5ae458b84e38b61a98bc1b1d04ce. 1 dirs total, 0 dirs full, 0 dirs failed
I20260710 10:59:48.092721  8082 tablet_bootstrap.cc:492] T d2864eb163894d0fbd526c6a7d2477dc P 3ef88bc1148149d6b5ef31177f65c7df: Bootstrap starting.
I20260710 10:59:48.102546  8080 tablet_bootstrap.cc:492] T a9aa6ddc887a471c8e199dc7cb808802 P 4cafd132e5b2402eb10fe76c7b018fcc: No bootstrap required, opened a new log
I20260710 10:59:48.103044  8080 ts_tablet_manager.cc:1403] T a9aa6ddc887a471c8e199dc7cb808802 P 4cafd132e5b2402eb10fe76c7b018fcc: Time spent bootstrapping tablet: real 0.197s	user 0.031s	sys 0.071s
I20260710 10:59:48.117501  8081 raft_consensus.cc:359] T d2864eb163894d0fbd526c6a7d2477dc P 987851dca8514d3398363e5792bf8faa [term 0 FOLLOWER]: Replica starting. Triggering 0 pending ops. Active config: opid_index: -1 OBSOLETE_local: false peers { permanent_uuid: "987851dca8514d3398363e5792bf8faa" member_type: VOTER last_known_addr { host: "127.7.146.65" port: 38977 } } peers { permanent_uuid: "4cafd132e5b2402eb10fe76c7b018fcc" member_type: VOTER last_known_addr { host: "127.7.146.66" port: 38353 } } peers { permanent_uuid: "3ef88bc1148149d6b5ef31177f65c7df" member_type: VOTER last_known_addr { host: "127.7.146.67" port: 44079 } }
I20260710 10:59:48.118713  8081 raft_consensus.cc:385] T d2864eb163894d0fbd526c6a7d2477dc P 987851dca8514d3398363e5792bf8faa [term 0 FOLLOWER]: Consensus starting up: Expiring failure detector timer to make a prompt election more likely
I20260710 10:59:48.116858  8082 tablet_bootstrap.cc:654] T d2864eb163894d0fbd526c6a7d2477dc P 3ef88bc1148149d6b5ef31177f65c7df: Neither blocks nor log segments found. Creating new log.
I20260710 10:59:48.119449  8081 raft_consensus.cc:740] T d2864eb163894d0fbd526c6a7d2477dc P 987851dca8514d3398363e5792bf8faa [term 0 FOLLOWER]: Becoming Follower/Learner. State: Replica: 987851dca8514d3398363e5792bf8faa, State: Initialized, Role: FOLLOWER
I20260710 10:59:48.120275  8081 consensus_queue.cc:260] T d2864eb163894d0fbd526c6a7d2477dc P 987851dca8514d3398363e5792bf8faa [NON_LEADER]: Queue going to NON_LEADER mode. State: All replicated index: 0, Majority replicated index: 0, Committed index: 0, Last appended: 0.0, Last appended by leader: 0, Current term: 0, Majority size: -1, State: 0, Mode: NON_LEADER, active raft config: opid_index: -1 OBSOLETE_local: false peers { permanent_uuid: "987851dca8514d3398363e5792bf8faa" member_type: VOTER last_known_addr { host: "127.7.146.65" port: 38977 } } peers { permanent_uuid: "4cafd132e5b2402eb10fe76c7b018fcc" member_type: VOTER last_known_addr { host: "127.7.146.66" port: 38353 } } peers { permanent_uuid: "3ef88bc1148149d6b5ef31177f65c7df" member_type: VOTER last_known_addr { host: "127.7.146.67" port: 44079 } }
I20260710 10:59:48.138861  8082 tablet_bootstrap.cc:492] T d2864eb163894d0fbd526c6a7d2477dc P 3ef88bc1148149d6b5ef31177f65c7df: No bootstrap required, opened a new log
I20260710 10:59:48.140352  8082 ts_tablet_manager.cc:1403] T d2864eb163894d0fbd526c6a7d2477dc P 3ef88bc1148149d6b5ef31177f65c7df: Time spent bootstrapping tablet: real 0.050s	user 0.009s	sys 0.006s
I20260710 10:59:48.143998  7913 heartbeater.cc:499] Master 127.7.146.126:34655 was elected leader, sending a full tablet report...
I20260710 10:59:48.146220  8081 ts_tablet_manager.cc:1434] T d2864eb163894d0fbd526c6a7d2477dc P 987851dca8514d3398363e5792bf8faa: Time spent starting tablet: real 0.067s	user 0.011s	sys 0.006s
I20260710 10:59:48.146341  8082 raft_consensus.cc:359] T d2864eb163894d0fbd526c6a7d2477dc P 3ef88bc1148149d6b5ef31177f65c7df [term 0 FOLLOWER]: Replica starting. Triggering 0 pending ops. Active config: opid_index: -1 OBSOLETE_local: false peers { permanent_uuid: "987851dca8514d3398363e5792bf8faa" member_type: VOTER last_known_addr { host: "127.7.146.65" port: 38977 } } peers { permanent_uuid: "4cafd132e5b2402eb10fe76c7b018fcc" member_type: VOTER last_known_addr { host: "127.7.146.66" port: 38353 } } peers { permanent_uuid: "3ef88bc1148149d6b5ef31177f65c7df" member_type: VOTER last_known_addr { host: "127.7.146.67" port: 44079 } }
I20260710 10:59:48.147123  8082 raft_consensus.cc:385] T d2864eb163894d0fbd526c6a7d2477dc P 3ef88bc1148149d6b5ef31177f65c7df [term 0 FOLLOWER]: Consensus starting up: Expiring failure detector timer to make a prompt election more likely
I20260710 10:59:48.147621  8082 raft_consensus.cc:740] T d2864eb163894d0fbd526c6a7d2477dc P 3ef88bc1148149d6b5ef31177f65c7df [term 0 FOLLOWER]: Becoming Follower/Learner. State: Replica: 3ef88bc1148149d6b5ef31177f65c7df, State: Initialized, Role: FOLLOWER
I20260710 10:59:48.147848  8080 raft_consensus.cc:359] T a9aa6ddc887a471c8e199dc7cb808802 P 4cafd132e5b2402eb10fe76c7b018fcc [term 0 FOLLOWER]: Replica starting. Triggering 0 pending ops. Active config: opid_index: -1 OBSOLETE_local: false peers { permanent_uuid: "987851dca8514d3398363e5792bf8faa" member_type: VOTER last_known_addr { host: "127.7.146.65" port: 38977 } } peers { permanent_uuid: "4cafd132e5b2402eb10fe76c7b018fcc" member_type: VOTER last_known_addr { host: "127.7.146.66" port: 38353 } } peers { permanent_uuid: "3ef88bc1148149d6b5ef31177f65c7df" member_type: VOTER last_known_addr { host: "127.7.146.67" port: 44079 } }
I20260710 10:59:48.148558  8082 consensus_queue.cc:260] T d2864eb163894d0fbd526c6a7d2477dc P 3ef88bc1148149d6b5ef31177f65c7df [NON_LEADER]: Queue going to NON_LEADER mode. State: All replicated index: 0, Majority replicated index: 0, Committed index: 0, Last appended: 0.0, Last appended by leader: 0, Current term: 0, Majority size: -1, State: 0, Mode: NON_LEADER, active raft config: opid_index: -1 OBSOLETE_local: false peers { permanent_uuid: "987851dca8514d3398363e5792bf8faa" member_type: VOTER last_known_addr { host: "127.7.146.65" port: 38977 } } peers { permanent_uuid: "4cafd132e5b2402eb10fe76c7b018fcc" member_type: VOTER last_known_addr { host: "127.7.146.66" port: 38353 } } peers { permanent_uuid: "3ef88bc1148149d6b5ef31177f65c7df" member_type: VOTER last_known_addr { host: "127.7.146.67" port: 44079 } }
I20260710 10:59:48.149287  8080 raft_consensus.cc:385] T a9aa6ddc887a471c8e199dc7cb808802 P 4cafd132e5b2402eb10fe76c7b018fcc [term 0 FOLLOWER]: Consensus starting up: Expiring failure detector timer to make a prompt election more likely
I20260710 10:59:48.149791  8080 raft_consensus.cc:740] T a9aa6ddc887a471c8e199dc7cb808802 P 4cafd132e5b2402eb10fe76c7b018fcc [term 0 FOLLOWER]: Becoming Follower/Learner. State: Replica: 4cafd132e5b2402eb10fe76c7b018fcc, State: Initialized, Role: FOLLOWER
