I20260710 11:00:20.794152 13186 raft_consensus.cc:2955] T a8dd80a86f3f4c13a344e65fe4836b18 P 2f47609539294559a512ae4b71e178be [term 1 LEADER]: Committing config change with OpId 1.3: config changed from index 2 to 3, 8151afc91da3445799c97916522ae528 (127.11.58.68) changed from NON_VOTER to VOTER. New config: { opid_index: 3 OBSOLETE_local: false peers { permanent_uuid: "ca19d9fdbcc04d6a98f850d91295f9fe" member_type: VOTER last_known_addr { host: "127.11.58.65" port: 39593 } attrs { replace: true } } peers { permanent_uuid: "14713066379e40c781f2bbe64de65b29" member_type: VOTER last_known_addr { host: "127.11.58.66" port: 45529 } } peers { permanent_uuid: "2f47609539294559a512ae4b71e178be" member_type: VOTER last_known_addr { host: "127.11.58.67" port: 33561 } } peers { permanent_uuid: "8151afc91da3445799c97916522ae528" member_type: VOTER last_known_addr { host: "127.11.58.68" port: 40033 } attrs { promote: false } } }
I20260710 11:00:20.802304 12744 raft_consensus.cc:1275] T 0313d610698a4c099640d258cfd9613f P 2f47609539294559a512ae4b71e178be [term 1 FOLLOWER]: Refusing update from remote peer ca19d9fdbcc04d6a98f850d91295f9fe: Log matching property violated. Preceding OpId in replica: term: 1 index: 2. Preceding OpId from leader: term: 1 index: 3. (index mismatch)
I20260710 11:00:20.808446 12666 raft_consensus.cc:2955] T a8dd80a86f3f4c13a344e65fe4836b18 P 14713066379e40c781f2bbe64de65b29 [term 1 FOLLOWER]: Committing config change with OpId 1.3: config changed from index 2 to 3, 8151afc91da3445799c97916522ae528 (127.11.58.68) changed from NON_VOTER to VOTER. New config: { opid_index: 3 OBSOLETE_local: false peers { permanent_uuid: "ca19d9fdbcc04d6a98f850d91295f9fe" member_type: VOTER last_known_addr { host: "127.11.58.65" port: 39593 } attrs { replace: true } } peers { permanent_uuid: "14713066379e40c781f2bbe64de65b29" member_type: VOTER last_known_addr { host: "127.11.58.66" port: 45529 } } peers { permanent_uuid: "2f47609539294559a512ae4b71e178be" member_type: VOTER last_known_addr { host: "127.11.58.67" port: 33561 } } peers { permanent_uuid: "8151afc91da3445799c97916522ae528" member_type: VOTER last_known_addr { host: "127.11.58.68" port: 40033 } attrs { promote: false } } }
I20260710 11:00:20.806602 13187 consensus_queue.cc:1048] T 0313d610698a4c099640d258cfd9613f P ca19d9fdbcc04d6a98f850d91295f9fe [LEADER]: Connected to new peer: Peer: permanent_uuid: "2f47609539294559a512ae4b71e178be" member_type: VOTER last_known_addr { host: "127.11.58.67" port: 33561 }, Status: LMP_MISMATCH, Last received: 0.0, Next index: 3, Last known committed idx: 2, Time since last communication: 0.011s
I20260710 11:00:20.832361 13002 raft_consensus.cc:2955] T a8dd80a86f3f4c13a344e65fe4836b18 P 8151afc91da3445799c97916522ae528 [term 1 FOLLOWER]: Committing config change with OpId 1.3: config changed from index 2 to 3, 8151afc91da3445799c97916522ae528 (127.11.58.68) changed from NON_VOTER to VOTER. New config: { opid_index: 3 OBSOLETE_local: false peers { permanent_uuid: "ca19d9fdbcc04d6a98f850d91295f9fe" member_type: VOTER last_known_addr { host: "127.11.58.65" port: 39593 } attrs { replace: true } } peers { permanent_uuid: "14713066379e40c781f2bbe64de65b29" member_type: VOTER last_known_addr { host: "127.11.58.66" port: 45529 } } peers { permanent_uuid: "2f47609539294559a512ae4b71e178be" member_type: VOTER last_known_addr { host: "127.11.58.67" port: 33561 } } peers { permanent_uuid: "8151afc91da3445799c97916522ae528" member_type: VOTER last_known_addr { host: "127.11.58.68" port: 40033 } attrs { promote: false } } }
I20260710 11:00:21.250725 13187 raft_consensus.cc:2955] T 0313d610698a4c099640d258cfd9613f P ca19d9fdbcc04d6a98f850d91295f9fe [term 1 LEADER]: Committing config change with OpId 1.3: config changed from index 2 to 3, 8151afc91da3445799c97916522ae528 (127.11.58.68) changed from NON_VOTER to VOTER. New config: { opid_index: 3 OBSOLETE_local: false peers { permanent_uuid: "ca19d9fdbcc04d6a98f850d91295f9fe" member_type: VOTER last_known_addr { host: "127.11.58.65" port: 39593 } } peers { permanent_uuid: "14713066379e40c781f2bbe64de65b29" member_type: VOTER last_known_addr { host: "127.11.58.66" port: 45529 } attrs { replace: true } } peers { permanent_uuid: "2f47609539294559a512ae4b71e178be" member_type: VOTER last_known_addr { host: "127.11.58.67" port: 33561 } } peers { permanent_uuid: "8151afc91da3445799c97916522ae528" member_type: VOTER last_known_addr { host: "127.11.58.68" port: 40033 } attrs { promote: false } } }
I20260710 11:00:21.254345 13219 raft_consensus.cc:1064] T cd8587f48009468995f57150f5922ef5 P ca19d9fdbcc04d6a98f850d91295f9fe: attempting to promote NON_VOTER 8151afc91da3445799c97916522ae528 to VOTER
I20260710 11:00:21.256784 13219 consensus_queue.cc:237] T cd8587f48009468995f57150f5922ef5 P ca19d9fdbcc04d6a98f850d91295f9fe [LEADER]: Queue going to LEADER mode. State: All replicated index: 0, Majority replicated index: 2, Committed index: 2, Last appended: 1.2, Last appended by leader: 0, Current term: 1, Majority size: 3, State: 0, Mode: LEADER, active raft config: opid_index: 3 OBSOLETE_local: false peers { permanent_uuid: "ca19d9fdbcc04d6a98f850d91295f9fe" member_type: VOTER last_known_addr { host: "127.11.58.65" port: 39593 } } peers { permanent_uuid: "14713066379e40c781f2bbe64de65b29" member_type: VOTER last_known_addr { host: "127.11.58.66" port: 45529 } } peers { permanent_uuid: "2f47609539294559a512ae4b71e178be" member_type: VOTER last_known_addr { host: "127.11.58.67" port: 33561 } attrs { replace: true } } peers { permanent_uuid: "8151afc91da3445799c97916522ae528" member_type: VOTER last_known_addr { host: "127.11.58.68" port: 40033 } attrs { promote: false } }
I20260710 11:00:21.268237 13001 raft_consensus.cc:2955] T 0313d610698a4c099640d258cfd9613f P 8151afc91da3445799c97916522ae528 [term 1 FOLLOWER]: Committing config change with OpId 1.3: config changed from index 2 to 3, 8151afc91da3445799c97916522ae528 (127.11.58.68) changed from NON_VOTER to VOTER. New config: { opid_index: 3 OBSOLETE_local: false peers { permanent_uuid: "ca19d9fdbcc04d6a98f850d91295f9fe" member_type: VOTER last_known_addr { host: "127.11.58.65" port: 39593 } } peers { permanent_uuid: "14713066379e40c781f2bbe64de65b29" member_type: VOTER last_known_addr { host: "127.11.58.66" port: 45529 } attrs { replace: true } } peers { permanent_uuid: "2f47609539294559a512ae4b71e178be" member_type: VOTER last_known_addr { host: "127.11.58.67" port: 33561 } } peers { permanent_uuid: "8151afc91da3445799c97916522ae528" member_type: VOTER last_known_addr { host: "127.11.58.68" port: 40033 } attrs { promote: false } } }
I20260710 11:00:21.271837 12593 raft_consensus.cc:2955] T a8dd80a86f3f4c13a344e65fe4836b18 P ca19d9fdbcc04d6a98f850d91295f9fe [term 1 FOLLOWER]: Committing config change with OpId 1.3: config changed from index 2 to 3, 8151afc91da3445799c97916522ae528 (127.11.58.68) changed from NON_VOTER to VOTER. New config: { opid_index: 3 OBSOLETE_local: false peers { permanent_uuid: "ca19d9fdbcc04d6a98f850d91295f9fe" member_type: VOTER last_known_addr { host: "127.11.58.65" port: 39593 } attrs { replace: true } } peers { permanent_uuid: "14713066379e40c781f2bbe64de65b29" member_type: VOTER last_known_addr { host: "127.11.58.66" port: 45529 } } peers { permanent_uuid: "2f47609539294559a512ae4b71e178be" member_type: VOTER last_known_addr { host: "127.11.58.67" port: 33561 } } peers { permanent_uuid: "8151afc91da3445799c97916522ae528" member_type: VOTER last_known_addr { host: "127.11.58.68" port: 40033 } attrs { promote: false } } }
I20260710 11:00:21.294710 13002 raft_consensus.cc:1275] T cd8587f48009468995f57150f5922ef5 P 8151afc91da3445799c97916522ae528 [term 1 LEARNER]: Refusing update from remote peer ca19d9fdbcc04d6a98f850d91295f9fe: Log matching property violated. Preceding OpId in replica: term: 1 index: 2. Preceding OpId from leader: term: 1 index: 3. (index mismatch)
I20260710 11:00:21.299420 13238 consensus_queue.cc:1048] T cd8587f48009468995f57150f5922ef5 P ca19d9fdbcc04d6a98f850d91295f9fe [LEADER]: Connected to new peer: Peer: permanent_uuid: "8151afc91da3445799c97916522ae528" member_type: VOTER last_known_addr { host: "127.11.58.68" port: 40033 } attrs { promote: false }, Status: LMP_MISMATCH, Last received: 0.0, Next index: 3, Last known committed idx: 2, Time since last communication: 0.004s
W20260710 11:00:21.558149 12562 outbound_call.cc:321] RPC callback for RPC call kudu.consensus.ConsensusService.UpdateConsensus -> {remote=127.11.58.67:33561, user_credentials={real_user=slave}} blocked reactor thread for 277126us
I20260710 11:00:21.917757 12596 rpcz_store.cc:275] Call kudu.consensus.ConsensusService.UpdateConsensus from 127.0.0.1:51810 (request call id 205) took 1090 ms. Trace:
I20260710 11:00:21.918306 12596 rpcz_store.cc:276] 0710 11:00:20.826914 (+     0us) service_pool.cc:167] Inserting onto call queue
0710 11:00:21.917007 (+1090093us) service_pool.cc:224] Handling call
0710 11:00:21.917303 (+   296us) raft_consensus.cc:1471] Updating replica for 0 ops
0710 11:00:21.917458 (+   155us) raft_consensus.cc:1534] Early marking committed up to index 0
0710 11:00:21.917502 (+    44us) raft_consensus.cc:1539] Triggering prepare for 0 ops
0710 11:00:21.917538 (+    36us) raft_consensus.cc:1645] Marking committed up to 1
0710 11:00:21.917564 (+    26us) raft_consensus.cc:1697] Filling consensus response to leader.
0710 11:00:21.917610 (+    46us) raft_consensus.cc:1691] UpdateReplicas() finished
0710 11:00:21.917705 (+    95us) inbound_call.cc:177] Queueing success response
Metrics: {}
I20260710 11:00:21.956887 12491 catalog_manager.cc:5697] T a8dd80a86f3f4c13a344e65fe4836b18 P 8151afc91da3445799c97916522ae528 reported cstate change: config changed from index 2 to 3, 8151afc91da3445799c97916522ae528 (127.11.58.68) changed from NON_VOTER to VOTER. New cstate: current_term: 1 leader_uuid: "2f47609539294559a512ae4b71e178be" committed_config { opid_index: 3 OBSOLETE_local: false peers { permanent_uuid: "ca19d9fdbcc04d6a98f850d91295f9fe" member_type: VOTER last_known_addr { host: "127.11.58.65" port: 39593 } attrs { replace: true } } peers { permanent_uuid: "14713066379e40c781f2bbe64de65b29" member_type: VOTER last_known_addr { host: "127.11.58.66" port: 45529 } } peers { permanent_uuid: "2f47609539294559a512ae4b71e178be" member_type: VOTER last_known_addr { host: "127.11.58.67" port: 33561 } } peers { permanent_uuid: "8151afc91da3445799c97916522ae528" member_type: VOTER last_known_addr { host: "127.11.58.68" port: 40033 } attrs { promote: false } } }
W20260710 11:00:22.015949 12634 thread.cc:641] raft [worker] (thread pool) Time spent creating pthread: real 0.752s	user 0.004s	sys 0.010s
W20260710 11:00:22.020996 12634 thread.cc:608] raft [worker] (thread pool) Time spent starting thread: real 0.758s	user 0.006s	sys 0.010s
W20260710 11:00:22.021445 12634 outbound_call.cc:321] RPC callback for RPC call kudu.consensus.ConsensusService.UpdateConsensus -> {remote=127.11.58.65:39593, user_credentials={real_user=slave}} blocked reactor thread for 758119us
I20260710 11:00:22.017935 13245 raft_consensus.cc:493] T cd8587f48009468995f57150f5922ef5 P 14713066379e40c781f2bbe64de65b29 [term 1 FOLLOWER]: Starting pre-election (detected failure of leader ca19d9fdbcc04d6a98f850d91295f9fe)
I20260710 11:00:22.023739 13245 raft_consensus.cc:515] T cd8587f48009468995f57150f5922ef5 P 14713066379e40c781f2bbe64de65b29 [term 1 FOLLOWER]: Starting pre-election with config: opid_index: 2 OBSOLETE_local: false peers { permanent_uuid: "ca19d9fdbcc04d6a98f850d91295f9fe" member_type: VOTER last_known_addr { host: "127.11.58.65" port: 39593 } } peers { permanent_uuid: "14713066379e40c781f2bbe64de65b29" member_type: VOTER last_known_addr { host: "127.11.58.66" port: 45529 } } peers { permanent_uuid: "2f47609539294559a512ae4b71e178be" member_type: VOTER last_known_addr { host: "127.11.58.67" port: 33561 } attrs { replace: true } } peers { permanent_uuid: "8151afc91da3445799c97916522ae528" member_type: NON_VOTER last_known_addr { host: "127.11.58.68" port: 40033 } attrs { promote: true } }
I20260710 11:00:22.024029 13154 raft_consensus.cc:493] T 9d695b835d3844399b90b5a561e22686 P 14713066379e40c781f2bbe64de65b29 [term 1 FOLLOWER]: Starting pre-election (detected failure of leader ca19d9fdbcc04d6a98f850d91295f9fe)
I20260710 11:00:22.024643 13154 raft_consensus.cc:515] T 9d695b835d3844399b90b5a561e22686 P 14713066379e40c781f2bbe64de65b29 [term 1 FOLLOWER]: Starting pre-election with config: opid_index: -1 OBSOLETE_local: false peers { permanent_uuid: "ca19d9fdbcc04d6a98f850d91295f9fe" member_type: VOTER last_known_addr { host: "127.11.58.65" port: 39593 } } peers { permanent_uuid: "14713066379e40c781f2bbe64de65b29" member_type: VOTER last_known_addr { host: "127.11.58.66" port: 45529 } } peers { permanent_uuid: "2f47609539294559a512ae4b71e178be" member_type: VOTER last_known_addr { host: "127.11.58.67" port: 33561 } }
I20260710 11:00:22.025838 13245 leader_election.cc:290] T cd8587f48009468995f57150f5922ef5 P 14713066379e40c781f2bbe64de65b29 [CANDIDATE]: Term 2 pre-election: Requested pre-vote from peers ca19d9fdbcc04d6a98f850d91295f9fe (127.11.58.65:39593), 2f47609539294559a512ae4b71e178be (127.11.58.67:33561)
I20260710 11:00:22.026501 13154 leader_election.cc:290] T 9d695b835d3844399b90b5a561e22686 P 14713066379e40c781f2bbe64de65b29 [CANDIDATE]: Term 2 pre-election: Requested pre-vote from peers ca19d9fdbcc04d6a98f850d91295f9fe (127.11.58.65:39593), 2f47609539294559a512ae4b71e178be (127.11.58.67:33561)
I20260710 11:00:22.076520 12742 tablet_service.cc:1917] Received RequestConsensusVote() RPC: tablet_id: "cd8587f48009468995f57150f5922ef5" candidate_uuid: "14713066379e40c781f2bbe64de65b29" candidate_term: 2 candidate_status { last_received { term: 1 index: 2 } } ignore_live_leader: false dest_uuid: "2f47609539294559a512ae4b71e178be" is_pre_election: true
I20260710 11:00:22.077140 12742 raft_consensus.cc:2468] T cd8587f48009468995f57150f5922ef5 P 2f47609539294559a512ae4b71e178be [term 1 FOLLOWER]: Leader pre-election vote request: Granting yes vote for candidate 14713066379e40c781f2bbe64de65b29 in term 1.
I20260710 11:00:22.077934 12745 tablet_service.cc:1917] Received RequestConsensusVote() RPC: tablet_id: "9d695b835d3844399b90b5a561e22686" candidate_uuid: "14713066379e40c781f2bbe64de65b29" candidate_term: 2 candidate_status { last_received { term: 1 index: 1 } } ignore_live_leader: false dest_uuid: "2f47609539294559a512ae4b71e178be" is_pre_election: true
I20260710 11:00:22.082719 12742 raft_consensus.cc:1275] T cd8587f48009468995f57150f5922ef5 P 2f47609539294559a512ae4b71e178be [term 1 FOLLOWER]: Refusing update from remote peer ca19d9fdbcc04d6a98f850d91295f9fe: Log matching property violated. Preceding OpId in replica: term: 1 index: 2. Preceding OpId from leader: term: 1 index: 3. (index mismatch)
I20260710 11:00:22.085069 12637 leader_election.cc:304] T cd8587f48009468995f57150f5922ef5 P 14713066379e40c781f2bbe64de65b29 [CANDIDATE]: Term 2 pre-election: Election decided. Result: candidate won. Election summary: received 2 responses out of 3 voters: 2 yes votes; 0 no votes. yes voters: 14713066379e40c781f2bbe64de65b29, 2f47609539294559a512ae4b71e178be; no voters: 
I20260710 11:00:22.089378 13211 raft_consensus.cc:2804] T cd8587f48009468995f57150f5922ef5 P 14713066379e40c781f2bbe64de65b29 [term 1 FOLLOWER]: Leader pre-election won for term 2
I20260710 11:00:22.089748 13211 raft_consensus.cc:493] T cd8587f48009468995f57150f5922ef5 P 14713066379e40c781f2bbe64de65b29 [term 1 FOLLOWER]: Starting leader election (detected failure of leader ca19d9fdbcc04d6a98f850d91295f9fe)
I20260710 11:00:22.090108 13211 raft_consensus.cc:3060] T cd8587f48009468995f57150f5922ef5 P 14713066379e40c781f2bbe64de65b29 [term 1 FOLLOWER]: Advancing to term 2
I20260710 11:00:22.093412 12493 catalog_manager.cc:5697] T 0313d610698a4c099640d258cfd9613f P ca19d9fdbcc04d6a98f850d91295f9fe reported cstate change: config changed from index 2 to 3, 8151afc91da3445799c97916522ae528 (127.11.58.68) changed from NON_VOTER to VOTER. New cstate: current_term: 1 leader_uuid: "ca19d9fdbcc04d6a98f850d91295f9fe" committed_config { opid_index: 3 OBSOLETE_local: false peers { permanent_uuid: "ca19d9fdbcc04d6a98f850d91295f9fe" member_type: VOTER last_known_addr { host: "127.11.58.65" port: 39593 } health_report { overall_health: HEALTHY } } peers { permanent_uuid: "14713066379e40c781f2bbe64de65b29" member_type: VOTER last_known_addr { host: "127.11.58.66" port: 45529 } attrs { replace: true } health_report { overall_health: HEALTHY } } peers { permanent_uuid: "2f47609539294559a512ae4b71e178be" member_type: VOTER last_known_addr { host: "127.11.58.67" port: 33561 } health_report { overall_health: UNKNOWN } } peers { permanent_uuid: "8151afc91da3445799c97916522ae528" member_type: VOTER last_known_addr { host: "127.11.58.68" port: 40033 } attrs { promote: false } health_report { overall_health: HEALTHY } } }
I20260710 11:00:22.099797 13211 raft_consensus.cc:515] T cd8587f48009468995f57150f5922ef5 P 14713066379e40c781f2bbe64de65b29 [term 2 FOLLOWER]: Starting leader election with config: opid_index: 2 OBSOLETE_local: false peers { permanent_uuid: "ca19d9fdbcc04d6a98f850d91295f9fe" member_type: VOTER last_known_addr { host: "127.11.58.65" port: 39593 } } peers { permanent_uuid: "14713066379e40c781f2bbe64de65b29" member_type: VOTER last_known_addr { host: "127.11.58.66" port: 45529 } } peers { permanent_uuid: "2f47609539294559a512ae4b71e178be" member_type: VOTER last_known_addr { host: "127.11.58.67" port: 33561 } attrs { replace: true } } peers { permanent_uuid: "8151afc91da3445799c97916522ae528" member_type: NON_VOTER last_known_addr { host: "127.11.58.68" port: 40033 } attrs { promote: true } }
I20260710 11:00:22.105085 13211 leader_election.cc:290] T cd8587f48009468995f57150f5922ef5 P 14713066379e40c781f2bbe64de65b29 [CANDIDATE]: Term 2 election: Requested vote from peers ca19d9fdbcc04d6a98f850d91295f9fe (127.11.58.65:39593), 2f47609539294559a512ae4b71e178be (127.11.58.67:33561)
W20260710 11:00:22.106120 12744 thread.cc:641] wal-append [worker] (thread pool) Time spent creating pthread: real 0.840s	user 0.012s	sys 0.017s
W20260710 11:00:22.106431 12744 thread.cc:608] wal-append [worker] (thread pool) Time spent starting thread: real 0.840s	user 0.012s	sys 0.017s
I20260710 11:00:22.108239 12742 tablet_service.cc:1917] Received RequestConsensusVote() RPC: tablet_id: "cd8587f48009468995f57150f5922ef5" candidate_uuid: "14713066379e40c781f2bbe64de65b29" candidate_term: 2 candidate_status { last_received { term: 1 index: 2 } } ignore_live_leader: false dest_uuid: "2f47609539294559a512ae4b71e178be"
I20260710 11:00:22.108762 12742 raft_consensus.cc:3060] T cd8587f48009468995f57150f5922ef5 P 2f47609539294559a512ae4b71e178be [term 1 FOLLOWER]: Advancing to term 2
W20260710 11:00:22.116359 12562 outbound_call.cc:321] RPC callback for RPC call kudu.consensus.ConsensusService.UpdateConsensus -> {remote=127.11.58.67:33561, user_credentials={real_user=slave}} blocked reactor thread for 556000us
I20260710 11:00:22.118585 13217 raft_consensus.cc:493] T de8d926633e4469cacdee44debe61bfc P ca19d9fdbcc04d6a98f850d91295f9fe [term 1 FOLLOWER]: Starting pre-election (detected failure of leader 14713066379e40c781f2bbe64de65b29)
I20260710 11:00:22.119037 13217 raft_consensus.cc:515] T de8d926633e4469cacdee44debe61bfc P ca19d9fdbcc04d6a98f850d91295f9fe [term 1 FOLLOWER]: Starting pre-election with config: opid_index: -1 OBSOLETE_local: false peers { permanent_uuid: "ca19d9fdbcc04d6a98f850d91295f9fe" member_type: VOTER last_known_addr { host: "127.11.58.65" port: 39593 } } peers { permanent_uuid: "14713066379e40c781f2bbe64de65b29" member_type: VOTER last_known_addr { host: "127.11.58.66" port: 45529 } } peers { permanent_uuid: "2f47609539294559a512ae4b71e178be" member_type: VOTER last_known_addr { host: "127.11.58.67" port: 33561 } }
I20260710 11:00:22.119410 13243 consensus_queue.cc:1048] T cd8587f48009468995f57150f5922ef5 P ca19d9fdbcc04d6a98f850d91295f9fe [LEADER]: Connected to new peer: Peer: permanent_uuid: "2f47609539294559a512ae4b71e178be" member_type: VOTER last_known_addr { host: "127.11.58.67" port: 33561 } attrs { replace: true }, Status: LMP_MISMATCH, Last received: 0.0, Next index: 3, Last known committed idx: 2, Time since last communication: 0.001s
I20260710 11:00:22.115744 12742 raft_consensus.cc:2468] T cd8587f48009468995f57150f5922ef5 P 2f47609539294559a512ae4b71e178be [term 2 FOLLOWER]: Leader election vote request: Granting yes vote for candidate 14713066379e40c781f2bbe64de65b29 in term 2.
I20260710 11:00:22.123286 12666 raft_consensus.cc:1240] T cd8587f48009468995f57150f5922ef5 P 14713066379e40c781f2bbe64de65b29 [term 2 FOLLOWER]: Rejecting Update request from peer ca19d9fdbcc04d6a98f850d91295f9fe for earlier term 1. Current term is 2. Ops: []
I20260710 11:00:22.147207 12593 tablet_service.cc:1917] Received RequestConsensusVote() RPC: tablet_id: "cd8587f48009468995f57150f5922ef5" candidate_uuid: "14713066379e40c781f2bbe64de65b29" candidate_term: 2 candidate_status { last_received { term: 1 index: 2 } } ignore_live_leader: false dest_uuid: "ca19d9fdbcc04d6a98f850d91295f9fe" is_pre_election: true
I20260710 11:00:22.173049 12744 tablet_service.cc:1917] Received RequestConsensusVote() RPC: tablet_id: "de8d926633e4469cacdee44debe61bfc" candidate_uuid: "ca19d9fdbcc04d6a98f850d91295f9fe" candidate_term: 2 candidate_status { last_received { term: 1 index: 1 } } ignore_live_leader: false dest_uuid: "2f47609539294559a512ae4b71e178be" is_pre_election: true
I20260710 11:00:22.193867 12637 leader_election.cc:304] T cd8587f48009468995f57150f5922ef5 P 14713066379e40c781f2bbe64de65b29 [CANDIDATE]: Term 2 election: Election decided. Result: candidate won. Election summary: received 2 responses out of 3 voters: 2 yes votes; 0 no votes. yes voters: 14713066379e40c781f2bbe64de65b29, 2f47609539294559a512ae4b71e178be; no voters: 
I20260710 11:00:22.194958 13254 consensus_queue.cc:1059] T cd8587f48009468995f57150f5922ef5 P ca19d9fdbcc04d6a98f850d91295f9fe [LEADER]: Peer responded invalid term: Peer: permanent_uuid: "14713066379e40c781f2bbe64de65b29" member_type: VOTER last_known_addr { host: "127.11.58.66" port: 45529 }, Status: INVALID_TERM, Last received: 0.0, Next index: 3, Last known committed idx: 2, Time since last communication: 0.001s
I20260710 11:00:22.195252 13249 raft_consensus.cc:2804] T cd8587f48009468995f57150f5922ef5 P 14713066379e40c781f2bbe64de65b29 [term 2 FOLLOWER]: Leader election won for term 2
I20260710 11:00:22.195833 13249 raft_consensus.cc:697] T cd8587f48009468995f57150f5922ef5 P 14713066379e40c781f2bbe64de65b29 [term 2 LEADER]: Becoming Leader. State: Replica: 14713066379e40c781f2bbe64de65b29, State: Running, Role: LEADER
I20260710 11:00:22.196026 13254 raft_consensus.cc:3055] T cd8587f48009468995f57150f5922ef5 P ca19d9fdbcc04d6a98f850d91295f9fe [term 1 LEADER]: Stepping down as leader of term 1
I20260710 11:00:22.196403 13254 raft_consensus.cc:740] T cd8587f48009468995f57150f5922ef5 P ca19d9fdbcc04d6a98f850d91295f9fe [term 1 LEADER]: Becoming Follower/Learner. State: Replica: ca19d9fdbcc04d6a98f850d91295f9fe, State: Running, Role: LEADER
I20260710 11:00:22.197160 13254 consensus_queue.cc:260] T cd8587f48009468995f57150f5922ef5 P ca19d9fdbcc04d6a98f850d91295f9fe [NON_LEADER]: Queue going to NON_LEADER mode. State: All replicated index: 0, Majority replicated index: 2, Committed index: 2, Last appended: 1.3, Last appended by leader: 3, Current term: 1, Majority size: -1, State: 0, Mode: NON_LEADER, active raft config: opid_index: 3 OBSOLETE_local: false peers { permanent_uuid: "ca19d9fdbcc04d6a98f850d91295f9fe" member_type: VOTER last_known_addr { host: "127.11.58.65" port: 39593 } } peers { permanent_uuid: "14713066379e40c781f2bbe64de65b29" member_type: VOTER last_known_addr { host: "127.11.58.66" port: 45529 } } peers { permanent_uuid: "2f47609539294559a512ae4b71e178be" member_type: VOTER last_known_addr { host: "127.11.58.67" port: 33561 } attrs { replace: true } } peers { permanent_uuid: "8151afc91da3445799c97916522ae528" member_type: VOTER last_known_addr { host: "127.11.58.68" port: 40033 } attrs { promote: false } }
I20260710 11:00:22.198601 13254 raft_consensus.cc:3060] T cd8587f48009468995f57150f5922ef5 P ca19d9fdbcc04d6a98f850d91295f9fe [term 1 FOLLOWER]: Advancing to term 2
I20260710 11:00:22.198189 13249 consensus_queue.cc:237] T cd8587f48009468995f57150f5922ef5 P 14713066379e40c781f2bbe64de65b29 [LEADER]: Queue going to LEADER mode. State: All replicated index: 0, Majority replicated index: 2, Committed index: 2, Last appended: 1.2, Last appended by leader: 2, Current term: 2, Majority size: 2, State: 0, Mode: LEADER, active raft config: opid_index: 2 OBSOLETE_local: false peers { permanent_uuid: "ca19d9fdbcc04d6a98f850d91295f9fe" member_type: VOTER last_known_addr { host: "127.11.58.65" port: 39593 } } peers { permanent_uuid: "14713066379e40c781f2bbe64de65b29" member_type: VOTER last_known_addr { host: "127.11.58.66" port: 45529 } } peers { permanent_uuid: "2f47609539294559a512ae4b71e178be" member_type: VOTER last_known_addr { host: "127.11.58.67" port: 33561 } attrs { replace: true } } peers { permanent_uuid: "8151afc91da3445799c97916522ae528" member_type: NON_VOTER last_known_addr { host: "127.11.58.68" port: 40033 } attrs { promote: true } }
I20260710 11:00:22.176064 12591 tablet_service.cc:1917] Received RequestConsensusVote() RPC: tablet_id: "9d695b835d3844399b90b5a561e22686" candidate_uuid: "14713066379e40c781f2bbe64de65b29" candidate_term: 2 candidate_status { last_received { term: 1 index: 1 } } ignore_live_leader: false dest_uuid: "ca19d9fdbcc04d6a98f850d91295f9fe" is_pre_election: true
I20260710 11:00:22.175885 12590 tablet_service.cc:1917] Received RequestConsensusVote() RPC: tablet_id: "cd8587f48009468995f57150f5922ef5" candidate_uuid: "14713066379e40c781f2bbe64de65b29" candidate_term: 2 candidate_status { last_received { term: 1 index: 2 } } ignore_live_leader: false dest_uuid: "ca19d9fdbcc04d6a98f850d91295f9fe"
I20260710 11:00:22.165629 12671 tablet_service.cc:1917] Received RequestConsensusVote() RPC: tablet_id: "de8d926633e4469cacdee44debe61bfc" candidate_uuid: "ca19d9fdbcc04d6a98f850d91295f9fe" candidate_term: 2 candidate_status { last_received { term: 1 index: 1 } } ignore_live_leader: false dest_uuid: "14713066379e40c781f2bbe64de65b29" is_pre_election: true
I20260710 11:00:22.161123 13217 leader_election.cc:290] T de8d926633e4469cacdee44debe61bfc P ca19d9fdbcc04d6a98f850d91295f9fe [CANDIDATE]: Term 2 pre-election: Requested pre-vote from peers 14713066379e40c781f2bbe64de65b29 (127.11.58.66:45529), 2f47609539294559a512ae4b71e178be (127.11.58.67:33561)
I20260710 11:00:22.123940 13219 raft_consensus.cc:493] T 9431ea458391453f8f93ab6d896aa73e P ca19d9fdbcc04d6a98f850d91295f9fe [term 1 FOLLOWER]: Starting pre-election (detected failure of leader 14713066379e40c781f2bbe64de65b29)
I20260710 11:00:22.216318 13219 raft_consensus.cc:515] T 9431ea458391453f8f93ab6d896aa73e P ca19d9fdbcc04d6a98f850d91295f9fe [term 1 FOLLOWER]: Starting pre-election with config: opid_index: 4 OBSOLETE_local: false peers { permanent_uuid: "ca19d9fdbcc04d6a98f850d91295f9fe" member_type: VOTER last_known_addr { host: "127.11.58.65" port: 39593 } } peers { permanent_uuid: "14713066379e40c781f2bbe64de65b29" member_type: VOTER last_known_addr { host: "127.11.58.66" port: 45529 } } peers { permanent_uuid: "8151afc91da3445799c97916522ae528" member_type: VOTER last_known_addr { host: "127.11.58.68" port: 40033 } attrs { promote: false } }
I20260710 11:00:22.217308 12634 leader_election.cc:304] T 9d695b835d3844399b90b5a561e22686 P 14713066379e40c781f2bbe64de65b29 [CANDIDATE]: Term 2 pre-election: Election decided. Result: candidate lost. Election summary: received 3 responses out of 3 voters: 1 yes votes; 2 no votes. yes voters: 14713066379e40c781f2bbe64de65b29; no voters: 2f47609539294559a512ae4b71e178be, ca19d9fdbcc04d6a98f850d91295f9fe
I20260710 11:00:22.218538 13219 leader_election.cc:290] T 9431ea458391453f8f93ab6d896aa73e P ca19d9fdbcc04d6a98f850d91295f9fe [CANDIDATE]: Term 2 pre-election: Requested pre-vote from peers 14713066379e40c781f2bbe64de65b29 (127.11.58.66:45529), 8151afc91da3445799c97916522ae528 (127.11.58.68:40033)
I20260710 11:00:22.217795 12744 raft_consensus.cc:2955] T 0313d610698a4c099640d258cfd9613f P 2f47609539294559a512ae4b71e178be [term 1 FOLLOWER]: Committing config change with OpId 1.3: config changed from index 2 to 3, 8151afc91da3445799c97916522ae528 (127.11.58.68) changed from NON_VOTER to VOTER. New config: { opid_index: 3 OBSOLETE_local: false peers { permanent_uuid: "ca19d9fdbcc04d6a98f850d91295f9fe" member_type: VOTER last_known_addr { host: "127.11.58.65" port: 39593 } } peers { permanent_uuid: "14713066379e40c781f2bbe64de65b29" member_type: VOTER last_known_addr { host: "127.11.58.66" port: 45529 } attrs { replace: true } } peers { permanent_uuid: "2f47609539294559a512ae4b71e178be" member_type: VOTER last_known_addr { host: "127.11.58.67" port: 33561 } } peers { permanent_uuid: "8151afc91da3445799c97916522ae528" member_type: VOTER last_known_addr { host: "127.11.58.68" port: 40033 } attrs { promote: false } } }
I20260710 11:00:22.220942 12998 tablet_service.cc:1917] Received RequestConsensusVote() RPC: tablet_id: "9431ea458391453f8f93ab6d896aa73e" candidate_uuid: "ca19d9fdbcc04d6a98f850d91295f9fe" candidate_term: 2 candidate_status { last_received { term: 1 index: 4 } } ignore_live_leader: false dest_uuid: "8151afc91da3445799c97916522ae528" is_pre_election: true
I20260710 11:00:22.222195 12742 raft_consensus.cc:1240] T cd8587f48009468995f57150f5922ef5 P 2f47609539294559a512ae4b71e178be [term 2 FOLLOWER]: Rejecting Update request from peer ca19d9fdbcc04d6a98f850d91295f9fe for earlier term 1. Current term is 2. Ops: [1.3-1.3]
I20260710 11:00:22.224478 13248 raft_consensus.cc:2749] T 9d695b835d3844399b90b5a561e22686 P 14713066379e40c781f2bbe64de65b29 [term 1 FOLLOWER]: Leader pre-election lost for term 2. Reason: could not achieve majority
I20260710 11:00:22.226027 12594 rpcz_store.cc:275] Call kudu.consensus.ConsensusService.UpdateConsensus from 127.0.0.1:51810 (request call id 208) took 1109 ms. Trace:
I20260710 11:00:22.226408 12594 rpcz_store.cc:276] 0710 11:00:21.116599 (+     0us) service_pool.cc:167] Inserting onto call queue
0710 11:00:22.224097 (+1107498us) service_pool.cc:224] Handling call
0710 11:00:22.225415 (+  1318us) raft_consensus.cc:1471] Updating replica for 0 ops
0710 11:00:22.225589 (+   174us) raft_consensus.cc:1534] Early marking committed up to index 0
0710 11:00:22.225625 (+    36us) raft_consensus.cc:1539] Triggering prepare for 0 ops
0710 11:00:22.225668 (+    43us) raft_consensus.cc:1645] Marking committed up to 4
0710 11:00:22.225703 (+    35us) raft_consensus.cc:1697] Filling consensus response to leader.
0710 11:00:22.225761 (+    58us) raft_consensus.cc:1691] UpdateReplicas() finished
0710 11:00:22.225864 (+   103us) inbound_call.cc:177] Queueing success response
Metrics: {}
I20260710 11:00:22.227826 12670 raft_consensus.cc:2955] T 0313d610698a4c099640d258cfd9613f P 14713066379e40c781f2bbe64de65b29 [term 1 FOLLOWER]: Committing config change with OpId 1.3: config changed from index 2 to 3, 8151afc91da3445799c97916522ae528 (127.11.58.68) changed from NON_VOTER to VOTER. New config: { opid_index: 3 OBSOLETE_local: false peers { permanent_uuid: "ca19d9fdbcc04d6a98f850d91295f9fe" member_type: VOTER last_known_addr { host: "127.11.58.65" port: 39593 } } peers { permanent_uuid: "14713066379e40c781f2bbe64de65b29" member_type: VOTER last_known_addr { host: "127.11.58.66" port: 45529 } attrs { replace: true } } peers { permanent_uuid: "2f47609539294559a512ae4b71e178be" member_type: VOTER last_known_addr { host: "127.11.58.67" port: 33561 } } peers { permanent_uuid: "8151afc91da3445799c97916522ae528" member_type: VOTER last_known_addr { host: "127.11.58.68" port: 40033 } attrs { promote: false } } }
I20260710 11:00:22.230727 12671 tablet_service.cc:1917] Received RequestConsensusVote() RPC: tablet_id: "9431ea458391453f8f93ab6d896aa73e" candidate_uuid: "ca19d9fdbcc04d6a98f850d91295f9fe" candidate_term: 2 candidate_status { last_received { term: 1 index: 4 } } ignore_live_leader: false dest_uuid: "14713066379e40c781f2bbe64de65b29" is_pre_election: true
I20260710 11:00:22.223773 12562 leader_election.cc:304] T de8d926633e4469cacdee44debe61bfc P ca19d9fdbcc04d6a98f850d91295f9fe [CANDIDATE]: Term 2 pre-election: Election decided. Result: candidate lost. Election summary: received 3 responses out of 3 voters: 1 yes votes; 2 no votes. yes voters: ca19d9fdbcc04d6a98f850d91295f9fe; no voters: 14713066379e40c781f2bbe64de65b29, 2f47609539294559a512ae4b71e178be
I20260710 11:00:22.246767 13219 raft_consensus.cc:2749] T de8d926633e4469cacdee44debe61bfc P ca19d9fdbcc04d6a98f850d91295f9fe [term 1 FOLLOWER]: Leader pre-election lost for term 2. Reason: could not achieve majority
I20260710 11:00:22.263167 12560 leader_election.cc:304] T 9431ea458391453f8f93ab6d896aa73e P ca19d9fdbcc04d6a98f850d91295f9fe [CANDIDATE]: Term 2 pre-election: Election decided. Result: candidate lost. Election summary: received 3 responses out of 3 voters: 1 yes votes; 2 no votes. yes voters: ca19d9fdbcc04d6a98f850d91295f9fe; no voters: 14713066379e40c781f2bbe64de65b29, 8151afc91da3445799c97916522ae528
I20260710 11:00:22.266613 12595 rpcz_store.cc:275] Call kudu.consensus.ConsensusService.UpdateConsensus from 127.0.0.1:51810 (request call id 206) took 1274 ms. Trace:
I20260710 11:00:22.267118 12595 rpcz_store.cc:276] 0710 11:00:20.992454 (+     0us) service_pool.cc:167] Inserting onto call queue
0710 11:00:22.265835 (+1273381us) service_pool.cc:224] Handling call
0710 11:00:22.266136 (+   301us) raft_consensus.cc:1471] Updating replica for 0 ops
0710 11:00:22.266291 (+   155us) raft_consensus.cc:1534] Early marking committed up to index 0
0710 11:00:22.266324 (+    33us) raft_consensus.cc:1539] Triggering prepare for 0 ops
0710 11:00:22.266366 (+    42us) raft_consensus.cc:1645] Marking committed up to 1
0710 11:00:22.266406 (+    40us) raft_consensus.cc:1697] Filling consensus response to leader.
0710 11:00:22.266457 (+    51us) raft_consensus.cc:1691] UpdateReplicas() finished
0710 11:00:22.266564 (+   107us) inbound_call.cc:177] Queueing success response
Metrics: {}
I20260710 11:00:22.272265 13187 raft_consensus.cc:2749] T 9431ea458391453f8f93ab6d896aa73e P ca19d9fdbcc04d6a98f850d91295f9fe [term 1 FOLLOWER]: Leader pre-election lost for term 2. Reason: could not achieve majority
I20260710 11:00:22.273708 12491 rpcz_store.cc:275] Call kudu.master.MasterService.TSHeartbeat from 127.0.0.1:40670 (request call id 57) took 1407 ms. Trace:
I20260710 11:00:22.274066 12491 rpcz_store.cc:276] 0710 11:00:20.866620 (+     0us) service_pool.cc:167] Inserting onto call queue
0710 11:00:20.866766 (+   146us) service_pool.cc:224] Handling call
0710 11:00:22.273631 (+1406865us) inbound_call.cc:177] Queueing success response
Related trace 'op':
0710 11:00:22.032322 (+     0us) write_op.cc:183] PREPARE: starting on tablet 00000000000000000000000000000000
0710 11:00:22.032922 (+   600us) write_op.cc:432] Acquiring schema lock in shared mode
0710 11:00:22.032956 (+    34us) write_op.cc:435] Acquired schema lock
0710 11:00:22.032977 (+    21us) tablet.cc:662] Decoding operations
0710 11:00:22.033362 (+   385us) write_op.cc:620] Acquiring the partition lock for write op
0710 11:00:22.033456 (+    94us) write_op.cc:641] Partition lock acquired for write op
0710 11:00:22.033500 (+    44us) tablet.cc:685] Acquiring locks for 1 operations
0710 11:00:22.035177 (+  1677us) tablet.cc:701] Row locks acquired
0710 11:00:22.035205 (+    28us) write_op.cc:260] PREPARE: finished
0710 11:00:22.035423 (+   218us) write_op.cc:270] Start()
0710 11:00:22.035556 (+   133us) write_op.cc:276] Timestamp: P: 1783681222035309 usec, L: 0
0710 11:00:22.035584 (+    28us) op_driver.cc:348] REPLICATION: starting
0710 11:00:22.036255 (+   671us) log.cc:844] Serialized 594 byte log entry
0710 11:00:22.201775 (+165520us) op_driver.cc:464] REPLICATION: finished
0710 11:00:22.245233 (+ 43458us) write_op.cc:301] APPLY: starting
0710 11:00:22.245358 (+   125us) tablet.cc:1367] starting BulkCheckPresence
0710 11:00:22.245473 (+   115us) tablet.cc:1370] finished BulkCheckPresence
0710 11:00:22.245607 (+   134us) tablet.cc:1372] starting ApplyRowOperation cycle
0710 11:00:22.245825 (+   218us) tablet.cc:1383] finished ApplyRowOperation cycle
0710 11:00:22.246004 (+   179us) tablet_metrics.cc:581] ProbeStats: bloom_lookups=0,key_file_lookups=0,delta_file_lookups=0,mrs_lookups=1
0710 11:00:22.246044 (+    40us) write_op.cc:312] APPLY: finished
0710 11:00:22.265764 (+ 19720us) log.cc:844] Serialized 22 byte log entry
0710 11:00:22.266564 (+   800us) write_op.cc:489] Releasing partition, row and schema locks
0710 11:00:22.266636 (+    72us) write_op.cc:454] Released schema lock
0710 11:00:22.266692 (+    56us) write_op.cc:341] FINISH: Updating metrics
0710 11:00:22.267579 (+   887us) write_op.cc:489] Releasing partition, row and schema locks
0710 11:00:22.267608 (+    29us) write_op.cc:454] Released schema lock
Metrics: {"reported_tablets":1,"child_traces":[["op",{"apply.queue_time_us":11822,"apply.run_cpu_time_us":1913,"apply.run_wall_time_us":43199,"num_ops":1,"prepare.queue_time_us":16787,"prepare.run_cpu_time_us":2769,"prepare.run_wall_time_us":4262,"replication_time_us":166041,"spinlock_wait_cycles":35072,"thread_start_us":18727,"threads_started":2}]]}
I20260710 11:00:22.283207 12590 raft_consensus.cc:2410] T cd8587f48009468995f57150f5922ef5 P ca19d9fdbcc04d6a98f850d91295f9fe [term 2 FOLLOWER]: Leader election vote request: Denying vote to candidate 14713066379e40c781f2bbe64de65b29 for term 2 because replica has last-logged OpId of term: 1 index: 3, which is greater than that of the candidate, which has last-logged OpId of term: 1 index: 2.
I20260710 11:00:22.285611 12492 rpcz_store.cc:275] Call kudu.master.MasterService.TSHeartbeat from 127.0.0.1:36838 (request call id 120) took 1426 ms. Trace:
I20260710 11:00:22.289333 12494 rpcz_store.cc:275] Call kudu.master.MasterService.TSHeartbeat from 127.0.0.1:36848 (request call id 101) took 1011 ms. Trace:
I20260710 11:00:22.292670 12744 consensus_queue.cc:237] T a8dd80a86f3f4c13a344e65fe4836b18 P 2f47609539294559a512ae4b71e178be [LEADER]: Queue going to LEADER mode. State: All replicated index: 0, Majority replicated index: 3, Committed index: 3, Last appended: 1.3, Last appended by leader: 0, Current term: 1, Majority size: 2, State: 0, Mode: LEADER, active raft config: opid_index: 4 OBSOLETE_local: false peers { permanent_uuid: "14713066379e40c781f2bbe64de65b29" member_type: VOTER last_known_addr { host: "127.11.58.66" port: 45529 } } peers { permanent_uuid: "2f47609539294559a512ae4b71e178be" member_type: VOTER last_known_addr { host: "127.11.58.67" port: 33561 } } peers { permanent_uuid: "8151afc91da3445799c97916522ae528" member_type: VOTER last_known_addr { host: "127.11.58.68" port: 40033 } attrs { promote: false } }
I20260710 11:00:22.285933 12492 rpcz_store.cc:276] 0710 11:00:20.859325 (+     0us) service_pool.cc:167] Inserting onto call queue
0710 11:00:20.859497 (+   172us) service_pool.cc:224] Handling call
0710 11:00:22.285555 (+1426058us) inbound_call.cc:177] Queueing success response
Metrics: {"mutex_wait_us":1036965,"reported_tablets":1}
I20260710 11:00:22.296348 12595 consensus_queue.cc:237] T 0313d610698a4c099640d258cfd9613f P ca19d9fdbcc04d6a98f850d91295f9fe [LEADER]: Queue going to LEADER mode. State: All replicated index: 0, Majority replicated index: 3, Committed index: 3, Last appended: 1.3, Last appended by leader: 0, Current term: 1, Majority size: 2, State: 0, Mode: LEADER, active raft config: opid_index: 4 OBSOLETE_local: false peers { permanent_uuid: "ca19d9fdbcc04d6a98f850d91295f9fe" member_type: VOTER last_known_addr { host: "127.11.58.65" port: 39593 } } peers { permanent_uuid: "2f47609539294559a512ae4b71e178be" member_type: VOTER last_known_addr { host: "127.11.58.67" port: 33561 } } peers { permanent_uuid: "8151afc91da3445799c97916522ae528" member_type: VOTER last_known_addr { host: "127.11.58.68" port: 40033 } attrs { promote: false } }
I20260710 11:00:22.297515 12494 rpcz_store.cc:276] 0710 11:00:21.277587 (+     0us) service_pool.cc:167] Inserting onto call queue
0710 11:00:21.277722 (+   135us) service_pool.cc:224] Handling call
0710 11:00:22.289271 (+1011549us) inbound_call.cc:177] Queueing success response
Metrics: {"mutex_wait_us":676621,"reported_tablets":1}
W20260710 11:00:22.314497 12617 debug-util.cc:398] Leaking SignalData structure 0x7b08001b65a0 after lost signal to thread 11500
W20260710 11:00:22.315488 12617 debug-util.cc:398] Leaking SignalData structure 0x7b08000e4ac0 after lost signal to thread 12528
W20260710 11:00:22.316618 12617 debug-util.cc:398] Leaking SignalData structure 0x7b0800215da0 after lost signal to thread 12620
W20260710 11:00:22.322239 12617 debug-util.cc:398] Leaking SignalData structure 0x7b0800150e00 after lost signal to thread 12695
W20260710 11:00:22.323276 12617 debug-util.cc:398] Leaking SignalData structure 0x7b080020dc00 after lost signal to thread 12769
W20260710 11:00:22.324297 12617 debug-util.cc:398] Leaking SignalData structure 0x7b0800284520 after lost signal to thread 13028
I20260710 11:00:22.325631 12491 catalog_manager.cc:5697] T cd8587f48009468995f57150f5922ef5 P 14713066379e40c781f2bbe64de65b29 reported cstate change: term changed from 1 to 2, leader changed from ca19d9fdbcc04d6a98f850d91295f9fe (127.11.58.65) to 14713066379e40c781f2bbe64de65b29 (127.11.58.66). New cstate: current_term: 2 leader_uuid: "14713066379e40c781f2bbe64de65b29" committed_config { opid_index: 2 OBSOLETE_local: false peers { permanent_uuid: "ca19d9fdbcc04d6a98f850d91295f9fe" member_type: VOTER last_known_addr { host: "127.11.58.65" port: 39593 } health_report { overall_health: UNKNOWN } } peers { permanent_uuid: "14713066379e40c781f2bbe64de65b29" member_type: VOTER last_known_addr { host: "127.11.58.66" port: 45529 } health_report { overall_health: HEALTHY } } peers { permanent_uuid: "2f47609539294559a512ae4b71e178be" member_type: VOTER last_known_addr { host: "127.11.58.67" port: 33561 } attrs { replace: true } health_report { overall_health: UNKNOWN } } peers { permanent_uuid: "8151afc91da3445799c97916522ae528" member_type: NON_VOTER last_known_addr { host: "127.11.58.68" port: 40033 } attrs { promote: true } health_report { overall_health: UNKNOWN } } }
I20260710 11:00:22.338438 12999 raft_consensus.cc:1275] T 0313d610698a4c099640d258cfd9613f P 8151afc91da3445799c97916522ae528 [term 1 FOLLOWER]: Refusing update from remote peer ca19d9fdbcc04d6a98f850d91295f9fe: Log matching property violated. Preceding OpId in replica: term: 1 index: 3. Preceding OpId from leader: term: 1 index: 4. (index mismatch)
I20260710 11:00:22.340528 13256 consensus_queue.cc:1048] T 0313d610698a4c099640d258cfd9613f P ca19d9fdbcc04d6a98f850d91295f9fe [LEADER]: Connected to new peer: Peer: permanent_uuid: "8151afc91da3445799c97916522ae528" member_type: VOTER last_known_addr { host: "127.11.58.68" port: 40033 } attrs { promote: false }, Status: LMP_MISMATCH, Last received: 0.0, Next index: 4, Last known committed idx: 3, Time since last communication: 0.001s
I20260710 11:00:22.359833 13256 raft_consensus.cc:2955] T 0313d610698a4c099640d258cfd9613f P ca19d9fdbcc04d6a98f850d91295f9fe [term 1 LEADER]: Committing config change with OpId 1.4: config changed from index 3 to 4, VOTER 14713066379e40c781f2bbe64de65b29 (127.11.58.66) evicted. New config: { opid_index: 4 OBSOLETE_local: false peers { permanent_uuid: "ca19d9fdbcc04d6a98f850d91295f9fe" member_type: VOTER last_known_addr { host: "127.11.58.65" port: 39593 } } peers { permanent_uuid: "2f47609539294559a512ae4b71e178be" member_type: VOTER last_known_addr { host: "127.11.58.67" port: 33561 } } peers { permanent_uuid: "8151afc91da3445799c97916522ae528" member_type: VOTER last_known_addr { host: "127.11.58.68" port: 40033 } attrs { promote: false } } }
I20260710 11:00:22.372885 12671 raft_consensus.cc:1275] T a8dd80a86f3f4c13a344e65fe4836b18 P 14713066379e40c781f2bbe64de65b29 [term 1 FOLLOWER]: Refusing update from remote peer 2f47609539294559a512ae4b71e178be: Log matching property violated. Preceding OpId in replica: term: 1 index: 3. Preceding OpId from leader: term: 1 index: 4. (index mismatch)
I20260710 11:00:22.374636 13186 consensus_queue.cc:1048] T a8dd80a86f3f4c13a344e65fe4836b18 P 2f47609539294559a512ae4b71e178be [LEADER]: Connected to new peer: Peer: permanent_uuid: "14713066379e40c781f2bbe64de65b29" member_type: VOTER last_known_addr { host: "127.11.58.66" port: 45529 }, Status: LMP_MISMATCH, Last received: 0.0, Next index: 4, Last known committed idx: 3, Time since last communication: 0.000s
I20260710 11:00:22.371457 12999 raft_consensus.cc:1275] T a8dd80a86f3f4c13a344e65fe4836b18 P 8151afc91da3445799c97916522ae528 [term 1 FOLLOWER]: Refusing update from remote peer 2f47609539294559a512ae4b71e178be: Log matching property violated. Preceding OpId in replica: term: 1 index: 3. Preceding OpId from leader: term: 1 index: 4. (index mismatch)
I20260710 11:00:22.381616 13186 consensus_queue.cc:1048] T a8dd80a86f3f4c13a344e65fe4836b18 P 2f47609539294559a512ae4b71e178be [LEADER]: Connected to new peer: Peer: permanent_uuid: "8151afc91da3445799c97916522ae528" member_type: VOTER last_known_addr { host: "127.11.58.68" port: 40033 } attrs { promote: false }, Status: LMP_MISMATCH, Last received: 0.0, Next index: 4, Last known committed idx: 3, Time since last communication: 0.000s
I20260710 11:00:22.391083 13216 raft_consensus.cc:2955] T a8dd80a86f3f4c13a344e65fe4836b18 P 2f47609539294559a512ae4b71e178be [term 1 LEADER]: Committing config change with OpId 1.4: config changed from index 3 to 4, VOTER ca19d9fdbcc04d6a98f850d91295f9fe (127.11.58.65) evicted. New config: { opid_index: 4 OBSOLETE_local: false peers { permanent_uuid: "14713066379e40c781f2bbe64de65b29" member_type: VOTER last_known_addr { host: "127.11.58.66" port: 45529 } } peers { permanent_uuid: "2f47609539294559a512ae4b71e178be" member_type: VOTER last_known_addr { host: "127.11.58.67" port: 33561 } } peers { permanent_uuid: "8151afc91da3445799c97916522ae528" member_type: VOTER last_known_addr { host: "127.11.58.68" port: 40033 } attrs { promote: false } } }
I20260710 11:00:22.407927 12671 raft_consensus.cc:2955] T a8dd80a86f3f4c13a344e65fe4836b18 P 14713066379e40c781f2bbe64de65b29 [term 1 FOLLOWER]: Committing config change with OpId 1.4: config changed from index 3 to 4, VOTER ca19d9fdbcc04d6a98f850d91295f9fe (127.11.58.65) evicted. New config: { opid_index: 4 OBSOLETE_local: false peers { permanent_uuid: "14713066379e40c781f2bbe64de65b29" member_type: VOTER last_known_addr { host: "127.11.58.66" port: 45529 } } peers { permanent_uuid: "2f47609539294559a512ae4b71e178be" member_type: VOTER last_known_addr { host: "127.11.58.67" port: 33561 } } peers { permanent_uuid: "8151afc91da3445799c97916522ae528" member_type: VOTER last_known_addr { host: "127.11.58.68" port: 40033 } attrs { promote: false } } }
I20260710 11:00:22.409121 12740 raft_consensus.cc:1275] T 0313d610698a4c099640d258cfd9613f P 2f47609539294559a512ae4b71e178be [term 1 FOLLOWER]: Refusing update from remote peer ca19d9fdbcc04d6a98f850d91295f9fe: Log matching property violated. Preceding OpId in replica: term: 1 index: 3. Preceding OpId from leader: term: 1 index: 4. (index mismatch)
I20260710 11:00:22.416154 12999 raft_consensus.cc:2955] T a8dd80a86f3f4c13a344e65fe4836b18 P 8151afc91da3445799c97916522ae528 [term 1 FOLLOWER]: Committing config change with OpId 1.4: config changed from index 3 to 4, VOTER ca19d9fdbcc04d6a98f850d91295f9fe (127.11.58.65) evicted. New config: { opid_index: 4 OBSOLETE_local: false peers { permanent_uuid: "14713066379e40c781f2bbe64de65b29" member_type: VOTER last_known_addr { host: "127.11.58.66" port: 45529 } } peers { permanent_uuid: "2f47609539294559a512ae4b71e178be" member_type: VOTER last_known_addr { host: "127.11.58.67" port: 33561 } } peers { permanent_uuid: "8151afc91da3445799c97916522ae528" member_type: VOTER last_known_addr { host: "127.11.58.68" port: 40033 } attrs { promote: false } } }
I20260710 11:00:22.420819 12481 catalog_manager.cc:5210] ChangeConfig:REMOVE_PEER RPC for tablet a8dd80a86f3f4c13a344e65fe4836b18 with cas_config_opid_index 3: ChangeConfig:REMOVE_PEER succeeded (attempt 1)
I20260710 11:00:22.423331 12491 catalog_manager.cc:5697] T a8dd80a86f3f4c13a344e65fe4836b18 P 2f47609539294559a512ae4b71e178be reported cstate change: config changed from index 3 to 4, VOTER ca19d9fdbcc04d6a98f850d91295f9fe (127.11.58.65) evicted. New cstate: current_term: 1 leader_uuid: "2f47609539294559a512ae4b71e178be" committed_config { opid_index: 4 OBSOLETE_local: false peers { permanent_uuid: "14713066379e40c781f2bbe64de65b29" member_type: VOTER last_known_addr { host: "127.11.58.66" port: 45529 } health_report { overall_health: HEALTHY } } peers { permanent_uuid: "2f47609539294559a512ae4b71e178be" member_type: VOTER last_known_addr { host: "127.11.58.67" port: 33561 } health_report { overall_health: HEALTHY } } peers { permanent_uuid: "8151afc91da3445799c97916522ae528" member_type: VOTER last_known_addr { host: "127.11.58.68" port: 40033 } attrs { promote: false } health_report { overall_health: HEALTHY } } }
I20260710 11:00:22.418493 13255 consensus_queue.cc:1048] T 0313d610698a4c099640d258cfd9613f P ca19d9fdbcc04d6a98f850d91295f9fe [LEADER]: Connected to new peer: Peer: permanent_uuid: "2f47609539294559a512ae4b71e178be" member_type: VOTER last_known_addr { host: "127.11.58.67" port: 33561 }, Status: LMP_MISMATCH, Last received: 0.0, Next index: 4, Last known committed idx: 3, Time since last communication: 0.009s
