I20260710 11:00:08.335004 19389 catalog_manager.cc:5697] T 6b70382dd639464f9f9057b5039aa871 P df692cbddb7e48869f2512be1b3397a9 reported cstate change: term changed from 0 to 1, leader changed from <none> to df692cbddb7e48869f2512be1b3397a9 (127.17.241.195). New cstate: current_term: 1 leader_uuid: "df692cbddb7e48869f2512be1b3397a9" committed_config { opid_index: -1 OBSOLETE_local: false peers { permanent_uuid: "f2bc731d62814ec99b3eef6119cfe10c" member_type: VOTER last_known_addr { host: "127.17.241.193" port: 35561 } health_report { overall_health: UNKNOWN } } peers { permanent_uuid: "23e3d9f8cb4b4e37910c0e651fc300a0" member_type: VOTER last_known_addr { host: "127.17.241.194" port: 43579 } health_report { overall_health: UNKNOWN } } peers { permanent_uuid: "df692cbddb7e48869f2512be1b3397a9" member_type: VOTER last_known_addr { host: "127.17.241.195" port: 33453 } health_report { overall_health: HEALTHY } } }
I20260710 11:00:08.339035 19684 raft_consensus.cc:359] T ffe98cd0f2a14b6bbf890618feeb94d4 P f2bc731d62814ec99b3eef6119cfe10c [term 0 FOLLOWER]: Replica starting. Triggering 0 pending ops. Active config: opid_index: -1 OBSOLETE_local: false peers { permanent_uuid: "f2bc731d62814ec99b3eef6119cfe10c" member_type: VOTER last_known_addr { host: "127.17.241.193" port: 35561 } } peers { permanent_uuid: "23e3d9f8cb4b4e37910c0e651fc300a0" member_type: VOTER last_known_addr { host: "127.17.241.194" port: 43579 } } peers { permanent_uuid: "df692cbddb7e48869f2512be1b3397a9" member_type: VOTER last_known_addr { host: "127.17.241.195" port: 33453 } }
I20260710 11:00:08.339531 19684 raft_consensus.cc:385] T ffe98cd0f2a14b6bbf890618feeb94d4 P f2bc731d62814ec99b3eef6119cfe10c [term 0 FOLLOWER]: Consensus starting up: Expiring failure detector timer to make a prompt election more likely
I20260710 11:00:08.339751 19684 raft_consensus.cc:740] T ffe98cd0f2a14b6bbf890618feeb94d4 P f2bc731d62814ec99b3eef6119cfe10c [term 0 FOLLOWER]: Becoming Follower/Learner. State: Replica: f2bc731d62814ec99b3eef6119cfe10c, State: Initialized, Role: FOLLOWER
I20260710 11:00:08.340276 19684 consensus_queue.cc:260] T ffe98cd0f2a14b6bbf890618feeb94d4 P f2bc731d62814ec99b3eef6119cfe10c [NON_LEADER]: Queue going to NON_LEADER mode. State: All replicated index: 0, Majority replicated index: 0, Committed index: 0, Last appended: 0.0, Last appended by leader: 0, Current term: 0, Majority size: -1, State: 0, Mode: NON_LEADER, active raft config: opid_index: -1 OBSOLETE_local: false peers { permanent_uuid: "f2bc731d62814ec99b3eef6119cfe10c" member_type: VOTER last_known_addr { host: "127.17.241.193" port: 35561 } } peers { permanent_uuid: "23e3d9f8cb4b4e37910c0e651fc300a0" member_type: VOTER last_known_addr { host: "127.17.241.194" port: 43579 } } peers { permanent_uuid: "df692cbddb7e48869f2512be1b3397a9" member_type: VOTER last_known_addr { host: "127.17.241.195" port: 33453 } }
I20260710 11:00:08.338308 19489 tablet_service.cc:1917] Received RequestConsensusVote() RPC: tablet_id: "ffe98cd0f2a14b6bbf890618feeb94d4" candidate_uuid: "23e3d9f8cb4b4e37910c0e651fc300a0" candidate_term: 1 candidate_status { last_received { term: 0 index: 0 } } ignore_live_leader: false dest_uuid: "f2bc731d62814ec99b3eef6119cfe10c" is_pre_election: true
I20260710 11:00:08.341259 19639 tablet_service.cc:1917] Received RequestConsensusVote() RPC: tablet_id: "423c0a82be76446d93530c29d8c04237" candidate_uuid: "f2bc731d62814ec99b3eef6119cfe10c" candidate_term: 1 candidate_status { last_received { term: 0 index: 0 } } ignore_live_leader: false dest_uuid: "df692cbddb7e48869f2512be1b3397a9" is_pre_election: true
I20260710 11:00:08.341427 19489 raft_consensus.cc:2468] T ffe98cd0f2a14b6bbf890618feeb94d4 P f2bc731d62814ec99b3eef6119cfe10c [term 0 FOLLOWER]: Leader pre-election vote request: Granting yes vote for candidate 23e3d9f8cb4b4e37910c0e651fc300a0 in term 0.
I20260710 11:00:08.344899 19682 tablet_bootstrap.cc:654] T 8c15fbd7ae0b49e3949eaf3937ab6e7f P 23e3d9f8cb4b4e37910c0e651fc300a0: Neither blocks nor log segments found. Creating new log.
I20260710 11:00:08.347106 19684 ts_tablet_manager.cc:1434] T ffe98cd0f2a14b6bbf890618feeb94d4 P f2bc731d62814ec99b3eef6119cfe10c: Time spent starting tablet: real 0.022s	user 0.002s	sys 0.003s
I20260710 11:00:08.347828 19684 tablet_bootstrap.cc:492] T 189e5a6d67f0484c9ec4f163daf70792 P f2bc731d62814ec99b3eef6119cfe10c: Bootstrap starting.
I20260710 11:00:08.326649 19755 consensus_queue.cc:1048] T 55c3fcd3778341b495b7724e4cdb289f P f2bc731d62814ec99b3eef6119cfe10c [LEADER]: Connected to new peer: Peer: permanent_uuid: "23e3d9f8cb4b4e37910c0e651fc300a0" member_type: VOTER last_known_addr { host: "127.17.241.194" port: 43579 }, Status: LMP_MISMATCH, Last received: 0.0, Next index: 1, Last known committed idx: 0, Time since last communication: 0.022s
I20260710 11:00:08.351729 19641 tablet_service.cc:1917] Received RequestConsensusVote() RPC: tablet_id: "ffe98cd0f2a14b6bbf890618feeb94d4" candidate_uuid: "23e3d9f8cb4b4e37910c0e651fc300a0" candidate_term: 1 candidate_status { last_received { term: 0 index: 0 } } ignore_live_leader: false dest_uuid: "df692cbddb7e48869f2512be1b3397a9" is_pre_election: true
I20260710 11:00:08.352082 19640 tablet_service.cc:1917] Received RequestConsensusVote() RPC: tablet_id: "6c3bb6a2a03d4cdf986d08bdc46e83dc" candidate_uuid: "23e3d9f8cb4b4e37910c0e651fc300a0" candidate_term: 1 candidate_status { last_received { term: 0 index: 0 } } ignore_live_leader: false dest_uuid: "df692cbddb7e48869f2512be1b3397a9" is_pre_election: true
I20260710 11:00:08.352738 19640 raft_consensus.cc:2468] T 6c3bb6a2a03d4cdf986d08bdc46e83dc P df692cbddb7e48869f2512be1b3397a9 [term 0 FOLLOWER]: Leader pre-election vote request: Granting yes vote for candidate 23e3d9f8cb4b4e37910c0e651fc300a0 in term 0.
W20260710 11:00:08.353616 19532 leader_election.cc:343] T ffe98cd0f2a14b6bbf890618feeb94d4 P 23e3d9f8cb4b4e37910c0e651fc300a0 [CANDIDATE]: Term 1 pre-election: Tablet error from VoteRequest() call to peer df692cbddb7e48869f2512be1b3397a9 (127.17.241.195:33453): Illegal state: must be running to vote when last-logged opid is not known
I20260710 11:00:08.350891 19457 leader_election.cc:304] T 6c3bb6a2a03d4cdf986d08bdc46e83dc P f2bc731d62814ec99b3eef6119cfe10c [CANDIDATE]: Term 1 pre-election: Election decided. Result: candidate won. Election summary: received 3 responses out of 3 voters: 2 yes votes; 1 no votes. yes voters: df692cbddb7e48869f2512be1b3397a9, f2bc731d62814ec99b3eef6119cfe10c; no voters: 23e3d9f8cb4b4e37910c0e651fc300a0
I20260710 11:00:08.354513 19489 tablet_service.cc:1917] Received RequestConsensusVote() RPC: tablet_id: "6c3bb6a2a03d4cdf986d08bdc46e83dc" candidate_uuid: "23e3d9f8cb4b4e37910c0e651fc300a0" candidate_term: 1 candidate_status { last_received { term: 0 index: 0 } } ignore_live_leader: false dest_uuid: "f2bc731d62814ec99b3eef6119cfe10c" is_pre_election: true
I20260710 11:00:08.355086 19489 raft_consensus.cc:2468] T 6c3bb6a2a03d4cdf986d08bdc46e83dc P f2bc731d62814ec99b3eef6119cfe10c [term 0 FOLLOWER]: Leader pre-election vote request: Granting yes vote for candidate 23e3d9f8cb4b4e37910c0e651fc300a0 in term 0.
I20260710 11:00:08.355784 19695 raft_consensus.cc:2804] T 6c3bb6a2a03d4cdf986d08bdc46e83dc P f2bc731d62814ec99b3eef6119cfe10c [term 0 FOLLOWER]: Leader pre-election won for term 1
I20260710 11:00:08.356127 19695 raft_consensus.cc:493] T 6c3bb6a2a03d4cdf986d08bdc46e83dc P f2bc731d62814ec99b3eef6119cfe10c [term 0 FOLLOWER]: Starting leader election (no leader contacted us within the election timeout)
I20260710 11:00:08.356458 19695 raft_consensus.cc:3060] T 6c3bb6a2a03d4cdf986d08bdc46e83dc P f2bc731d62814ec99b3eef6119cfe10c [term 0 FOLLOWER]: Advancing to term 1
I20260710 11:00:08.357077 19532 leader_election.cc:304] T 6c3bb6a2a03d4cdf986d08bdc46e83dc P 23e3d9f8cb4b4e37910c0e651fc300a0 [CANDIDATE]: Term 1 pre-election: Election decided. Result: candidate won. Election summary: received 2 responses out of 3 voters: 2 yes votes; 0 no votes. yes voters: 23e3d9f8cb4b4e37910c0e651fc300a0, df692cbddb7e48869f2512be1b3397a9; no voters: 
I20260710 11:00:08.357868 19686 raft_consensus.cc:2804] T 6c3bb6a2a03d4cdf986d08bdc46e83dc P 23e3d9f8cb4b4e37910c0e651fc300a0 [term 0 FOLLOWER]: Leader pre-election won for term 1
I20260710 11:00:08.358223 19686 raft_consensus.cc:493] T 6c3bb6a2a03d4cdf986d08bdc46e83dc P 23e3d9f8cb4b4e37910c0e651fc300a0 [term 0 FOLLOWER]: Starting leader election (no leader contacted us within the election timeout)
I20260710 11:00:08.358544 19686 raft_consensus.cc:3060] T 6c3bb6a2a03d4cdf986d08bdc46e83dc P 23e3d9f8cb4b4e37910c0e651fc300a0 [term 0 FOLLOWER]: Advancing to term 1
I20260710 11:00:08.359918 19681 raft_consensus.cc:359] T 423c0a82be76446d93530c29d8c04237 P df692cbddb7e48869f2512be1b3397a9 [term 0 FOLLOWER]: Replica starting. Triggering 0 pending ops. Active config: opid_index: -1 OBSOLETE_local: false peers { permanent_uuid: "f2bc731d62814ec99b3eef6119cfe10c" member_type: VOTER last_known_addr { host: "127.17.241.193" port: 35561 } } peers { permanent_uuid: "23e3d9f8cb4b4e37910c0e651fc300a0" member_type: VOTER last_known_addr { host: "127.17.241.194" port: 43579 } } peers { permanent_uuid: "df692cbddb7e48869f2512be1b3397a9" member_type: VOTER last_known_addr { host: "127.17.241.195" port: 33453 } }
I20260710 11:00:08.360608 19681 raft_consensus.cc:385] T 423c0a82be76446d93530c29d8c04237 P df692cbddb7e48869f2512be1b3397a9 [term 0 FOLLOWER]: Consensus starting up: Expiring failure detector timer to make a prompt election more likely
I20260710 11:00:08.360868 19681 raft_consensus.cc:740] T 423c0a82be76446d93530c29d8c04237 P df692cbddb7e48869f2512be1b3397a9 [term 0 FOLLOWER]: Becoming Follower/Learner. State: Replica: df692cbddb7e48869f2512be1b3397a9, State: Initialized, Role: FOLLOWER
I20260710 11:00:08.351080 19563 tablet_service.cc:1917] Received RequestConsensusVote() RPC: tablet_id: "332368f7c4fa4827bb51eac096d6ea86" candidate_uuid: "df692cbddb7e48869f2512be1b3397a9" candidate_term: 1 candidate_status { last_received { term: 0 index: 0 } } ignore_live_leader: false dest_uuid: "23e3d9f8cb4b4e37910c0e651fc300a0"
I20260710 11:00:08.362408 19563 raft_consensus.cc:3060] T 332368f7c4fa4827bb51eac096d6ea86 P 23e3d9f8cb4b4e37910c0e651fc300a0 [term 0 FOLLOWER]: Advancing to term 1
I20260710 11:00:08.354269 19564 tablet_service.cc:1917] Received RequestConsensusVote() RPC: tablet_id: "625b01c4bc3c4258a46826d09440d20e" candidate_uuid: "f2bc731d62814ec99b3eef6119cfe10c" candidate_term: 1 candidate_status { last_received { term: 0 index: 0 } } ignore_live_leader: false dest_uuid: "23e3d9f8cb4b4e37910c0e651fc300a0" is_pre_election: true
I20260710 11:00:08.364543 19721 consensus_queue.cc:1048] T 679d8dabeeaf47d6a81d3a9a6c7346e8 P f2bc731d62814ec99b3eef6119cfe10c [LEADER]: Connected to new peer: Peer: permanent_uuid: "23e3d9f8cb4b4e37910c0e651fc300a0" member_type: VOTER last_known_addr { host: "127.17.241.194" port: 43579 }, Status: LMP_MISMATCH, Last received: 0.0, Next index: 1, Last known committed idx: 0, Time since last communication: 0.000s
W20260710 11:00:08.366441 19455 leader_election.cc:343] T 625b01c4bc3c4258a46826d09440d20e P f2bc731d62814ec99b3eef6119cfe10c [CANDIDATE]: Term 1 pre-election: Tablet error from VoteRequest() call to peer 23e3d9f8cb4b4e37910c0e651fc300a0 (127.17.241.194:43579): Illegal state: must be running to vote when last-logged opid is not known
I20260710 11:00:08.367717 19533 leader_election.cc:304] T ffe98cd0f2a14b6bbf890618feeb94d4 P 23e3d9f8cb4b4e37910c0e651fc300a0 [CANDIDATE]: Term 1 pre-election: Election decided. Result: candidate won. Election summary: received 3 responses out of 3 voters: 2 yes votes; 1 no votes. yes voters: 23e3d9f8cb4b4e37910c0e651fc300a0, f2bc731d62814ec99b3eef6119cfe10c; no voters: df692cbddb7e48869f2512be1b3397a9
I20260710 11:00:08.367388 19686 raft_consensus.cc:515] T 6c3bb6a2a03d4cdf986d08bdc46e83dc P 23e3d9f8cb4b4e37910c0e651fc300a0 [term 1 FOLLOWER]: Starting leader election with config: opid_index: -1 OBSOLETE_local: false peers { permanent_uuid: "f2bc731d62814ec99b3eef6119cfe10c" member_type: VOTER last_known_addr { host: "127.17.241.193" port: 35561 } } peers { permanent_uuid: "23e3d9f8cb4b4e37910c0e651fc300a0" member_type: VOTER last_known_addr { host: "127.17.241.194" port: 43579 } } peers { permanent_uuid: "df692cbddb7e48869f2512be1b3397a9" member_type: VOTER last_known_addr { host: "127.17.241.195" port: 33453 } }
I20260710 11:00:08.369961 19689 raft_consensus.cc:2804] T ffe98cd0f2a14b6bbf890618feeb94d4 P 23e3d9f8cb4b4e37910c0e651fc300a0 [term 0 FOLLOWER]: Leader pre-election won for term 1
I20260710 11:00:08.370446 19689 raft_consensus.cc:493] T ffe98cd0f2a14b6bbf890618feeb94d4 P 23e3d9f8cb4b4e37910c0e651fc300a0 [term 0 FOLLOWER]: Starting leader election (no leader contacted us within the election timeout)
I20260710 11:00:08.370790 19689 raft_consensus.cc:3060] T ffe98cd0f2a14b6bbf890618feeb94d4 P 23e3d9f8cb4b4e37910c0e651fc300a0 [term 0 FOLLOWER]: Advancing to term 1
I20260710 11:00:08.371197 19686 leader_election.cc:290] T 6c3bb6a2a03d4cdf986d08bdc46e83dc P 23e3d9f8cb4b4e37910c0e651fc300a0 [CANDIDATE]: Term 1 election: Requested vote from peers f2bc731d62814ec99b3eef6119cfe10c (127.17.241.193:35561), df692cbddb7e48869f2512be1b3397a9 (127.17.241.195:33453)
I20260710 11:00:08.376386 19491 tablet_service.cc:1917] Received RequestConsensusVote() RPC: tablet_id: "6c3bb6a2a03d4cdf986d08bdc46e83dc" candidate_uuid: "23e3d9f8cb4b4e37910c0e651fc300a0" candidate_term: 1 candidate_status { last_received { term: 0 index: 0 } } ignore_live_leader: false dest_uuid: "f2bc731d62814ec99b3eef6119cfe10c"
I20260710 11:00:08.377969 19640 tablet_service.cc:1917] Received RequestConsensusVote() RPC: tablet_id: "6c3bb6a2a03d4cdf986d08bdc46e83dc" candidate_uuid: "23e3d9f8cb4b4e37910c0e651fc300a0" candidate_term: 1 candidate_status { last_received { term: 0 index: 0 } } ignore_live_leader: false dest_uuid: "df692cbddb7e48869f2512be1b3397a9"
I20260710 11:00:08.378660 19640 raft_consensus.cc:3060] T 6c3bb6a2a03d4cdf986d08bdc46e83dc P df692cbddb7e48869f2512be1b3397a9 [term 0 FOLLOWER]: Advancing to term 1
I20260710 11:00:08.379863 19689 raft_consensus.cc:515] T ffe98cd0f2a14b6bbf890618feeb94d4 P 23e3d9f8cb4b4e37910c0e651fc300a0 [term 1 FOLLOWER]: Starting leader election with config: opid_index: -1 OBSOLETE_local: false peers { permanent_uuid: "f2bc731d62814ec99b3eef6119cfe10c" member_type: VOTER last_known_addr { host: "127.17.241.193" port: 35561 } } peers { permanent_uuid: "23e3d9f8cb4b4e37910c0e651fc300a0" member_type: VOTER last_known_addr { host: "127.17.241.194" port: 43579 } } peers { permanent_uuid: "df692cbddb7e48869f2512be1b3397a9" member_type: VOTER last_known_addr { host: "127.17.241.195" port: 33453 } }
I20260710 11:00:08.361526 19681 consensus_queue.cc:260] T 423c0a82be76446d93530c29d8c04237 P df692cbddb7e48869f2512be1b3397a9 [NON_LEADER]: Queue going to NON_LEADER mode. State: All replicated index: 0, Majority replicated index: 0, Committed index: 0, Last appended: 0.0, Last appended by leader: 0, Current term: 0, Majority size: -1, State: 0, Mode: NON_LEADER, active raft config: opid_index: -1 OBSOLETE_local: false peers { permanent_uuid: "f2bc731d62814ec99b3eef6119cfe10c" member_type: VOTER last_known_addr { host: "127.17.241.193" port: 35561 } } peers { permanent_uuid: "23e3d9f8cb4b4e37910c0e651fc300a0" member_type: VOTER last_known_addr { host: "127.17.241.194" port: 43579 } } peers { permanent_uuid: "df692cbddb7e48869f2512be1b3397a9" member_type: VOTER last_known_addr { host: "127.17.241.195" port: 33453 } }
I20260710 11:00:08.386152 19689 leader_election.cc:290] T ffe98cd0f2a14b6bbf890618feeb94d4 P 23e3d9f8cb4b4e37910c0e651fc300a0 [CANDIDATE]: Term 1 election: Requested vote from peers f2bc731d62814ec99b3eef6119cfe10c (127.17.241.193:35561), df692cbddb7e48869f2512be1b3397a9 (127.17.241.195:33453)
I20260710 11:00:08.387329 19639 raft_consensus.cc:2468] T 423c0a82be76446d93530c29d8c04237 P df692cbddb7e48869f2512be1b3397a9 [term 0 FOLLOWER]: Leader pre-election vote request: Granting yes vote for candidate f2bc731d62814ec99b3eef6119cfe10c in term 0.
I20260710 11:00:08.398849 19638 tablet_service.cc:1917] Received RequestConsensusVote() RPC: tablet_id: "625b01c4bc3c4258a46826d09440d20e" candidate_uuid: "f2bc731d62814ec99b3eef6119cfe10c" candidate_term: 1 candidate_status { last_received { term: 0 index: 0 } } ignore_live_leader: false dest_uuid: "df692cbddb7e48869f2512be1b3397a9" is_pre_election: true
I20260710 11:00:08.413502 19492 tablet_service.cc:1917] Received RequestConsensusVote() RPC: tablet_id: "ffe98cd0f2a14b6bbf890618feeb94d4" candidate_uuid: "23e3d9f8cb4b4e37910c0e651fc300a0" candidate_term: 1 candidate_status { last_received { term: 0 index: 0 } } ignore_live_leader: false dest_uuid: "f2bc731d62814ec99b3eef6119cfe10c"
I20260710 11:00:08.413784 19563 raft_consensus.cc:2468] T 332368f7c4fa4827bb51eac096d6ea86 P 23e3d9f8cb4b4e37910c0e651fc300a0 [term 1 FOLLOWER]: Leader election vote request: Granting yes vote for candidate df692cbddb7e48869f2512be1b3397a9 in term 1.
I20260710 11:00:08.414196 19492 raft_consensus.cc:3060] T ffe98cd0f2a14b6bbf890618feeb94d4 P f2bc731d62814ec99b3eef6119cfe10c [term 0 FOLLOWER]: Advancing to term 1
I20260710 11:00:08.386093 19695 raft_consensus.cc:515] T 6c3bb6a2a03d4cdf986d08bdc46e83dc P f2bc731d62814ec99b3eef6119cfe10c [term 1 FOLLOWER]: Starting leader election with config: opid_index: -1 OBSOLETE_local: false peers { permanent_uuid: "f2bc731d62814ec99b3eef6119cfe10c" member_type: VOTER last_known_addr { host: "127.17.241.193" port: 35561 } } peers { permanent_uuid: "23e3d9f8cb4b4e37910c0e651fc300a0" member_type: VOTER last_known_addr { host: "127.17.241.194" port: 43579 } } peers { permanent_uuid: "df692cbddb7e48869f2512be1b3397a9" member_type: VOTER last_known_addr { host: "127.17.241.195" port: 33453 } }
I20260710 11:00:08.418809 19491 raft_consensus.cc:2393] T 6c3bb6a2a03d4cdf986d08bdc46e83dc P f2bc731d62814ec99b3eef6119cfe10c [term 1 FOLLOWER]: Leader election vote request: Denying vote to candidate 23e3d9f8cb4b4e37910c0e651fc300a0 in current term 1: Already voted for candidate f2bc731d62814ec99b3eef6119cfe10c in this term.
I20260710 11:00:08.409560 19637 tablet_service.cc:1917] Received RequestConsensusVote() RPC: tablet_id: "ffe98cd0f2a14b6bbf890618feeb94d4" candidate_uuid: "23e3d9f8cb4b4e37910c0e651fc300a0" candidate_term: 1 candidate_status { last_received { term: 0 index: 0 } } ignore_live_leader: false dest_uuid: "df692cbddb7e48869f2512be1b3397a9"
I20260710 11:00:08.423676 19686 consensus_queue.cc:1048] T 3a0a4fca687840c599f7cefd432a0ad1 P 23e3d9f8cb4b4e37910c0e651fc300a0 [LEADER]: Connected to new peer: Peer: permanent_uuid: "df692cbddb7e48869f2512be1b3397a9" member_type: VOTER last_known_addr { host: "127.17.241.195" port: 33453 }, Status: LMP_MISMATCH, Last received: 0.0, Next index: 1, Last known committed idx: 0, Time since last communication: 0.001s
I20260710 11:00:08.424129 19566 tablet_service.cc:1917] Received RequestConsensusVote() RPC: tablet_id: "6c3bb6a2a03d4cdf986d08bdc46e83dc" candidate_uuid: "f2bc731d62814ec99b3eef6119cfe10c" candidate_term: 1 candidate_status { last_received { term: 0 index: 0 } } ignore_live_leader: false dest_uuid: "23e3d9f8cb4b4e37910c0e651fc300a0"
I20260710 11:00:08.424896 19566 raft_consensus.cc:2393] T 6c3bb6a2a03d4cdf986d08bdc46e83dc P 23e3d9f8cb4b4e37910c0e651fc300a0 [term 1 FOLLOWER]: Leader election vote request: Denying vote to candidate f2bc731d62814ec99b3eef6119cfe10c in current term 1: Already voted for candidate 23e3d9f8cb4b4e37910c0e651fc300a0 in this term.
I20260710 11:00:08.425554 19681 ts_tablet_manager.cc:1434] T 423c0a82be76446d93530c29d8c04237 P df692cbddb7e48869f2512be1b3397a9: Time spent starting tablet: real 0.104s	user 0.007s	sys 0.001s
W20260710 11:00:08.427316 19532 leader_election.cc:343] T ffe98cd0f2a14b6bbf890618feeb94d4 P 23e3d9f8cb4b4e37910c0e651fc300a0 [CANDIDATE]: Term 1 election: Tablet error from VoteRequest() call to peer df692cbddb7e48869f2512be1b3397a9 (127.17.241.195:33453): Illegal state: must be running to vote when last-logged opid is not known
I20260710 11:00:08.428129 19695 leader_election.cc:290] T 6c3bb6a2a03d4cdf986d08bdc46e83dc P f2bc731d62814ec99b3eef6119cfe10c [CANDIDATE]: Term 1 election: Requested vote from peers 23e3d9f8cb4b4e37910c0e651fc300a0 (127.17.241.194:43579), df692cbddb7e48869f2512be1b3397a9 (127.17.241.195:33453)
I20260710 11:00:08.430147 19492 raft_consensus.cc:2468] T ffe98cd0f2a14b6bbf890618feeb94d4 P f2bc731d62814ec99b3eef6119cfe10c [term 1 FOLLOWER]: Leader election vote request: Granting yes vote for candidate 23e3d9f8cb4b4e37910c0e651fc300a0 in term 1.
I20260710 11:00:08.433044 19681 tablet_bootstrap.cc:492] T ffe98cd0f2a14b6bbf890618feeb94d4 P df692cbddb7e48869f2512be1b3397a9: Bootstrap starting.
I20260710 11:00:08.437907 19639 raft_consensus.cc:3060] T dd82b4f44fcb4fdca649bb2999325193 P df692cbddb7e48869f2512be1b3397a9 [term 0 FOLLOWER]: Advancing to term 1
I20260710 11:00:08.431589 19766 consensus_queue.cc:1048] T a3c812f1c1404b6e8b707bd5c5b830e7 P df692cbddb7e48869f2512be1b3397a9 [LEADER]: Connected to new peer: Peer: permanent_uuid: "23e3d9f8cb4b4e37910c0e651fc300a0" member_type: VOTER last_known_addr { host: "127.17.241.194" port: 43579 }, Status: LMP_MISMATCH, Last received: 0.0, Next index: 1, Last known committed idx: 0, Time since last communication: 0.003s
I20260710 11:00:08.441001 19695 consensus_queue.cc:1048] T a09dc96608cc496f9eaa8ea61f7f829e P f2bc731d62814ec99b3eef6119cfe10c [LEADER]: Connected to new peer: Peer: permanent_uuid: "23e3d9f8cb4b4e37910c0e651fc300a0" member_type: VOTER last_known_addr { host: "127.17.241.194" port: 43579 }, Status: LMP_MISMATCH, Last received: 0.0, Next index: 1, Last known committed idx: 0, Time since last communication: 0.004s
I20260710 11:00:08.434964 19640 raft_consensus.cc:2468] T 6c3bb6a2a03d4cdf986d08bdc46e83dc P df692cbddb7e48869f2512be1b3397a9 [term 1 FOLLOWER]: Leader election vote request: Granting yes vote for candidate 23e3d9f8cb4b4e37910c0e651fc300a0 in term 1.
I20260710 11:00:08.440682 19720 consensus_queue.cc:1048] T a3c812f1c1404b6e8b707bd5c5b830e7 P df692cbddb7e48869f2512be1b3397a9 [LEADER]: Connected to new peer: Peer: permanent_uuid: "f2bc731d62814ec99b3eef6119cfe10c" member_type: VOTER last_known_addr { host: "127.17.241.193" port: 35561 }, Status: LMP_MISMATCH, Last received: 0.0, Next index: 1, Last known committed idx: 0, Time since last communication: 0.014s
I20260710 11:00:08.448766 19682 tablet_bootstrap.cc:492] T 8c15fbd7ae0b49e3949eaf3937ab6e7f P 23e3d9f8cb4b4e37910c0e651fc300a0: No bootstrap required, opened a new log
I20260710 11:00:08.512176 19763 raft_consensus.cc:493] T dd82b4f44fcb4fdca649bb2999325193 P df692cbddb7e48869f2512be1b3397a9 [term 1 FOLLOWER]: Starting pre-election (no leader contacted us within the election timeout)
I20260710 11:00:08.444133 19755 consensus_queue.cc:1048] T 2e15acc450244ab088903ab7fd85f252 P f2bc731d62814ec99b3eef6119cfe10c [LEADER]: Connected to new peer: Peer: permanent_uuid: "df692cbddb7e48869f2512be1b3397a9" member_type: VOTER last_known_addr { host: "127.17.241.195" port: 33453 }, Status: LMP_MISMATCH, Last received: 0.0, Next index: 1, Last known committed idx: 0, Time since last communication: 0.073s
I20260710 11:00:08.517087 19763 raft_consensus.cc:515] T dd82b4f44fcb4fdca649bb2999325193 P df692cbddb7e48869f2512be1b3397a9 [term 1 FOLLOWER]: Starting pre-election with config: opid_index: -1 OBSOLETE_local: false peers { permanent_uuid: "f2bc731d62814ec99b3eef6119cfe10c" member_type: VOTER last_known_addr { host: "127.17.241.193" port: 35561 } } peers { permanent_uuid: "23e3d9f8cb4b4e37910c0e651fc300a0" member_type: VOTER last_known_addr { host: "127.17.241.194" port: 43579 } } peers { permanent_uuid: "df692cbddb7e48869f2512be1b3397a9" member_type: VOTER last_known_addr { host: "127.17.241.195" port: 33453 } }
I20260710 11:00:08.520350 19681 tablet_bootstrap.cc:654] T ffe98cd0f2a14b6bbf890618feeb94d4 P df692cbddb7e48869f2512be1b3397a9: Neither blocks nor log segments found. Creating new log.
I20260710 11:00:08.523582 19763 leader_election.cc:290] T dd82b4f44fcb4fdca649bb2999325193 P df692cbddb7e48869f2512be1b3397a9 [CANDIDATE]: Term 2 pre-election: Requested pre-vote from peers f2bc731d62814ec99b3eef6119cfe10c (127.17.241.193:35561), 23e3d9f8cb4b4e37910c0e651fc300a0 (127.17.241.194:43579)
I20260710 11:00:08.461397 19641 tablet_service.cc:1917] Received RequestConsensusVote() RPC: tablet_id: "6c3bb6a2a03d4cdf986d08bdc46e83dc" candidate_uuid: "f2bc731d62814ec99b3eef6119cfe10c" candidate_term: 1 candidate_status { last_received { term: 0 index: 0 } } ignore_live_leader: false dest_uuid: "df692cbddb7e48869f2512be1b3397a9"
I20260710 11:00:08.525396 19532 leader_election.cc:304] T 6c3bb6a2a03d4cdf986d08bdc46e83dc P 23e3d9f8cb4b4e37910c0e651fc300a0 [CANDIDATE]: Term 1 election: Election decided. Result: candidate won. Election summary: received 3 responses out of 3 voters: 2 yes votes; 1 no votes. yes voters: 23e3d9f8cb4b4e37910c0e651fc300a0, df692cbddb7e48869f2512be1b3397a9; no voters: f2bc731d62814ec99b3eef6119cfe10c
I20260710 11:00:08.526546 19686 raft_consensus.cc:2804] T 6c3bb6a2a03d4cdf986d08bdc46e83dc P 23e3d9f8cb4b4e37910c0e651fc300a0 [term 1 FOLLOWER]: Leader election won for term 1
I20260710 11:00:08.527010 19686 raft_consensus.cc:697] T 6c3bb6a2a03d4cdf986d08bdc46e83dc P 23e3d9f8cb4b4e37910c0e651fc300a0 [term 1 LEADER]: Becoming Leader. State: Replica: 23e3d9f8cb4b4e37910c0e651fc300a0, State: Running, Role: LEADER
I20260710 11:00:08.527727 19686 consensus_queue.cc:237] T 6c3bb6a2a03d4cdf986d08bdc46e83dc P 23e3d9f8cb4b4e37910c0e651fc300a0 [LEADER]: Queue going to LEADER mode. State: All replicated index: 0, Majority replicated index: 0, Committed index: 0, Last appended: 0.0, Last appended by leader: 0, Current term: 1, Majority size: 2, State: 0, Mode: LEADER, active raft config: opid_index: -1 OBSOLETE_local: false peers { permanent_uuid: "f2bc731d62814ec99b3eef6119cfe10c" member_type: VOTER last_known_addr { host: "127.17.241.193" port: 35561 } } peers { permanent_uuid: "23e3d9f8cb4b4e37910c0e651fc300a0" member_type: VOTER last_known_addr { host: "127.17.241.194" port: 43579 } } peers { permanent_uuid: "df692cbddb7e48869f2512be1b3397a9" member_type: VOTER last_known_addr { host: "127.17.241.195" port: 33453 } }
I20260710 11:00:08.513335 19689 consensus_queue.cc:1048] T dd82b4f44fcb4fdca649bb2999325193 P 23e3d9f8cb4b4e37910c0e651fc300a0 [LEADER]: Connected to new peer: Peer: permanent_uuid: "df692cbddb7e48869f2512be1b3397a9" member_type: VOTER last_known_addr { host: "127.17.241.195" port: 33453 }, Status: LMP_MISMATCH, Last received: 0.0, Next index: 1, Last known committed idx: 0, Time since last communication: 0.018s
I20260710 11:00:08.525650 19641 raft_consensus.cc:2393] T 6c3bb6a2a03d4cdf986d08bdc46e83dc P df692cbddb7e48869f2512be1b3397a9 [term 1 FOLLOWER]: Leader election vote request: Denying vote to candidate f2bc731d62814ec99b3eef6119cfe10c in current term 1: Already voted for candidate 23e3d9f8cb4b4e37910c0e651fc300a0 in this term.
W20260710 11:00:08.452219 19457 leader_election.cc:343] T 625b01c4bc3c4258a46826d09440d20e P f2bc731d62814ec99b3eef6119cfe10c [CANDIDATE]: Term 1 pre-election: Tablet error from VoteRequest() call to peer df692cbddb7e48869f2512be1b3397a9 (127.17.241.195:33453): Illegal state: must be running to vote when last-logged opid is not known
I20260710 11:00:08.536536 19457 leader_election.cc:304] T 625b01c4bc3c4258a46826d09440d20e P f2bc731d62814ec99b3eef6119cfe10c [CANDIDATE]: Term 1 pre-election: Election decided. Result: candidate lost. Election summary: received 3 responses out of 3 voters: 1 yes votes; 2 no votes. yes voters: f2bc731d62814ec99b3eef6119cfe10c; no voters: 23e3d9f8cb4b4e37910c0e651fc300a0, df692cbddb7e48869f2512be1b3397a9
I20260710 11:00:08.447947 19533 leader_election.cc:304] T ffe98cd0f2a14b6bbf890618feeb94d4 P 23e3d9f8cb4b4e37910c0e651fc300a0 [CANDIDATE]: Term 1 election: Election decided. Result: candidate won. Election summary: received 3 responses out of 3 voters: 2 yes votes; 1 no votes. yes voters: 23e3d9f8cb4b4e37910c0e651fc300a0, f2bc731d62814ec99b3eef6119cfe10c; no voters: df692cbddb7e48869f2512be1b3397a9
I20260710 11:00:08.538455 19489 tablet_service.cc:1917] Received RequestConsensusVote() RPC: tablet_id: "dd82b4f44fcb4fdca649bb2999325193" candidate_uuid: "df692cbddb7e48869f2512be1b3397a9" candidate_term: 2 candidate_status { last_received { term: 0 index: 0 } } ignore_live_leader: false dest_uuid: "f2bc731d62814ec99b3eef6119cfe10c" is_pre_election: true
I20260710 11:00:08.517102 19682 ts_tablet_manager.cc:1403] T 8c15fbd7ae0b49e3949eaf3937ab6e7f P 23e3d9f8cb4b4e37910c0e651fc300a0: Time spent bootstrapping tablet: real 0.258s	user 0.014s	sys 0.018s
I20260710 11:00:08.508162 19684 tablet_bootstrap.cc:654] T 189e5a6d67f0484c9ec4f163daf70792 P f2bc731d62814ec99b3eef6119cfe10c: Neither blocks nor log segments found. Creating new log.
I20260710 11:00:08.537550 19755 raft_consensus.cc:2749] T 625b01c4bc3c4258a46826d09440d20e P f2bc731d62814ec99b3eef6119cfe10c [term 0 FOLLOWER]: Leader pre-election lost for term 1. Reason: could not achieve majority
W20260710 11:00:08.537487 19457 outbound_call.cc:321] RPC callback for RPC call kudu.consensus.ConsensusService.RequestConsensusVote -> {remote=127.17.241.195:33453, user_credentials={real_user=slave}} blocked reactor thread for 88280.4us
I20260710 11:00:08.542392 19686 raft_consensus.cc:2804] T ffe98cd0f2a14b6bbf890618feeb94d4 P 23e3d9f8cb4b4e37910c0e651fc300a0 [term 1 FOLLOWER]: Leader election won for term 1
W20260710 11:00:08.552692 19533 outbound_call.cc:321] RPC callback for RPC call kudu.consensus.ConsensusService.RequestConsensusVote -> {remote=127.17.241.193:35561, user_credentials={real_user=slave}} blocked reactor thread for 110802us
I20260710 11:00:08.557128 19686 raft_consensus.cc:697] T ffe98cd0f2a14b6bbf890618feeb94d4 P 23e3d9f8cb4b4e37910c0e651fc300a0 [term 1 LEADER]: Becoming Leader. State: Replica: 23e3d9f8cb4b4e37910c0e651fc300a0, State: Running, Role: LEADER
I20260710 11:00:08.559053 19604 leader_election.cc:304] T 332368f7c4fa4827bb51eac096d6ea86 P df692cbddb7e48869f2512be1b3397a9 [CANDIDATE]: Term 1 election: Election decided. Result: candidate won. Election summary: received 3 responses out of 3 voters: 2 yes votes; 1 no votes. yes voters: 23e3d9f8cb4b4e37910c0e651fc300a0, df692cbddb7e48869f2512be1b3397a9; no voters: f2bc731d62814ec99b3eef6119cfe10c
I20260710 11:00:08.561501 19763 raft_consensus.cc:2804] T 332368f7c4fa4827bb51eac096d6ea86 P df692cbddb7e48869f2512be1b3397a9 [term 1 FOLLOWER]: Leader election won for term 1
I20260710 11:00:08.561990 19763 raft_consensus.cc:697] T 332368f7c4fa4827bb51eac096d6ea86 P df692cbddb7e48869f2512be1b3397a9 [term 1 LEADER]: Becoming Leader. State: Replica: df692cbddb7e48869f2512be1b3397a9, State: Running, Role: LEADER
I20260710 11:00:08.563323 19681 tablet_bootstrap.cc:492] T ffe98cd0f2a14b6bbf890618feeb94d4 P df692cbddb7e48869f2512be1b3397a9: No bootstrap required, opened a new log
I20260710 11:00:08.563002 19763 consensus_queue.cc:237] T 332368f7c4fa4827bb51eac096d6ea86 P df692cbddb7e48869f2512be1b3397a9 [LEADER]: Queue going to LEADER mode. State: All replicated index: 0, Majority replicated index: 0, Committed index: 0, Last appended: 0.0, Last appended by leader: 0, Current term: 1, Majority size: 2, State: 0, Mode: LEADER, active raft config: opid_index: -1 OBSOLETE_local: false peers { permanent_uuid: "f2bc731d62814ec99b3eef6119cfe10c" member_type: VOTER last_known_addr { host: "127.17.241.193" port: 35561 } } peers { permanent_uuid: "23e3d9f8cb4b4e37910c0e651fc300a0" member_type: VOTER last_known_addr { host: "127.17.241.194" port: 43579 } } peers { permanent_uuid: "df692cbddb7e48869f2512be1b3397a9" member_type: VOTER last_known_addr { host: "127.17.241.195" port: 33453 } }
I20260710 11:00:08.563779 19681 ts_tablet_manager.cc:1403] T ffe98cd0f2a14b6bbf890618feeb94d4 P df692cbddb7e48869f2512be1b3397a9: Time spent bootstrapping tablet: real 0.131s	user 0.018s	sys 0.011s
I20260710 11:00:08.558051 19686 consensus_queue.cc:237] T ffe98cd0f2a14b6bbf890618feeb94d4 P 23e3d9f8cb4b4e37910c0e651fc300a0 [LEADER]: Queue going to LEADER mode. State: All replicated index: 0, Majority replicated index: 0, Committed index: 0, Last appended: 0.0, Last appended by leader: 0, Current term: 1, Majority size: 2, State: 0, Mode: LEADER, active raft config: opid_index: -1 OBSOLETE_local: false peers { permanent_uuid: "f2bc731d62814ec99b3eef6119cfe10c" member_type: VOTER last_known_addr { host: "127.17.241.193" port: 35561 } } peers { permanent_uuid: "23e3d9f8cb4b4e37910c0e651fc300a0" member_type: VOTER last_known_addr { host: "127.17.241.194" port: 43579 } } peers { permanent_uuid: "df692cbddb7e48869f2512be1b3397a9" member_type: VOTER last_known_addr { host: "127.17.241.195" port: 33453 } }
I20260710 11:00:08.576828 19682 raft_consensus.cc:359] T 8c15fbd7ae0b49e3949eaf3937ab6e7f P 23e3d9f8cb4b4e37910c0e651fc300a0 [term 0 FOLLOWER]: Replica starting. Triggering 0 pending ops. Active config: opid_index: -1 OBSOLETE_local: false peers { permanent_uuid: "f2bc731d62814ec99b3eef6119cfe10c" member_type: VOTER last_known_addr { host: "127.17.241.193" port: 35561 } } peers { permanent_uuid: "23e3d9f8cb4b4e37910c0e651fc300a0" member_type: VOTER last_known_addr { host: "127.17.241.194" port: 43579 } } peers { permanent_uuid: "df692cbddb7e48869f2512be1b3397a9" member_type: VOTER last_known_addr { host: "127.17.241.195" port: 33453 } }
I20260710 11:00:08.577580 19682 raft_consensus.cc:385] T 8c15fbd7ae0b49e3949eaf3937ab6e7f P 23e3d9f8cb4b4e37910c0e651fc300a0 [term 0 FOLLOWER]: Consensus starting up: Expiring failure detector timer to make a prompt election more likely
I20260710 11:00:08.577857 19682 raft_consensus.cc:740] T 8c15fbd7ae0b49e3949eaf3937ab6e7f P 23e3d9f8cb4b4e37910c0e651fc300a0 [term 0 FOLLOWER]: Becoming Follower/Learner. State: Replica: 23e3d9f8cb4b4e37910c0e651fc300a0, State: Initialized, Role: FOLLOWER
I20260710 11:00:08.583595 19682 consensus_queue.cc:260] T 8c15fbd7ae0b49e3949eaf3937ab6e7f P 23e3d9f8cb4b4e37910c0e651fc300a0 [NON_LEADER]: Queue going to NON_LEADER mode. State: All replicated index: 0, Majority replicated index: 0, Committed index: 0, Last appended: 0.0, Last appended by leader: 0, Current term: 0, Majority size: -1, State: 0, Mode: NON_LEADER, active raft config: opid_index: -1 OBSOLETE_local: false peers { permanent_uuid: "f2bc731d62814ec99b3eef6119cfe10c" member_type: VOTER last_known_addr { host: "127.17.241.193" port: 35561 } } peers { permanent_uuid: "23e3d9f8cb4b4e37910c0e651fc300a0" member_type: VOTER last_known_addr { host: "127.17.241.194" port: 43579 } } peers { permanent_uuid: "df692cbddb7e48869f2512be1b3397a9" member_type: VOTER last_known_addr { host: "127.17.241.195" port: 33453 } }
I20260710 11:00:08.585768 19682 ts_tablet_manager.cc:1434] T 8c15fbd7ae0b49e3949eaf3937ab6e7f P 23e3d9f8cb4b4e37910c0e651fc300a0: Time spent starting tablet: real 0.043s	user 0.003s	sys 0.004s
I20260710 11:00:08.568116 19457 leader_election.cc:304] T 423c0a82be76446d93530c29d8c04237 P f2bc731d62814ec99b3eef6119cfe10c [CANDIDATE]: Term 1 pre-election: Election decided. Result: candidate won. Election summary: received 3 responses out of 3 voters: 2 yes votes; 1 no votes. yes voters: df692cbddb7e48869f2512be1b3397a9, f2bc731d62814ec99b3eef6119cfe10c; no voters: 23e3d9f8cb4b4e37910c0e651fc300a0
I20260710 11:00:08.587337 19681 raft_consensus.cc:359] T ffe98cd0f2a14b6bbf890618feeb94d4 P df692cbddb7e48869f2512be1b3397a9 [term 0 FOLLOWER]: Replica starting. Triggering 0 pending ops. Active config: opid_index: -1 OBSOLETE_local: false peers { permanent_uuid: "f2bc731d62814ec99b3eef6119cfe10c" member_type: VOTER last_known_addr { host: "127.17.241.193" port: 35561 } } peers { permanent_uuid: "23e3d9f8cb4b4e37910c0e651fc300a0" member_type: VOTER last_known_addr { host: "127.17.241.194" port: 43579 } } peers { permanent_uuid: "df692cbddb7e48869f2512be1b3397a9" member_type: VOTER last_known_addr { host: "127.17.241.195" port: 33453 } }
I20260710 11:00:08.590469 19681 raft_consensus.cc:385] T ffe98cd0f2a14b6bbf890618feeb94d4 P df692cbddb7e48869f2512be1b3397a9 [term 0 FOLLOWER]: Consensus starting up: Expiring failure detector timer to make a prompt election more likely
I20260710 11:00:08.586350 19566 tablet_service.cc:1917] Received RequestConsensusVote() RPC: tablet_id: "dd82b4f44fcb4fdca649bb2999325193" candidate_uuid: "df692cbddb7e48869f2512be1b3397a9" candidate_term: 2 candidate_status { last_received { term: 0 index: 0 } } ignore_live_leader: false dest_uuid: "23e3d9f8cb4b4e37910c0e651fc300a0" is_pre_election: true
I20260710 11:00:08.590884 19681 raft_consensus.cc:740] T ffe98cd0f2a14b6bbf890618feeb94d4 P df692cbddb7e48869f2512be1b3397a9 [term 0 FOLLOWER]: Becoming Follower/Learner. State: Replica: df692cbddb7e48869f2512be1b3397a9, State: Initialized, Role: FOLLOWER
I20260710 11:00:08.597002 19681 consensus_queue.cc:260] T ffe98cd0f2a14b6bbf890618feeb94d4 P df692cbddb7e48869f2512be1b3397a9 [NON_LEADER]: Queue going to NON_LEADER mode. State: All replicated index: 0, Majority replicated index: 0, Committed index: 0, Last appended: 0.0, Last appended by leader: 0, Current term: 0, Majority size: -1, State: 0, Mode: NON_LEADER, active raft config: opid_index: -1 OBSOLETE_local: false peers { permanent_uuid: "f2bc731d62814ec99b3eef6119cfe10c" member_type: VOTER last_known_addr { host: "127.17.241.193" port: 35561 } } peers { permanent_uuid: "23e3d9f8cb4b4e37910c0e651fc300a0" member_type: VOTER last_known_addr { host: "127.17.241.194" port: 43579 } } peers { permanent_uuid: "df692cbddb7e48869f2512be1b3397a9" member_type: VOTER last_known_addr { host: "127.17.241.195" port: 33453 } }
I20260710 11:00:08.598125 19682 tablet_bootstrap.cc:492] T ea0af4b52205433a852003c1b3a323b7 P 23e3d9f8cb4b4e37910c0e651fc300a0: Bootstrap starting.
I20260710 11:00:08.599211 19695 raft_consensus.cc:2804] T 423c0a82be76446d93530c29d8c04237 P f2bc731d62814ec99b3eef6119cfe10c [term 0 FOLLOWER]: Leader pre-election won for term 1
I20260710 11:00:08.599601 19695 raft_consensus.cc:493] T 423c0a82be76446d93530c29d8c04237 P f2bc731d62814ec99b3eef6119cfe10c [term 0 FOLLOWER]: Starting leader election (no leader contacted us within the election timeout)
I20260710 11:00:08.599932 19695 raft_consensus.cc:3060] T 423c0a82be76446d93530c29d8c04237 P f2bc731d62814ec99b3eef6119cfe10c [term 0 FOLLOWER]: Advancing to term 1
I20260710 11:00:08.609021 19387 catalog_manager.cc:5697] T 6c3bb6a2a03d4cdf986d08bdc46e83dc P 23e3d9f8cb4b4e37910c0e651fc300a0 reported cstate change: term changed from 0 to 1, leader changed from <none> to 23e3d9f8cb4b4e37910c0e651fc300a0 (127.17.241.194). New cstate: current_term: 1 leader_uuid: "23e3d9f8cb4b4e37910c0e651fc300a0" committed_config { opid_index: -1 OBSOLETE_local: false peers { permanent_uuid: "f2bc731d62814ec99b3eef6119cfe10c" member_type: VOTER last_known_addr { host: "127.17.241.193" port: 35561 } health_report { overall_health: UNKNOWN } } peers { permanent_uuid: "23e3d9f8cb4b4e37910c0e651fc300a0" member_type: VOTER last_known_addr { host: "127.17.241.194" port: 43579 } health_report { overall_health: HEALTHY } } peers { permanent_uuid: "df692cbddb7e48869f2512be1b3397a9" member_type: VOTER last_known_addr { host: "127.17.241.195" port: 33453 } health_report { overall_health: UNKNOWN } } }
W20260710 11:00:08.604642 19457 outbound_call.cc:321] RPC callback for RPC call kudu.consensus.ConsensusService.RequestConsensusVote -> {remote=127.17.241.195:33453, user_credentials={real_user=slave}} blocked reactor thread for 44008.3us
I20260710 11:00:08.612856 19695 raft_consensus.cc:515] T 423c0a82be76446d93530c29d8c04237 P f2bc731d62814ec99b3eef6119cfe10c [term 1 FOLLOWER]: Starting leader election with config: opid_index: -1 OBSOLETE_local: false peers { permanent_uuid: "f2bc731d62814ec99b3eef6119cfe10c" member_type: VOTER last_known_addr { host: "127.17.241.193" port: 35561 } } peers { permanent_uuid: "23e3d9f8cb4b4e37910c0e651fc300a0" member_type: VOTER last_known_addr { host: "127.17.241.194" port: 43579 } } peers { permanent_uuid: "df692cbddb7e48869f2512be1b3397a9" member_type: VOTER last_known_addr { host: "127.17.241.195" port: 33453 } }
I20260710 11:00:08.614267 19681 ts_tablet_manager.cc:1434] T ffe98cd0f2a14b6bbf890618feeb94d4 P df692cbddb7e48869f2512be1b3397a9: Time spent starting tablet: real 0.050s	user 0.001s	sys 0.008s
I20260710 11:00:08.615003 19681 tablet_bootstrap.cc:492] T 8c15fbd7ae0b49e3949eaf3937ab6e7f P df692cbddb7e48869f2512be1b3397a9: Bootstrap starting.
I20260710 11:00:08.616771 19755 consensus_queue.cc:1048] T 55c3fcd3778341b495b7724e4cdb289f P f2bc731d62814ec99b3eef6119cfe10c [LEADER]: Connected to new peer: Peer: permanent_uuid: "df692cbddb7e48869f2512be1b3397a9" member_type: VOTER last_known_addr { host: "127.17.241.195" port: 33453 }, Status: LMP_MISMATCH, Last received: 0.0, Next index: 1, Last known committed idx: 0, Time since last communication: 0.015s
I20260710 11:00:08.636092 19682 tablet_bootstrap.cc:654] T ea0af4b52205433a852003c1b3a323b7 P 23e3d9f8cb4b4e37910c0e651fc300a0: Neither blocks nor log segments found. Creating new log.
I20260710 11:00:08.614014 19457 leader_election.cc:304] T 6c3bb6a2a03d4cdf986d08bdc46e83dc P f2bc731d62814ec99b3eef6119cfe10c [CANDIDATE]: Term 1 election: Election decided. Result: candidate lost. Election summary: received 3 responses out of 3 voters: 1 yes votes; 2 no votes. yes voters: f2bc731d62814ec99b3eef6119cfe10c; no voters: 23e3d9f8cb4b4e37910c0e651fc300a0, df692cbddb7e48869f2512be1b3397a9
I20260710 11:00:08.639669 19721 raft_consensus.cc:2749] T 6c3bb6a2a03d4cdf986d08bdc46e83dc P f2bc731d62814ec99b3eef6119cfe10c [term 1 FOLLOWER]: Leader election lost for term 1. Reason: could not achieve majority
I20260710 11:00:08.640753 19566 tablet_service.cc:1917] Received RequestConsensusVote() RPC: tablet_id: "423c0a82be76446d93530c29d8c04237" candidate_uuid: "f2bc731d62814ec99b3eef6119cfe10c" candidate_term: 1 candidate_status { last_received { term: 0 index: 0 } } ignore_live_leader: false dest_uuid: "23e3d9f8cb4b4e37910c0e651fc300a0"
W20260710 11:00:08.644243 19455 leader_election.cc:343] T 423c0a82be76446d93530c29d8c04237 P f2bc731d62814ec99b3eef6119cfe10c [CANDIDATE]: Term 1 election: Tablet error from VoteRequest() call to peer 23e3d9f8cb4b4e37910c0e651fc300a0 (127.17.241.194:43579): Illegal state: must be running to vote when last-logged opid is not known
I20260710 11:00:08.664099 19695 leader_election.cc:290] T 423c0a82be76446d93530c29d8c04237 P f2bc731d62814ec99b3eef6119cfe10c [CANDIDATE]: Term 1 election: Requested vote from peers 23e3d9f8cb4b4e37910c0e651fc300a0 (127.17.241.194:43579), df692cbddb7e48869f2512be1b3397a9 (127.17.241.195:33453)
W20260710 11:00:08.664136 19533 outbound_call.cc:321] RPC callback for RPC call kudu.consensus.ConsensusService.UpdateConsensus -> {remote=127.17.241.193:35561, user_credentials={real_user=slave}} blocked reactor thread for 84136.1us
I20260710 11:00:08.689190 19681 tablet_bootstrap.cc:654] T 8c15fbd7ae0b49e3949eaf3937ab6e7f P df692cbddb7e48869f2512be1b3397a9: Neither blocks nor log segments found. Creating new log.
I20260710 11:00:08.703624 19686 consensus_queue.cc:1048] T 3a0a4fca687840c599f7cefd432a0ad1 P 23e3d9f8cb4b4e37910c0e651fc300a0 [LEADER]: Connected to new peer: Peer: permanent_uuid: "f2bc731d62814ec99b3eef6119cfe10c" member_type: VOTER last_known_addr { host: "127.17.241.193" port: 35561 }, Status: LMP_MISMATCH, Last received: 0.0, Next index: 1, Last known committed idx: 0, Time since last communication: 0.001s
I20260710 11:00:08.700496 19763 raft_consensus.cc:493] T ffe98cd0f2a14b6bbf890618feeb94d4 P df692cbddb7e48869f2512be1b3397a9 [term 0 FOLLOWER]: Starting pre-election (no leader contacted us within the election timeout)
I20260710 11:00:08.705526 19763 raft_consensus.cc:515] T ffe98cd0f2a14b6bbf890618feeb94d4 P df692cbddb7e48869f2512be1b3397a9 [term 0 FOLLOWER]: Starting pre-election with config: opid_index: -1 OBSOLETE_local: false peers { permanent_uuid: "f2bc731d62814ec99b3eef6119cfe10c" member_type: VOTER last_known_addr { host: "127.17.241.193" port: 35561 } } peers { permanent_uuid: "23e3d9f8cb4b4e37910c0e651fc300a0" member_type: VOTER last_known_addr { host: "127.17.241.194" port: 43579 } } peers { permanent_uuid: "df692cbddb7e48869f2512be1b3397a9" member_type: VOTER last_known_addr { host: "127.17.241.195" port: 33453 } }
I20260710 11:00:08.715664 19604 leader_election.cc:304] T dd82b4f44fcb4fdca649bb2999325193 P df692cbddb7e48869f2512be1b3397a9 [CANDIDATE]: Term 2 pre-election: Election decided. Result: candidate lost. Election summary: received 3 responses out of 3 voters: 1 yes votes; 2 no votes. yes voters: df692cbddb7e48869f2512be1b3397a9; no voters: 23e3d9f8cb4b4e37910c0e651fc300a0, f2bc731d62814ec99b3eef6119cfe10c
I20260710 11:00:08.715505 19387 catalog_manager.cc:5697] T 332368f7c4fa4827bb51eac096d6ea86 P df692cbddb7e48869f2512be1b3397a9 reported cstate change: term changed from 0 to 1, leader changed from <none> to df692cbddb7e48869f2512be1b3397a9 (127.17.241.195). New cstate: current_term: 1 leader_uuid: "df692cbddb7e48869f2512be1b3397a9" committed_config { opid_index: -1 OBSOLETE_local: false peers { permanent_uuid: "f2bc731d62814ec99b3eef6119cfe10c" member_type: VOTER last_known_addr { host: "127.17.241.193" port: 35561 } health_report { overall_health: UNKNOWN } } peers { permanent_uuid: "23e3d9f8cb4b4e37910c0e651fc300a0" member_type: VOTER last_known_addr { host: "127.17.241.194" port: 43579 } health_report { overall_health: UNKNOWN } } peers { permanent_uuid: "df692cbddb7e48869f2512be1b3397a9" member_type: VOTER last_known_addr { host: "127.17.241.195" port: 33453 } health_report { overall_health: HEALTHY } } }
I20260710 11:00:08.716512 19695 consensus_queue.cc:1048] T a09dc96608cc496f9eaa8ea61f7f829e P f2bc731d62814ec99b3eef6119cfe10c [LEADER]: Connected to new peer: Peer: permanent_uuid: "df692cbddb7e48869f2512be1b3397a9" member_type: VOTER last_known_addr { host: "127.17.241.195" port: 33453 }, Status: LMP_MISMATCH, Last received: 0.0, Next index: 1, Last known committed idx: 0, Time since last communication: 0.000s
I20260710 11:00:08.718389 19720 raft_consensus.cc:2749] T dd82b4f44fcb4fdca649bb2999325193 P df692cbddb7e48869f2512be1b3397a9 [term 1 FOLLOWER]: Leader pre-election lost for term 2. Reason: could not achieve majority
I20260710 11:00:08.718597 19755 consensus_queue.cc:1048] T 679d8dabeeaf47d6a81d3a9a6c7346e8 P f2bc731d62814ec99b3eef6119cfe10c [LEADER]: Connected to new peer: Peer: permanent_uuid: "df692cbddb7e48869f2512be1b3397a9" member_type: VOTER last_known_addr { host: "127.17.241.195" port: 33453 }, Status: LMP_MISMATCH, Last received: 0.0, Next index: 1, Last known committed idx: 0, Time since last communication: 0.002s
I20260710 11:00:08.725765 19770 consensus_queue.cc:1048] T 6b70382dd639464f9f9057b5039aa871 P df692cbddb7e48869f2512be1b3397a9 [LEADER]: Connected to new peer: Peer: permanent_uuid: "23e3d9f8cb4b4e37910c0e651fc300a0" member_type: VOTER last_known_addr { host: "127.17.241.194" port: 43579 }, Status: LMP_MISMATCH, Last received: 0.0, Next index: 1, Last known committed idx: 0, Time since last communication: 0.007s
I20260710 11:00:08.729959 19638 tablet_service.cc:1917] Received RequestConsensusVote() RPC: tablet_id: "423c0a82be76446d93530c29d8c04237" candidate_uuid: "f2bc731d62814ec99b3eef6119cfe10c" candidate_term: 1 candidate_status { last_received { term: 0 index: 0 } } ignore_live_leader: false dest_uuid: "df692cbddb7e48869f2512be1b3397a9"
I20260710 11:00:08.730576 19638 raft_consensus.cc:3060] T 423c0a82be76446d93530c29d8c04237 P df692cbddb7e48869f2512be1b3397a9 [term 0 FOLLOWER]: Advancing to term 1
I20260710 11:00:08.715571 19489 tablet_service.cc:1917] Received RequestConsensusVote() RPC: tablet_id: "ffe98cd0f2a14b6bbf890618feeb94d4" candidate_uuid: "df692cbddb7e48869f2512be1b3397a9" candidate_term: 1 candidate_status { last_received { term: 0 index: 0 } } ignore_live_leader: false dest_uuid: "f2bc731d62814ec99b3eef6119cfe10c" is_pre_election: true
I20260710 11:00:08.749366 19489 raft_consensus.cc:2393] T ffe98cd0f2a14b6bbf890618feeb94d4 P f2bc731d62814ec99b3eef6119cfe10c [term 1 FOLLOWER]: Leader pre-election vote request: Denying vote to candidate df692cbddb7e48869f2512be1b3397a9 in current term 1: Already voted for candidate 23e3d9f8cb4b4e37910c0e651fc300a0 in this term.
I20260710 11:00:08.739290 19763 leader_election.cc:290] T ffe98cd0f2a14b6bbf890618feeb94d4 P df692cbddb7e48869f2512be1b3397a9 [CANDIDATE]: Term 1 pre-election: Requested pre-vote from peers f2bc731d62814ec99b3eef6119cfe10c (127.17.241.193:35561), 23e3d9f8cb4b4e37910c0e651fc300a0 (127.17.241.194:43579)
I20260710 11:00:08.764922 19563 tablet_service.cc:1917] Received RequestConsensusVote() RPC: tablet_id: "ffe98cd0f2a14b6bbf890618feeb94d4" candidate_uuid: "df692cbddb7e48869f2512be1b3397a9" candidate_term: 1 candidate_status { last_received { term: 0 index: 0 } } ignore_live_leader: false dest_uuid: "23e3d9f8cb4b4e37910c0e651fc300a0" is_pre_election: true
I20260710 11:00:08.769213 19604 leader_election.cc:304] T ffe98cd0f2a14b6bbf890618feeb94d4 P df692cbddb7e48869f2512be1b3397a9 [CANDIDATE]: Term 1 pre-election: Election decided. Result: candidate lost. Election summary: received 3 responses out of 3 voters: 1 yes votes; 2 no votes. yes voters: df692cbddb7e48869f2512be1b3397a9; no voters: 23e3d9f8cb4b4e37910c0e651fc300a0, f2bc731d62814ec99b3eef6119cfe10c
I20260710 11:00:08.771852 19763 raft_consensus.cc:3060] T ffe98cd0f2a14b6bbf890618feeb94d4 P df692cbddb7e48869f2512be1b3397a9 [term 0 FOLLOWER]: Advancing to term 1
I20260710 11:00:08.772255 19684 tablet_bootstrap.cc:492] T 189e5a6d67f0484c9ec4f163daf70792 P f2bc731d62814ec99b3eef6119cfe10c: No bootstrap required, opened a new log
