I20260710 11:00:08.139665 15833 raft_consensus.cc:385] T 975c20d17d524edfacfed598f95879ea P fc60bebaf338411d9be576b2aa87e6ed [term 0 FOLLOWER]: Consensus starting up: Expiring failure detector timer to make a prompt election more likely
I20260710 11:00:08.139940 15833 raft_consensus.cc:740] T 975c20d17d524edfacfed598f95879ea P fc60bebaf338411d9be576b2aa87e6ed [term 0 FOLLOWER]: Becoming Follower/Learner. State: Replica: fc60bebaf338411d9be576b2aa87e6ed, State: Initialized, Role: FOLLOWER
I20260710 11:00:08.140486 15606 leader_election.cc:304] T eba347b56c984aa2adc32fffea4ee28e P c5348bb1aa85473bacee824cdf963ed0 [CANDIDATE]: Term 1 election: Election decided. Result: candidate won. Election summary: received 3 responses out of 3 voters: 2 yes votes; 1 no votes. yes voters: 8df24f82446e43fb8cd3ee2fc5e6ab7f, c5348bb1aa85473bacee824cdf963ed0; no voters: fc60bebaf338411d9be576b2aa87e6ed
I20260710 11:00:08.140584 15833 consensus_queue.cc:260] T 975c20d17d524edfacfed598f95879ea P fc60bebaf338411d9be576b2aa87e6ed [NON_LEADER]: Queue going to NON_LEADER mode. State: All replicated index: 0, Majority replicated index: 0, Committed index: 0, Last appended: 0.0, Last appended by leader: 0, Current term: 0, Majority size: -1, State: 0, Mode: NON_LEADER, active raft config: opid_index: -1 OBSOLETE_local: false peers { permanent_uuid: "c5348bb1aa85473bacee824cdf963ed0" member_type: VOTER last_known_addr { host: "127.14.47.65" port: 39299 } } peers { permanent_uuid: "8df24f82446e43fb8cd3ee2fc5e6ab7f" member_type: VOTER last_known_addr { host: "127.14.47.66" port: 34713 } } peers { permanent_uuid: "fc60bebaf338411d9be576b2aa87e6ed" member_type: VOTER last_known_addr { host: "127.14.47.67" port: 33091 } }
I20260710 11:00:08.141379 15867 raft_consensus.cc:2804] T eba347b56c984aa2adc32fffea4ee28e P c5348bb1aa85473bacee824cdf963ed0 [term 1 FOLLOWER]: Leader election won for term 1
I20260710 11:00:08.141812 15867 raft_consensus.cc:697] T eba347b56c984aa2adc32fffea4ee28e P c5348bb1aa85473bacee824cdf963ed0 [term 1 LEADER]: Becoming Leader. State: Replica: c5348bb1aa85473bacee824cdf963ed0, State: Running, Role: LEADER
I20260710 11:00:08.142750 15833 ts_tablet_manager.cc:1434] T 975c20d17d524edfacfed598f95879ea P fc60bebaf338411d9be576b2aa87e6ed: Time spent starting tablet: real 0.008s	user 0.006s	sys 0.001s
I20260710 11:00:08.142637 15867 consensus_queue.cc:237] T eba347b56c984aa2adc32fffea4ee28e P c5348bb1aa85473bacee824cdf963ed0 [LEADER]: Queue going to LEADER mode. State: All replicated index: 0, Majority replicated index: 0, Committed index: 0, Last appended: 0.0, Last appended by leader: 0, Current term: 1, Majority size: 2, State: 0, Mode: LEADER, active raft config: opid_index: -1 OBSOLETE_local: false peers { permanent_uuid: "c5348bb1aa85473bacee824cdf963ed0" member_type: VOTER last_known_addr { host: "127.14.47.65" port: 39299 } } peers { permanent_uuid: "8df24f82446e43fb8cd3ee2fc5e6ab7f" member_type: VOTER last_known_addr { host: "127.14.47.66" port: 34713 } } peers { permanent_uuid: "fc60bebaf338411d9be576b2aa87e6ed" member_type: VOTER last_known_addr { host: "127.14.47.67" port: 33091 } }
I20260710 11:00:08.143883 15833 tablet_bootstrap.cc:492] T eba347b56c984aa2adc32fffea4ee28e P fc60bebaf338411d9be576b2aa87e6ed: Bootstrap starting.
I20260710 11:00:08.156556 15833 tablet_bootstrap.cc:654] T eba347b56c984aa2adc32fffea4ee28e P fc60bebaf338411d9be576b2aa87e6ed: Neither blocks nor log segments found. Creating new log.
I20260710 11:00:08.162654 15831 tablet_bootstrap.cc:492] T ce8ae5197d8a4e3aa44ca8f6be4d917b P 8df24f82446e43fb8cd3ee2fc5e6ab7f: No bootstrap required, opened a new log
I20260710 11:00:08.163126 15831 ts_tablet_manager.cc:1403] T ce8ae5197d8a4e3aa44ca8f6be4d917b P 8df24f82446e43fb8cd3ee2fc5e6ab7f: Time spent bootstrapping tablet: real 0.082s	user 0.029s	sys 0.019s
I20260710 11:00:08.163189 15830 tablet_bootstrap.cc:492] T 69de1c063899434eaa4548932f8a66c2 P c5348bb1aa85473bacee824cdf963ed0: No bootstrap required, opened a new log
I20260710 11:00:08.163746 15830 ts_tablet_manager.cc:1403] T 69de1c063899434eaa4548932f8a66c2 P c5348bb1aa85473bacee824cdf963ed0: Time spent bootstrapping tablet: real 0.045s	user 0.008s	sys 0.009s
I20260710 11:00:08.167171 15830 raft_consensus.cc:359] T 69de1c063899434eaa4548932f8a66c2 P c5348bb1aa85473bacee824cdf963ed0 [term 0 FOLLOWER]: Replica starting. Triggering 0 pending ops. Active config: opid_index: -1 OBSOLETE_local: false peers { permanent_uuid: "c5348bb1aa85473bacee824cdf963ed0" member_type: VOTER last_known_addr { host: "127.14.47.65" port: 39299 } } peers { permanent_uuid: "8df24f82446e43fb8cd3ee2fc5e6ab7f" member_type: VOTER last_known_addr { host: "127.14.47.66" port: 34713 } } peers { permanent_uuid: "fc60bebaf338411d9be576b2aa87e6ed" member_type: VOTER last_known_addr { host: "127.14.47.67" port: 33091 } }
I20260710 11:00:08.167845 15830 raft_consensus.cc:385] T 69de1c063899434eaa4548932f8a66c2 P c5348bb1aa85473bacee824cdf963ed0 [term 0 FOLLOWER]: Consensus starting up: Expiring failure detector timer to make a prompt election more likely
I20260710 11:00:08.168138 15830 raft_consensus.cc:740] T 69de1c063899434eaa4548932f8a66c2 P c5348bb1aa85473bacee824cdf963ed0 [term 0 FOLLOWER]: Becoming Follower/Learner. State: Replica: c5348bb1aa85473bacee824cdf963ed0, State: Initialized, Role: FOLLOWER
I20260710 11:00:08.168785 15830 consensus_queue.cc:260] T 69de1c063899434eaa4548932f8a66c2 P c5348bb1aa85473bacee824cdf963ed0 [NON_LEADER]: Queue going to NON_LEADER mode. State: All replicated index: 0, Majority replicated index: 0, Committed index: 0, Last appended: 0.0, Last appended by leader: 0, Current term: 0, Majority size: -1, State: 0, Mode: NON_LEADER, active raft config: opid_index: -1 OBSOLETE_local: false peers { permanent_uuid: "c5348bb1aa85473bacee824cdf963ed0" member_type: VOTER last_known_addr { host: "127.14.47.65" port: 39299 } } peers { permanent_uuid: "8df24f82446e43fb8cd3ee2fc5e6ab7f" member_type: VOTER last_known_addr { host: "127.14.47.66" port: 34713 } } peers { permanent_uuid: "fc60bebaf338411d9be576b2aa87e6ed" member_type: VOTER last_known_addr { host: "127.14.47.67" port: 33091 } }
I20260710 11:00:08.166793 15831 raft_consensus.cc:359] T ce8ae5197d8a4e3aa44ca8f6be4d917b P 8df24f82446e43fb8cd3ee2fc5e6ab7f [term 0 FOLLOWER]: Replica starting. Triggering 0 pending ops. Active config: opid_index: -1 OBSOLETE_local: false peers { permanent_uuid: "c5348bb1aa85473bacee824cdf963ed0" member_type: VOTER last_known_addr { host: "127.14.47.65" port: 39299 } } peers { permanent_uuid: "8df24f82446e43fb8cd3ee2fc5e6ab7f" member_type: VOTER last_known_addr { host: "127.14.47.66" port: 34713 } } peers { permanent_uuid: "fc60bebaf338411d9be576b2aa87e6ed" member_type: VOTER last_known_addr { host: "127.14.47.67" port: 33091 } }
I20260710 11:00:08.170207 15831 raft_consensus.cc:385] T ce8ae5197d8a4e3aa44ca8f6be4d917b P 8df24f82446e43fb8cd3ee2fc5e6ab7f [term 0 FOLLOWER]: Consensus starting up: Expiring failure detector timer to make a prompt election more likely
I20260710 11:00:08.170490 15831 raft_consensus.cc:740] T ce8ae5197d8a4e3aa44ca8f6be4d917b P 8df24f82446e43fb8cd3ee2fc5e6ab7f [term 0 FOLLOWER]: Becoming Follower/Learner. State: Replica: 8df24f82446e43fb8cd3ee2fc5e6ab7f, State: Initialized, Role: FOLLOWER
I20260710 11:00:08.170962 15830 ts_tablet_manager.cc:1434] T 69de1c063899434eaa4548932f8a66c2 P c5348bb1aa85473bacee824cdf963ed0: Time spent starting tablet: real 0.007s	user 0.002s	sys 0.004s
I20260710 11:00:08.171229 15831 consensus_queue.cc:260] T ce8ae5197d8a4e3aa44ca8f6be4d917b P 8df24f82446e43fb8cd3ee2fc5e6ab7f [NON_LEADER]: Queue going to NON_LEADER mode. State: All replicated index: 0, Majority replicated index: 0, Committed index: 0, Last appended: 0.0, Last appended by leader: 0, Current term: 0, Majority size: -1, State: 0, Mode: NON_LEADER, active raft config: opid_index: -1 OBSOLETE_local: false peers { permanent_uuid: "c5348bb1aa85473bacee824cdf963ed0" member_type: VOTER last_known_addr { host: "127.14.47.65" port: 39299 } } peers { permanent_uuid: "8df24f82446e43fb8cd3ee2fc5e6ab7f" member_type: VOTER last_known_addr { host: "127.14.47.66" port: 34713 } } peers { permanent_uuid: "fc60bebaf338411d9be576b2aa87e6ed" member_type: VOTER last_known_addr { host: "127.14.47.67" port: 33091 } }
I20260710 11:00:08.171931 15830 tablet_bootstrap.cc:492] T bc2b8c95c14d47028ecdde01b0c46630 P c5348bb1aa85473bacee824cdf963ed0: Bootstrap starting.
I20260710 11:00:08.173466 15539 catalog_manager.cc:5697] T eba347b56c984aa2adc32fffea4ee28e P c5348bb1aa85473bacee824cdf963ed0 reported cstate change: term changed from 0 to 1, leader changed from <none> to c5348bb1aa85473bacee824cdf963ed0 (127.14.47.65). New cstate: current_term: 1 leader_uuid: "c5348bb1aa85473bacee824cdf963ed0" committed_config { opid_index: -1 OBSOLETE_local: false peers { permanent_uuid: "c5348bb1aa85473bacee824cdf963ed0" member_type: VOTER last_known_addr { host: "127.14.47.65" port: 39299 } health_report { overall_health: HEALTHY } } peers { permanent_uuid: "8df24f82446e43fb8cd3ee2fc5e6ab7f" member_type: VOTER last_known_addr { host: "127.14.47.66" port: 34713 } health_report { overall_health: UNKNOWN } } peers { permanent_uuid: "fc60bebaf338411d9be576b2aa87e6ed" member_type: VOTER last_known_addr { host: "127.14.47.67" port: 33091 } health_report { overall_health: UNKNOWN } } }
I20260710 11:00:08.176945 15831 ts_tablet_manager.cc:1434] T ce8ae5197d8a4e3aa44ca8f6be4d917b P 8df24f82446e43fb8cd3ee2fc5e6ab7f: Time spent starting tablet: real 0.013s	user 0.006s	sys 0.000s
I20260710 11:00:08.177868 15831 tablet_bootstrap.cc:492] T 975c20d17d524edfacfed598f95879ea P 8df24f82446e43fb8cd3ee2fc5e6ab7f: Bootstrap starting.
I20260710 11:00:08.180212 15863 raft_consensus.cc:493] T e4f99321886643b7b8171f6f31f092a8 P fc60bebaf338411d9be576b2aa87e6ed [term 0 FOLLOWER]: Starting pre-election (no leader contacted us within the election timeout)
I20260710 11:00:08.181187 15863 raft_consensus.cc:515] T e4f99321886643b7b8171f6f31f092a8 P fc60bebaf338411d9be576b2aa87e6ed [term 0 FOLLOWER]: Starting pre-election with config: opid_index: -1 OBSOLETE_local: false peers { permanent_uuid: "c5348bb1aa85473bacee824cdf963ed0" member_type: VOTER last_known_addr { host: "127.14.47.65" port: 39299 } } peers { permanent_uuid: "8df24f82446e43fb8cd3ee2fc5e6ab7f" member_type: VOTER last_known_addr { host: "127.14.47.66" port: 34713 } } peers { permanent_uuid: "fc60bebaf338411d9be576b2aa87e6ed" member_type: VOTER last_known_addr { host: "127.14.47.67" port: 33091 } }
I20260710 11:00:08.183138 15863 leader_election.cc:290] T e4f99321886643b7b8171f6f31f092a8 P fc60bebaf338411d9be576b2aa87e6ed [CANDIDATE]: Term 1 pre-election: Requested pre-vote from peers c5348bb1aa85473bacee824cdf963ed0 (127.14.47.65:39299), 8df24f82446e43fb8cd3ee2fc5e6ab7f (127.14.47.66:34713)
I20260710 11:00:08.184213 15712 tablet_service.cc:1917] Received RequestConsensusVote() RPC: tablet_id: "e4f99321886643b7b8171f6f31f092a8" candidate_uuid: "fc60bebaf338411d9be576b2aa87e6ed" candidate_term: 1 candidate_status { last_received { term: 0 index: 0 } } ignore_live_leader: false dest_uuid: "8df24f82446e43fb8cd3ee2fc5e6ab7f" is_pre_election: true
I20260710 11:00:08.185760 15635 tablet_service.cc:1917] Received RequestConsensusVote() RPC: tablet_id: "e4f99321886643b7b8171f6f31f092a8" candidate_uuid: "fc60bebaf338411d9be576b2aa87e6ed" candidate_term: 1 candidate_status { last_received { term: 0 index: 0 } } ignore_live_leader: false dest_uuid: "c5348bb1aa85473bacee824cdf963ed0" is_pre_election: true
I20260710 11:00:08.186450 15635 raft_consensus.cc:2393] T e4f99321886643b7b8171f6f31f092a8 P c5348bb1aa85473bacee824cdf963ed0 [term 1 FOLLOWER]: Leader pre-election vote request: Denying vote to candidate fc60bebaf338411d9be576b2aa87e6ed in current term 1: Already voted for candidate 8df24f82446e43fb8cd3ee2fc5e6ab7f in this term.
I20260710 11:00:08.187423 15753 leader_election.cc:304] T e4f99321886643b7b8171f6f31f092a8 P fc60bebaf338411d9be576b2aa87e6ed [CANDIDATE]: Term 1 pre-election: Election decided. Result: candidate lost. Election summary: received 3 responses out of 3 voters: 1 yes votes; 2 no votes. yes voters: fc60bebaf338411d9be576b2aa87e6ed; no voters: 8df24f82446e43fb8cd3ee2fc5e6ab7f, c5348bb1aa85473bacee824cdf963ed0
I20260710 11:00:08.188172 15863 raft_consensus.cc:3060] T e4f99321886643b7b8171f6f31f092a8 P fc60bebaf338411d9be576b2aa87e6ed [term 0 FOLLOWER]: Advancing to term 1
I20260710 11:00:08.190786 15830 tablet_bootstrap.cc:654] T bc2b8c95c14d47028ecdde01b0c46630 P c5348bb1aa85473bacee824cdf963ed0: Neither blocks nor log segments found. Creating new log.
I20260710 11:00:08.190798 15831 tablet_bootstrap.cc:654] T 975c20d17d524edfacfed598f95879ea P 8df24f82446e43fb8cd3ee2fc5e6ab7f: Neither blocks nor log segments found. Creating new log.
I20260710 11:00:08.196790 15833 tablet_bootstrap.cc:492] T eba347b56c984aa2adc32fffea4ee28e P fc60bebaf338411d9be576b2aa87e6ed: No bootstrap required, opened a new log
I20260710 11:00:08.197222 15833 ts_tablet_manager.cc:1403] T eba347b56c984aa2adc32fffea4ee28e P fc60bebaf338411d9be576b2aa87e6ed: Time spent bootstrapping tablet: real 0.053s	user 0.008s	sys 0.003s
I20260710 11:00:08.197381 15831 tablet_bootstrap.cc:492] T 975c20d17d524edfacfed598f95879ea P 8df24f82446e43fb8cd3ee2fc5e6ab7f: No bootstrap required, opened a new log
I20260710 11:00:08.197227 15863 raft_consensus.cc:2749] T e4f99321886643b7b8171f6f31f092a8 P fc60bebaf338411d9be576b2aa87e6ed [term 1 FOLLOWER]: Leader pre-election lost for term 1. Reason: could not achieve majority
I20260710 11:00:08.198063 15831 ts_tablet_manager.cc:1403] T 975c20d17d524edfacfed598f95879ea P 8df24f82446e43fb8cd3ee2fc5e6ab7f: Time spent bootstrapping tablet: real 0.020s	user 0.006s	sys 0.003s
I20260710 11:00:08.200531 15830 tablet_bootstrap.cc:492] T bc2b8c95c14d47028ecdde01b0c46630 P c5348bb1aa85473bacee824cdf963ed0: No bootstrap required, opened a new log
I20260710 11:00:08.200286 15833 raft_consensus.cc:359] T eba347b56c984aa2adc32fffea4ee28e P fc60bebaf338411d9be576b2aa87e6ed [term 0 FOLLOWER]: Replica starting. Triggering 0 pending ops. Active config: opid_index: -1 OBSOLETE_local: false peers { permanent_uuid: "c5348bb1aa85473bacee824cdf963ed0" member_type: VOTER last_known_addr { host: "127.14.47.65" port: 39299 } } peers { permanent_uuid: "8df24f82446e43fb8cd3ee2fc5e6ab7f" member_type: VOTER last_known_addr { host: "127.14.47.66" port: 34713 } } peers { permanent_uuid: "fc60bebaf338411d9be576b2aa87e6ed" member_type: VOTER last_known_addr { host: "127.14.47.67" port: 33091 } }
I20260710 11:00:08.200946 15830 ts_tablet_manager.cc:1403] T bc2b8c95c14d47028ecdde01b0c46630 P c5348bb1aa85473bacee824cdf963ed0: Time spent bootstrapping tablet: real 0.029s	user 0.008s	sys 0.003s
I20260710 11:00:08.200628 15831 raft_consensus.cc:359] T 975c20d17d524edfacfed598f95879ea P 8df24f82446e43fb8cd3ee2fc5e6ab7f [term 0 FOLLOWER]: Replica starting. Triggering 0 pending ops. Active config: opid_index: -1 OBSOLETE_local: false peers { permanent_uuid: "c5348bb1aa85473bacee824cdf963ed0" member_type: VOTER last_known_addr { host: "127.14.47.65" port: 39299 } } peers { permanent_uuid: "8df24f82446e43fb8cd3ee2fc5e6ab7f" member_type: VOTER last_known_addr { host: "127.14.47.66" port: 34713 } } peers { permanent_uuid: "fc60bebaf338411d9be576b2aa87e6ed" member_type: VOTER last_known_addr { host: "127.14.47.67" port: 33091 } }
I20260710 11:00:08.201037 15833 raft_consensus.cc:385] T eba347b56c984aa2adc32fffea4ee28e P fc60bebaf338411d9be576b2aa87e6ed [term 0 FOLLOWER]: Consensus starting up: Expiring failure detector timer to make a prompt election more likely
I20260710 11:00:08.201335 15831 raft_consensus.cc:385] T 975c20d17d524edfacfed598f95879ea P 8df24f82446e43fb8cd3ee2fc5e6ab7f [term 0 FOLLOWER]: Consensus starting up: Expiring failure detector timer to make a prompt election more likely
I20260710 11:00:08.201552 15833 raft_consensus.cc:740] T eba347b56c984aa2adc32fffea4ee28e P fc60bebaf338411d9be576b2aa87e6ed [term 0 FOLLOWER]: Becoming Follower/Learner. State: Replica: fc60bebaf338411d9be576b2aa87e6ed, State: Initialized, Role: FOLLOWER
I20260710 11:00:08.201658 15831 raft_consensus.cc:740] T 975c20d17d524edfacfed598f95879ea P 8df24f82446e43fb8cd3ee2fc5e6ab7f [term 0 FOLLOWER]: Becoming Follower/Learner. State: Replica: 8df24f82446e43fb8cd3ee2fc5e6ab7f, State: Initialized, Role: FOLLOWER
I20260710 11:00:08.202620 15833 consensus_queue.cc:260] T eba347b56c984aa2adc32fffea4ee28e P fc60bebaf338411d9be576b2aa87e6ed [NON_LEADER]: Queue going to NON_LEADER mode. State: All replicated index: 0, Majority replicated index: 0, Committed index: 0, Last appended: 0.0, Last appended by leader: 0, Current term: 0, Majority size: -1, State: 0, Mode: NON_LEADER, active raft config: opid_index: -1 OBSOLETE_local: false peers { permanent_uuid: "c5348bb1aa85473bacee824cdf963ed0" member_type: VOTER last_known_addr { host: "127.14.47.65" port: 39299 } } peers { permanent_uuid: "8df24f82446e43fb8cd3ee2fc5e6ab7f" member_type: VOTER last_known_addr { host: "127.14.47.66" port: 34713 } } peers { permanent_uuid: "fc60bebaf338411d9be576b2aa87e6ed" member_type: VOTER last_known_addr { host: "127.14.47.67" port: 33091 } }
I20260710 11:00:08.202770 15831 consensus_queue.cc:260] T 975c20d17d524edfacfed598f95879ea P 8df24f82446e43fb8cd3ee2fc5e6ab7f [NON_LEADER]: Queue going to NON_LEADER mode. State: All replicated index: 0, Majority replicated index: 0, Committed index: 0, Last appended: 0.0, Last appended by leader: 0, Current term: 0, Majority size: -1, State: 0, Mode: NON_LEADER, active raft config: opid_index: -1 OBSOLETE_local: false peers { permanent_uuid: "c5348bb1aa85473bacee824cdf963ed0" member_type: VOTER last_known_addr { host: "127.14.47.65" port: 39299 } } peers { permanent_uuid: "8df24f82446e43fb8cd3ee2fc5e6ab7f" member_type: VOTER last_known_addr { host: "127.14.47.66" port: 34713 } } peers { permanent_uuid: "fc60bebaf338411d9be576b2aa87e6ed" member_type: VOTER last_known_addr { host: "127.14.47.67" port: 33091 } }
I20260710 11:00:08.204617 15833 ts_tablet_manager.cc:1434] T eba347b56c984aa2adc32fffea4ee28e P fc60bebaf338411d9be576b2aa87e6ed: Time spent starting tablet: real 0.007s	user 0.005s	sys 0.000s
I20260710 11:00:08.204813 15831 ts_tablet_manager.cc:1434] T 975c20d17d524edfacfed598f95879ea P 8df24f82446e43fb8cd3ee2fc5e6ab7f: Time spent starting tablet: real 0.006s	user 0.000s	sys 0.004s
I20260710 11:00:08.207311 15864 raft_consensus.cc:493] T 975c20d17d524edfacfed598f95879ea P fc60bebaf338411d9be576b2aa87e6ed [term 0 FOLLOWER]: Starting pre-election (no leader contacted us within the election timeout)
I20260710 11:00:08.208464 15864 raft_consensus.cc:515] T 975c20d17d524edfacfed598f95879ea P fc60bebaf338411d9be576b2aa87e6ed [term 0 FOLLOWER]: Starting pre-election with config: opid_index: -1 OBSOLETE_local: false peers { permanent_uuid: "c5348bb1aa85473bacee824cdf963ed0" member_type: VOTER last_known_addr { host: "127.14.47.65" port: 39299 } } peers { permanent_uuid: "8df24f82446e43fb8cd3ee2fc5e6ab7f" member_type: VOTER last_known_addr { host: "127.14.47.66" port: 34713 } } peers { permanent_uuid: "fc60bebaf338411d9be576b2aa87e6ed" member_type: VOTER last_known_addr { host: "127.14.47.67" port: 33091 } }
I20260710 11:00:08.210362 15864 leader_election.cc:290] T 975c20d17d524edfacfed598f95879ea P fc60bebaf338411d9be576b2aa87e6ed [CANDIDATE]: Term 1 pre-election: Requested pre-vote from peers c5348bb1aa85473bacee824cdf963ed0 (127.14.47.65:39299), 8df24f82446e43fb8cd3ee2fc5e6ab7f (127.14.47.66:34713)
I20260710 11:00:08.211597 15712 tablet_service.cc:1917] Received RequestConsensusVote() RPC: tablet_id: "975c20d17d524edfacfed598f95879ea" candidate_uuid: "fc60bebaf338411d9be576b2aa87e6ed" candidate_term: 1 candidate_status { last_received { term: 0 index: 0 } } ignore_live_leader: false dest_uuid: "8df24f82446e43fb8cd3ee2fc5e6ab7f" is_pre_election: true
I20260710 11:00:08.212348 15833 tablet_bootstrap.cc:492] T 69de1c063899434eaa4548932f8a66c2 P fc60bebaf338411d9be576b2aa87e6ed: Bootstrap starting.
I20260710 11:00:08.213203 15635 tablet_service.cc:1917] Received RequestConsensusVote() RPC: tablet_id: "975c20d17d524edfacfed598f95879ea" candidate_uuid: "fc60bebaf338411d9be576b2aa87e6ed" candidate_term: 1 candidate_status { last_received { term: 0 index: 0 } } ignore_live_leader: false dest_uuid: "c5348bb1aa85473bacee824cdf963ed0" is_pre_election: true
I20260710 11:00:08.212884 15831 tablet_bootstrap.cc:492] T bc2b8c95c14d47028ecdde01b0c46630 P 8df24f82446e43fb8cd3ee2fc5e6ab7f: Bootstrap starting.
I20260710 11:00:08.203469 15830 raft_consensus.cc:359] T bc2b8c95c14d47028ecdde01b0c46630 P c5348bb1aa85473bacee824cdf963ed0 [term 0 FOLLOWER]: Replica starting. Triggering 0 pending ops. Active config: opid_index: -1 OBSOLETE_local: false peers { permanent_uuid: "c5348bb1aa85473bacee824cdf963ed0" member_type: VOTER last_known_addr { host: "127.14.47.65" port: 39299 } } peers { permanent_uuid: "8df24f82446e43fb8cd3ee2fc5e6ab7f" member_type: VOTER last_known_addr { host: "127.14.47.66" port: 34713 } } peers { permanent_uuid: "fc60bebaf338411d9be576b2aa87e6ed" member_type: VOTER last_known_addr { host: "127.14.47.67" port: 33091 } }
I20260710 11:00:08.212255 15712 raft_consensus.cc:2468] T 975c20d17d524edfacfed598f95879ea P 8df24f82446e43fb8cd3ee2fc5e6ab7f [term 0 FOLLOWER]: Leader pre-election vote request: Granting yes vote for candidate fc60bebaf338411d9be576b2aa87e6ed in term 0.
I20260710 11:00:08.213835 15635 raft_consensus.cc:2468] T 975c20d17d524edfacfed598f95879ea P c5348bb1aa85473bacee824cdf963ed0 [term 0 FOLLOWER]: Leader pre-election vote request: Granting yes vote for candidate fc60bebaf338411d9be576b2aa87e6ed in term 0.
I20260710 11:00:08.220134 15830 raft_consensus.cc:385] T bc2b8c95c14d47028ecdde01b0c46630 P c5348bb1aa85473bacee824cdf963ed0 [term 0 FOLLOWER]: Consensus starting up: Expiring failure detector timer to make a prompt election more likely
I20260710 11:00:08.220494 15830 raft_consensus.cc:740] T bc2b8c95c14d47028ecdde01b0c46630 P c5348bb1aa85473bacee824cdf963ed0 [term 0 FOLLOWER]: Becoming Follower/Learner. State: Replica: c5348bb1aa85473bacee824cdf963ed0, State: Initialized, Role: FOLLOWER
I20260710 11:00:08.220989 15753 leader_election.cc:304] T 975c20d17d524edfacfed598f95879ea P fc60bebaf338411d9be576b2aa87e6ed [CANDIDATE]: Term 1 pre-election: Election decided. Result: candidate won. Election summary: received 2 responses out of 3 voters: 2 yes votes; 0 no votes. yes voters: c5348bb1aa85473bacee824cdf963ed0, fc60bebaf338411d9be576b2aa87e6ed; no voters: 
I20260710 11:00:08.221246 15830 consensus_queue.cc:260] T bc2b8c95c14d47028ecdde01b0c46630 P c5348bb1aa85473bacee824cdf963ed0 [NON_LEADER]: Queue going to NON_LEADER mode. State: All replicated index: 0, Majority replicated index: 0, Committed index: 0, Last appended: 0.0, Last appended by leader: 0, Current term: 0, Majority size: -1, State: 0, Mode: NON_LEADER, active raft config: opid_index: -1 OBSOLETE_local: false peers { permanent_uuid: "c5348bb1aa85473bacee824cdf963ed0" member_type: VOTER last_known_addr { host: "127.14.47.65" port: 39299 } } peers { permanent_uuid: "8df24f82446e43fb8cd3ee2fc5e6ab7f" member_type: VOTER last_known_addr { host: "127.14.47.66" port: 34713 } } peers { permanent_uuid: "fc60bebaf338411d9be576b2aa87e6ed" member_type: VOTER last_known_addr { host: "127.14.47.67" port: 33091 } }
I20260710 11:00:08.222113 15864 raft_consensus.cc:2804] T 975c20d17d524edfacfed598f95879ea P fc60bebaf338411d9be576b2aa87e6ed [term 0 FOLLOWER]: Leader pre-election won for term 1
I20260710 11:00:08.222519 15864 raft_consensus.cc:493] T 975c20d17d524edfacfed598f95879ea P fc60bebaf338411d9be576b2aa87e6ed [term 0 FOLLOWER]: Starting leader election (no leader contacted us within the election timeout)
I20260710 11:00:08.222828 15864 raft_consensus.cc:3060] T 975c20d17d524edfacfed598f95879ea P fc60bebaf338411d9be576b2aa87e6ed [term 0 FOLLOWER]: Advancing to term 1
I20260710 11:00:08.223874 15830 ts_tablet_manager.cc:1434] T bc2b8c95c14d47028ecdde01b0c46630 P c5348bb1aa85473bacee824cdf963ed0: Time spent starting tablet: real 0.023s	user 0.001s	sys 0.006s
I20260710 11:00:08.224753 15830 tablet_bootstrap.cc:492] T ae644659c2ad408d97923b9bb966b41f P c5348bb1aa85473bacee824cdf963ed0: Bootstrap starting.
I20260710 11:00:08.226434 15831 tablet_bootstrap.cc:654] T bc2b8c95c14d47028ecdde01b0c46630 P 8df24f82446e43fb8cd3ee2fc5e6ab7f: Neither blocks nor log segments found. Creating new log.
I20260710 11:00:08.230342 15830 tablet_bootstrap.cc:654] T ae644659c2ad408d97923b9bb966b41f P c5348bb1aa85473bacee824cdf963ed0: Neither blocks nor log segments found. Creating new log.
I20260710 11:00:08.232950 15833 tablet_bootstrap.cc:654] T 69de1c063899434eaa4548932f8a66c2 P fc60bebaf338411d9be576b2aa87e6ed: Neither blocks nor log segments found. Creating new log.
I20260710 11:00:08.233668 15864 raft_consensus.cc:515] T 975c20d17d524edfacfed598f95879ea P fc60bebaf338411d9be576b2aa87e6ed [term 1 FOLLOWER]: Starting leader election with config: opid_index: -1 OBSOLETE_local: false peers { permanent_uuid: "c5348bb1aa85473bacee824cdf963ed0" member_type: VOTER last_known_addr { host: "127.14.47.65" port: 39299 } } peers { permanent_uuid: "8df24f82446e43fb8cd3ee2fc5e6ab7f" member_type: VOTER last_known_addr { host: "127.14.47.66" port: 34713 } } peers { permanent_uuid: "fc60bebaf338411d9be576b2aa87e6ed" member_type: VOTER last_known_addr { host: "127.14.47.67" port: 33091 } }
I20260710 11:00:08.236663 15635 tablet_service.cc:1917] Received RequestConsensusVote() RPC: tablet_id: "975c20d17d524edfacfed598f95879ea" candidate_uuid: "fc60bebaf338411d9be576b2aa87e6ed" candidate_term: 1 candidate_status { last_received { term: 0 index: 0 } } ignore_live_leader: false dest_uuid: "c5348bb1aa85473bacee824cdf963ed0"
I20260710 11:00:08.237238 15635 raft_consensus.cc:3060] T 975c20d17d524edfacfed598f95879ea P c5348bb1aa85473bacee824cdf963ed0 [term 0 FOLLOWER]: Advancing to term 1
I20260710 11:00:08.243861 15635 raft_consensus.cc:2468] T 975c20d17d524edfacfed598f95879ea P c5348bb1aa85473bacee824cdf963ed0 [term 1 FOLLOWER]: Leader election vote request: Granting yes vote for candidate fc60bebaf338411d9be576b2aa87e6ed in term 1.
I20260710 11:00:08.244896 15753 leader_election.cc:304] T 975c20d17d524edfacfed598f95879ea P fc60bebaf338411d9be576b2aa87e6ed [CANDIDATE]: Term 1 election: Election decided. Result: candidate won. Election summary: received 2 responses out of 3 voters: 2 yes votes; 0 no votes. yes voters: c5348bb1aa85473bacee824cdf963ed0, fc60bebaf338411d9be576b2aa87e6ed; no voters: 
I20260710 11:00:08.245675 15908 raft_consensus.cc:2804] T 975c20d17d524edfacfed598f95879ea P fc60bebaf338411d9be576b2aa87e6ed [term 1 FOLLOWER]: Leader election won for term 1
I20260710 11:00:08.246155 15908 raft_consensus.cc:697] T 975c20d17d524edfacfed598f95879ea P fc60bebaf338411d9be576b2aa87e6ed [term 1 LEADER]: Becoming Leader. State: Replica: fc60bebaf338411d9be576b2aa87e6ed, State: Running, Role: LEADER
I20260710 11:00:08.247413 15834 raft_consensus.cc:493] T 69de1c063899434eaa4548932f8a66c2 P c5348bb1aa85473bacee824cdf963ed0 [term 0 FOLLOWER]: Starting pre-election (no leader contacted us within the election timeout)
I20260710 11:00:08.247922 15834 raft_consensus.cc:515] T 69de1c063899434eaa4548932f8a66c2 P c5348bb1aa85473bacee824cdf963ed0 [term 0 FOLLOWER]: Starting pre-election with config: opid_index: -1 OBSOLETE_local: false peers { permanent_uuid: "c5348bb1aa85473bacee824cdf963ed0" member_type: VOTER last_known_addr { host: "127.14.47.65" port: 39299 } } peers { permanent_uuid: "8df24f82446e43fb8cd3ee2fc5e6ab7f" member_type: VOTER last_known_addr { host: "127.14.47.66" port: 34713 } } peers { permanent_uuid: "fc60bebaf338411d9be576b2aa87e6ed" member_type: VOTER last_known_addr { host: "127.14.47.67" port: 33091 } }
I20260710 11:00:08.249889 15712 tablet_service.cc:1917] Received RequestConsensusVote() RPC: tablet_id: "975c20d17d524edfacfed598f95879ea" candidate_uuid: "fc60bebaf338411d9be576b2aa87e6ed" candidate_term: 1 candidate_status { last_received { term: 0 index: 0 } } ignore_live_leader: false dest_uuid: "8df24f82446e43fb8cd3ee2fc5e6ab7f"
I20260710 11:00:08.250558 15712 raft_consensus.cc:3060] T 975c20d17d524edfacfed598f95879ea P 8df24f82446e43fb8cd3ee2fc5e6ab7f [term 0 FOLLOWER]: Advancing to term 1
I20260710 11:00:08.251533 15711 tablet_service.cc:1917] Received RequestConsensusVote() RPC: tablet_id: "69de1c063899434eaa4548932f8a66c2" candidate_uuid: "c5348bb1aa85473bacee824cdf963ed0" candidate_term: 1 candidate_status { last_received { term: 0 index: 0 } } ignore_live_leader: false dest_uuid: "8df24f82446e43fb8cd3ee2fc5e6ab7f" is_pre_election: true
I20260710 11:00:08.247088 15908 consensus_queue.cc:237] T 975c20d17d524edfacfed598f95879ea P fc60bebaf338411d9be576b2aa87e6ed [LEADER]: Queue going to LEADER mode. State: All replicated index: 0, Majority replicated index: 0, Committed index: 0, Last appended: 0.0, Last appended by leader: 0, Current term: 1, Majority size: 2, State: 0, Mode: LEADER, active raft config: opid_index: -1 OBSOLETE_local: false peers { permanent_uuid: "c5348bb1aa85473bacee824cdf963ed0" member_type: VOTER last_known_addr { host: "127.14.47.65" port: 39299 } } peers { permanent_uuid: "8df24f82446e43fb8cd3ee2fc5e6ab7f" member_type: VOTER last_known_addr { host: "127.14.47.66" port: 34713 } } peers { permanent_uuid: "fc60bebaf338411d9be576b2aa87e6ed" member_type: VOTER last_known_addr { host: "127.14.47.67" port: 33091 } }
W20260710 11:00:08.252888 15606 leader_election.cc:343] T 69de1c063899434eaa4548932f8a66c2 P c5348bb1aa85473bacee824cdf963ed0 [CANDIDATE]: Term 1 pre-election: Tablet error from VoteRequest() call to peer 8df24f82446e43fb8cd3ee2fc5e6ab7f (127.14.47.66:34713): Illegal state: must be running to vote when last-logged opid is not known
I20260710 11:00:08.254755 15833 tablet_bootstrap.cc:492] T 69de1c063899434eaa4548932f8a66c2 P fc60bebaf338411d9be576b2aa87e6ed: No bootstrap required, opened a new log
I20260710 11:00:08.255162 15833 ts_tablet_manager.cc:1403] T 69de1c063899434eaa4548932f8a66c2 P fc60bebaf338411d9be576b2aa87e6ed: Time spent bootstrapping tablet: real 0.043s	user 0.012s	sys 0.005s
I20260710 11:00:08.255494 15788 tablet_service.cc:1917] Received RequestConsensusVote() RPC: tablet_id: "69de1c063899434eaa4548932f8a66c2" candidate_uuid: "c5348bb1aa85473bacee824cdf963ed0" candidate_term: 1 candidate_status { last_received { term: 0 index: 0 } } ignore_live_leader: false dest_uuid: "fc60bebaf338411d9be576b2aa87e6ed" is_pre_election: true
I20260710 11:00:08.249917 15834 leader_election.cc:290] T 69de1c063899434eaa4548932f8a66c2 P c5348bb1aa85473bacee824cdf963ed0 [CANDIDATE]: Term 1 pre-election: Requested pre-vote from peers 8df24f82446e43fb8cd3ee2fc5e6ab7f (127.14.47.66:34713), fc60bebaf338411d9be576b2aa87e6ed (127.14.47.67:33091)
I20260710 11:00:08.256340 15864 leader_election.cc:290] T 975c20d17d524edfacfed598f95879ea P fc60bebaf338411d9be576b2aa87e6ed [CANDIDATE]: Term 1 election: Requested vote from peers c5348bb1aa85473bacee824cdf963ed0 (127.14.47.65:39299), 8df24f82446e43fb8cd3ee2fc5e6ab7f (127.14.47.66:34713)
I20260710 11:00:08.257440 15831 tablet_bootstrap.cc:492] T bc2b8c95c14d47028ecdde01b0c46630 P 8df24f82446e43fb8cd3ee2fc5e6ab7f: No bootstrap required, opened a new log
I20260710 11:00:08.259603 15831 ts_tablet_manager.cc:1403] T bc2b8c95c14d47028ecdde01b0c46630 P 8df24f82446e43fb8cd3ee2fc5e6ab7f: Time spent bootstrapping tablet: real 0.047s	user 0.015s	sys 0.003s
I20260710 11:00:08.260269 15833 raft_consensus.cc:359] T 69de1c063899434eaa4548932f8a66c2 P fc60bebaf338411d9be576b2aa87e6ed [term 0 FOLLOWER]: Replica starting. Triggering 0 pending ops. Active config: opid_index: -1 OBSOLETE_local: false peers { permanent_uuid: "c5348bb1aa85473bacee824cdf963ed0" member_type: VOTER last_known_addr { host: "127.14.47.65" port: 39299 } } peers { permanent_uuid: "8df24f82446e43fb8cd3ee2fc5e6ab7f" member_type: VOTER last_known_addr { host: "127.14.47.66" port: 34713 } } peers { permanent_uuid: "fc60bebaf338411d9be576b2aa87e6ed" member_type: VOTER last_known_addr { host: "127.14.47.67" port: 33091 } }
I20260710 11:00:08.261045 15833 raft_consensus.cc:385] T 69de1c063899434eaa4548932f8a66c2 P fc60bebaf338411d9be576b2aa87e6ed [term 0 FOLLOWER]: Consensus starting up: Expiring failure detector timer to make a prompt election more likely
I20260710 11:00:08.261297 15833 raft_consensus.cc:740] T 69de1c063899434eaa4548932f8a66c2 P fc60bebaf338411d9be576b2aa87e6ed [term 0 FOLLOWER]: Becoming Follower/Learner. State: Replica: fc60bebaf338411d9be576b2aa87e6ed, State: Initialized, Role: FOLLOWER
I20260710 11:00:08.261898 15833 consensus_queue.cc:260] T 69de1c063899434eaa4548932f8a66c2 P fc60bebaf338411d9be576b2aa87e6ed [NON_LEADER]: Queue going to NON_LEADER mode. State: All replicated index: 0, Majority replicated index: 0, Committed index: 0, Last appended: 0.0, Last appended by leader: 0, Current term: 0, Majority size: -1, State: 0, Mode: NON_LEADER, active raft config: opid_index: -1 OBSOLETE_local: false peers { permanent_uuid: "c5348bb1aa85473bacee824cdf963ed0" member_type: VOTER last_known_addr { host: "127.14.47.65" port: 39299 } } peers { permanent_uuid: "8df24f82446e43fb8cd3ee2fc5e6ab7f" member_type: VOTER last_known_addr { host: "127.14.47.66" port: 34713 } } peers { permanent_uuid: "fc60bebaf338411d9be576b2aa87e6ed" member_type: VOTER last_known_addr { host: "127.14.47.67" port: 33091 } }
I20260710 11:00:08.262425 15712 raft_consensus.cc:2468] T 975c20d17d524edfacfed598f95879ea P 8df24f82446e43fb8cd3ee2fc5e6ab7f [term 1 FOLLOWER]: Leader election vote request: Granting yes vote for candidate fc60bebaf338411d9be576b2aa87e6ed in term 1.
I20260710 11:00:08.261961 15831 raft_consensus.cc:359] T bc2b8c95c14d47028ecdde01b0c46630 P 8df24f82446e43fb8cd3ee2fc5e6ab7f [term 0 FOLLOWER]: Replica starting. Triggering 0 pending ops. Active config: opid_index: -1 OBSOLETE_local: false peers { permanent_uuid: "c5348bb1aa85473bacee824cdf963ed0" member_type: VOTER last_known_addr { host: "127.14.47.65" port: 39299 } } peers { permanent_uuid: "8df24f82446e43fb8cd3ee2fc5e6ab7f" member_type: VOTER last_known_addr { host: "127.14.47.66" port: 34713 } } peers { permanent_uuid: "fc60bebaf338411d9be576b2aa87e6ed" member_type: VOTER last_known_addr { host: "127.14.47.67" port: 33091 } }
I20260710 11:00:08.263886 15831 raft_consensus.cc:385] T bc2b8c95c14d47028ecdde01b0c46630 P 8df24f82446e43fb8cd3ee2fc5e6ab7f [term 0 FOLLOWER]: Consensus starting up: Expiring failure detector timer to make a prompt election more likely
I20260710 11:00:08.263888 15833 ts_tablet_manager.cc:1434] T 69de1c063899434eaa4548932f8a66c2 P fc60bebaf338411d9be576b2aa87e6ed: Time spent starting tablet: real 0.006s	user 0.005s	sys 0.000s
I20260710 11:00:08.264178 15831 raft_consensus.cc:740] T bc2b8c95c14d47028ecdde01b0c46630 P 8df24f82446e43fb8cd3ee2fc5e6ab7f [term 0 FOLLOWER]: Becoming Follower/Learner. State: Replica: 8df24f82446e43fb8cd3ee2fc5e6ab7f, State: Initialized, Role: FOLLOWER
I20260710 11:00:08.264855 15833 tablet_bootstrap.cc:492] T bc2b8c95c14d47028ecdde01b0c46630 P fc60bebaf338411d9be576b2aa87e6ed: Bootstrap starting.
I20260710 11:00:08.264777 15831 consensus_queue.cc:260] T bc2b8c95c14d47028ecdde01b0c46630 P 8df24f82446e43fb8cd3ee2fc5e6ab7f [NON_LEADER]: Queue going to NON_LEADER mode. State: All replicated index: 0, Majority replicated index: 0, Committed index: 0, Last appended: 0.0, Last appended by leader: 0, Current term: 0, Majority size: -1, State: 0, Mode: NON_LEADER, active raft config: opid_index: -1 OBSOLETE_local: false peers { permanent_uuid: "c5348bb1aa85473bacee824cdf963ed0" member_type: VOTER last_known_addr { host: "127.14.47.65" port: 39299 } } peers { permanent_uuid: "8df24f82446e43fb8cd3ee2fc5e6ab7f" member_type: VOTER last_known_addr { host: "127.14.47.66" port: 34713 } } peers { permanent_uuid: "fc60bebaf338411d9be576b2aa87e6ed" member_type: VOTER last_known_addr { host: "127.14.47.67" port: 33091 } }
I20260710 11:00:08.266680 15831 ts_tablet_manager.cc:1434] T bc2b8c95c14d47028ecdde01b0c46630 P 8df24f82446e43fb8cd3ee2fc5e6ab7f: Time spent starting tablet: real 0.007s	user 0.004s	sys 0.001s
W20260710 11:00:08.267297 15607 leader_election.cc:343] T 69de1c063899434eaa4548932f8a66c2 P c5348bb1aa85473bacee824cdf963ed0 [CANDIDATE]: Term 1 pre-election: Tablet error from VoteRequest() call to peer fc60bebaf338411d9be576b2aa87e6ed (127.14.47.67:33091): Illegal state: must be running to vote when last-logged opid is not known
I20260710 11:00:08.267652 15831 tablet_bootstrap.cc:492] T ae644659c2ad408d97923b9bb966b41f P 8df24f82446e43fb8cd3ee2fc5e6ab7f: Bootstrap starting.
I20260710 11:00:08.267717 15607 leader_election.cc:304] T 69de1c063899434eaa4548932f8a66c2 P c5348bb1aa85473bacee824cdf963ed0 [CANDIDATE]: Term 1 pre-election: Election decided. Result: candidate lost. Election summary: received 3 responses out of 3 voters: 1 yes votes; 2 no votes. yes voters: c5348bb1aa85473bacee824cdf963ed0; no voters: 8df24f82446e43fb8cd3ee2fc5e6ab7f, fc60bebaf338411d9be576b2aa87e6ed
I20260710 11:00:08.268977 15834 raft_consensus.cc:2749] T 69de1c063899434eaa4548932f8a66c2 P c5348bb1aa85473bacee824cdf963ed0 [term 0 FOLLOWER]: Leader pre-election lost for term 1. Reason: could not achieve majority
I20260710 11:00:08.271523 15833 tablet_bootstrap.cc:654] T bc2b8c95c14d47028ecdde01b0c46630 P fc60bebaf338411d9be576b2aa87e6ed: Neither blocks nor log segments found. Creating new log.
I20260710 11:00:08.274179 15831 tablet_bootstrap.cc:654] T ae644659c2ad408d97923b9bb966b41f P 8df24f82446e43fb8cd3ee2fc5e6ab7f: Neither blocks nor log segments found. Creating new log.
I20260710 11:00:08.277107 15830 tablet_bootstrap.cc:492] T ae644659c2ad408d97923b9bb966b41f P c5348bb1aa85473bacee824cdf963ed0: No bootstrap required, opened a new log
I20260710 11:00:08.277583 15830 ts_tablet_manager.cc:1403] T ae644659c2ad408d97923b9bb966b41f P c5348bb1aa85473bacee824cdf963ed0: Time spent bootstrapping tablet: real 0.053s	user 0.008s	sys 0.008s
I20260710 11:00:08.284571 15870 raft_consensus.cc:493] T 5c87995430694fc5b9e8bfe939064014 P 8df24f82446e43fb8cd3ee2fc5e6ab7f [term 0 FOLLOWER]: Starting pre-election (no leader contacted us within the election timeout)
I20260710 11:00:08.285122 15870 raft_consensus.cc:515] T 5c87995430694fc5b9e8bfe939064014 P 8df24f82446e43fb8cd3ee2fc5e6ab7f [term 0 FOLLOWER]: Starting pre-election with config: opid_index: -1 OBSOLETE_local: false peers { permanent_uuid: "c5348bb1aa85473bacee824cdf963ed0" member_type: VOTER last_known_addr { host: "127.14.47.65" port: 39299 } } peers { permanent_uuid: "8df24f82446e43fb8cd3ee2fc5e6ab7f" member_type: VOTER last_known_addr { host: "127.14.47.66" port: 34713 } } peers { permanent_uuid: "fc60bebaf338411d9be576b2aa87e6ed" member_type: VOTER last_known_addr { host: "127.14.47.67" port: 33091 } }
I20260710 11:00:08.287329 15870 leader_election.cc:290] T 5c87995430694fc5b9e8bfe939064014 P 8df24f82446e43fb8cd3ee2fc5e6ab7f [CANDIDATE]: Term 1 pre-election: Requested pre-vote from peers c5348bb1aa85473bacee824cdf963ed0 (127.14.47.65:39299), fc60bebaf338411d9be576b2aa87e6ed (127.14.47.67:33091)
I20260710 11:00:08.289136 15788 tablet_service.cc:1917] Received RequestConsensusVote() RPC: tablet_id: "5c87995430694fc5b9e8bfe939064014" candidate_uuid: "8df24f82446e43fb8cd3ee2fc5e6ab7f" candidate_term: 1 candidate_status { last_received { term: 0 index: 0 } } ignore_live_leader: false dest_uuid: "fc60bebaf338411d9be576b2aa87e6ed" is_pre_election: true
I20260710 11:00:08.289314 15830 raft_consensus.cc:359] T ae644659c2ad408d97923b9bb966b41f P c5348bb1aa85473bacee824cdf963ed0 [term 0 FOLLOWER]: Replica starting. Triggering 0 pending ops. Active config: opid_index: -1 OBSOLETE_local: false peers { permanent_uuid: "c5348bb1aa85473bacee824cdf963ed0" member_type: VOTER last_known_addr { host: "127.14.47.65" port: 39299 } } peers { permanent_uuid: "8df24f82446e43fb8cd3ee2fc5e6ab7f" member_type: VOTER last_known_addr { host: "127.14.47.66" port: 34713 } } peers { permanent_uuid: "fc60bebaf338411d9be576b2aa87e6ed" member_type: VOTER last_known_addr { host: "127.14.47.67" port: 33091 } }
I20260710 11:00:08.290215 15830 raft_consensus.cc:385] T ae644659c2ad408d97923b9bb966b41f P c5348bb1aa85473bacee824cdf963ed0 [term 0 FOLLOWER]: Consensus starting up: Expiring failure detector timer to make a prompt election more likely
I20260710 11:00:08.294045 15830 raft_consensus.cc:740] T ae644659c2ad408d97923b9bb966b41f P c5348bb1aa85473bacee824cdf963ed0 [term 0 FOLLOWER]: Becoming Follower/Learner. State: Replica: c5348bb1aa85473bacee824cdf963ed0, State: Initialized, Role: FOLLOWER
I20260710 11:00:08.294848 15830 consensus_queue.cc:260] T ae644659c2ad408d97923b9bb966b41f P c5348bb1aa85473bacee824cdf963ed0 [NON_LEADER]: Queue going to NON_LEADER mode. State: All replicated index: 0, Majority replicated index: 0, Committed index: 0, Last appended: 0.0, Last appended by leader: 0, Current term: 0, Majority size: -1, State: 0, Mode: NON_LEADER, active raft config: opid_index: -1 OBSOLETE_local: false peers { permanent_uuid: "c5348bb1aa85473bacee824cdf963ed0" member_type: VOTER last_known_addr { host: "127.14.47.65" port: 39299 } } peers { permanent_uuid: "8df24f82446e43fb8cd3ee2fc5e6ab7f" member_type: VOTER last_known_addr { host: "127.14.47.66" port: 34713 } } peers { permanent_uuid: "fc60bebaf338411d9be576b2aa87e6ed" member_type: VOTER last_known_addr { host: "127.14.47.67" port: 33091 } }
I20260710 11:00:08.297080 15830 ts_tablet_manager.cc:1434] T ae644659c2ad408d97923b9bb966b41f P c5348bb1aa85473bacee824cdf963ed0: Time spent starting tablet: real 0.019s	user 0.004s	sys 0.002s
I20260710 11:00:08.291800 15635 tablet_service.cc:1917] Received RequestConsensusVote() RPC: tablet_id: "5c87995430694fc5b9e8bfe939064014" candidate_uuid: "8df24f82446e43fb8cd3ee2fc5e6ab7f" candidate_term: 1 candidate_status { last_received { term: 0 index: 0 } } ignore_live_leader: false dest_uuid: "c5348bb1aa85473bacee824cdf963ed0" is_pre_election: true
I20260710 11:00:08.301524 15679 leader_election.cc:304] T 5c87995430694fc5b9e8bfe939064014 P 8df24f82446e43fb8cd3ee2fc5e6ab7f [CANDIDATE]: Term 1 pre-election: Election decided. Result: candidate lost. Election summary: received 3 responses out of 3 voters: 1 yes votes; 2 no votes. yes voters: 8df24f82446e43fb8cd3ee2fc5e6ab7f; no voters: c5348bb1aa85473bacee824cdf963ed0, fc60bebaf338411d9be576b2aa87e6ed
I20260710 11:00:08.302269 15831 tablet_bootstrap.cc:492] T ae644659c2ad408d97923b9bb966b41f P 8df24f82446e43fb8cd3ee2fc5e6ab7f: No bootstrap required, opened a new log
I20260710 11:00:08.301358 15923 consensus_queue.cc:1048] T e4f99321886643b7b8171f6f31f092a8 P 8df24f82446e43fb8cd3ee2fc5e6ab7f [LEADER]: Connected to new peer: Peer: permanent_uuid: "fc60bebaf338411d9be576b2aa87e6ed" member_type: VOTER last_known_addr { host: "127.14.47.67" port: 33091 }, Status: LMP_MISMATCH, Last received: 0.0, Next index: 1, Last known committed idx: 0, Time since last communication: 0.000s
I20260710 11:00:08.302692 15831 ts_tablet_manager.cc:1403] T ae644659c2ad408d97923b9bb966b41f P 8df24f82446e43fb8cd3ee2fc5e6ab7f: Time spent bootstrapping tablet: real 0.035s	user 0.011s	sys 0.021s
I20260710 11:00:08.303733 15838 raft_consensus.cc:2749] T 5c87995430694fc5b9e8bfe939064014 P 8df24f82446e43fb8cd3ee2fc5e6ab7f [term 0 FOLLOWER]: Leader pre-election lost for term 1. Reason: could not achieve majority
I20260710 11:00:08.303884 15830 tablet_bootstrap.cc:492] T 406da3bd4db14268a30626cbcb529c83 P c5348bb1aa85473bacee824cdf963ed0: Bootstrap starting.
I20260710 11:00:08.307647 15831 raft_consensus.cc:359] T ae644659c2ad408d97923b9bb966b41f P 8df24f82446e43fb8cd3ee2fc5e6ab7f [term 0 FOLLOWER]: Replica starting. Triggering 0 pending ops. Active config: opid_index: -1 OBSOLETE_local: false peers { permanent_uuid: "c5348bb1aa85473bacee824cdf963ed0" member_type: VOTER last_known_addr { host: "127.14.47.65" port: 39299 } } peers { permanent_uuid: "8df24f82446e43fb8cd3ee2fc5e6ab7f" member_type: VOTER last_known_addr { host: "127.14.47.66" port: 34713 } } peers { permanent_uuid: "fc60bebaf338411d9be576b2aa87e6ed" member_type: VOTER last_known_addr { host: "127.14.47.67" port: 33091 } }
I20260710 11:00:08.308327 15831 raft_consensus.cc:385] T ae644659c2ad408d97923b9bb966b41f P 8df24f82446e43fb8cd3ee2fc5e6ab7f [term 0 FOLLOWER]: Consensus starting up: Expiring failure detector timer to make a prompt election more likely
I20260710 11:00:08.308581 15831 raft_consensus.cc:740] T ae644659c2ad408d97923b9bb966b41f P 8df24f82446e43fb8cd3ee2fc5e6ab7f [term 0 FOLLOWER]: Becoming Follower/Learner. State: Replica: 8df24f82446e43fb8cd3ee2fc5e6ab7f, State: Initialized, Role: FOLLOWER
I20260710 11:00:08.309410 15831 consensus_queue.cc:260] T ae644659c2ad408d97923b9bb966b41f P 8df24f82446e43fb8cd3ee2fc5e6ab7f [NON_LEADER]: Queue going to NON_LEADER mode. State: All replicated index: 0, Majority replicated index: 0, Committed index: 0, Last appended: 0.0, Last appended by leader: 0, Current term: 0, Majority size: -1, State: 0, Mode: NON_LEADER, active raft config: opid_index: -1 OBSOLETE_local: false peers { permanent_uuid: "c5348bb1aa85473bacee824cdf963ed0" member_type: VOTER last_known_addr { host: "127.14.47.65" port: 39299 } } peers { permanent_uuid: "8df24f82446e43fb8cd3ee2fc5e6ab7f" member_type: VOTER last_known_addr { host: "127.14.47.66" port: 34713 } } peers { permanent_uuid: "fc60bebaf338411d9be576b2aa87e6ed" member_type: VOTER last_known_addr { host: "127.14.47.67" port: 33091 } }
I20260710 11:00:08.311277 15830 tablet_bootstrap.cc:654] T 406da3bd4db14268a30626cbcb529c83 P c5348bb1aa85473bacee824cdf963ed0: Neither blocks nor log segments found. Creating new log.
I20260710 11:00:08.310897 15539 catalog_manager.cc:5697] T 975c20d17d524edfacfed598f95879ea P fc60bebaf338411d9be576b2aa87e6ed reported cstate change: term changed from 0 to 1, leader changed from <none> to fc60bebaf338411d9be576b2aa87e6ed (127.14.47.67). New cstate: current_term: 1 leader_uuid: "fc60bebaf338411d9be576b2aa87e6ed" committed_config { opid_index: -1 OBSOLETE_local: false peers { permanent_uuid: "c5348bb1aa85473bacee824cdf963ed0" member_type: VOTER last_known_addr { host: "127.14.47.65" port: 39299 } health_report { overall_health: UNKNOWN } } peers { permanent_uuid: "8df24f82446e43fb8cd3ee2fc5e6ab7f" member_type: VOTER last_known_addr { host: "127.14.47.66" port: 34713 } health_report { overall_health: UNKNOWN } } peers { permanent_uuid: "fc60bebaf338411d9be576b2aa87e6ed" member_type: VOTER last_known_addr { host: "127.14.47.67" port: 33091 } health_report { overall_health: HEALTHY } } }
I20260710 11:00:08.311791 15831 ts_tablet_manager.cc:1434] T ae644659c2ad408d97923b9bb966b41f P 8df24f82446e43fb8cd3ee2fc5e6ab7f: Time spent starting tablet: real 0.006s	user 0.006s	sys 0.000s
I20260710 11:00:08.314540 15831 tablet_bootstrap.cc:492] T 69de1c063899434eaa4548932f8a66c2 P 8df24f82446e43fb8cd3ee2fc5e6ab7f: Bootstrap starting.
I20260710 11:00:08.321045 15831 tablet_bootstrap.cc:654] T 69de1c063899434eaa4548932f8a66c2 P 8df24f82446e43fb8cd3ee2fc5e6ab7f: Neither blocks nor log segments found. Creating new log.
I20260710 11:00:08.324199 15909 consensus_queue.cc:1048] T e4f99321886643b7b8171f6f31f092a8 P 8df24f82446e43fb8cd3ee2fc5e6ab7f [LEADER]: Connected to new peer: Peer: permanent_uuid: "c5348bb1aa85473bacee824cdf963ed0" member_type: VOTER last_known_addr { host: "127.14.47.65" port: 39299 }, Status: LMP_MISMATCH, Last received: 0.0, Next index: 1, Last known committed idx: 0, Time since last communication: 0.000s
I20260710 11:00:08.310913 15833 tablet_bootstrap.cc:492] T bc2b8c95c14d47028ecdde01b0c46630 P fc60bebaf338411d9be576b2aa87e6ed: No bootstrap required, opened a new log
I20260710 11:00:08.343693 15833 ts_tablet_manager.cc:1403] T bc2b8c95c14d47028ecdde01b0c46630 P fc60bebaf338411d9be576b2aa87e6ed: Time spent bootstrapping tablet: real 0.079s	user 0.020s	sys 0.011s
I20260710 11:00:08.347157 15833 raft_consensus.cc:359] T bc2b8c95c14d47028ecdde01b0c46630 P fc60bebaf338411d9be576b2aa87e6ed [term 0 FOLLOWER]: Replica starting. Triggering 0 pending ops. Active config: opid_index: -1 OBSOLETE_local: false peers { permanent_uuid: "c5348bb1aa85473bacee824cdf963ed0" member_type: VOTER last_known_addr { host: "127.14.47.65" port: 39299 } } peers { permanent_uuid: "8df24f82446e43fb8cd3ee2fc5e6ab7f" member_type: VOTER last_known_addr { host: "127.14.47.66" port: 34713 } } peers { permanent_uuid: "fc60bebaf338411d9be576b2aa87e6ed" member_type: VOTER last_known_addr { host: "127.14.47.67" port: 33091 } }
I20260710 11:00:08.347913 15833 raft_consensus.cc:385] T bc2b8c95c14d47028ecdde01b0c46630 P fc60bebaf338411d9be576b2aa87e6ed [term 0 FOLLOWER]: Consensus starting up: Expiring failure detector timer to make a prompt election more likely
I20260710 11:00:08.348171 15833 raft_consensus.cc:740] T bc2b8c95c14d47028ecdde01b0c46630 P fc60bebaf338411d9be576b2aa87e6ed [term 0 FOLLOWER]: Becoming Follower/Learner. State: Replica: fc60bebaf338411d9be576b2aa87e6ed, State: Initialized, Role: FOLLOWER
W20260710 11:00:08.350905 15587 auto_rebalancer.cc:288] Could not retrieve cluster info: Service unavailable: Tablet not running
