I20260710 11:00:11.262271 31231 catalog_manager.cc:5697] T 7cabdfe7f7e14ad7bd2cc55225807f59 P 8256ca0525df41d7b1b9be5b38ea4970 reported cstate change: term changed from 0 to 1, leader changed from <none> to 8256ca0525df41d7b1b9be5b38ea4970 (127.29.131.2). New cstate: current_term: 1 leader_uuid: "8256ca0525df41d7b1b9be5b38ea4970" committed_config { opid_index: -1 OBSOLETE_local: false peers { permanent_uuid: "8a1a98bcd0a441bbb025cf4dbce021f5" member_type: VOTER last_known_addr { host: "127.29.131.1" port: 37355 } health_report { overall_health: UNKNOWN } } peers { permanent_uuid: "8256ca0525df41d7b1b9be5b38ea4970" member_type: VOTER last_known_addr { host: "127.29.131.2" port: 36143 } health_report { overall_health: HEALTHY } } peers { permanent_uuid: "87616a793ec849a7b15852b8a64e07c8" member_type: VOTER last_known_addr { host: "127.29.131.3" port: 38461 } health_report { overall_health: UNKNOWN } } }
I20260710 11:00:11.276288 31332 tablet_service.cc:1917] Received RequestConsensusVote() RPC: tablet_id: "083b3dca12d4470aa0e65cdee717f51e" candidate_uuid: "8256ca0525df41d7b1b9be5b38ea4970" candidate_term: 1 candidate_status { last_received { term: 0 index: 0 } } ignore_live_leader: false dest_uuid: "8a1a98bcd0a441bbb025cf4dbce021f5"
W20260710 11:00:11.278265 31373 leader_election.cc:343] T 083b3dca12d4470aa0e65cdee717f51e P 8256ca0525df41d7b1b9be5b38ea4970 [CANDIDATE]: Term 1 pre-election: Tablet error from VoteRequest() call to peer 8a1a98bcd0a441bbb025cf4dbce021f5 (127.29.131.1:37355): Illegal state: must be running to vote when last-logged opid is not known
I20260710 11:00:11.279353 31408 tablet_service.cc:1917] Received RequestConsensusVote() RPC: tablet_id: "a4d6b873c34542ffa2dd1fb831f97252" candidate_uuid: "8a1a98bcd0a441bbb025cf4dbce021f5" candidate_term: 1 candidate_status { last_received { term: 0 index: 0 } } ignore_live_leader: false dest_uuid: "8256ca0525df41d7b1b9be5b38ea4970"
W20260710 11:00:11.279507 31373 leader_election.cc:343] T 083b3dca12d4470aa0e65cdee717f51e P 8256ca0525df41d7b1b9be5b38ea4970 [CANDIDATE]: Term 1 election: Tablet error from VoteRequest() call to peer 8a1a98bcd0a441bbb025cf4dbce021f5 (127.29.131.1:37355): Illegal state: must be running to vote when last-logged opid is not known
I20260710 11:00:11.280026 31408 raft_consensus.cc:3060] T a4d6b873c34542ffa2dd1fb831f97252 P 8256ca0525df41d7b1b9be5b38ea4970 [term 0 FOLLOWER]: Advancing to term 1
I20260710 11:00:11.281445 31652 raft_consensus.cc:2749] T 196ee20b2e024076b200ff72456a5f54 P 8a1a98bcd0a441bbb025cf4dbce021f5 [term 1 FOLLOWER]: Leader pre-election lost for term 1. Reason: could not achieve majority
I20260710 11:00:11.282583 31608 leader_election.cc:290] T a4d6b873c34542ffa2dd1fb831f97252 P 8a1a98bcd0a441bbb025cf4dbce021f5 [CANDIDATE]: Term 1 election: Requested vote from peers 8256ca0525df41d7b1b9be5b38ea4970 (127.29.131.2:36143), 87616a793ec849a7b15852b8a64e07c8 (127.29.131.3:38461)
I20260710 11:00:11.282545 31480 tablet_service.cc:1917] Received RequestConsensusVote() RPC: tablet_id: "a4d6b873c34542ffa2dd1fb831f97252" candidate_uuid: "8a1a98bcd0a441bbb025cf4dbce021f5" candidate_term: 1 candidate_status { last_received { term: 0 index: 0 } } ignore_live_leader: false dest_uuid: "87616a793ec849a7b15852b8a64e07c8"
I20260710 11:00:11.283365 31480 raft_consensus.cc:3060] T a4d6b873c34542ffa2dd1fb831f97252 P 87616a793ec849a7b15852b8a64e07c8 [term 0 FOLLOWER]: Advancing to term 1
I20260710 11:00:11.288208 31522 ts_tablet_manager.cc:1434] T fc51294eda9e4dd19b6f29eedfcc4e2e P 8a1a98bcd0a441bbb025cf4dbce021f5: Time spent starting tablet: real 0.052s	user 0.007s	sys 0.002s
I20260710 11:00:11.288713 31526 tablet_bootstrap.cc:492] T fc51294eda9e4dd19b6f29eedfcc4e2e P 8256ca0525df41d7b1b9be5b38ea4970: No bootstrap required, opened a new log
I20260710 11:00:11.289196 31526 ts_tablet_manager.cc:1403] T fc51294eda9e4dd19b6f29eedfcc4e2e P 8256ca0525df41d7b1b9be5b38ea4970: Time spent bootstrapping tablet: real 0.137s	user 0.017s	sys 0.033s
I20260710 11:00:11.290830 31480 raft_consensus.cc:2468] T a4d6b873c34542ffa2dd1fb831f97252 P 87616a793ec849a7b15852b8a64e07c8 [term 1 FOLLOWER]: Leader election vote request: Granting yes vote for candidate 8a1a98bcd0a441bbb025cf4dbce021f5 in term 1.
I20260710 11:00:11.291998 31299 leader_election.cc:304] T a4d6b873c34542ffa2dd1fb831f97252 P 8a1a98bcd0a441bbb025cf4dbce021f5 [CANDIDATE]: Term 1 election: Election decided. Result: candidate won. Election summary: received 2 responses out of 3 voters: 2 yes votes; 0 no votes. yes voters: 87616a793ec849a7b15852b8a64e07c8, 8a1a98bcd0a441bbb025cf4dbce021f5; no voters: 
I20260710 11:00:11.294077 31522 tablet_bootstrap.cc:492] T 083b3dca12d4470aa0e65cdee717f51e P 8a1a98bcd0a441bbb025cf4dbce021f5: Bootstrap starting.
I20260710 11:00:11.292507 31526 raft_consensus.cc:359] T fc51294eda9e4dd19b6f29eedfcc4e2e P 8256ca0525df41d7b1b9be5b38ea4970 [term 0 FOLLOWER]: Replica starting. Triggering 0 pending ops. Active config: opid_index: -1 OBSOLETE_local: false peers { permanent_uuid: "8a1a98bcd0a441bbb025cf4dbce021f5" member_type: VOTER last_known_addr { host: "127.29.131.1" port: 37355 } } peers { permanent_uuid: "8256ca0525df41d7b1b9be5b38ea4970" member_type: VOTER last_known_addr { host: "127.29.131.2" port: 36143 } } peers { permanent_uuid: "87616a793ec849a7b15852b8a64e07c8" member_type: VOTER last_known_addr { host: "127.29.131.3" port: 38461 } }
I20260710 11:00:11.295171 31526 raft_consensus.cc:385] T fc51294eda9e4dd19b6f29eedfcc4e2e P 8256ca0525df41d7b1b9be5b38ea4970 [term 0 FOLLOWER]: Consensus starting up: Expiring failure detector timer to make a prompt election more likely
I20260710 11:00:11.295691 31526 raft_consensus.cc:740] T fc51294eda9e4dd19b6f29eedfcc4e2e P 8256ca0525df41d7b1b9be5b38ea4970 [term 0 FOLLOWER]: Becoming Follower/Learner. State: Replica: 8256ca0525df41d7b1b9be5b38ea4970, State: Initialized, Role: FOLLOWER
I20260710 11:00:11.297185 31526 consensus_queue.cc:260] T fc51294eda9e4dd19b6f29eedfcc4e2e P 8256ca0525df41d7b1b9be5b38ea4970 [NON_LEADER]: Queue going to NON_LEADER mode. State: All replicated index: 0, Majority replicated index: 0, Committed index: 0, Last appended: 0.0, Last appended by leader: 0, Current term: 0, Majority size: -1, State: 0, Mode: NON_LEADER, active raft config: opid_index: -1 OBSOLETE_local: false peers { permanent_uuid: "8a1a98bcd0a441bbb025cf4dbce021f5" member_type: VOTER last_known_addr { host: "127.29.131.1" port: 37355 } } peers { permanent_uuid: "8256ca0525df41d7b1b9be5b38ea4970" member_type: VOTER last_known_addr { host: "127.29.131.2" port: 36143 } } peers { permanent_uuid: "87616a793ec849a7b15852b8a64e07c8" member_type: VOTER last_known_addr { host: "127.29.131.3" port: 38461 } }
I20260710 11:00:11.299058 31526 ts_tablet_manager.cc:1434] T fc51294eda9e4dd19b6f29eedfcc4e2e P 8256ca0525df41d7b1b9be5b38ea4970: Time spent starting tablet: real 0.010s	user 0.007s	sys 0.000s
I20260710 11:00:11.296254 31408 raft_consensus.cc:2468] T a4d6b873c34542ffa2dd1fb831f97252 P 8256ca0525df41d7b1b9be5b38ea4970 [term 1 FOLLOWER]: Leader election vote request: Granting yes vote for candidate 8a1a98bcd0a441bbb025cf4dbce021f5 in term 1.
I20260710 11:00:11.295220 31652 raft_consensus.cc:2804] T a4d6b873c34542ffa2dd1fb831f97252 P 8a1a98bcd0a441bbb025cf4dbce021f5 [term 1 FOLLOWER]: Leader election won for term 1
I20260710 11:00:11.300899 31652 raft_consensus.cc:697] T a4d6b873c34542ffa2dd1fb831f97252 P 8a1a98bcd0a441bbb025cf4dbce021f5 [term 1 LEADER]: Becoming Leader. State: Replica: 8a1a98bcd0a441bbb025cf4dbce021f5, State: Running, Role: LEADER
I20260710 11:00:11.302140 31601 raft_consensus.cc:493] T fc51294eda9e4dd19b6f29eedfcc4e2e P 87616a793ec849a7b15852b8a64e07c8 [term 0 FOLLOWER]: Starting pre-election (no leader contacted us within the election timeout)
I20260710 11:00:11.301827 31652 consensus_queue.cc:237] T a4d6b873c34542ffa2dd1fb831f97252 P 8a1a98bcd0a441bbb025cf4dbce021f5 [LEADER]: Queue going to LEADER mode. State: All replicated index: 0, Majority replicated index: 0, Committed index: 0, Last appended: 0.0, Last appended by leader: 0, Current term: 1, Majority size: 2, State: 0, Mode: LEADER, active raft config: opid_index: -1 OBSOLETE_local: false peers { permanent_uuid: "8a1a98bcd0a441bbb025cf4dbce021f5" member_type: VOTER last_known_addr { host: "127.29.131.1" port: 37355 } } peers { permanent_uuid: "8256ca0525df41d7b1b9be5b38ea4970" member_type: VOTER last_known_addr { host: "127.29.131.2" port: 36143 } } peers { permanent_uuid: "87616a793ec849a7b15852b8a64e07c8" member_type: VOTER last_known_addr { host: "127.29.131.3" port: 38461 } }
I20260710 11:00:11.302563 31522 tablet_bootstrap.cc:654] T 083b3dca12d4470aa0e65cdee717f51e P 8a1a98bcd0a441bbb025cf4dbce021f5: Neither blocks nor log segments found. Creating new log.
I20260710 11:00:11.302736 31480 tablet_service.cc:1917] Received RequestConsensusVote() RPC: tablet_id: "083b3dca12d4470aa0e65cdee717f51e" candidate_uuid: "8256ca0525df41d7b1b9be5b38ea4970" candidate_term: 1 candidate_status { last_received { term: 0 index: 0 } } ignore_live_leader: false dest_uuid: "87616a793ec849a7b15852b8a64e07c8"
I20260710 11:00:11.302642 31601 raft_consensus.cc:515] T fc51294eda9e4dd19b6f29eedfcc4e2e P 87616a793ec849a7b15852b8a64e07c8 [term 0 FOLLOWER]: Starting pre-election with config: opid_index: -1 OBSOLETE_local: false peers { permanent_uuid: "8a1a98bcd0a441bbb025cf4dbce021f5" member_type: VOTER last_known_addr { host: "127.29.131.1" port: 37355 } } peers { permanent_uuid: "8256ca0525df41d7b1b9be5b38ea4970" member_type: VOTER last_known_addr { host: "127.29.131.2" port: 36143 } } peers { permanent_uuid: "87616a793ec849a7b15852b8a64e07c8" member_type: VOTER last_known_addr { host: "127.29.131.3" port: 38461 } }
I20260710 11:00:11.303552 31480 raft_consensus.cc:3060] T 083b3dca12d4470aa0e65cdee717f51e P 87616a793ec849a7b15852b8a64e07c8 [term 0 FOLLOWER]: Advancing to term 1
I20260710 11:00:11.305790 31601 leader_election.cc:290] T fc51294eda9e4dd19b6f29eedfcc4e2e P 87616a793ec849a7b15852b8a64e07c8 [CANDIDATE]: Term 1 pre-election: Requested pre-vote from peers 8a1a98bcd0a441bbb025cf4dbce021f5 (127.29.131.1:37355), 8256ca0525df41d7b1b9be5b38ea4970 (127.29.131.2:36143)
I20260710 11:00:11.307046 31332 tablet_service.cc:1917] Received RequestConsensusVote() RPC: tablet_id: "fc51294eda9e4dd19b6f29eedfcc4e2e" candidate_uuid: "87616a793ec849a7b15852b8a64e07c8" candidate_term: 1 candidate_status { last_received { term: 0 index: 0 } } ignore_live_leader: false dest_uuid: "8a1a98bcd0a441bbb025cf4dbce021f5" is_pre_election: true
I20260710 11:00:11.307760 31332 raft_consensus.cc:2468] T fc51294eda9e4dd19b6f29eedfcc4e2e P 8a1a98bcd0a441bbb025cf4dbce021f5 [term 0 FOLLOWER]: Leader pre-election vote request: Granting yes vote for candidate 87616a793ec849a7b15852b8a64e07c8 in term 0.
I20260710 11:00:11.307991 31408 tablet_service.cc:1917] Received RequestConsensusVote() RPC: tablet_id: "fc51294eda9e4dd19b6f29eedfcc4e2e" candidate_uuid: "87616a793ec849a7b15852b8a64e07c8" candidate_term: 1 candidate_status { last_received { term: 0 index: 0 } } ignore_live_leader: false dest_uuid: "8256ca0525df41d7b1b9be5b38ea4970" is_pre_election: true
I20260710 11:00:11.308748 31408 raft_consensus.cc:2468] T fc51294eda9e4dd19b6f29eedfcc4e2e P 8256ca0525df41d7b1b9be5b38ea4970 [term 0 FOLLOWER]: Leader pre-election vote request: Granting yes vote for candidate 87616a793ec849a7b15852b8a64e07c8 in term 0.
I20260710 11:00:11.308939 31447 leader_election.cc:304] T fc51294eda9e4dd19b6f29eedfcc4e2e P 87616a793ec849a7b15852b8a64e07c8 [CANDIDATE]: Term 1 pre-election: Election decided. Result: candidate won. Election summary: received 2 responses out of 3 voters: 2 yes votes; 0 no votes. yes voters: 87616a793ec849a7b15852b8a64e07c8, 8a1a98bcd0a441bbb025cf4dbce021f5; no voters: 
I20260710 11:00:11.308972 31525 consensus_queue.cc:1048] T 085d5be4f8bc4f0a9ef49ec1043c93cc P 8a1a98bcd0a441bbb025cf4dbce021f5 [LEADER]: Connected to new peer: Peer: permanent_uuid: "87616a793ec849a7b15852b8a64e07c8" member_type: VOTER last_known_addr { host: "127.29.131.3" port: 38461 }, Status: LMP_MISMATCH, Last received: 0.0, Next index: 1, Last known committed idx: 0, Time since last communication: 0.001s
I20260710 11:00:11.309975 31601 raft_consensus.cc:2804] T fc51294eda9e4dd19b6f29eedfcc4e2e P 87616a793ec849a7b15852b8a64e07c8 [term 0 FOLLOWER]: Leader pre-election won for term 1
I20260710 11:00:11.310341 31601 raft_consensus.cc:493] T fc51294eda9e4dd19b6f29eedfcc4e2e P 87616a793ec849a7b15852b8a64e07c8 [term 0 FOLLOWER]: Starting leader election (no leader contacted us within the election timeout)
I20260710 11:00:11.310688 31601 raft_consensus.cc:3060] T fc51294eda9e4dd19b6f29eedfcc4e2e P 87616a793ec849a7b15852b8a64e07c8 [term 0 FOLLOWER]: Advancing to term 1
I20260710 11:00:11.313457 31480 raft_consensus.cc:2468] T 083b3dca12d4470aa0e65cdee717f51e P 87616a793ec849a7b15852b8a64e07c8 [term 1 FOLLOWER]: Leader election vote request: Granting yes vote for candidate 8256ca0525df41d7b1b9be5b38ea4970 in term 1.
I20260710 11:00:11.315622 31374 leader_election.cc:304] T 083b3dca12d4470aa0e65cdee717f51e P 8256ca0525df41d7b1b9be5b38ea4970 [CANDIDATE]: Term 1 election: Election decided. Result: candidate won. Election summary: received 3 responses out of 3 voters: 2 yes votes; 1 no votes. yes voters: 8256ca0525df41d7b1b9be5b38ea4970, 87616a793ec849a7b15852b8a64e07c8; no voters: 8a1a98bcd0a441bbb025cf4dbce021f5
I20260710 11:00:11.316570 31553 raft_consensus.cc:2804] T 083b3dca12d4470aa0e65cdee717f51e P 8256ca0525df41d7b1b9be5b38ea4970 [term 1 FOLLOWER]: Leader election won for term 1
I20260710 11:00:11.317067 31553 raft_consensus.cc:697] T 083b3dca12d4470aa0e65cdee717f51e P 8256ca0525df41d7b1b9be5b38ea4970 [term 1 LEADER]: Becoming Leader. State: Replica: 8256ca0525df41d7b1b9be5b38ea4970, State: Running, Role: LEADER
I20260710 11:00:11.317866 31553 consensus_queue.cc:237] T 083b3dca12d4470aa0e65cdee717f51e P 8256ca0525df41d7b1b9be5b38ea4970 [LEADER]: Queue going to LEADER mode. State: All replicated index: 0, Majority replicated index: 0, Committed index: 0, Last appended: 0.0, Last appended by leader: 0, Current term: 1, Majority size: 2, State: 0, Mode: LEADER, active raft config: opid_index: -1 OBSOLETE_local: false peers { permanent_uuid: "8a1a98bcd0a441bbb025cf4dbce021f5" member_type: VOTER last_known_addr { host: "127.29.131.1" port: 37355 } } peers { permanent_uuid: "8256ca0525df41d7b1b9be5b38ea4970" member_type: VOTER last_known_addr { host: "127.29.131.2" port: 36143 } } peers { permanent_uuid: "87616a793ec849a7b15852b8a64e07c8" member_type: VOTER last_known_addr { host: "127.29.131.3" port: 38461 } }
I20260710 11:00:11.320209 31532 leader_election.cc:290] T 083b3dca12d4470aa0e65cdee717f51e P 8256ca0525df41d7b1b9be5b38ea4970 [CANDIDATE]: Term 1 election: Requested vote from peers 8a1a98bcd0a441bbb025cf4dbce021f5 (127.29.131.1:37355), 87616a793ec849a7b15852b8a64e07c8 (127.29.131.3:38461)
I20260710 11:00:11.318840 31601 raft_consensus.cc:515] T fc51294eda9e4dd19b6f29eedfcc4e2e P 87616a793ec849a7b15852b8a64e07c8 [term 1 FOLLOWER]: Starting leader election with config: opid_index: -1 OBSOLETE_local: false peers { permanent_uuid: "8a1a98bcd0a441bbb025cf4dbce021f5" member_type: VOTER last_known_addr { host: "127.29.131.1" port: 37355 } } peers { permanent_uuid: "8256ca0525df41d7b1b9be5b38ea4970" member_type: VOTER last_known_addr { host: "127.29.131.2" port: 36143 } } peers { permanent_uuid: "87616a793ec849a7b15852b8a64e07c8" member_type: VOTER last_known_addr { host: "127.29.131.3" port: 38461 } }
I20260710 11:00:11.349993 31332 tablet_service.cc:1917] Received RequestConsensusVote() RPC: tablet_id: "fc51294eda9e4dd19b6f29eedfcc4e2e" candidate_uuid: "87616a793ec849a7b15852b8a64e07c8" candidate_term: 1 candidate_status { last_received { term: 0 index: 0 } } ignore_live_leader: false dest_uuid: "8a1a98bcd0a441bbb025cf4dbce021f5"
I20260710 11:00:11.350625 31332 raft_consensus.cc:3060] T fc51294eda9e4dd19b6f29eedfcc4e2e P 8a1a98bcd0a441bbb025cf4dbce021f5 [term 0 FOLLOWER]: Advancing to term 1
I20260710 11:00:11.359037 31601 leader_election.cc:290] T fc51294eda9e4dd19b6f29eedfcc4e2e P 87616a793ec849a7b15852b8a64e07c8 [CANDIDATE]: Term 1 election: Requested vote from peers 8a1a98bcd0a441bbb025cf4dbce021f5 (127.29.131.1:37355), 8256ca0525df41d7b1b9be5b38ea4970 (127.29.131.2:36143)
I20260710 11:00:11.361191 31550 consensus_queue.cc:1048] T aa64d11fdcac44cd8e8df4b28aa19529 P 8a1a98bcd0a441bbb025cf4dbce021f5 [LEADER]: Connected to new peer: Peer: permanent_uuid: "8256ca0525df41d7b1b9be5b38ea4970" member_type: VOTER last_known_addr { host: "127.29.131.2" port: 36143 }, Status: LMP_MISMATCH, Last received: 0.0, Next index: 1, Last known committed idx: 0, Time since last communication: 0.000s
I20260710 11:00:11.362223 31408 tablet_service.cc:1917] Received RequestConsensusVote() RPC: tablet_id: "fc51294eda9e4dd19b6f29eedfcc4e2e" candidate_uuid: "87616a793ec849a7b15852b8a64e07c8" candidate_term: 1 candidate_status { last_received { term: 0 index: 0 } } ignore_live_leader: false dest_uuid: "8256ca0525df41d7b1b9be5b38ea4970"
I20260710 11:00:11.363474 31408 raft_consensus.cc:3060] T fc51294eda9e4dd19b6f29eedfcc4e2e P 8256ca0525df41d7b1b9be5b38ea4970 [term 0 FOLLOWER]: Advancing to term 1
I20260710 11:00:11.359293 31227 catalog_manager.cc:5697] T a4d6b873c34542ffa2dd1fb831f97252 P 8a1a98bcd0a441bbb025cf4dbce021f5 reported cstate change: term changed from 0 to 1, leader changed from <none> to 8a1a98bcd0a441bbb025cf4dbce021f5 (127.29.131.1). New cstate: current_term: 1 leader_uuid: "8a1a98bcd0a441bbb025cf4dbce021f5" committed_config { opid_index: -1 OBSOLETE_local: false peers { permanent_uuid: "8a1a98bcd0a441bbb025cf4dbce021f5" member_type: VOTER last_known_addr { host: "127.29.131.1" port: 37355 } health_report { overall_health: HEALTHY } } peers { permanent_uuid: "8256ca0525df41d7b1b9be5b38ea4970" member_type: VOTER last_known_addr { host: "127.29.131.2" port: 36143 } health_report { overall_health: UNKNOWN } } peers { permanent_uuid: "87616a793ec849a7b15852b8a64e07c8" member_type: VOTER last_known_addr { host: "127.29.131.3" port: 38461 } health_report { overall_health: UNKNOWN } } }
I20260710 11:00:11.366672 31608 consensus_queue.cc:1048] T 257426bf25b1475db51e5e97decfd9eb P 8a1a98bcd0a441bbb025cf4dbce021f5 [LEADER]: Connected to new peer: Peer: permanent_uuid: "87616a793ec849a7b15852b8a64e07c8" member_type: VOTER last_known_addr { host: "127.29.131.3" port: 38461 }, Status: LMP_MISMATCH, Last received: 0.0, Next index: 1, Last known committed idx: 0, Time since last communication: 0.000s
I20260710 11:00:11.386528 31408 raft_consensus.cc:2468] T fc51294eda9e4dd19b6f29eedfcc4e2e P 8256ca0525df41d7b1b9be5b38ea4970 [term 1 FOLLOWER]: Leader election vote request: Granting yes vote for candidate 87616a793ec849a7b15852b8a64e07c8 in term 1.
I20260710 11:00:11.395776 31332 raft_consensus.cc:2468] T fc51294eda9e4dd19b6f29eedfcc4e2e P 8a1a98bcd0a441bbb025cf4dbce021f5 [term 1 FOLLOWER]: Leader election vote request: Granting yes vote for candidate 87616a793ec849a7b15852b8a64e07c8 in term 1.
I20260710 11:00:11.397907 31447 leader_election.cc:304] T fc51294eda9e4dd19b6f29eedfcc4e2e P 87616a793ec849a7b15852b8a64e07c8 [CANDIDATE]: Term 1 election: Election decided. Result: candidate won. Election summary: received 2 responses out of 3 voters: 2 yes votes; 0 no votes. yes voters: 87616a793ec849a7b15852b8a64e07c8, 8a1a98bcd0a441bbb025cf4dbce021f5; no voters: 
I20260710 11:00:11.408749 31529 raft_consensus.cc:2804] T fc51294eda9e4dd19b6f29eedfcc4e2e P 87616a793ec849a7b15852b8a64e07c8 [term 1 FOLLOWER]: Leader election won for term 1
I20260710 11:00:11.409471 31529 raft_consensus.cc:697] T fc51294eda9e4dd19b6f29eedfcc4e2e P 87616a793ec849a7b15852b8a64e07c8 [term 1 LEADER]: Becoming Leader. State: Replica: 87616a793ec849a7b15852b8a64e07c8, State: Running, Role: LEADER
I20260710 11:00:11.410490 31529 consensus_queue.cc:237] T fc51294eda9e4dd19b6f29eedfcc4e2e P 87616a793ec849a7b15852b8a64e07c8 [LEADER]: Queue going to LEADER mode. State: All replicated index: 0, Majority replicated index: 0, Committed index: 0, Last appended: 0.0, Last appended by leader: 0, Current term: 1, Majority size: 2, State: 0, Mode: LEADER, active raft config: opid_index: -1 OBSOLETE_local: false peers { permanent_uuid: "8a1a98bcd0a441bbb025cf4dbce021f5" member_type: VOTER last_known_addr { host: "127.29.131.1" port: 37355 } } peers { permanent_uuid: "8256ca0525df41d7b1b9be5b38ea4970" member_type: VOTER last_known_addr { host: "127.29.131.2" port: 36143 } } peers { permanent_uuid: "87616a793ec849a7b15852b8a64e07c8" member_type: VOTER last_known_addr { host: "127.29.131.3" port: 38461 } }
I20260710 11:00:11.416807 31652 consensus_queue.cc:1048] T aa64d11fdcac44cd8e8df4b28aa19529 P 8a1a98bcd0a441bbb025cf4dbce021f5 [LEADER]: Connected to new peer: Peer: permanent_uuid: "87616a793ec849a7b15852b8a64e07c8" member_type: VOTER last_known_addr { host: "127.29.131.3" port: 38461 }, Status: LMP_MISMATCH, Last received: 0.0, Next index: 1, Last known committed idx: 0, Time since last communication: 0.001s
I20260710 11:00:11.430019 31231 catalog_manager.cc:5697] T 083b3dca12d4470aa0e65cdee717f51e P 8256ca0525df41d7b1b9be5b38ea4970 reported cstate change: term changed from 0 to 1, leader changed from <none> to 8256ca0525df41d7b1b9be5b38ea4970 (127.29.131.2). New cstate: current_term: 1 leader_uuid: "8256ca0525df41d7b1b9be5b38ea4970" committed_config { opid_index: -1 OBSOLETE_local: false peers { permanent_uuid: "8a1a98bcd0a441bbb025cf4dbce021f5" member_type: VOTER last_known_addr { host: "127.29.131.1" port: 37355 } health_report { overall_health: UNKNOWN } } peers { permanent_uuid: "8256ca0525df41d7b1b9be5b38ea4970" member_type: VOTER last_known_addr { host: "127.29.131.2" port: 36143 } health_report { overall_health: HEALTHY } } peers { permanent_uuid: "87616a793ec849a7b15852b8a64e07c8" member_type: VOTER last_known_addr { host: "127.29.131.3" port: 38461 } health_report { overall_health: UNKNOWN } } }
I20260710 11:00:11.459216 31522 tablet_bootstrap.cc:492] T 083b3dca12d4470aa0e65cdee717f51e P 8a1a98bcd0a441bbb025cf4dbce021f5: No bootstrap required, opened a new log
I20260710 11:00:11.459800 31522 ts_tablet_manager.cc:1403] T 083b3dca12d4470aa0e65cdee717f51e P 8a1a98bcd0a441bbb025cf4dbce021f5: Time spent bootstrapping tablet: real 0.166s	user 0.036s	sys 0.030s
I20260710 11:00:11.459900 31231 catalog_manager.cc:5697] T fc51294eda9e4dd19b6f29eedfcc4e2e P 87616a793ec849a7b15852b8a64e07c8 reported cstate change: term changed from 0 to 1, leader changed from <none> to 87616a793ec849a7b15852b8a64e07c8 (127.29.131.3). New cstate: current_term: 1 leader_uuid: "87616a793ec849a7b15852b8a64e07c8" committed_config { opid_index: -1 OBSOLETE_local: false peers { permanent_uuid: "8a1a98bcd0a441bbb025cf4dbce021f5" member_type: VOTER last_known_addr { host: "127.29.131.1" port: 37355 } health_report { overall_health: UNKNOWN } } peers { permanent_uuid: "8256ca0525df41d7b1b9be5b38ea4970" member_type: VOTER last_known_addr { host: "127.29.131.2" port: 36143 } health_report { overall_health: UNKNOWN } } peers { permanent_uuid: "87616a793ec849a7b15852b8a64e07c8" member_type: VOTER last_known_addr { host: "127.29.131.3" port: 38461 } health_report { overall_health: HEALTHY } } }
I20260710 11:00:11.471879 31522 raft_consensus.cc:359] T 083b3dca12d4470aa0e65cdee717f51e P 8a1a98bcd0a441bbb025cf4dbce021f5 [term 0 FOLLOWER]: Replica starting. Triggering 0 pending ops. Active config: opid_index: -1 OBSOLETE_local: false peers { permanent_uuid: "8a1a98bcd0a441bbb025cf4dbce021f5" member_type: VOTER last_known_addr { host: "127.29.131.1" port: 37355 } } peers { permanent_uuid: "8256ca0525df41d7b1b9be5b38ea4970" member_type: VOTER last_known_addr { host: "127.29.131.2" port: 36143 } } peers { permanent_uuid: "87616a793ec849a7b15852b8a64e07c8" member_type: VOTER last_known_addr { host: "127.29.131.3" port: 38461 } }
I20260710 11:00:11.473572 31522 raft_consensus.cc:385] T 083b3dca12d4470aa0e65cdee717f51e P 8a1a98bcd0a441bbb025cf4dbce021f5 [term 0 FOLLOWER]: Consensus starting up: Expiring failure detector timer to make a prompt election more likely
I20260710 11:00:11.474336 31522 raft_consensus.cc:740] T 083b3dca12d4470aa0e65cdee717f51e P 8a1a98bcd0a441bbb025cf4dbce021f5 [term 0 FOLLOWER]: Becoming Follower/Learner. State: Replica: 8a1a98bcd0a441bbb025cf4dbce021f5, State: Initialized, Role: FOLLOWER
I20260710 11:00:11.469913 31525 consensus_queue.cc:1048] T 257426bf25b1475db51e5e97decfd9eb P 8a1a98bcd0a441bbb025cf4dbce021f5 [LEADER]: Connected to new peer: Peer: permanent_uuid: "8256ca0525df41d7b1b9be5b38ea4970" member_type: VOTER last_known_addr { host: "127.29.131.2" port: 36143 }, Status: LMP_MISMATCH, Last received: 0.0, Next index: 1, Last known committed idx: 0, Time since last communication: 0.005s
I20260710 11:00:11.478622 31522 consensus_queue.cc:260] T 083b3dca12d4470aa0e65cdee717f51e P 8a1a98bcd0a441bbb025cf4dbce021f5 [NON_LEADER]: Queue going to NON_LEADER mode. State: All replicated index: 0, Majority replicated index: 0, Committed index: 0, Last appended: 0.0, Last appended by leader: 0, Current term: 0, Majority size: -1, State: 0, Mode: NON_LEADER, active raft config: opid_index: -1 OBSOLETE_local: false peers { permanent_uuid: "8a1a98bcd0a441bbb025cf4dbce021f5" member_type: VOTER last_known_addr { host: "127.29.131.1" port: 37355 } } peers { permanent_uuid: "8256ca0525df41d7b1b9be5b38ea4970" member_type: VOTER last_known_addr { host: "127.29.131.2" port: 36143 } } peers { permanent_uuid: "87616a793ec849a7b15852b8a64e07c8" member_type: VOTER last_known_addr { host: "127.29.131.3" port: 38461 } }
I20260710 11:00:11.481490 31522 ts_tablet_manager.cc:1434] T 083b3dca12d4470aa0e65cdee717f51e P 8a1a98bcd0a441bbb025cf4dbce021f5: Time spent starting tablet: real 0.021s	user 0.009s	sys 0.000s
I20260710 11:00:11.483593 31684 consensus_queue.cc:1048] T 932f6c5e52774562b7b7dbbd0d228235 P 8a1a98bcd0a441bbb025cf4dbce021f5 [LEADER]: Connected to new peer: Peer: permanent_uuid: "8256ca0525df41d7b1b9be5b38ea4970" member_type: VOTER last_known_addr { host: "127.29.131.2" port: 36143 }, Status: LMP_MISMATCH, Last received: 0.0, Next index: 1, Last known committed idx: 0, Time since last communication: 0.001s
I20260710 11:00:11.507475 31550 consensus_queue.cc:1048] T 932f6c5e52774562b7b7dbbd0d228235 P 8a1a98bcd0a441bbb025cf4dbce021f5 [LEADER]: Connected to new peer: Peer: permanent_uuid: "87616a793ec849a7b15852b8a64e07c8" member_type: VOTER last_known_addr { host: "127.29.131.3" port: 38461 }, Status: LMP_MISMATCH, Last received: 0.0, Next index: 1, Last known committed idx: 0, Time since last communication: 0.000s
I20260710 11:00:11.529438 30220 file_cache.cc:504] Constructed file cache file cache with capacity 419430
I20260710 11:00:11.537662 31529 consensus_queue.cc:1048] T 196ee20b2e024076b200ff72456a5f54 P 87616a793ec849a7b15852b8a64e07c8 [LEADER]: Connected to new peer: Peer: permanent_uuid: "8256ca0525df41d7b1b9be5b38ea4970" member_type: VOTER last_known_addr { host: "127.29.131.2" port: 36143 }, Status: LMP_MISMATCH, Last received: 0.0, Next index: 1, Last known committed idx: 0, Time since last communication: 0.001s
W20260710 11:00:11.541968 31690 instance_detector.cc:116] could not retrieve AWS instance metadata: Network error: curl error: HTTP response code said error: The requested URL returned error: 404
W20260710 11:00:11.542562 31691 instance_detector.cc:116] could not retrieve Azure instance metadata: Network error: curl error: HTTP response code said error: The requested URL returned error: 404
W20260710 11:00:11.545197 31694 instance_detector.cc:116] could not retrieve OpenStack instance metadata: Network error: curl error: HTTP response code said error: The requested URL returned error: 404
I20260710 11:00:11.545605 30220 server_base.cc:1061] running on GCE node
I20260710 11:00:11.546813 30220 hybrid_clock.cc:584] initializing the hybrid clock with 'system_unsync' time source
W20260710 11:00:11.547122 30220 system_unsync_time.cc:38] NTP support is disabled. Clock error bounds will not be accurate. This configuration is not suitable for distributed clusters.
I20260710 11:00:11.547312 30220 hybrid_clock.cc:648] HybridClock initialized: now 1783681211547297 us; error 0 us; skew 500 ppm
I20260710 11:00:11.548094 30220 server_base.cc:861] Flag tcmalloc_max_total_thread_cache_bytes is not working since tcmalloc is not enabled.
I20260710 11:00:11.553969 31529 consensus_queue.cc:1048] T 196ee20b2e024076b200ff72456a5f54 P 87616a793ec849a7b15852b8a64e07c8 [LEADER]: Connected to new peer: Peer: permanent_uuid: "8a1a98bcd0a441bbb025cf4dbce021f5" member_type: VOTER last_known_addr { host: "127.29.131.1" port: 37355 }, Status: LMP_MISMATCH, Last received: 0.0, Next index: 1, Last known committed idx: 0, Time since last communication: 0.000s
I20260710 11:00:11.572044 30220 webserver.cc:533] Webserver started at http://127.29.131.4:33895/ using document root <none> and password file <none>
I20260710 11:00:11.572690 30220 fs_manager.cc:362] Metadata directory not provided
I20260710 11:00:11.572870 30220 fs_manager.cc:368] Using write-ahead log directory (fs_wal_dir) as metadata directory
I20260710 11:00:11.573200 30220 server_base.cc:909] This appears to be a new deployment of Kudu; creating new FS layout
I20260710 11:00:11.574528 30220 fs_manager.cc:1068] Generated new instance metadata in path /tmp/dist-test-task4681qI/test-tmp/auto_leader_rebalancer-test.0.LeaderRebalancerTest.AddTserver.1783681181625109-30220-0/minicluster-data/ts-3-root/instance:
uuid: "17c7b0722b754ddbbfaae26c3d37834c"
format_stamp: "Formatted at 2026-07-10 11:00:11 on dist-test-slave-gm5k"
I20260710 11:00:11.580880 30220 fs_manager.cc:696] Time spent creating directory manager: real 0.005s	user 0.005s	sys 0.000s
I20260710 11:00:11.584822 31700 log_block_manager.cc:4127] Time spent loading block containers with low live blocks: real 0.000s	user 0.000s	sys 0.000s
I20260710 11:00:11.585814 30220 fs_manager.cc:730] Time spent opening block manager: real 0.003s	user 0.001s	sys 0.000s
I20260710 11:00:11.586215 30220 fs_manager.cc:647] Opened local filesystem: /tmp/dist-test-task4681qI/test-tmp/auto_leader_rebalancer-test.0.LeaderRebalancerTest.AddTserver.1783681181625109-30220-0/minicluster-data/ts-3-root
uuid: "17c7b0722b754ddbbfaae26c3d37834c"
format_stamp: "Formatted at 2026-07-10 11:00:11 on dist-test-slave-gm5k"
I20260710 11:00:11.586963 30220 fs_report.cc:389] FS layout report
--------------------
wal directory: /tmp/dist-test-task4681qI/test-tmp/auto_leader_rebalancer-test.0.LeaderRebalancerTest.AddTserver.1783681181625109-30220-0/minicluster-data/ts-3-root
metadata directory: /tmp/dist-test-task4681qI/test-tmp/auto_leader_rebalancer-test.0.LeaderRebalancerTest.AddTserver.1783681181625109-30220-0/minicluster-data/ts-3-root
1 data directories: /tmp/dist-test-task4681qI/test-tmp/auto_leader_rebalancer-test.0.LeaderRebalancerTest.AddTserver.1783681181625109-30220-0/minicluster-data/ts-3-root/data
Total live blocks: 0
Total live bytes: 0
Total live bytes (after alignment): 0
Total number of LBM containers: 0 (0 full)
Did not check for missing blocks
Did not check for orphaned blocks
Total full LBM containers with extra space: 0 (0 repaired)
Total full LBM container extra space in bytes: 0 (0 repaired)
Total incomplete LBM containers: 0 (0 repaired)
Total LBM partial records: 0 (0 repaired)
Total corrupted LBM metadata records in RocksDB: 0 (0 repaired)
I20260710 11:00:11.588850 31550 raft_consensus.cc:493] T 083b3dca12d4470aa0e65cdee717f51e P 8a1a98bcd0a441bbb025cf4dbce021f5 [term 0 FOLLOWER]: Starting pre-election (no leader contacted us within the election timeout)
I20260710 11:00:11.589368 31550 raft_consensus.cc:515] T 083b3dca12d4470aa0e65cdee717f51e P 8a1a98bcd0a441bbb025cf4dbce021f5 [term 0 FOLLOWER]: Starting pre-election with config: opid_index: -1 OBSOLETE_local: false peers { permanent_uuid: "8a1a98bcd0a441bbb025cf4dbce021f5" member_type: VOTER last_known_addr { host: "127.29.131.1" port: 37355 } } peers { permanent_uuid: "8256ca0525df41d7b1b9be5b38ea4970" member_type: VOTER last_known_addr { host: "127.29.131.2" port: 36143 } } peers { permanent_uuid: "87616a793ec849a7b15852b8a64e07c8" member_type: VOTER last_known_addr { host: "127.29.131.3" port: 38461 } }
I20260710 11:00:11.591701 31550 leader_election.cc:290] T 083b3dca12d4470aa0e65cdee717f51e P 8a1a98bcd0a441bbb025cf4dbce021f5 [CANDIDATE]: Term 1 pre-election: Requested pre-vote from peers 8256ca0525df41d7b1b9be5b38ea4970 (127.29.131.2:36143), 87616a793ec849a7b15852b8a64e07c8 (127.29.131.3:38461)
I20260710 11:00:11.593237 31480 tablet_service.cc:1917] Received RequestConsensusVote() RPC: tablet_id: "083b3dca12d4470aa0e65cdee717f51e" candidate_uuid: "8a1a98bcd0a441bbb025cf4dbce021f5" candidate_term: 1 candidate_status { last_received { term: 0 index: 0 } } ignore_live_leader: false dest_uuid: "87616a793ec849a7b15852b8a64e07c8" is_pre_election: true
I20260710 11:00:11.593245 31405 tablet_service.cc:1917] Received RequestConsensusVote() RPC: tablet_id: "083b3dca12d4470aa0e65cdee717f51e" candidate_uuid: "8a1a98bcd0a441bbb025cf4dbce021f5" candidate_term: 1 candidate_status { last_received { term: 0 index: 0 } } ignore_live_leader: false dest_uuid: "8256ca0525df41d7b1b9be5b38ea4970" is_pre_election: true
I20260710 11:00:11.594034 31480 raft_consensus.cc:2393] T 083b3dca12d4470aa0e65cdee717f51e P 87616a793ec849a7b15852b8a64e07c8 [term 1 FOLLOWER]: Leader pre-election vote request: Denying vote to candidate 8a1a98bcd0a441bbb025cf4dbce021f5 in current term 1: Already voted for candidate 8256ca0525df41d7b1b9be5b38ea4970 in this term.
I20260710 11:00:11.595371 31299 leader_election.cc:304] T 083b3dca12d4470aa0e65cdee717f51e P 8a1a98bcd0a441bbb025cf4dbce021f5 [CANDIDATE]: Term 1 pre-election: Election decided. Result: candidate lost. Election summary: received 3 responses out of 3 voters: 1 yes votes; 2 no votes. yes voters: 8a1a98bcd0a441bbb025cf4dbce021f5; no voters: 8256ca0525df41d7b1b9be5b38ea4970, 87616a793ec849a7b15852b8a64e07c8
I20260710 11:00:11.596215 31550 raft_consensus.cc:3060] T 083b3dca12d4470aa0e65cdee717f51e P 8a1a98bcd0a441bbb025cf4dbce021f5 [term 0 FOLLOWER]: Advancing to term 1
I20260710 11:00:11.601935 31580 consensus_queue.cc:1048] T 7cabdfe7f7e14ad7bd2cc55225807f59 P 8256ca0525df41d7b1b9be5b38ea4970 [LEADER]: Connected to new peer: Peer: permanent_uuid: "8a1a98bcd0a441bbb025cf4dbce021f5" member_type: VOTER last_known_addr { host: "127.29.131.1" port: 37355 }, Status: LMP_MISMATCH, Last received: 0.0, Next index: 1, Last known committed idx: 0, Time since last communication: 0.000s
I20260710 11:00:11.602314 31550 raft_consensus.cc:2749] T 083b3dca12d4470aa0e65cdee717f51e P 8a1a98bcd0a441bbb025cf4dbce021f5 [term 1 FOLLOWER]: Leader pre-election lost for term 1. Reason: could not achieve majority
I20260710 11:00:11.603915 30220 rpc_server.cc:225] running with OpenSSL 1.1.1  11 Sep 2018
I20260710 11:00:11.606194 30220 kserver.cc:163] Server-wide thread pool size limit: 3276
I20260710 11:00:11.608484 30220 txn_system_client.cc:432] TxnSystemClient initialization is disabled...
I20260710 11:00:11.618975 30220 ts_tablet_manager.cc:585] Loaded tablet metadata (0 total tablets, 0 live tablets)
I20260710 11:00:11.619287 30220 ts_tablet_manager.cc:531] Time spent load tablet metadata: real 0.000s	user 0.000s	sys 0.000s
I20260710 11:00:11.619592 30220 ts_tablet_manager.cc:616] Registered 0 tablets
I20260710 11:00:11.619787 30220 ts_tablet_manager.cc:595] Time spent register tablets: real 0.000s	user 0.000s	sys 0.000s
I20260710 11:00:11.624013 31532 consensus_queue.cc:1048] T 7cabdfe7f7e14ad7bd2cc55225807f59 P 8256ca0525df41d7b1b9be5b38ea4970 [LEADER]: Connected to new peer: Peer: permanent_uuid: "87616a793ec849a7b15852b8a64e07c8" member_type: VOTER last_known_addr { host: "127.29.131.3" port: 38461 }, Status: LMP_MISMATCH, Last received: 0.0, Next index: 1, Last known committed idx: 0, Time since last communication: 0.000s
I20260710 11:00:11.629057 31532 consensus_queue.cc:1048] T 9a8797f404f0490889d2e97d1404a5d8 P 8256ca0525df41d7b1b9be5b38ea4970 [LEADER]: Connected to new peer: Peer: permanent_uuid: "87616a793ec849a7b15852b8a64e07c8" member_type: VOTER last_known_addr { host: "127.29.131.3" port: 38461 }, Status: LMP_MISMATCH, Last received: 0.0, Next index: 1, Last known committed idx: 0, Time since last communication: 0.000s
I20260710 11:00:11.640832 31553 consensus_queue.cc:1048] T 9a8797f404f0490889d2e97d1404a5d8 P 8256ca0525df41d7b1b9be5b38ea4970 [LEADER]: Connected to new peer: Peer: permanent_uuid: "8a1a98bcd0a441bbb025cf4dbce021f5" member_type: VOTER last_known_addr { host: "127.29.131.1" port: 37355 }, Status: LMP_MISMATCH, Last received: 0.0, Next index: 1, Last known committed idx: 0, Time since last communication: 0.001s
I20260710 11:00:11.741247 31670 consensus_queue.cc:1048] T 083b3dca12d4470aa0e65cdee717f51e P 8256ca0525df41d7b1b9be5b38ea4970 [LEADER]: Connected to new peer: Peer: permanent_uuid: "8a1a98bcd0a441bbb025cf4dbce021f5" member_type: VOTER last_known_addr { host: "127.29.131.1" port: 37355 }, Status: LMP_MISMATCH, Last received: 0.0, Next index: 1, Last known committed idx: 0, Time since last communication: 0.000s
I20260710 11:00:11.764498 31553 consensus_queue.cc:1048] T 083b3dca12d4470aa0e65cdee717f51e P 8256ca0525df41d7b1b9be5b38ea4970 [LEADER]: Connected to new peer: Peer: permanent_uuid: "87616a793ec849a7b15852b8a64e07c8" member_type: VOTER last_known_addr { host: "127.29.131.3" port: 38461 }, Status: LMP_MISMATCH, Last received: 0.0, Next index: 1, Last known committed idx: 0, Time since last communication: 0.000s
I20260710 11:00:11.830571 30220 rpc_server.cc:307] RPC server started. Bound to: 127.29.131.4:41283
I20260710 11:00:11.831341 31768 acceptor_pool.cc:272] collecting diagnostics on the listening RPC socket 127.29.131.4:41283 every 8 connection(s)
I20260710 11:00:11.836405 30220 auto_leader_rebalancer-test.cc:388] add a tserver: 17c7b0722b754ddbbfaae26c3d37834c
I20260710 11:00:11.843770 31529 consensus_queue.cc:1048] T fc51294eda9e4dd19b6f29eedfcc4e2e P 87616a793ec849a7b15852b8a64e07c8 [LEADER]: Connected to new peer: Peer: permanent_uuid: "8a1a98bcd0a441bbb025cf4dbce021f5" member_type: VOTER last_known_addr { host: "127.29.131.1" port: 37355 }, Status: LMP_MISMATCH, Last received: 0.0, Next index: 1, Last known committed idx: 0, Time since last communication: 0.000s
I20260710 11:00:11.862161 31529 consensus_queue.cc:1048] T fc51294eda9e4dd19b6f29eedfcc4e2e P 87616a793ec849a7b15852b8a64e07c8 [LEADER]: Connected to new peer: Peer: permanent_uuid: "8256ca0525df41d7b1b9be5b38ea4970" member_type: VOTER last_known_addr { host: "127.29.131.2" port: 36143 }, Status: LMP_MISMATCH, Last received: 0.0, Next index: 1, Last known committed idx: 0, Time since last communication: 0.000s
I20260710 11:00:11.866762 31769 heartbeater.cc:344] Connected to a master server at 127.29.131.62:45773
I20260710 11:00:11.867724 31769 heartbeater.cc:461] Registering TS with master...
I20260710 11:00:11.869114 31769 heartbeater.cc:507] Master 127.29.131.62:45773 requested a full tablet report, sending...
I20260710 11:00:11.876729 31229 ts_manager.cc:194] Registered new tserver with Master: 17c7b0722b754ddbbfaae26c3d37834c (127.29.131.4:41283)
I20260710 11:00:11.878535 31229 master_service.cc:502] Signed X509 certificate for tserver {username='slave'} at 127.0.0.1:47398
I20260710 11:00:11.924723 31550 consensus_queue.cc:1048] T a4d6b873c34542ffa2dd1fb831f97252 P 8a1a98bcd0a441bbb025cf4dbce021f5 [LEADER]: Connected to new peer: Peer: permanent_uuid: "87616a793ec849a7b15852b8a64e07c8" member_type: VOTER last_known_addr { host: "127.29.131.3" port: 38461 }, Status: LMP_MISMATCH, Last received: 0.0, Next index: 1, Last known committed idx: 0, Time since last communication: 0.000s
I20260710 11:00:11.932128 31550 consensus_queue.cc:1048] T a4d6b873c34542ffa2dd1fb831f97252 P 8a1a98bcd0a441bbb025cf4dbce021f5 [LEADER]: Connected to new peer: Peer: permanent_uuid: "8256ca0525df41d7b1b9be5b38ea4970" member_type: VOTER last_known_addr { host: "127.29.131.2" port: 36143 }, Status: LMP_MISMATCH, Last received: 0.0, Next index: 1, Last known committed idx: 0, Time since last communication: 0.001s
I20260710 11:00:12.764155 31405 consensus_queue.cc:237] T 5447b73f21584e1b9b0452003994a373 P 8256ca0525df41d7b1b9be5b38ea4970 [LEADER]: Queue going to LEADER mode. State: All replicated index: 0, Majority replicated index: 1, Committed index: 1, Last appended: 1.1, Last appended by leader: 0, Current term: 1, Majority size: 2, State: 0, Mode: LEADER, active raft config: opid_index: 2 OBSOLETE_local: false peers { permanent_uuid: "8a1a98bcd0a441bbb025cf4dbce021f5" member_type: VOTER last_known_addr { host: "127.29.131.1" port: 37355 } } peers { permanent_uuid: "8256ca0525df41d7b1b9be5b38ea4970" member_type: VOTER last_known_addr { host: "127.29.131.2" port: 36143 } } peers { permanent_uuid: "87616a793ec849a7b15852b8a64e07c8" member_type: VOTER last_known_addr { host: "127.29.131.3" port: 38461 } attrs { replace: true } } peers { permanent_uuid: "17c7b0722b754ddbbfaae26c3d37834c" member_type: NON_VOTER last_known_addr { host: "127.29.131.4" port: 41283 } attrs { promote: true } }
I20260710 11:00:12.773452 31332 raft_consensus.cc:1275] T 5447b73f21584e1b9b0452003994a373 P 8a1a98bcd0a441bbb025cf4dbce021f5 [term 1 FOLLOWER]: Refusing update from remote peer 8256ca0525df41d7b1b9be5b38ea4970: Log matching property violated. Preceding OpId in replica: term: 1 index: 1. Preceding OpId from leader: term: 1 index: 2. (index mismatch)
I20260710 11:00:12.776340 31553 consensus_queue.cc:1048] T 5447b73f21584e1b9b0452003994a373 P 8256ca0525df41d7b1b9be5b38ea4970 [LEADER]: Connected to new peer: Peer: permanent_uuid: "8a1a98bcd0a441bbb025cf4dbce021f5" member_type: VOTER last_known_addr { host: "127.29.131.1" port: 37355 }, Status: LMP_MISMATCH, Last received: 0.0, Next index: 2, Last known committed idx: 1, Time since last communication: 0.001s
I20260710 11:00:12.778494 31480 raft_consensus.cc:1275] T 5447b73f21584e1b9b0452003994a373 P 87616a793ec849a7b15852b8a64e07c8 [term 1 FOLLOWER]: Refusing update from remote peer 8256ca0525df41d7b1b9be5b38ea4970: Log matching property violated. Preceding OpId in replica: term: 1 index: 1. Preceding OpId from leader: term: 1 index: 2. (index mismatch)
I20260710 11:00:12.780679 31553 consensus_queue.cc:1048] T 5447b73f21584e1b9b0452003994a373 P 8256ca0525df41d7b1b9be5b38ea4970 [LEADER]: Connected to new peer: Peer: permanent_uuid: "87616a793ec849a7b15852b8a64e07c8" member_type: VOTER last_known_addr { host: "127.29.131.3" port: 38461 } attrs { replace: true }, Status: LMP_MISMATCH, Last received: 0.0, Next index: 2, Last known committed idx: 1, Time since last communication: 0.000s
W20260710 11:00:12.793380 31371 consensus_peers.cc:597] T 5447b73f21584e1b9b0452003994a373 P 8256ca0525df41d7b1b9be5b38ea4970 -> Peer 17c7b0722b754ddbbfaae26c3d37834c (127.29.131.4:41283): Couldn't send request to peer 17c7b0722b754ddbbfaae26c3d37834c. Error code: TABLET_NOT_FOUND (6). Status: Not found: Tablet not found: 5447b73f21584e1b9b0452003994a373. This is attempt 1: this message will repeat every 5th retry.
I20260710 11:00:12.793411 31580 raft_consensus.cc:2955] T 5447b73f21584e1b9b0452003994a373 P 8256ca0525df41d7b1b9be5b38ea4970 [term 1 LEADER]: Committing config change with OpId 1.2: config changed from index -1 to 2, NON_VOTER 17c7b0722b754ddbbfaae26c3d37834c (127.29.131.4) added. New config: { opid_index: 2 OBSOLETE_local: false peers { permanent_uuid: "8a1a98bcd0a441bbb025cf4dbce021f5" member_type: VOTER last_known_addr { host: "127.29.131.1" port: 37355 } } peers { permanent_uuid: "8256ca0525df41d7b1b9be5b38ea4970" member_type: VOTER last_known_addr { host: "127.29.131.2" port: 36143 } } peers { permanent_uuid: "87616a793ec849a7b15852b8a64e07c8" member_type: VOTER last_known_addr { host: "127.29.131.3" port: 38461 } attrs { replace: true } } peers { permanent_uuid: "17c7b0722b754ddbbfaae26c3d37834c" member_type: NON_VOTER last_known_addr { host: "127.29.131.4" port: 41283 } attrs { promote: true } } }
I20260710 11:00:12.794952 31332 raft_consensus.cc:2955] T 5447b73f21584e1b9b0452003994a373 P 8a1a98bcd0a441bbb025cf4dbce021f5 [term 1 FOLLOWER]: Committing config change with OpId 1.2: config changed from index -1 to 2, NON_VOTER 17c7b0722b754ddbbfaae26c3d37834c (127.29.131.4) added. New config: { opid_index: 2 OBSOLETE_local: false peers { permanent_uuid: "8a1a98bcd0a441bbb025cf4dbce021f5" member_type: VOTER last_known_addr { host: "127.29.131.1" port: 37355 } } peers { permanent_uuid: "8256ca0525df41d7b1b9be5b38ea4970" member_type: VOTER last_known_addr { host: "127.29.131.2" port: 36143 } } peers { permanent_uuid: "87616a793ec849a7b15852b8a64e07c8" member_type: VOTER last_known_addr { host: "127.29.131.3" port: 38461 } attrs { replace: true } } peers { permanent_uuid: "17c7b0722b754ddbbfaae26c3d37834c" member_type: NON_VOTER last_known_addr { host: "127.29.131.4" port: 41283 } attrs { promote: true } } }
I20260710 11:00:12.796207 31480 raft_consensus.cc:2955] T 5447b73f21584e1b9b0452003994a373 P 87616a793ec849a7b15852b8a64e07c8 [term 1 FOLLOWER]: Committing config change with OpId 1.2: config changed from index -1 to 2, NON_VOTER 17c7b0722b754ddbbfaae26c3d37834c (127.29.131.4) added. New config: { opid_index: 2 OBSOLETE_local: false peers { permanent_uuid: "8a1a98bcd0a441bbb025cf4dbce021f5" member_type: VOTER last_known_addr { host: "127.29.131.1" port: 37355 } } peers { permanent_uuid: "8256ca0525df41d7b1b9be5b38ea4970" member_type: VOTER last_known_addr { host: "127.29.131.2" port: 36143 } } peers { permanent_uuid: "87616a793ec849a7b15852b8a64e07c8" member_type: VOTER last_known_addr { host: "127.29.131.3" port: 38461 } attrs { replace: true } } peers { permanent_uuid: "17c7b0722b754ddbbfaae26c3d37834c" member_type: NON_VOTER last_known_addr { host: "127.29.131.4" port: 41283 } attrs { promote: true } } }
I20260710 11:00:12.809767 31231 catalog_manager.cc:5697] T 5447b73f21584e1b9b0452003994a373 P 87616a793ec849a7b15852b8a64e07c8 reported cstate change: config changed from index -1 to 2, NON_VOTER 17c7b0722b754ddbbfaae26c3d37834c (127.29.131.4) added. New cstate: current_term: 1 leader_uuid: "8256ca0525df41d7b1b9be5b38ea4970" committed_config { opid_index: 2 OBSOLETE_local: false peers { permanent_uuid: "8a1a98bcd0a441bbb025cf4dbce021f5" member_type: VOTER last_known_addr { host: "127.29.131.1" port: 37355 } } peers { permanent_uuid: "8256ca0525df41d7b1b9be5b38ea4970" member_type: VOTER last_known_addr { host: "127.29.131.2" port: 36143 } } peers { permanent_uuid: "87616a793ec849a7b15852b8a64e07c8" member_type: VOTER last_known_addr { host: "127.29.131.3" port: 38461 } attrs { replace: true } } peers { permanent_uuid: "17c7b0722b754ddbbfaae26c3d37834c" member_type: NON_VOTER last_known_addr { host: "127.29.131.4" port: 41283 } attrs { promote: true } } }
I20260710 11:00:12.815008 31405 consensus_queue.cc:237] T d32cabb159df48499ead94178f34d1ce P 8256ca0525df41d7b1b9be5b38ea4970 [LEADER]: Queue going to LEADER mode. State: All replicated index: 0, Majority replicated index: 1, Committed index: 1, Last appended: 1.1, Last appended by leader: 0, Current term: 1, Majority size: 2, State: 0, Mode: LEADER, active raft config: opid_index: 2 OBSOLETE_local: false peers { permanent_uuid: "8a1a98bcd0a441bbb025cf4dbce021f5" member_type: VOTER last_known_addr { host: "127.29.131.1" port: 37355 } attrs { replace: true } } peers { permanent_uuid: "8256ca0525df41d7b1b9be5b38ea4970" member_type: VOTER last_known_addr { host: "127.29.131.2" port: 36143 } } peers { permanent_uuid: "87616a793ec849a7b15852b8a64e07c8" member_type: VOTER last_known_addr { host: "127.29.131.3" port: 38461 } } peers { permanent_uuid: "17c7b0722b754ddbbfaae26c3d37834c" member_type: NON_VOTER last_known_addr { host: "127.29.131.4" port: 41283 } attrs { promote: true } }
I20260710 11:00:12.828505 31480 raft_consensus.cc:1275] T d32cabb159df48499ead94178f34d1ce P 87616a793ec849a7b15852b8a64e07c8 [term 1 FOLLOWER]: Refusing update from remote peer 8256ca0525df41d7b1b9be5b38ea4970: Log matching property violated. Preceding OpId in replica: term: 1 index: 1. Preceding OpId from leader: term: 1 index: 2. (index mismatch)
W20260710 11:00:12.828979 31371 consensus_peers.cc:597] T d32cabb159df48499ead94178f34d1ce P 8256ca0525df41d7b1b9be5b38ea4970 -> Peer 17c7b0722b754ddbbfaae26c3d37834c (127.29.131.4:41283): Couldn't send request to peer 17c7b0722b754ddbbfaae26c3d37834c. Error code: TABLET_NOT_FOUND (6). Status: Not found: Tablet not found: d32cabb159df48499ead94178f34d1ce. This is attempt 1: this message will repeat every 5th retry.
I20260710 11:00:12.830058 31332 raft_consensus.cc:1275] T d32cabb159df48499ead94178f34d1ce P 8a1a98bcd0a441bbb025cf4dbce021f5 [term 1 FOLLOWER]: Refusing update from remote peer 8256ca0525df41d7b1b9be5b38ea4970: Log matching property violated. Preceding OpId in replica: term: 1 index: 1. Preceding OpId from leader: term: 1 index: 2. (index mismatch)
I20260710 11:00:12.830596 31553 consensus_queue.cc:1048] T d32cabb159df48499ead94178f34d1ce P 8256ca0525df41d7b1b9be5b38ea4970 [LEADER]: Connected to new peer: Peer: permanent_uuid: "87616a793ec849a7b15852b8a64e07c8" member_type: VOTER last_known_addr { host: "127.29.131.3" port: 38461 }, Status: LMP_MISMATCH, Last received: 0.0, Next index: 2, Last known committed idx: 1, Time since last communication: 0.001s
I20260710 11:00:12.832186 31580 consensus_queue.cc:1048] T d32cabb159df48499ead94178f34d1ce P 8256ca0525df41d7b1b9be5b38ea4970 [LEADER]: Connected to new peer: Peer: permanent_uuid: "8a1a98bcd0a441bbb025cf4dbce021f5" member_type: VOTER last_known_addr { host: "127.29.131.1" port: 37355 } attrs { replace: true }, Status: LMP_MISMATCH, Last received: 0.0, Next index: 2, Last known committed idx: 1, Time since last communication: 0.000s
