I20260710 11:00:10.818872 31608 raft_consensus.cc:3060] T 932f6c5e52774562b7b7dbbd0d228235 P 8a1a98bcd0a441bbb025cf4dbce021f5 [term 0 FOLLOWER]: Advancing to term 1
I20260710 11:00:10.815018 31524 tablet_bootstrap.cc:492] T 932f6c5e52774562b7b7dbbd0d228235 P 87616a793ec849a7b15852b8a64e07c8: Bootstrap starting.
I20260710 11:00:10.829208 31652 raft_consensus.cc:493] T 92d1820880f943c4a3cbd1378e6aba75 P 8a1a98bcd0a441bbb025cf4dbce021f5 [term 0 FOLLOWER]: Starting pre-election (no leader contacted us within the election timeout)
I20260710 11:00:10.831946 31480 tablet_service.cc:1917] Received RequestConsensusVote() RPC: tablet_id: "aa64d11fdcac44cd8e8df4b28aa19529" candidate_uuid: "8a1a98bcd0a441bbb025cf4dbce021f5" candidate_term: 1 candidate_status { last_received { term: 0 index: 0 } } ignore_live_leader: false dest_uuid: "87616a793ec849a7b15852b8a64e07c8"
I20260710 11:00:10.832367 31550 leader_election.cc:290] T aa64d11fdcac44cd8e8df4b28aa19529 P 8a1a98bcd0a441bbb025cf4dbce021f5 [CANDIDATE]: Term 1 election: Requested vote from peers 8256ca0525df41d7b1b9be5b38ea4970 (127.29.131.2:36143), 87616a793ec849a7b15852b8a64e07c8 (127.29.131.3:38461)
I20260710 11:00:10.832696 31480 raft_consensus.cc:3060] T aa64d11fdcac44cd8e8df4b28aa19529 P 87616a793ec849a7b15852b8a64e07c8 [term 0 FOLLOWER]: Advancing to term 1
I20260710 11:00:10.831655 31652 raft_consensus.cc:515] T 92d1820880f943c4a3cbd1378e6aba75 P 8a1a98bcd0a441bbb025cf4dbce021f5 [term 0 FOLLOWER]: Starting pre-election with config: opid_index: -1 OBSOLETE_local: false peers { permanent_uuid: "8a1a98bcd0a441bbb025cf4dbce021f5" member_type: VOTER last_known_addr { host: "127.29.131.1" port: 37355 } } peers { permanent_uuid: "8256ca0525df41d7b1b9be5b38ea4970" member_type: VOTER last_known_addr { host: "127.29.131.2" port: 36143 } } peers { permanent_uuid: "87616a793ec849a7b15852b8a64e07c8" member_type: VOTER last_known_addr { host: "127.29.131.3" port: 38461 } }
I20260710 11:00:10.834681 31407 raft_consensus.cc:2468] T aa64d11fdcac44cd8e8df4b28aa19529 P 8256ca0525df41d7b1b9be5b38ea4970 [term 1 FOLLOWER]: Leader election vote request: Granting yes vote for candidate 8a1a98bcd0a441bbb025cf4dbce021f5 in term 1.
I20260710 11:00:10.840656 31299 leader_election.cc:304] T aa64d11fdcac44cd8e8df4b28aa19529 P 8a1a98bcd0a441bbb025cf4dbce021f5 [CANDIDATE]: Term 1 election: Election decided. Result: candidate won. Election summary: received 2 responses out of 3 voters: 2 yes votes; 0 no votes. yes voters: 8256ca0525df41d7b1b9be5b38ea4970, 8a1a98bcd0a441bbb025cf4dbce021f5; no voters: 
I20260710 11:00:10.841869 31526 tablet_bootstrap.cc:492] T 46543ae4ec21443a9b67ccb20df614cb P 8256ca0525df41d7b1b9be5b38ea4970: No bootstrap required, opened a new log
I20260710 11:00:10.842442 31526 ts_tablet_manager.cc:1403] T 46543ae4ec21443a9b67ccb20df614cb P 8256ca0525df41d7b1b9be5b38ea4970: Time spent bootstrapping tablet: real 0.093s	user 0.038s	sys 0.027s
I20260710 11:00:10.843530 31525 raft_consensus.cc:2804] T aa64d11fdcac44cd8e8df4b28aa19529 P 8a1a98bcd0a441bbb025cf4dbce021f5 [term 1 FOLLOWER]: Leader election won for term 1
I20260710 11:00:10.844089 31482 tablet_service.cc:1917] Received RequestConsensusVote() RPC: tablet_id: "92d1820880f943c4a3cbd1378e6aba75" candidate_uuid: "8a1a98bcd0a441bbb025cf4dbce021f5" candidate_term: 1 candidate_status { last_received { term: 0 index: 0 } } ignore_live_leader: false dest_uuid: "87616a793ec849a7b15852b8a64e07c8" is_pre_election: true
I20260710 11:00:10.844643 31525 raft_consensus.cc:697] T aa64d11fdcac44cd8e8df4b28aa19529 P 8a1a98bcd0a441bbb025cf4dbce021f5 [term 1 LEADER]: Becoming Leader. State: Replica: 8a1a98bcd0a441bbb025cf4dbce021f5, State: Running, Role: LEADER
I20260710 11:00:10.846593 31525 consensus_queue.cc:237] T aa64d11fdcac44cd8e8df4b28aa19529 P 8a1a98bcd0a441bbb025cf4dbce021f5 [LEADER]: Queue going to LEADER mode. State: All replicated index: 0, Majority replicated index: 0, Committed index: 0, Last appended: 0.0, Last appended by leader: 0, Current term: 1, Majority size: 2, State: 0, Mode: LEADER, active raft config: opid_index: -1 OBSOLETE_local: false peers { permanent_uuid: "8a1a98bcd0a441bbb025cf4dbce021f5" member_type: VOTER last_known_addr { host: "127.29.131.1" port: 37355 } } peers { permanent_uuid: "8256ca0525df41d7b1b9be5b38ea4970" member_type: VOTER last_known_addr { host: "127.29.131.2" port: 36143 } } peers { permanent_uuid: "87616a793ec849a7b15852b8a64e07c8" member_type: VOTER last_known_addr { host: "127.29.131.3" port: 38461 } }
I20260710 11:00:10.851948 31529 raft_consensus.cc:493] T 196ee20b2e024076b200ff72456a5f54 P 87616a793ec849a7b15852b8a64e07c8 [term 0 FOLLOWER]: Starting pre-election (no leader contacted us within the election timeout)
I20260710 11:00:10.855198 31529 raft_consensus.cc:515] T 196ee20b2e024076b200ff72456a5f54 P 87616a793ec849a7b15852b8a64e07c8 [term 0 FOLLOWER]: Starting pre-election with config: opid_index: -1 OBSOLETE_local: false peers { permanent_uuid: "8a1a98bcd0a441bbb025cf4dbce021f5" member_type: VOTER last_known_addr { host: "127.29.131.1" port: 37355 } } peers { permanent_uuid: "8256ca0525df41d7b1b9be5b38ea4970" member_type: VOTER last_known_addr { host: "127.29.131.2" port: 36143 } } peers { permanent_uuid: "87616a793ec849a7b15852b8a64e07c8" member_type: VOTER last_known_addr { host: "127.29.131.3" port: 38461 } }
I20260710 11:00:10.856060 31524 tablet_bootstrap.cc:654] T 932f6c5e52774562b7b7dbbd0d228235 P 87616a793ec849a7b15852b8a64e07c8: Neither blocks nor log segments found. Creating new log.
I20260710 11:00:10.851845 31480 raft_consensus.cc:2468] T aa64d11fdcac44cd8e8df4b28aa19529 P 87616a793ec849a7b15852b8a64e07c8 [term 1 FOLLOWER]: Leader election vote request: Granting yes vote for candidate 8a1a98bcd0a441bbb025cf4dbce021f5 in term 1.
I20260710 11:00:10.857709 31407 tablet_service.cc:1917] Received RequestConsensusVote() RPC: tablet_id: "92d1820880f943c4a3cbd1378e6aba75" candidate_uuid: "8a1a98bcd0a441bbb025cf4dbce021f5" candidate_term: 1 candidate_status { last_received { term: 0 index: 0 } } ignore_live_leader: false dest_uuid: "8256ca0525df41d7b1b9be5b38ea4970" is_pre_election: true
I20260710 11:00:10.860618 31529 leader_election.cc:290] T 196ee20b2e024076b200ff72456a5f54 P 87616a793ec849a7b15852b8a64e07c8 [CANDIDATE]: Term 1 pre-election: Requested pre-vote from peers 8a1a98bcd0a441bbb025cf4dbce021f5 (127.29.131.1:37355), 8256ca0525df41d7b1b9be5b38ea4970 (127.29.131.2:36143)
I20260710 11:00:10.860491 31330 tablet_service.cc:1917] Received RequestConsensusVote() RPC: tablet_id: "196ee20b2e024076b200ff72456a5f54" candidate_uuid: "87616a793ec849a7b15852b8a64e07c8" candidate_term: 1 candidate_status { last_received { term: 0 index: 0 } } ignore_live_leader: false dest_uuid: "8a1a98bcd0a441bbb025cf4dbce021f5" is_pre_election: true
I20260710 11:00:10.834717 31608 raft_consensus.cc:515] T 932f6c5e52774562b7b7dbbd0d228235 P 8a1a98bcd0a441bbb025cf4dbce021f5 [term 1 FOLLOWER]: Starting leader election with config: opid_index: -1 OBSOLETE_local: false peers { permanent_uuid: "8a1a98bcd0a441bbb025cf4dbce021f5" member_type: VOTER last_known_addr { host: "127.29.131.1" port: 37355 } } peers { permanent_uuid: "8256ca0525df41d7b1b9be5b38ea4970" member_type: VOTER last_known_addr { host: "127.29.131.2" port: 36143 } } peers { permanent_uuid: "87616a793ec849a7b15852b8a64e07c8" member_type: VOTER last_known_addr { host: "127.29.131.3" port: 38461 } }
W20260710 11:00:10.866214 31447 leader_election.cc:343] T 196ee20b2e024076b200ff72456a5f54 P 87616a793ec849a7b15852b8a64e07c8 [CANDIDATE]: Term 1 pre-election: Tablet error from VoteRequest() call to peer 8a1a98bcd0a441bbb025cf4dbce021f5 (127.29.131.1:37355): Illegal state: must be running to vote when last-logged opid is not known
I20260710 11:00:10.865834 31526 raft_consensus.cc:359] T 46543ae4ec21443a9b67ccb20df614cb P 8256ca0525df41d7b1b9be5b38ea4970 [term 0 FOLLOWER]: Replica starting. Triggering 0 pending ops. Active config: opid_index: -1 OBSOLETE_local: false peers { permanent_uuid: "8a1a98bcd0a441bbb025cf4dbce021f5" member_type: VOTER last_known_addr { host: "127.29.131.1" port: 37355 } } peers { permanent_uuid: "8256ca0525df41d7b1b9be5b38ea4970" member_type: VOTER last_known_addr { host: "127.29.131.2" port: 36143 } } peers { permanent_uuid: "87616a793ec849a7b15852b8a64e07c8" member_type: VOTER last_known_addr { host: "127.29.131.3" port: 38461 } }
I20260710 11:00:10.867015 31526 raft_consensus.cc:385] T 46543ae4ec21443a9b67ccb20df614cb P 8256ca0525df41d7b1b9be5b38ea4970 [term 0 FOLLOWER]: Consensus starting up: Expiring failure detector timer to make a prompt election more likely
I20260710 11:00:10.862646 31580 consensus_queue.cc:1048] T 4a52ee60a72f48199883dd2b1d5dce7e P 8256ca0525df41d7b1b9be5b38ea4970 [LEADER]: Connected to new peer: Peer: permanent_uuid: "87616a793ec849a7b15852b8a64e07c8" member_type: VOTER last_known_addr { host: "127.29.131.3" port: 38461 }, Status: LMP_MISMATCH, Last received: 0.0, Next index: 1, Last known committed idx: 0, Time since last communication: 0.005s
I20260710 11:00:10.867493 31526 raft_consensus.cc:740] T 46543ae4ec21443a9b67ccb20df614cb P 8256ca0525df41d7b1b9be5b38ea4970 [term 0 FOLLOWER]: Becoming Follower/Learner. State: Replica: 8256ca0525df41d7b1b9be5b38ea4970, State: Initialized, Role: FOLLOWER
I20260710 11:00:10.868054 31299 leader_election.cc:304] T 92d1820880f943c4a3cbd1378e6aba75 P 8a1a98bcd0a441bbb025cf4dbce021f5 [CANDIDATE]: Term 1 pre-election: Election decided. Result: candidate lost. Election summary: received 3 responses out of 3 voters: 1 yes votes; 2 no votes. yes voters: 8a1a98bcd0a441bbb025cf4dbce021f5; no voters: 8256ca0525df41d7b1b9be5b38ea4970, 87616a793ec849a7b15852b8a64e07c8
I20260710 11:00:10.865629 31406 tablet_service.cc:1917] Received RequestConsensusVote() RPC: tablet_id: "196ee20b2e024076b200ff72456a5f54" candidate_uuid: "87616a793ec849a7b15852b8a64e07c8" candidate_term: 1 candidate_status { last_received { term: 0 index: 0 } } ignore_live_leader: false dest_uuid: "8256ca0525df41d7b1b9be5b38ea4970" is_pre_election: true
I20260710 11:00:10.868414 31526 consensus_queue.cc:260] T 46543ae4ec21443a9b67ccb20df614cb P 8256ca0525df41d7b1b9be5b38ea4970 [NON_LEADER]: Queue going to NON_LEADER mode. State: All replicated index: 0, Majority replicated index: 0, Committed index: 0, Last appended: 0.0, Last appended by leader: 0, Current term: 0, Majority size: -1, State: 0, Mode: NON_LEADER, active raft config: opid_index: -1 OBSOLETE_local: false peers { permanent_uuid: "8a1a98bcd0a441bbb025cf4dbce021f5" member_type: VOTER last_known_addr { host: "127.29.131.1" port: 37355 } } peers { permanent_uuid: "8256ca0525df41d7b1b9be5b38ea4970" member_type: VOTER last_known_addr { host: "127.29.131.2" port: 36143 } } peers { permanent_uuid: "87616a793ec849a7b15852b8a64e07c8" member_type: VOTER last_known_addr { host: "127.29.131.3" port: 38461 } }
I20260710 11:00:10.869374 31406 raft_consensus.cc:2468] T 196ee20b2e024076b200ff72456a5f54 P 8256ca0525df41d7b1b9be5b38ea4970 [term 0 FOLLOWER]: Leader pre-election vote request: Granting yes vote for candidate 87616a793ec849a7b15852b8a64e07c8 in term 0.
I20260710 11:00:10.869539 31525 raft_consensus.cc:2749] T 92d1820880f943c4a3cbd1378e6aba75 P 8a1a98bcd0a441bbb025cf4dbce021f5 [term 0 FOLLOWER]: Leader pre-election lost for term 1. Reason: could not achieve majority
I20260710 11:00:10.876546 31580 consensus_queue.cc:1048] T 4a52ee60a72f48199883dd2b1d5dce7e P 8256ca0525df41d7b1b9be5b38ea4970 [LEADER]: Connected to new peer: Peer: permanent_uuid: "8a1a98bcd0a441bbb025cf4dbce021f5" member_type: VOTER last_known_addr { host: "127.29.131.1" port: 37355 }, Status: LMP_MISMATCH, Last received: 0.0, Next index: 1, Last known committed idx: 0, Time since last communication: 0.000s
I20260710 11:00:10.881649 31526 ts_tablet_manager.cc:1434] T 46543ae4ec21443a9b67ccb20df614cb P 8256ca0525df41d7b1b9be5b38ea4970: Time spent starting tablet: real 0.039s	user 0.008s	sys 0.004s
I20260710 11:00:10.881363 31448 leader_election.cc:304] T 196ee20b2e024076b200ff72456a5f54 P 87616a793ec849a7b15852b8a64e07c8 [CANDIDATE]: Term 1 pre-election: Election decided. Result: candidate won. Election summary: received 3 responses out of 3 voters: 2 yes votes; 1 no votes. yes voters: 8256ca0525df41d7b1b9be5b38ea4970, 87616a793ec849a7b15852b8a64e07c8; no voters: 8a1a98bcd0a441bbb025cf4dbce021f5
I20260710 11:00:10.887396 31529 raft_consensus.cc:2804] T 196ee20b2e024076b200ff72456a5f54 P 87616a793ec849a7b15852b8a64e07c8 [term 0 FOLLOWER]: Leader pre-election won for term 1
I20260710 11:00:10.887917 31529 raft_consensus.cc:493] T 196ee20b2e024076b200ff72456a5f54 P 87616a793ec849a7b15852b8a64e07c8 [term 0 FOLLOWER]: Starting leader election (no leader contacted us within the election timeout)
I20260710 11:00:10.888276 31529 raft_consensus.cc:3060] T 196ee20b2e024076b200ff72456a5f54 P 87616a793ec849a7b15852b8a64e07c8 [term 0 FOLLOWER]: Advancing to term 1
I20260710 11:00:10.890062 31526 tablet_bootstrap.cc:492] T 9a8797f404f0490889d2e97d1404a5d8 P 8256ca0525df41d7b1b9be5b38ea4970: Bootstrap starting.
I20260710 11:00:10.892930 31229 catalog_manager.cc:5697] T 257426bf25b1475db51e5e97decfd9eb P 8a1a98bcd0a441bbb025cf4dbce021f5 reported cstate change: term changed from 0 to 1, leader changed from <none> to 8a1a98bcd0a441bbb025cf4dbce021f5 (127.29.131.1). New cstate: current_term: 1 leader_uuid: "8a1a98bcd0a441bbb025cf4dbce021f5" committed_config { opid_index: -1 OBSOLETE_local: false peers { permanent_uuid: "8a1a98bcd0a441bbb025cf4dbce021f5" member_type: VOTER last_known_addr { host: "127.29.131.1" port: 37355 } health_report { overall_health: HEALTHY } } peers { permanent_uuid: "8256ca0525df41d7b1b9be5b38ea4970" member_type: VOTER last_known_addr { host: "127.29.131.2" port: 36143 } health_report { overall_health: UNKNOWN } } peers { permanent_uuid: "87616a793ec849a7b15852b8a64e07c8" member_type: VOTER last_known_addr { host: "127.29.131.3" port: 38461 } health_report { overall_health: UNKNOWN } } }
I20260710 11:00:10.906736 31529 raft_consensus.cc:515] T 196ee20b2e024076b200ff72456a5f54 P 87616a793ec849a7b15852b8a64e07c8 [term 1 FOLLOWER]: Starting leader election with config: opid_index: -1 OBSOLETE_local: false peers { permanent_uuid: "8a1a98bcd0a441bbb025cf4dbce021f5" member_type: VOTER last_known_addr { host: "127.29.131.1" port: 37355 } } peers { permanent_uuid: "8256ca0525df41d7b1b9be5b38ea4970" member_type: VOTER last_known_addr { host: "127.29.131.2" port: 36143 } } peers { permanent_uuid: "87616a793ec849a7b15852b8a64e07c8" member_type: VOTER last_known_addr { host: "127.29.131.3" port: 38461 } }
I20260710 11:00:10.909457 31573 raft_consensus.cc:493] T a4d6b873c34542ffa2dd1fb831f97252 P 87616a793ec849a7b15852b8a64e07c8 [term 0 FOLLOWER]: Starting pre-election (no leader contacted us within the election timeout)
I20260710 11:00:10.909945 31333 tablet_service.cc:1917] Received RequestConsensusVote() RPC: tablet_id: "196ee20b2e024076b200ff72456a5f54" candidate_uuid: "87616a793ec849a7b15852b8a64e07c8" candidate_term: 1 candidate_status { last_received { term: 0 index: 0 } } ignore_live_leader: false dest_uuid: "8a1a98bcd0a441bbb025cf4dbce021f5"
I20260710 11:00:10.910651 31526 tablet_bootstrap.cc:654] T 9a8797f404f0490889d2e97d1404a5d8 P 8256ca0525df41d7b1b9be5b38ea4970: Neither blocks nor log segments found. Creating new log.
I20260710 11:00:10.910082 31573 raft_consensus.cc:515] T a4d6b873c34542ffa2dd1fb831f97252 P 87616a793ec849a7b15852b8a64e07c8 [term 0 FOLLOWER]: Starting pre-election with config: opid_index: -1 OBSOLETE_local: false peers { permanent_uuid: "8a1a98bcd0a441bbb025cf4dbce021f5" member_type: VOTER last_known_addr { host: "127.29.131.1" port: 37355 } } peers { permanent_uuid: "8256ca0525df41d7b1b9be5b38ea4970" member_type: VOTER last_known_addr { host: "127.29.131.2" port: 36143 } } peers { permanent_uuid: "87616a793ec849a7b15852b8a64e07c8" member_type: VOTER last_known_addr { host: "127.29.131.3" port: 38461 } }
I20260710 11:00:10.885298 31407 tablet_service.cc:1917] Received RequestConsensusVote() RPC: tablet_id: "932f6c5e52774562b7b7dbbd0d228235" candidate_uuid: "8a1a98bcd0a441bbb025cf4dbce021f5" candidate_term: 1 candidate_status { last_received { term: 0 index: 0 } } ignore_live_leader: false dest_uuid: "8256ca0525df41d7b1b9be5b38ea4970"
W20260710 11:00:10.914398 31447 leader_election.cc:343] T 196ee20b2e024076b200ff72456a5f54 P 87616a793ec849a7b15852b8a64e07c8 [CANDIDATE]: Term 1 election: Tablet error from VoteRequest() call to peer 8a1a98bcd0a441bbb025cf4dbce021f5 (127.29.131.1:37355): Illegal state: must be running to vote when last-logged opid is not known
I20260710 11:00:10.843266 31652 leader_election.cc:290] T 92d1820880f943c4a3cbd1378e6aba75 P 8a1a98bcd0a441bbb025cf4dbce021f5 [CANDIDATE]: Term 1 pre-election: Requested pre-vote from peers 8256ca0525df41d7b1b9be5b38ea4970 (127.29.131.2:36143), 87616a793ec849a7b15852b8a64e07c8 (127.29.131.3:38461)
I20260710 11:00:10.915388 31407 raft_consensus.cc:3060] T 932f6c5e52774562b7b7dbbd0d228235 P 8256ca0525df41d7b1b9be5b38ea4970 [term 0 FOLLOWER]: Advancing to term 1
I20260710 11:00:10.916636 31573 leader_election.cc:290] T a4d6b873c34542ffa2dd1fb831f97252 P 87616a793ec849a7b15852b8a64e07c8 [CANDIDATE]: Term 1 pre-election: Requested pre-vote from peers 8a1a98bcd0a441bbb025cf4dbce021f5 (127.29.131.1:37355), 8256ca0525df41d7b1b9be5b38ea4970 (127.29.131.2:36143)
I20260710 11:00:10.917630 31608 leader_election.cc:290] T 932f6c5e52774562b7b7dbbd0d228235 P 8a1a98bcd0a441bbb025cf4dbce021f5 [CANDIDATE]: Term 1 election: Requested vote from peers 8256ca0525df41d7b1b9be5b38ea4970 (127.29.131.2:36143), 87616a793ec849a7b15852b8a64e07c8 (127.29.131.3:38461)
I20260710 11:00:10.917826 31480 tablet_service.cc:1917] Received RequestConsensusVote() RPC: tablet_id: "932f6c5e52774562b7b7dbbd0d228235" candidate_uuid: "8a1a98bcd0a441bbb025cf4dbce021f5" candidate_term: 1 candidate_status { last_received { term: 0 index: 0 } } ignore_live_leader: false dest_uuid: "87616a793ec849a7b15852b8a64e07c8"
I20260710 11:00:10.918160 31408 tablet_service.cc:1917] Received RequestConsensusVote() RPC: tablet_id: "196ee20b2e024076b200ff72456a5f54" candidate_uuid: "87616a793ec849a7b15852b8a64e07c8" candidate_term: 1 candidate_status { last_received { term: 0 index: 0 } } ignore_live_leader: false dest_uuid: "8256ca0525df41d7b1b9be5b38ea4970"
I20260710 11:00:10.918699 31408 raft_consensus.cc:3060] T 196ee20b2e024076b200ff72456a5f54 P 8256ca0525df41d7b1b9be5b38ea4970 [term 0 FOLLOWER]: Advancing to term 1
I20260710 11:00:10.919968 31333 tablet_service.cc:1917] Received RequestConsensusVote() RPC: tablet_id: "a4d6b873c34542ffa2dd1fb831f97252" candidate_uuid: "87616a793ec849a7b15852b8a64e07c8" candidate_term: 1 candidate_status { last_received { term: 0 index: 0 } } ignore_live_leader: false dest_uuid: "8a1a98bcd0a441bbb025cf4dbce021f5" is_pre_election: true
I20260710 11:00:10.910305 31529 leader_election.cc:290] T 196ee20b2e024076b200ff72456a5f54 P 87616a793ec849a7b15852b8a64e07c8 [CANDIDATE]: Term 1 election: Requested vote from peers 8a1a98bcd0a441bbb025cf4dbce021f5 (127.29.131.1:37355), 8256ca0525df41d7b1b9be5b38ea4970 (127.29.131.2:36143)
I20260710 11:00:10.924291 31405 tablet_service.cc:1917] Received RequestConsensusVote() RPC: tablet_id: "a4d6b873c34542ffa2dd1fb831f97252" candidate_uuid: "87616a793ec849a7b15852b8a64e07c8" candidate_term: 1 candidate_status { last_received { term: 0 index: 0 } } ignore_live_leader: false dest_uuid: "8256ca0525df41d7b1b9be5b38ea4970" is_pre_election: true
W20260710 11:00:10.925470 31447 leader_election.cc:343] T a4d6b873c34542ffa2dd1fb831f97252 P 87616a793ec849a7b15852b8a64e07c8 [CANDIDATE]: Term 1 pre-election: Tablet error from VoteRequest() call to peer 8a1a98bcd0a441bbb025cf4dbce021f5 (127.29.131.1:37355): Illegal state: must be running to vote when last-logged opid is not known
W20260710 11:00:10.926163 31299 leader_election.cc:343] T 932f6c5e52774562b7b7dbbd0d228235 P 8a1a98bcd0a441bbb025cf4dbce021f5 [CANDIDATE]: Term 1 election: Tablet error from VoteRequest() call to peer 87616a793ec849a7b15852b8a64e07c8 (127.29.131.3:38461): Illegal state: must be running to vote when last-logged opid is not known
W20260710 11:00:10.926556 31448 leader_election.cc:343] T a4d6b873c34542ffa2dd1fb831f97252 P 87616a793ec849a7b15852b8a64e07c8 [CANDIDATE]: Term 1 pre-election: Tablet error from VoteRequest() call to peer 8256ca0525df41d7b1b9be5b38ea4970 (127.29.131.2:36143): Illegal state: must be running to vote when last-logged opid is not known
I20260710 11:00:10.927309 31448 leader_election.cc:304] T a4d6b873c34542ffa2dd1fb831f97252 P 87616a793ec849a7b15852b8a64e07c8 [CANDIDATE]: Term 1 pre-election: Election decided. Result: candidate lost. Election summary: received 3 responses out of 3 voters: 1 yes votes; 2 no votes. yes voters: 87616a793ec849a7b15852b8a64e07c8; no voters: 8256ca0525df41d7b1b9be5b38ea4970, 8a1a98bcd0a441bbb025cf4dbce021f5
I20260710 11:00:10.931835 31573 raft_consensus.cc:2749] T a4d6b873c34542ffa2dd1fb831f97252 P 87616a793ec849a7b15852b8a64e07c8 [term 0 FOLLOWER]: Leader pre-election lost for term 1. Reason: could not achieve majority
I20260710 11:00:10.930797 31408 raft_consensus.cc:2468] T 196ee20b2e024076b200ff72456a5f54 P 8256ca0525df41d7b1b9be5b38ea4970 [term 1 FOLLOWER]: Leader election vote request: Granting yes vote for candidate 87616a793ec849a7b15852b8a64e07c8 in term 1.
I20260710 11:00:10.944229 31580 raft_consensus.cc:493] T 46543ae4ec21443a9b67ccb20df614cb P 8256ca0525df41d7b1b9be5b38ea4970 [term 0 FOLLOWER]: Starting pre-election (no leader contacted us within the election timeout)
I20260710 11:00:10.945755 31580 raft_consensus.cc:515] T 46543ae4ec21443a9b67ccb20df614cb P 8256ca0525df41d7b1b9be5b38ea4970 [term 0 FOLLOWER]: Starting pre-election with config: opid_index: -1 OBSOLETE_local: false peers { permanent_uuid: "8a1a98bcd0a441bbb025cf4dbce021f5" member_type: VOTER last_known_addr { host: "127.29.131.1" port: 37355 } } peers { permanent_uuid: "8256ca0525df41d7b1b9be5b38ea4970" member_type: VOTER last_known_addr { host: "127.29.131.2" port: 36143 } } peers { permanent_uuid: "87616a793ec849a7b15852b8a64e07c8" member_type: VOTER last_known_addr { host: "127.29.131.3" port: 38461 } }
I20260710 11:00:10.943845 31448 leader_election.cc:304] T 196ee20b2e024076b200ff72456a5f54 P 87616a793ec849a7b15852b8a64e07c8 [CANDIDATE]: Term 1 election: Election decided. Result: candidate won. Election summary: received 3 responses out of 3 voters: 2 yes votes; 1 no votes. yes voters: 8256ca0525df41d7b1b9be5b38ea4970, 87616a793ec849a7b15852b8a64e07c8; no voters: 8a1a98bcd0a441bbb025cf4dbce021f5
I20260710 11:00:10.946079 31231 catalog_manager.cc:5697] T aa64d11fdcac44cd8e8df4b28aa19529 P 8a1a98bcd0a441bbb025cf4dbce021f5 reported cstate change: term changed from 0 to 1, leader changed from <none> to 8a1a98bcd0a441bbb025cf4dbce021f5 (127.29.131.1). New cstate: current_term: 1 leader_uuid: "8a1a98bcd0a441bbb025cf4dbce021f5" committed_config { opid_index: -1 OBSOLETE_local: false peers { permanent_uuid: "8a1a98bcd0a441bbb025cf4dbce021f5" member_type: VOTER last_known_addr { host: "127.29.131.1" port: 37355 } health_report { overall_health: HEALTHY } } peers { permanent_uuid: "8256ca0525df41d7b1b9be5b38ea4970" member_type: VOTER last_known_addr { host: "127.29.131.2" port: 36143 } health_report { overall_health: UNKNOWN } } peers { permanent_uuid: "87616a793ec849a7b15852b8a64e07c8" member_type: VOTER last_known_addr { host: "127.29.131.3" port: 38461 } health_report { overall_health: UNKNOWN } } }
I20260710 11:00:10.947360 31601 raft_consensus.cc:2804] T 196ee20b2e024076b200ff72456a5f54 P 87616a793ec849a7b15852b8a64e07c8 [term 1 FOLLOWER]: Leader election won for term 1
I20260710 11:00:10.948213 31601 raft_consensus.cc:697] T 196ee20b2e024076b200ff72456a5f54 P 87616a793ec849a7b15852b8a64e07c8 [term 1 LEADER]: Becoming Leader. State: Replica: 87616a793ec849a7b15852b8a64e07c8, State: Running, Role: LEADER
I20260710 11:00:10.951211 31333 tablet_service.cc:1917] Received RequestConsensusVote() RPC: tablet_id: "46543ae4ec21443a9b67ccb20df614cb" candidate_uuid: "8256ca0525df41d7b1b9be5b38ea4970" candidate_term: 1 candidate_status { last_received { term: 0 index: 0 } } ignore_live_leader: false dest_uuid: "8a1a98bcd0a441bbb025cf4dbce021f5" is_pre_election: true
I20260710 11:00:10.952035 31407 raft_consensus.cc:2468] T 932f6c5e52774562b7b7dbbd0d228235 P 8256ca0525df41d7b1b9be5b38ea4970 [term 1 FOLLOWER]: Leader election vote request: Granting yes vote for candidate 8a1a98bcd0a441bbb025cf4dbce021f5 in term 1.
I20260710 11:00:10.951632 31601 consensus_queue.cc:237] T 196ee20b2e024076b200ff72456a5f54 P 87616a793ec849a7b15852b8a64e07c8 [LEADER]: Queue going to LEADER mode. State: All replicated index: 0, Majority replicated index: 0, Committed index: 0, Last appended: 0.0, Last appended by leader: 0, Current term: 1, Majority size: 2, State: 0, Mode: LEADER, active raft config: opid_index: -1 OBSOLETE_local: false peers { permanent_uuid: "8a1a98bcd0a441bbb025cf4dbce021f5" member_type: VOTER last_known_addr { host: "127.29.131.1" port: 37355 } } peers { permanent_uuid: "8256ca0525df41d7b1b9be5b38ea4970" member_type: VOTER last_known_addr { host: "127.29.131.2" port: 36143 } } peers { permanent_uuid: "87616a793ec849a7b15852b8a64e07c8" member_type: VOTER last_known_addr { host: "127.29.131.3" port: 38461 } }
I20260710 11:00:10.953133 31299 leader_election.cc:304] T 932f6c5e52774562b7b7dbbd0d228235 P 8a1a98bcd0a441bbb025cf4dbce021f5 [CANDIDATE]: Term 1 election: Election decided. Result: candidate won. Election summary: received 3 responses out of 3 voters: 2 yes votes; 1 no votes. yes voters: 8256ca0525df41d7b1b9be5b38ea4970, 8a1a98bcd0a441bbb025cf4dbce021f5; no voters: 87616a793ec849a7b15852b8a64e07c8
I20260710 11:00:10.954842 31652 raft_consensus.cc:2804] T 932f6c5e52774562b7b7dbbd0d228235 P 8a1a98bcd0a441bbb025cf4dbce021f5 [term 1 FOLLOWER]: Leader election won for term 1
I20260710 11:00:10.955335 31652 raft_consensus.cc:697] T 932f6c5e52774562b7b7dbbd0d228235 P 8a1a98bcd0a441bbb025cf4dbce021f5 [term 1 LEADER]: Becoming Leader. State: Replica: 8a1a98bcd0a441bbb025cf4dbce021f5, State: Running, Role: LEADER
I20260710 11:00:10.955763 31580 leader_election.cc:290] T 46543ae4ec21443a9b67ccb20df614cb P 8256ca0525df41d7b1b9be5b38ea4970 [CANDIDATE]: Term 1 pre-election: Requested pre-vote from peers 8a1a98bcd0a441bbb025cf4dbce021f5 (127.29.131.1:37355), 87616a793ec849a7b15852b8a64e07c8 (127.29.131.3:38461)
I20260710 11:00:10.956115 31652 consensus_queue.cc:237] T 932f6c5e52774562b7b7dbbd0d228235 P 8a1a98bcd0a441bbb025cf4dbce021f5 [LEADER]: Queue going to LEADER mode. State: All replicated index: 0, Majority replicated index: 0, Committed index: 0, Last appended: 0.0, Last appended by leader: 0, Current term: 1, Majority size: 2, State: 0, Mode: LEADER, active raft config: opid_index: -1 OBSOLETE_local: false peers { permanent_uuid: "8a1a98bcd0a441bbb025cf4dbce021f5" member_type: VOTER last_known_addr { host: "127.29.131.1" port: 37355 } } peers { permanent_uuid: "8256ca0525df41d7b1b9be5b38ea4970" member_type: VOTER last_known_addr { host: "127.29.131.2" port: 36143 } } peers { permanent_uuid: "87616a793ec849a7b15852b8a64e07c8" member_type: VOTER last_known_addr { host: "127.29.131.3" port: 38461 } }
I20260710 11:00:10.962630 31522 tablet_bootstrap.cc:492] T 9a8797f404f0490889d2e97d1404a5d8 P 8a1a98bcd0a441bbb025cf4dbce021f5: No bootstrap required, opened a new log
I20260710 11:00:10.963101 31524 tablet_bootstrap.cc:492] T 932f6c5e52774562b7b7dbbd0d228235 P 87616a793ec849a7b15852b8a64e07c8: No bootstrap required, opened a new log
I20260710 11:00:10.963161 31522 ts_tablet_manager.cc:1403] T 9a8797f404f0490889d2e97d1404a5d8 P 8a1a98bcd0a441bbb025cf4dbce021f5: Time spent bootstrapping tablet: real 0.214s	user 0.024s	sys 0.046s
I20260710 11:00:10.963661 31524 ts_tablet_manager.cc:1403] T 932f6c5e52774562b7b7dbbd0d228235 P 87616a793ec849a7b15852b8a64e07c8: Time spent bootstrapping tablet: real 0.149s	user 0.048s	sys 0.015s
I20260710 11:00:10.970237 31480 tablet_service.cc:1917] Received RequestConsensusVote() RPC: tablet_id: "46543ae4ec21443a9b67ccb20df614cb" candidate_uuid: "8256ca0525df41d7b1b9be5b38ea4970" candidate_term: 1 candidate_status { last_received { term: 0 index: 0 } } ignore_live_leader: false dest_uuid: "87616a793ec849a7b15852b8a64e07c8" is_pre_election: true
I20260710 11:00:10.971544 31229 catalog_manager.cc:5697] T 196ee20b2e024076b200ff72456a5f54 P 87616a793ec849a7b15852b8a64e07c8 reported cstate change: term changed from 0 to 1, leader changed from <none> to 87616a793ec849a7b15852b8a64e07c8 (127.29.131.3). New cstate: current_term: 1 leader_uuid: "87616a793ec849a7b15852b8a64e07c8" committed_config { opid_index: -1 OBSOLETE_local: false peers { permanent_uuid: "8a1a98bcd0a441bbb025cf4dbce021f5" member_type: VOTER last_known_addr { host: "127.29.131.1" port: 37355 } health_report { overall_health: UNKNOWN } } peers { permanent_uuid: "8256ca0525df41d7b1b9be5b38ea4970" member_type: VOTER last_known_addr { host: "127.29.131.2" port: 36143 } health_report { overall_health: UNKNOWN } } peers { permanent_uuid: "87616a793ec849a7b15852b8a64e07c8" member_type: VOTER last_known_addr { host: "127.29.131.3" port: 38461 } health_report { overall_health: HEALTHY } } }
I20260710 11:00:10.973043 31374 leader_election.cc:304] T 46543ae4ec21443a9b67ccb20df614cb P 8256ca0525df41d7b1b9be5b38ea4970 [CANDIDATE]: Term 1 pre-election: Election decided. Result: candidate lost. Election summary: received 3 responses out of 3 voters: 1 yes votes; 2 no votes. yes voters: 8256ca0525df41d7b1b9be5b38ea4970; no voters: 87616a793ec849a7b15852b8a64e07c8, 8a1a98bcd0a441bbb025cf4dbce021f5
I20260710 11:00:10.975124 31553 raft_consensus.cc:2749] T 46543ae4ec21443a9b67ccb20df614cb P 8256ca0525df41d7b1b9be5b38ea4970 [term 0 FOLLOWER]: Leader pre-election lost for term 1. Reason: could not achieve majority
I20260710 11:00:10.966214 31522 raft_consensus.cc:359] T 9a8797f404f0490889d2e97d1404a5d8 P 8a1a98bcd0a441bbb025cf4dbce021f5 [term 0 FOLLOWER]: Replica starting. Triggering 0 pending ops. Active config: opid_index: -1 OBSOLETE_local: false peers { permanent_uuid: "8a1a98bcd0a441bbb025cf4dbce021f5" member_type: VOTER last_known_addr { host: "127.29.131.1" port: 37355 } } peers { permanent_uuid: "8256ca0525df41d7b1b9be5b38ea4970" member_type: VOTER last_known_addr { host: "127.29.131.2" port: 36143 } } peers { permanent_uuid: "87616a793ec849a7b15852b8a64e07c8" member_type: VOTER last_known_addr { host: "127.29.131.3" port: 38461 } }
I20260710 11:00:10.980244 31522 raft_consensus.cc:385] T 9a8797f404f0490889d2e97d1404a5d8 P 8a1a98bcd0a441bbb025cf4dbce021f5 [term 0 FOLLOWER]: Consensus starting up: Expiring failure detector timer to make a prompt election more likely
I20260710 11:00:10.980569 31522 raft_consensus.cc:740] T 9a8797f404f0490889d2e97d1404a5d8 P 8a1a98bcd0a441bbb025cf4dbce021f5 [term 0 FOLLOWER]: Becoming Follower/Learner. State: Replica: 8a1a98bcd0a441bbb025cf4dbce021f5, State: Initialized, Role: FOLLOWER
I20260710 11:00:10.985682 31522 consensus_queue.cc:260] T 9a8797f404f0490889d2e97d1404a5d8 P 8a1a98bcd0a441bbb025cf4dbce021f5 [NON_LEADER]: Queue going to NON_LEADER mode. State: All replicated index: 0, Majority replicated index: 0, Committed index: 0, Last appended: 0.0, Last appended by leader: 0, Current term: 0, Majority size: -1, State: 0, Mode: NON_LEADER, active raft config: opid_index: -1 OBSOLETE_local: false peers { permanent_uuid: "8a1a98bcd0a441bbb025cf4dbce021f5" member_type: VOTER last_known_addr { host: "127.29.131.1" port: 37355 } } peers { permanent_uuid: "8256ca0525df41d7b1b9be5b38ea4970" member_type: VOTER last_known_addr { host: "127.29.131.2" port: 36143 } } peers { permanent_uuid: "87616a793ec849a7b15852b8a64e07c8" member_type: VOTER last_known_addr { host: "127.29.131.3" port: 38461 } }
I20260710 11:00:10.985936 31524 raft_consensus.cc:359] T 932f6c5e52774562b7b7dbbd0d228235 P 87616a793ec849a7b15852b8a64e07c8 [term 0 FOLLOWER]: Replica starting. Triggering 0 pending ops. Active config: opid_index: -1 OBSOLETE_local: false peers { permanent_uuid: "8a1a98bcd0a441bbb025cf4dbce021f5" member_type: VOTER last_known_addr { host: "127.29.131.1" port: 37355 } } peers { permanent_uuid: "8256ca0525df41d7b1b9be5b38ea4970" member_type: VOTER last_known_addr { host: "127.29.131.2" port: 36143 } } peers { permanent_uuid: "87616a793ec849a7b15852b8a64e07c8" member_type: VOTER last_known_addr { host: "127.29.131.3" port: 38461 } }
I20260710 11:00:10.986616 31524 raft_consensus.cc:385] T 932f6c5e52774562b7b7dbbd0d228235 P 87616a793ec849a7b15852b8a64e07c8 [term 0 FOLLOWER]: Consensus starting up: Expiring failure detector timer to make a prompt election more likely
I20260710 11:00:10.986898 31524 raft_consensus.cc:740] T 932f6c5e52774562b7b7dbbd0d228235 P 87616a793ec849a7b15852b8a64e07c8 [term 0 FOLLOWER]: Becoming Follower/Learner. State: Replica: 87616a793ec849a7b15852b8a64e07c8, State: Initialized, Role: FOLLOWER
I20260710 11:00:10.988747 31522 ts_tablet_manager.cc:1434] T 9a8797f404f0490889d2e97d1404a5d8 P 8a1a98bcd0a441bbb025cf4dbce021f5: Time spent starting tablet: real 0.025s	user 0.008s	sys 0.000s
I20260710 11:00:10.988142 31524 consensus_queue.cc:260] T 932f6c5e52774562b7b7dbbd0d228235 P 87616a793ec849a7b15852b8a64e07c8 [NON_LEADER]: Queue going to NON_LEADER mode. State: All replicated index: 0, Majority replicated index: 0, Committed index: 0, Last appended: 0.0, Last appended by leader: 0, Current term: 0, Majority size: -1, State: 0, Mode: NON_LEADER, active raft config: opid_index: -1 OBSOLETE_local: false peers { permanent_uuid: "8a1a98bcd0a441bbb025cf4dbce021f5" member_type: VOTER last_known_addr { host: "127.29.131.1" port: 37355 } } peers { permanent_uuid: "8256ca0525df41d7b1b9be5b38ea4970" member_type: VOTER last_known_addr { host: "127.29.131.2" port: 36143 } } peers { permanent_uuid: "87616a793ec849a7b15852b8a64e07c8" member_type: VOTER last_known_addr { host: "127.29.131.3" port: 38461 } }
I20260710 11:00:10.989671 31522 tablet_bootstrap.cc:492] T 7cabdfe7f7e14ad7bd2cc55225807f59 P 8a1a98bcd0a441bbb025cf4dbce021f5: Bootstrap starting.
I20260710 11:00:10.991789 31524 ts_tablet_manager.cc:1434] T 932f6c5e52774562b7b7dbbd0d228235 P 87616a793ec849a7b15852b8a64e07c8: Time spent starting tablet: real 0.028s	user 0.005s	sys 0.003s
I20260710 11:00:10.992929 31524 tablet_bootstrap.cc:492] T 7cabdfe7f7e14ad7bd2cc55225807f59 P 87616a793ec849a7b15852b8a64e07c8: Bootstrap starting.
I20260710 11:00:10.994557 31526 tablet_bootstrap.cc:492] T 9a8797f404f0490889d2e97d1404a5d8 P 8256ca0525df41d7b1b9be5b38ea4970: No bootstrap required, opened a new log
I20260710 11:00:10.995046 31526 ts_tablet_manager.cc:1403] T 9a8797f404f0490889d2e97d1404a5d8 P 8256ca0525df41d7b1b9be5b38ea4970: Time spent bootstrapping tablet: real 0.112s	user 0.020s	sys 0.001s
I20260710 11:00:10.998332 31526 raft_consensus.cc:359] T 9a8797f404f0490889d2e97d1404a5d8 P 8256ca0525df41d7b1b9be5b38ea4970 [term 0 FOLLOWER]: Replica starting. Triggering 0 pending ops. Active config: opid_index: -1 OBSOLETE_local: false peers { permanent_uuid: "8a1a98bcd0a441bbb025cf4dbce021f5" member_type: VOTER last_known_addr { host: "127.29.131.1" port: 37355 } } peers { permanent_uuid: "8256ca0525df41d7b1b9be5b38ea4970" member_type: VOTER last_known_addr { host: "127.29.131.2" port: 36143 } } peers { permanent_uuid: "87616a793ec849a7b15852b8a64e07c8" member_type: VOTER last_known_addr { host: "127.29.131.3" port: 38461 } }
I20260710 11:00:10.999504 31526 raft_consensus.cc:385] T 9a8797f404f0490889d2e97d1404a5d8 P 8256ca0525df41d7b1b9be5b38ea4970 [term 0 FOLLOWER]: Consensus starting up: Expiring failure detector timer to make a prompt election more likely
I20260710 11:00:10.999791 31526 raft_consensus.cc:740] T 9a8797f404f0490889d2e97d1404a5d8 P 8256ca0525df41d7b1b9be5b38ea4970 [term 0 FOLLOWER]: Becoming Follower/Learner. State: Replica: 8256ca0525df41d7b1b9be5b38ea4970, State: Initialized, Role: FOLLOWER
I20260710 11:00:11.000854 31522 tablet_bootstrap.cc:654] T 7cabdfe7f7e14ad7bd2cc55225807f59 P 8a1a98bcd0a441bbb025cf4dbce021f5: Neither blocks nor log segments found. Creating new log.
I20260710 11:00:11.000409 31526 consensus_queue.cc:260] T 9a8797f404f0490889d2e97d1404a5d8 P 8256ca0525df41d7b1b9be5b38ea4970 [NON_LEADER]: Queue going to NON_LEADER mode. State: All replicated index: 0, Majority replicated index: 0, Committed index: 0, Last appended: 0.0, Last appended by leader: 0, Current term: 0, Majority size: -1, State: 0, Mode: NON_LEADER, active raft config: opid_index: -1 OBSOLETE_local: false peers { permanent_uuid: "8a1a98bcd0a441bbb025cf4dbce021f5" member_type: VOTER last_known_addr { host: "127.29.131.1" port: 37355 } } peers { permanent_uuid: "8256ca0525df41d7b1b9be5b38ea4970" member_type: VOTER last_known_addr { host: "127.29.131.2" port: 36143 } } peers { permanent_uuid: "87616a793ec849a7b15852b8a64e07c8" member_type: VOTER last_known_addr { host: "127.29.131.3" port: 38461 } }
I20260710 11:00:11.002580 31526 ts_tablet_manager.cc:1434] T 9a8797f404f0490889d2e97d1404a5d8 P 8256ca0525df41d7b1b9be5b38ea4970: Time spent starting tablet: real 0.007s	user 0.001s	sys 0.003s
I20260710 11:00:11.003985 31526 tablet_bootstrap.cc:492] T 7cabdfe7f7e14ad7bd2cc55225807f59 P 8256ca0525df41d7b1b9be5b38ea4970: Bootstrap starting.
I20260710 11:00:11.011262 31524 tablet_bootstrap.cc:654] T 7cabdfe7f7e14ad7bd2cc55225807f59 P 87616a793ec849a7b15852b8a64e07c8: Neither blocks nor log segments found. Creating new log.
I20260710 11:00:11.012630 31526 tablet_bootstrap.cc:654] T 7cabdfe7f7e14ad7bd2cc55225807f59 P 8256ca0525df41d7b1b9be5b38ea4970: Neither blocks nor log segments found. Creating new log.
I20260710 11:00:11.027278 31330 raft_consensus.cc:3060] T 92d1820880f943c4a3cbd1378e6aba75 P 8a1a98bcd0a441bbb025cf4dbce021f5 [term 0 FOLLOWER]: Advancing to term 1
I20260710 11:00:11.028532 31522 tablet_bootstrap.cc:492] T 7cabdfe7f7e14ad7bd2cc55225807f59 P 8a1a98bcd0a441bbb025cf4dbce021f5: No bootstrap required, opened a new log
I20260710 11:00:11.033823 31522 ts_tablet_manager.cc:1403] T 7cabdfe7f7e14ad7bd2cc55225807f59 P 8a1a98bcd0a441bbb025cf4dbce021f5: Time spent bootstrapping tablet: real 0.044s	user 0.009s	sys 0.014s
I20260710 11:00:11.037741 31522 raft_consensus.cc:359] T 7cabdfe7f7e14ad7bd2cc55225807f59 P 8a1a98bcd0a441bbb025cf4dbce021f5 [term 0 FOLLOWER]: Replica starting. Triggering 0 pending ops. Active config: opid_index: -1 OBSOLETE_local: false peers { permanent_uuid: "8a1a98bcd0a441bbb025cf4dbce021f5" member_type: VOTER last_known_addr { host: "127.29.131.1" port: 37355 } } peers { permanent_uuid: "8256ca0525df41d7b1b9be5b38ea4970" member_type: VOTER last_known_addr { host: "127.29.131.2" port: 36143 } } peers { permanent_uuid: "87616a793ec849a7b15852b8a64e07c8" member_type: VOTER last_known_addr { host: "127.29.131.3" port: 38461 } }
I20260710 11:00:11.038690 31522 raft_consensus.cc:385] T 7cabdfe7f7e14ad7bd2cc55225807f59 P 8a1a98bcd0a441bbb025cf4dbce021f5 [term 0 FOLLOWER]: Consensus starting up: Expiring failure detector timer to make a prompt election more likely
I20260710 11:00:11.039333 31522 raft_consensus.cc:740] T 7cabdfe7f7e14ad7bd2cc55225807f59 P 8a1a98bcd0a441bbb025cf4dbce021f5 [term 0 FOLLOWER]: Becoming Follower/Learner. State: Replica: 8a1a98bcd0a441bbb025cf4dbce021f5, State: Initialized, Role: FOLLOWER
I20260710 11:00:11.040524 31522 consensus_queue.cc:260] T 7cabdfe7f7e14ad7bd2cc55225807f59 P 8a1a98bcd0a441bbb025cf4dbce021f5 [NON_LEADER]: Queue going to NON_LEADER mode. State: All replicated index: 0, Majority replicated index: 0, Committed index: 0, Last appended: 0.0, Last appended by leader: 0, Current term: 0, Majority size: -1, State: 0, Mode: NON_LEADER, active raft config: opid_index: -1 OBSOLETE_local: false peers { permanent_uuid: "8a1a98bcd0a441bbb025cf4dbce021f5" member_type: VOTER last_known_addr { host: "127.29.131.1" port: 37355 } } peers { permanent_uuid: "8256ca0525df41d7b1b9be5b38ea4970" member_type: VOTER last_known_addr { host: "127.29.131.2" port: 36143 } } peers { permanent_uuid: "87616a793ec849a7b15852b8a64e07c8" member_type: VOTER last_known_addr { host: "127.29.131.3" port: 38461 } }
I20260710 11:00:11.031164 31524 tablet_bootstrap.cc:492] T 7cabdfe7f7e14ad7bd2cc55225807f59 P 87616a793ec849a7b15852b8a64e07c8: No bootstrap required, opened a new log
I20260710 11:00:11.031682 31231 catalog_manager.cc:5697] T 932f6c5e52774562b7b7dbbd0d228235 P 8a1a98bcd0a441bbb025cf4dbce021f5 reported cstate change: term changed from 0 to 1, leader changed from <none> to 8a1a98bcd0a441bbb025cf4dbce021f5 (127.29.131.1). New cstate: current_term: 1 leader_uuid: "8a1a98bcd0a441bbb025cf4dbce021f5" committed_config { opid_index: -1 OBSOLETE_local: false peers { permanent_uuid: "8a1a98bcd0a441bbb025cf4dbce021f5" member_type: VOTER last_known_addr { host: "127.29.131.1" port: 37355 } health_report { overall_health: HEALTHY } } peers { permanent_uuid: "8256ca0525df41d7b1b9be5b38ea4970" member_type: VOTER last_known_addr { host: "127.29.131.2" port: 36143 } health_report { overall_health: UNKNOWN } } peers { permanent_uuid: "87616a793ec849a7b15852b8a64e07c8" member_type: VOTER last_known_addr { host: "127.29.131.3" port: 38461 } health_report { overall_health: UNKNOWN } } }
I20260710 11:00:11.042719 31522 ts_tablet_manager.cc:1434] T 7cabdfe7f7e14ad7bd2cc55225807f59 P 8a1a98bcd0a441bbb025cf4dbce021f5: Time spent starting tablet: real 0.009s	user 0.005s	sys 0.003s
I20260710 11:00:11.043751 31522 tablet_bootstrap.cc:492] T 196ee20b2e024076b200ff72456a5f54 P 8a1a98bcd0a441bbb025cf4dbce021f5: Bootstrap starting.
I20260710 11:00:11.045750 31526 tablet_bootstrap.cc:492] T 7cabdfe7f7e14ad7bd2cc55225807f59 P 8256ca0525df41d7b1b9be5b38ea4970: No bootstrap required, opened a new log
I20260710 11:00:11.046231 31526 ts_tablet_manager.cc:1403] T 7cabdfe7f7e14ad7bd2cc55225807f59 P 8256ca0525df41d7b1b9be5b38ea4970: Time spent bootstrapping tablet: real 0.042s	user 0.012s	sys 0.005s
I20260710 11:00:11.049419 31526 raft_consensus.cc:359] T 7cabdfe7f7e14ad7bd2cc55225807f59 P 8256ca0525df41d7b1b9be5b38ea4970 [term 0 FOLLOWER]: Replica starting. Triggering 0 pending ops. Active config: opid_index: -1 OBSOLETE_local: false peers { permanent_uuid: "8a1a98bcd0a441bbb025cf4dbce021f5" member_type: VOTER last_known_addr { host: "127.29.131.1" port: 37355 } } peers { permanent_uuid: "8256ca0525df41d7b1b9be5b38ea4970" member_type: VOTER last_known_addr { host: "127.29.131.2" port: 36143 } } peers { permanent_uuid: "87616a793ec849a7b15852b8a64e07c8" member_type: VOTER last_known_addr { host: "127.29.131.3" port: 38461 } }
I20260710 11:00:11.050091 31526 raft_consensus.cc:385] T 7cabdfe7f7e14ad7bd2cc55225807f59 P 8256ca0525df41d7b1b9be5b38ea4970 [term 0 FOLLOWER]: Consensus starting up: Expiring failure detector timer to make a prompt election more likely
I20260710 11:00:11.050303 31522 tablet_bootstrap.cc:654] T 196ee20b2e024076b200ff72456a5f54 P 8a1a98bcd0a441bbb025cf4dbce021f5: Neither blocks nor log segments found. Creating new log.
I20260710 11:00:11.056967 31524 ts_tablet_manager.cc:1403] T 7cabdfe7f7e14ad7bd2cc55225807f59 P 87616a793ec849a7b15852b8a64e07c8: Time spent bootstrapping tablet: real 0.064s	user 0.010s	sys 0.006s
I20260710 11:00:11.050375 31526 raft_consensus.cc:740] T 7cabdfe7f7e14ad7bd2cc55225807f59 P 8256ca0525df41d7b1b9be5b38ea4970 [term 0 FOLLOWER]: Becoming Follower/Learner. State: Replica: 8256ca0525df41d7b1b9be5b38ea4970, State: Initialized, Role: FOLLOWER
I20260710 11:00:11.058084 31601 raft_consensus.cc:493] T 932f6c5e52774562b7b7dbbd0d228235 P 87616a793ec849a7b15852b8a64e07c8 [term 0 FOLLOWER]: Starting pre-election (no leader contacted us within the election timeout)
I20260710 11:00:11.058221 31526 consensus_queue.cc:260] T 7cabdfe7f7e14ad7bd2cc55225807f59 P 8256ca0525df41d7b1b9be5b38ea4970 [NON_LEADER]: Queue going to NON_LEADER mode. State: All replicated index: 0, Majority replicated index: 0, Committed index: 0, Last appended: 0.0, Last appended by leader: 0, Current term: 0, Majority size: -1, State: 0, Mode: NON_LEADER, active raft config: opid_index: -1 OBSOLETE_local: false peers { permanent_uuid: "8a1a98bcd0a441bbb025cf4dbce021f5" member_type: VOTER last_known_addr { host: "127.29.131.1" port: 37355 } } peers { permanent_uuid: "8256ca0525df41d7b1b9be5b38ea4970" member_type: VOTER last_known_addr { host: "127.29.131.2" port: 36143 } } peers { permanent_uuid: "87616a793ec849a7b15852b8a64e07c8" member_type: VOTER last_known_addr { host: "127.29.131.3" port: 38461 } }
I20260710 11:00:11.059095 31601 raft_consensus.cc:515] T 932f6c5e52774562b7b7dbbd0d228235 P 87616a793ec849a7b15852b8a64e07c8 [term 0 FOLLOWER]: Starting pre-election with config: opid_index: -1 OBSOLETE_local: false peers { permanent_uuid: "8a1a98bcd0a441bbb025cf4dbce021f5" member_type: VOTER last_known_addr { host: "127.29.131.1" port: 37355 } } peers { permanent_uuid: "8256ca0525df41d7b1b9be5b38ea4970" member_type: VOTER last_known_addr { host: "127.29.131.2" port: 36143 } } peers { permanent_uuid: "87616a793ec849a7b15852b8a64e07c8" member_type: VOTER last_known_addr { host: "127.29.131.3" port: 38461 } }
I20260710 11:00:11.060492 31526 ts_tablet_manager.cc:1434] T 7cabdfe7f7e14ad7bd2cc55225807f59 P 8256ca0525df41d7b1b9be5b38ea4970: Time spent starting tablet: real 0.014s	user 0.007s	sys 0.001s
I20260710 11:00:11.061498 31526 tablet_bootstrap.cc:492] T a4d6b873c34542ffa2dd1fb831f97252 P 8256ca0525df41d7b1b9be5b38ea4970: Bootstrap starting.
I20260710 11:00:11.065124 31601 leader_election.cc:290] T 932f6c5e52774562b7b7dbbd0d228235 P 87616a793ec849a7b15852b8a64e07c8 [CANDIDATE]: Term 1 pre-election: Requested pre-vote from peers 8a1a98bcd0a441bbb025cf4dbce021f5 (127.29.131.1:37355), 8256ca0525df41d7b1b9be5b38ea4970 (127.29.131.2:36143)
I20260710 11:00:11.066151 31407 tablet_service.cc:1917] Received RequestConsensusVote() RPC: tablet_id: "932f6c5e52774562b7b7dbbd0d228235" candidate_uuid: "87616a793ec849a7b15852b8a64e07c8" candidate_term: 1 candidate_status { last_received { term: 0 index: 0 } } ignore_live_leader: false dest_uuid: "8256ca0525df41d7b1b9be5b38ea4970" is_pre_election: true
I20260710 11:00:11.066131 31330 tablet_service.cc:1917] Received RequestConsensusVote() RPC: tablet_id: "932f6c5e52774562b7b7dbbd0d228235" candidate_uuid: "87616a793ec849a7b15852b8a64e07c8" candidate_term: 1 candidate_status { last_received { term: 0 index: 0 } } ignore_live_leader: false dest_uuid: "8a1a98bcd0a441bbb025cf4dbce021f5" is_pre_election: true
I20260710 11:00:11.067606 31407 raft_consensus.cc:2393] T 932f6c5e52774562b7b7dbbd0d228235 P 8256ca0525df41d7b1b9be5b38ea4970 [term 1 FOLLOWER]: Leader pre-election vote request: Denying vote to candidate 87616a793ec849a7b15852b8a64e07c8 in current term 1: Already voted for candidate 8a1a98bcd0a441bbb025cf4dbce021f5 in this term.
I20260710 11:00:11.068902 31448 leader_election.cc:304] T 932f6c5e52774562b7b7dbbd0d228235 P 87616a793ec849a7b15852b8a64e07c8 [CANDIDATE]: Term 1 pre-election: Election decided. Result: candidate lost. Election summary: received 3 responses out of 3 voters: 1 yes votes; 2 no votes. yes voters: 87616a793ec849a7b15852b8a64e07c8; no voters: 8256ca0525df41d7b1b9be5b38ea4970, 8a1a98bcd0a441bbb025cf4dbce021f5
I20260710 11:00:11.069761 31580 raft_consensus.cc:493] T 257426bf25b1475db51e5e97decfd9eb P 8256ca0525df41d7b1b9be5b38ea4970 [term 0 FOLLOWER]: Starting pre-election (no leader contacted us within the election timeout)
I20260710 11:00:11.070125 31601 raft_consensus.cc:3060] T 932f6c5e52774562b7b7dbbd0d228235 P 87616a793ec849a7b15852b8a64e07c8 [term 0 FOLLOWER]: Advancing to term 1
I20260710 11:00:11.070253 31580 raft_consensus.cc:515] T 257426bf25b1475db51e5e97decfd9eb P 8256ca0525df41d7b1b9be5b38ea4970 [term 0 FOLLOWER]: Starting pre-election with config: opid_index: -1 OBSOLETE_local: false peers { permanent_uuid: "8a1a98bcd0a441bbb025cf4dbce021f5" member_type: VOTER last_known_addr { host: "127.29.131.1" port: 37355 } } peers { permanent_uuid: "8256ca0525df41d7b1b9be5b38ea4970" member_type: VOTER last_known_addr { host: "127.29.131.2" port: 36143 } } peers { permanent_uuid: "87616a793ec849a7b15852b8a64e07c8" member_type: VOTER last_known_addr { host: "127.29.131.3" port: 38461 } }
I20260710 11:00:11.071103 31524 raft_consensus.cc:359] T 7cabdfe7f7e14ad7bd2cc55225807f59 P 87616a793ec849a7b15852b8a64e07c8 [term 0 FOLLOWER]: Replica starting. Triggering 0 pending ops. Active config: opid_index: -1 OBSOLETE_local: false peers { permanent_uuid: "8a1a98bcd0a441bbb025cf4dbce021f5" member_type: VOTER last_known_addr { host: "127.29.131.1" port: 37355 } } peers { permanent_uuid: "8256ca0525df41d7b1b9be5b38ea4970" member_type: VOTER last_known_addr { host: "127.29.131.2" port: 36143 } } peers { permanent_uuid: "87616a793ec849a7b15852b8a64e07c8" member_type: VOTER last_known_addr { host: "127.29.131.3" port: 38461 } }
I20260710 11:00:11.071913 31524 raft_consensus.cc:385] T 7cabdfe7f7e14ad7bd2cc55225807f59 P 87616a793ec849a7b15852b8a64e07c8 [term 0 FOLLOWER]: Consensus starting up: Expiring failure detector timer to make a prompt election more likely
I20260710 11:00:11.072171 31524 raft_consensus.cc:740] T 7cabdfe7f7e14ad7bd2cc55225807f59 P 87616a793ec849a7b15852b8a64e07c8 [term 0 FOLLOWER]: Becoming Follower/Learner. State: Replica: 87616a793ec849a7b15852b8a64e07c8, State: Initialized, Role: FOLLOWER
