I20260710 11:00:22.639699 31999 consensus_queue.cc:1048] T aa64d11fdcac44cd8e8df4b28aa19529 P 8a1a98bcd0a441bbb025cf4dbce021f5 [LEADER]: Connected to new peer: Peer: permanent_uuid: "8256ca0525df41d7b1b9be5b38ea4970" member_type: VOTER last_known_addr { host: "127.29.131.2" port: 36143 } attrs { replace: true }, Status: LMP_MISMATCH, Last received: 0.0, Next index: 2, Last known committed idx: 1, Time since last communication: 0.001s
W20260710 11:00:22.641248 31296 consensus_peers.cc:597] T aa64d11fdcac44cd8e8df4b28aa19529 P 8a1a98bcd0a441bbb025cf4dbce021f5 -> Peer 17c7b0722b754ddbbfaae26c3d37834c (127.29.131.4:41283): Couldn't send request to peer 17c7b0722b754ddbbfaae26c3d37834c. Error code: TABLET_NOT_FOUND (6). Status: Not found: Tablet not found: aa64d11fdcac44cd8e8df4b28aa19529. This is attempt 1: this message will repeat every 5th retry.
I20260710 11:00:22.641587 31999 consensus_queue.cc:1048] T aa64d11fdcac44cd8e8df4b28aa19529 P 8a1a98bcd0a441bbb025cf4dbce021f5 [LEADER]: Connected to new peer: Peer: permanent_uuid: "87616a793ec849a7b15852b8a64e07c8" member_type: VOTER last_known_addr { host: "127.29.131.3" port: 38461 }, Status: LMP_MISMATCH, Last received: 0.0, Next index: 2, Last known committed idx: 1, Time since last communication: 0.000s
I20260710 11:00:22.669852 31999 raft_consensus.cc:2955] T aa64d11fdcac44cd8e8df4b28aa19529 P 8a1a98bcd0a441bbb025cf4dbce021f5 [term 1 LEADER]: Committing config change with OpId 1.2: config changed from index -1 to 2, NON_VOTER 17c7b0722b754ddbbfaae26c3d37834c (127.29.131.4) added. New config: { opid_index: 2 OBSOLETE_local: false peers { permanent_uuid: "8a1a98bcd0a441bbb025cf4dbce021f5" member_type: VOTER last_known_addr { host: "127.29.131.1" port: 37355 } } peers { permanent_uuid: "8256ca0525df41d7b1b9be5b38ea4970" member_type: VOTER last_known_addr { host: "127.29.131.2" port: 36143 } attrs { replace: true } } peers { permanent_uuid: "87616a793ec849a7b15852b8a64e07c8" member_type: VOTER last_known_addr { host: "127.29.131.3" port: 38461 } } peers { permanent_uuid: "17c7b0722b754ddbbfaae26c3d37834c" member_type: NON_VOTER last_known_addr { host: "127.29.131.4" port: 41283 } attrs { promote: true } } }
I20260710 11:00:22.675051 31405 raft_consensus.cc:2955] T aa64d11fdcac44cd8e8df4b28aa19529 P 8256ca0525df41d7b1b9be5b38ea4970 [term 1 FOLLOWER]: Committing config change with OpId 1.2: config changed from index -1 to 2, NON_VOTER 17c7b0722b754ddbbfaae26c3d37834c (127.29.131.4) added. New config: { opid_index: 2 OBSOLETE_local: false peers { permanent_uuid: "8a1a98bcd0a441bbb025cf4dbce021f5" member_type: VOTER last_known_addr { host: "127.29.131.1" port: 37355 } } peers { permanent_uuid: "8256ca0525df41d7b1b9be5b38ea4970" member_type: VOTER last_known_addr { host: "127.29.131.2" port: 36143 } attrs { replace: true } } peers { permanent_uuid: "87616a793ec849a7b15852b8a64e07c8" member_type: VOTER last_known_addr { host: "127.29.131.3" port: 38461 } } peers { permanent_uuid: "17c7b0722b754ddbbfaae26c3d37834c" member_type: NON_VOTER last_known_addr { host: "127.29.131.4" port: 41283 } attrs { promote: true } } }
I20260710 11:00:22.688174 31481 raft_consensus.cc:2955] T aa64d11fdcac44cd8e8df4b28aa19529 P 87616a793ec849a7b15852b8a64e07c8 [term 1 FOLLOWER]: Committing config change with OpId 1.2: config changed from index -1 to 2, NON_VOTER 17c7b0722b754ddbbfaae26c3d37834c (127.29.131.4) added. New config: { opid_index: 2 OBSOLETE_local: false peers { permanent_uuid: "8a1a98bcd0a441bbb025cf4dbce021f5" member_type: VOTER last_known_addr { host: "127.29.131.1" port: 37355 } } peers { permanent_uuid: "8256ca0525df41d7b1b9be5b38ea4970" member_type: VOTER last_known_addr { host: "127.29.131.2" port: 36143 } attrs { replace: true } } peers { permanent_uuid: "87616a793ec849a7b15852b8a64e07c8" member_type: VOTER last_known_addr { host: "127.29.131.3" port: 38461 } } peers { permanent_uuid: "17c7b0722b754ddbbfaae26c3d37834c" member_type: NON_VOTER last_known_addr { host: "127.29.131.4" port: 41283 } attrs { promote: true } } }
I20260710 11:00:22.688043 31230 catalog_manager.cc:5697] T aa64d11fdcac44cd8e8df4b28aa19529 P 8a1a98bcd0a441bbb025cf4dbce021f5 reported cstate change: config changed from index -1 to 2, NON_VOTER 17c7b0722b754ddbbfaae26c3d37834c (127.29.131.4) added. New cstate: current_term: 1 leader_uuid: "8a1a98bcd0a441bbb025cf4dbce021f5" committed_config { opid_index: 2 OBSOLETE_local: false peers { permanent_uuid: "8a1a98bcd0a441bbb025cf4dbce021f5" member_type: VOTER last_known_addr { host: "127.29.131.1" port: 37355 } health_report { overall_health: HEALTHY } } peers { permanent_uuid: "8256ca0525df41d7b1b9be5b38ea4970" member_type: VOTER last_known_addr { host: "127.29.131.2" port: 36143 } attrs { replace: true } health_report { overall_health: HEALTHY } } peers { permanent_uuid: "87616a793ec849a7b15852b8a64e07c8" member_type: VOTER last_known_addr { host: "127.29.131.3" port: 38461 } health_report { overall_health: HEALTHY } } peers { permanent_uuid: "17c7b0722b754ddbbfaae26c3d37834c" member_type: NON_VOTER last_known_addr { host: "127.29.131.4" port: 41283 } attrs { promote: true } health_report { overall_health: UNKNOWN } } }
I20260710 11:00:22.696027 31482 consensus_queue.cc:237] T 196ee20b2e024076b200ff72456a5f54 P 87616a793ec849a7b15852b8a64e07c8 [LEADER]: Queue going to LEADER mode. State: All replicated index: 0, Majority replicated index: 1, Committed index: 1, Last appended: 1.1, Last appended by leader: 0, Current term: 1, Majority size: 2, State: 0, Mode: LEADER, active raft config: opid_index: 2 OBSOLETE_local: false peers { permanent_uuid: "8a1a98bcd0a441bbb025cf4dbce021f5" member_type: VOTER last_known_addr { host: "127.29.131.1" port: 37355 } } peers { permanent_uuid: "8256ca0525df41d7b1b9be5b38ea4970" member_type: VOTER last_known_addr { host: "127.29.131.2" port: 36143 } attrs { replace: true } } peers { permanent_uuid: "87616a793ec849a7b15852b8a64e07c8" member_type: VOTER last_known_addr { host: "127.29.131.3" port: 38461 } } peers { permanent_uuid: "17c7b0722b754ddbbfaae26c3d37834c" member_type: NON_VOTER last_known_addr { host: "127.29.131.4" port: 41283 } attrs { promote: true } }
I20260710 11:00:22.727738 31405 raft_consensus.cc:1275] T 196ee20b2e024076b200ff72456a5f54 P 8256ca0525df41d7b1b9be5b38ea4970 [term 1 FOLLOWER]: Refusing update from remote peer 87616a793ec849a7b15852b8a64e07c8: Log matching property violated. Preceding OpId in replica: term: 1 index: 1. Preceding OpId from leader: term: 1 index: 2. (index mismatch)
W20260710 11:00:22.728106 31445 consensus_peers.cc:597] T 196ee20b2e024076b200ff72456a5f54 P 87616a793ec849a7b15852b8a64e07c8 -> Peer 17c7b0722b754ddbbfaae26c3d37834c (127.29.131.4:41283): Couldn't send request to peer 17c7b0722b754ddbbfaae26c3d37834c. Error code: TABLET_NOT_FOUND (6). Status: Not found: Tablet not found: 196ee20b2e024076b200ff72456a5f54. This is attempt 1: this message will repeat every 5th retry.
I20260710 11:00:22.729794 31937 consensus_queue.cc:1048] T 196ee20b2e024076b200ff72456a5f54 P 87616a793ec849a7b15852b8a64e07c8 [LEADER]: Connected to new peer: Peer: permanent_uuid: "8256ca0525df41d7b1b9be5b38ea4970" member_type: VOTER last_known_addr { host: "127.29.131.2" port: 36143 } attrs { replace: true }, Status: LMP_MISMATCH, Last received: 0.0, Next index: 2, Last known committed idx: 1, Time since last communication: 0.000s
I20260710 11:00:22.736490 31329 raft_consensus.cc:1275] T 196ee20b2e024076b200ff72456a5f54 P 8a1a98bcd0a441bbb025cf4dbce021f5 [term 1 FOLLOWER]: Refusing update from remote peer 87616a793ec849a7b15852b8a64e07c8: Log matching property violated. Preceding OpId in replica: term: 1 index: 1. Preceding OpId from leader: term: 1 index: 2. (index mismatch)
I20260710 11:00:22.737927 31963 consensus_queue.cc:1048] T 196ee20b2e024076b200ff72456a5f54 P 87616a793ec849a7b15852b8a64e07c8 [LEADER]: Connected to new peer: Peer: permanent_uuid: "8a1a98bcd0a441bbb025cf4dbce021f5" member_type: VOTER last_known_addr { host: "127.29.131.1" port: 37355 }, Status: LMP_MISMATCH, Last received: 0.0, Next index: 2, Last known committed idx: 1, Time since last communication: 0.000s
I20260710 11:00:22.748986 31937 raft_consensus.cc:2955] T 196ee20b2e024076b200ff72456a5f54 P 87616a793ec849a7b15852b8a64e07c8 [term 1 LEADER]: Committing config change with OpId 1.2: config changed from index -1 to 2, NON_VOTER 17c7b0722b754ddbbfaae26c3d37834c (127.29.131.4) added. New config: { opid_index: 2 OBSOLETE_local: false peers { permanent_uuid: "8a1a98bcd0a441bbb025cf4dbce021f5" member_type: VOTER last_known_addr { host: "127.29.131.1" port: 37355 } } peers { permanent_uuid: "8256ca0525df41d7b1b9be5b38ea4970" member_type: VOTER last_known_addr { host: "127.29.131.2" port: 36143 } attrs { replace: true } } peers { permanent_uuid: "87616a793ec849a7b15852b8a64e07c8" member_type: VOTER last_known_addr { host: "127.29.131.3" port: 38461 } } peers { permanent_uuid: "17c7b0722b754ddbbfaae26c3d37834c" member_type: NON_VOTER last_known_addr { host: "127.29.131.4" port: 41283 } attrs { promote: true } } }
I20260710 11:00:22.751789 31329 raft_consensus.cc:2955] T 196ee20b2e024076b200ff72456a5f54 P 8a1a98bcd0a441bbb025cf4dbce021f5 [term 1 FOLLOWER]: Committing config change with OpId 1.2: config changed from index -1 to 2, NON_VOTER 17c7b0722b754ddbbfaae26c3d37834c (127.29.131.4) added. New config: { opid_index: 2 OBSOLETE_local: false peers { permanent_uuid: "8a1a98bcd0a441bbb025cf4dbce021f5" member_type: VOTER last_known_addr { host: "127.29.131.1" port: 37355 } } peers { permanent_uuid: "8256ca0525df41d7b1b9be5b38ea4970" member_type: VOTER last_known_addr { host: "127.29.131.2" port: 36143 } attrs { replace: true } } peers { permanent_uuid: "87616a793ec849a7b15852b8a64e07c8" member_type: VOTER last_known_addr { host: "127.29.131.3" port: 38461 } } peers { permanent_uuid: "17c7b0722b754ddbbfaae26c3d37834c" member_type: NON_VOTER last_known_addr { host: "127.29.131.4" port: 41283 } attrs { promote: true } } }
I20260710 11:00:22.757046 31404 raft_consensus.cc:2955] T 196ee20b2e024076b200ff72456a5f54 P 8256ca0525df41d7b1b9be5b38ea4970 [term 1 FOLLOWER]: Committing config change with OpId 1.2: config changed from index -1 to 2, NON_VOTER 17c7b0722b754ddbbfaae26c3d37834c (127.29.131.4) added. New config: { opid_index: 2 OBSOLETE_local: false peers { permanent_uuid: "8a1a98bcd0a441bbb025cf4dbce021f5" member_type: VOTER last_known_addr { host: "127.29.131.1" port: 37355 } } peers { permanent_uuid: "8256ca0525df41d7b1b9be5b38ea4970" member_type: VOTER last_known_addr { host: "127.29.131.2" port: 36143 } attrs { replace: true } } peers { permanent_uuid: "87616a793ec849a7b15852b8a64e07c8" member_type: VOTER last_known_addr { host: "127.29.131.3" port: 38461 } } peers { permanent_uuid: "17c7b0722b754ddbbfaae26c3d37834c" member_type: NON_VOTER last_known_addr { host: "127.29.131.4" port: 41283 } attrs { promote: true } } }
I20260710 11:00:22.775707 31229 catalog_manager.cc:5697] T 196ee20b2e024076b200ff72456a5f54 P 8256ca0525df41d7b1b9be5b38ea4970 reported cstate change: config changed from index -1 to 2, NON_VOTER 17c7b0722b754ddbbfaae26c3d37834c (127.29.131.4) added. New cstate: current_term: 1 leader_uuid: "87616a793ec849a7b15852b8a64e07c8" committed_config { opid_index: 2 OBSOLETE_local: false peers { permanent_uuid: "8a1a98bcd0a441bbb025cf4dbce021f5" member_type: VOTER last_known_addr { host: "127.29.131.1" port: 37355 } } peers { permanent_uuid: "8256ca0525df41d7b1b9be5b38ea4970" member_type: VOTER last_known_addr { host: "127.29.131.2" port: 36143 } attrs { replace: true } } peers { permanent_uuid: "87616a793ec849a7b15852b8a64e07c8" member_type: VOTER last_known_addr { host: "127.29.131.3" port: 38461 } } peers { permanent_uuid: "17c7b0722b754ddbbfaae26c3d37834c" member_type: NON_VOTER last_known_addr { host: "127.29.131.4" port: 41283 } attrs { promote: true } } }
I20260710 11:00:23.006953 32019 ts_tablet_manager.cc:933] T 6c16c17e4db74fd09a4b7b7307ea1cce P 17c7b0722b754ddbbfaae26c3d37834c: Initiating tablet copy from peer 8256ca0525df41d7b1b9be5b38ea4970 (127.29.131.2:36143)
I20260710 11:00:23.010643 32019 tablet_copy_client.cc:323] T 6c16c17e4db74fd09a4b7b7307ea1cce P 17c7b0722b754ddbbfaae26c3d37834c: tablet copy: Beginning tablet copy session from remote peer at address 127.29.131.2:36143
I20260710 11:00:23.012985 31417 tablet_copy_service.cc:140] P 8256ca0525df41d7b1b9be5b38ea4970: Received BeginTabletCopySession request for tablet 6c16c17e4db74fd09a4b7b7307ea1cce from peer 17c7b0722b754ddbbfaae26c3d37834c ({username='slave'} at 127.0.0.1:51520)
I20260710 11:00:23.013809 31417 tablet_copy_service.cc:161] P 8256ca0525df41d7b1b9be5b38ea4970: Beginning new tablet copy session on tablet 6c16c17e4db74fd09a4b7b7307ea1cce from peer 17c7b0722b754ddbbfaae26c3d37834c at {username='slave'} at 127.0.0.1:51520: session id = 17c7b0722b754ddbbfaae26c3d37834c-6c16c17e4db74fd09a4b7b7307ea1cce
I20260710 11:00:23.023247 31417 tablet_copy_source_session.cc:215] T 6c16c17e4db74fd09a4b7b7307ea1cce P 8256ca0525df41d7b1b9be5b38ea4970: Tablet Copy: opened 0 blocks and 1 log segments
I20260710 11:00:23.027248 32019 data_dirs.cc:400] Could only allocate 1 dirs of requested 3 for tablet 6c16c17e4db74fd09a4b7b7307ea1cce. 1 dirs total, 0 dirs full, 0 dirs failed
I20260710 11:00:23.046689 32019 tablet_copy_client.cc:806] T 6c16c17e4db74fd09a4b7b7307ea1cce P 17c7b0722b754ddbbfaae26c3d37834c: tablet copy: Starting download of 0 data blocks...
I20260710 11:00:23.047632 32019 tablet_copy_client.cc:670] T 6c16c17e4db74fd09a4b7b7307ea1cce P 17c7b0722b754ddbbfaae26c3d37834c: tablet copy: Starting download of 1 WAL segments...
I20260710 11:00:23.052588 32019 tablet_copy_client.cc:538] T 6c16c17e4db74fd09a4b7b7307ea1cce P 17c7b0722b754ddbbfaae26c3d37834c: tablet copy: Tablet Copy complete. Replacing tablet superblock.
I20260710 11:00:23.062484 32019 tablet_bootstrap.cc:492] T 6c16c17e4db74fd09a4b7b7307ea1cce P 17c7b0722b754ddbbfaae26c3d37834c: Bootstrap starting.
I20260710 11:00:23.085026 32019 tablet_bootstrap.cc:492] T 6c16c17e4db74fd09a4b7b7307ea1cce P 17c7b0722b754ddbbfaae26c3d37834c: Bootstrap replayed 1/1 log segments. Stats: ops{read=2 overwritten=0 applied=2 ignored=0} inserts{seen=0 ignored=0} mutations{seen=0 ignored=0} orphaned_commits=0. Pending: 0 replicates
I20260710 11:00:23.085974 32019 tablet_bootstrap.cc:492] T 6c16c17e4db74fd09a4b7b7307ea1cce P 17c7b0722b754ddbbfaae26c3d37834c: Bootstrap complete.
I20260710 11:00:23.086771 32019 ts_tablet_manager.cc:1403] T 6c16c17e4db74fd09a4b7b7307ea1cce P 17c7b0722b754ddbbfaae26c3d37834c: Time spent bootstrapping tablet: real 0.025s	user 0.019s	sys 0.004s
I20260710 11:00:23.090384 32019 raft_consensus.cc:359] T 6c16c17e4db74fd09a4b7b7307ea1cce P 17c7b0722b754ddbbfaae26c3d37834c [term 1 LEARNER]: Replica starting. Triggering 0 pending ops. Active config: opid_index: 2 OBSOLETE_local: false peers { permanent_uuid: "87616a793ec849a7b15852b8a64e07c8" member_type: VOTER last_known_addr { host: "127.29.131.3" port: 38461 } attrs { replace: true } } peers { permanent_uuid: "8256ca0525df41d7b1b9be5b38ea4970" member_type: VOTER last_known_addr { host: "127.29.131.2" port: 36143 } } peers { permanent_uuid: "8a1a98bcd0a441bbb025cf4dbce021f5" member_type: VOTER last_known_addr { host: "127.29.131.1" port: 37355 } } peers { permanent_uuid: "17c7b0722b754ddbbfaae26c3d37834c" member_type: NON_VOTER last_known_addr { host: "127.29.131.4" port: 41283 } attrs { promote: true } }
I20260710 11:00:23.091257 32019 raft_consensus.cc:740] T 6c16c17e4db74fd09a4b7b7307ea1cce P 17c7b0722b754ddbbfaae26c3d37834c [term 1 LEARNER]: Becoming Follower/Learner. State: Replica: 17c7b0722b754ddbbfaae26c3d37834c, State: Initialized, Role: LEARNER
I20260710 11:00:23.092074 32019 consensus_queue.cc:260] T 6c16c17e4db74fd09a4b7b7307ea1cce P 17c7b0722b754ddbbfaae26c3d37834c [NON_LEADER]: Queue going to NON_LEADER mode. State: All replicated index: 0, Majority replicated index: 0, Committed index: 2, Last appended: 1.2, Last appended by leader: 2, Current term: 0, Majority size: -1, State: 0, Mode: NON_LEADER, active raft config: opid_index: 2 OBSOLETE_local: false peers { permanent_uuid: "87616a793ec849a7b15852b8a64e07c8" member_type: VOTER last_known_addr { host: "127.29.131.3" port: 38461 } attrs { replace: true } } peers { permanent_uuid: "8256ca0525df41d7b1b9be5b38ea4970" member_type: VOTER last_known_addr { host: "127.29.131.2" port: 36143 } } peers { permanent_uuid: "8a1a98bcd0a441bbb025cf4dbce021f5" member_type: VOTER last_known_addr { host: "127.29.131.1" port: 37355 } } peers { permanent_uuid: "17c7b0722b754ddbbfaae26c3d37834c" member_type: NON_VOTER last_known_addr { host: "127.29.131.4" port: 41283 } attrs { promote: true } }
I20260710 11:00:23.095697 32019 ts_tablet_manager.cc:1434] T 6c16c17e4db74fd09a4b7b7307ea1cce P 17c7b0722b754ddbbfaae26c3d37834c: Time spent starting tablet: real 0.009s	user 0.007s	sys 0.001s
I20260710 11:00:23.097548 31417 tablet_copy_service.cc:342] P 8256ca0525df41d7b1b9be5b38ea4970: Request end of tablet copy session 17c7b0722b754ddbbfaae26c3d37834c-6c16c17e4db74fd09a4b7b7307ea1cce received from {username='slave'} at 127.0.0.1:51520
I20260710 11:00:23.098034 31417 tablet_copy_service.cc:434] P 8256ca0525df41d7b1b9be5b38ea4970: ending tablet copy session 17c7b0722b754ddbbfaae26c3d37834c-6c16c17e4db74fd09a4b7b7307ea1cce on tablet 6c16c17e4db74fd09a4b7b7307ea1cce with peer 17c7b0722b754ddbbfaae26c3d37834c
I20260710 11:00:23.111584 32019 ts_tablet_manager.cc:933] T a336b49781cd4bffa000551695c60e74 P 17c7b0722b754ddbbfaae26c3d37834c: Initiating tablet copy from peer 87616a793ec849a7b15852b8a64e07c8 (127.29.131.3:38461)
I20260710 11:00:23.113348 32019 tablet_copy_client.cc:323] T a336b49781cd4bffa000551695c60e74 P 17c7b0722b754ddbbfaae26c3d37834c: tablet copy: Beginning tablet copy session from remote peer at address 127.29.131.3:38461
I20260710 11:00:23.115409 31492 tablet_copy_service.cc:140] P 87616a793ec849a7b15852b8a64e07c8: Received BeginTabletCopySession request for tablet a336b49781cd4bffa000551695c60e74 from peer 17c7b0722b754ddbbfaae26c3d37834c ({username='slave'} at 127.0.0.1:40904)
I20260710 11:00:23.116080 31492 tablet_copy_service.cc:161] P 87616a793ec849a7b15852b8a64e07c8: Beginning new tablet copy session on tablet a336b49781cd4bffa000551695c60e74 from peer 17c7b0722b754ddbbfaae26c3d37834c at {username='slave'} at 127.0.0.1:40904: session id = 17c7b0722b754ddbbfaae26c3d37834c-a336b49781cd4bffa000551695c60e74
I20260710 11:00:23.124254 31492 tablet_copy_source_session.cc:215] T a336b49781cd4bffa000551695c60e74 P 87616a793ec849a7b15852b8a64e07c8: Tablet Copy: opened 0 blocks and 1 log segments
I20260710 11:00:23.127694 32019 data_dirs.cc:400] Could only allocate 1 dirs of requested 3 for tablet a336b49781cd4bffa000551695c60e74. 1 dirs total, 0 dirs full, 0 dirs failed
I20260710 11:00:23.139593 32019 tablet_copy_client.cc:806] T a336b49781cd4bffa000551695c60e74 P 17c7b0722b754ddbbfaae26c3d37834c: tablet copy: Starting download of 0 data blocks...
I20260710 11:00:23.140214 32019 tablet_copy_client.cc:670] T a336b49781cd4bffa000551695c60e74 P 17c7b0722b754ddbbfaae26c3d37834c: tablet copy: Starting download of 1 WAL segments...
I20260710 11:00:23.144246 32019 tablet_copy_client.cc:538] T a336b49781cd4bffa000551695c60e74 P 17c7b0722b754ddbbfaae26c3d37834c: tablet copy: Tablet Copy complete. Replacing tablet superblock.
I20260710 11:00:23.153337 32019 tablet_bootstrap.cc:492] T a336b49781cd4bffa000551695c60e74 P 17c7b0722b754ddbbfaae26c3d37834c: Bootstrap starting.
I20260710 11:00:23.169085 32024 ts_tablet_manager.cc:933] T aa64d11fdcac44cd8e8df4b28aa19529 P 17c7b0722b754ddbbfaae26c3d37834c: Initiating tablet copy from peer 8a1a98bcd0a441bbb025cf4dbce021f5 (127.29.131.1:37355)
I20260710 11:00:23.203539 32024 tablet_copy_client.cc:323] T aa64d11fdcac44cd8e8df4b28aa19529 P 17c7b0722b754ddbbfaae26c3d37834c: tablet copy: Beginning tablet copy session from remote peer at address 127.29.131.1:37355
I20260710 11:00:23.205685 31343 tablet_copy_service.cc:140] P 8a1a98bcd0a441bbb025cf4dbce021f5: Received BeginTabletCopySession request for tablet aa64d11fdcac44cd8e8df4b28aa19529 from peer 17c7b0722b754ddbbfaae26c3d37834c ({username='slave'} at 127.0.0.1:50564)
I20260710 11:00:23.206292 31343 tablet_copy_service.cc:161] P 8a1a98bcd0a441bbb025cf4dbce021f5: Beginning new tablet copy session on tablet aa64d11fdcac44cd8e8df4b28aa19529 from peer 17c7b0722b754ddbbfaae26c3d37834c at {username='slave'} at 127.0.0.1:50564: session id = 17c7b0722b754ddbbfaae26c3d37834c-aa64d11fdcac44cd8e8df4b28aa19529
I20260710 11:00:23.225198 32019 tablet_bootstrap.cc:492] T a336b49781cd4bffa000551695c60e74 P 17c7b0722b754ddbbfaae26c3d37834c: Bootstrap replayed 1/1 log segments. Stats: ops{read=2 overwritten=0 applied=2 ignored=0} inserts{seen=0 ignored=0} mutations{seen=0 ignored=0} orphaned_commits=0. Pending: 0 replicates
I20260710 11:00:23.226394 32019 tablet_bootstrap.cc:492] T a336b49781cd4bffa000551695c60e74 P 17c7b0722b754ddbbfaae26c3d37834c: Bootstrap complete.
I20260710 11:00:23.226339 32027 ts_tablet_manager.cc:933] T 196ee20b2e024076b200ff72456a5f54 P 17c7b0722b754ddbbfaae26c3d37834c: Initiating tablet copy from peer 87616a793ec849a7b15852b8a64e07c8 (127.29.131.3:38461)
I20260710 11:00:23.227623 32019 ts_tablet_manager.cc:1403] T a336b49781cd4bffa000551695c60e74 P 17c7b0722b754ddbbfaae26c3d37834c: Time spent bootstrapping tablet: real 0.075s	user 0.022s	sys 0.016s
I20260710 11:00:23.229599 31343 tablet_copy_source_session.cc:215] T aa64d11fdcac44cd8e8df4b28aa19529 P 8a1a98bcd0a441bbb025cf4dbce021f5: Tablet Copy: opened 0 blocks and 1 log segments
I20260710 11:00:23.231258 32019 raft_consensus.cc:359] T a336b49781cd4bffa000551695c60e74 P 17c7b0722b754ddbbfaae26c3d37834c [term 1 LEARNER]: Replica starting. Triggering 0 pending ops. Active config: opid_index: 2 OBSOLETE_local: false peers { permanent_uuid: "8a1a98bcd0a441bbb025cf4dbce021f5" member_type: VOTER last_known_addr { host: "127.29.131.1" port: 37355 } attrs { replace: true } } peers { permanent_uuid: "8256ca0525df41d7b1b9be5b38ea4970" member_type: VOTER last_known_addr { host: "127.29.131.2" port: 36143 } } peers { permanent_uuid: "87616a793ec849a7b15852b8a64e07c8" member_type: VOTER last_known_addr { host: "127.29.131.3" port: 38461 } } peers { permanent_uuid: "17c7b0722b754ddbbfaae26c3d37834c" member_type: NON_VOTER last_known_addr { host: "127.29.131.4" port: 41283 } attrs { promote: true } }
I20260710 11:00:23.232170 32019 raft_consensus.cc:740] T a336b49781cd4bffa000551695c60e74 P 17c7b0722b754ddbbfaae26c3d37834c [term 1 LEARNER]: Becoming Follower/Learner. State: Replica: 17c7b0722b754ddbbfaae26c3d37834c, State: Initialized, Role: LEARNER
I20260710 11:00:23.232841 32019 consensus_queue.cc:260] T a336b49781cd4bffa000551695c60e74 P 17c7b0722b754ddbbfaae26c3d37834c [NON_LEADER]: Queue going to NON_LEADER mode. State: All replicated index: 0, Majority replicated index: 0, Committed index: 2, Last appended: 1.2, Last appended by leader: 2, Current term: 0, Majority size: -1, State: 0, Mode: NON_LEADER, active raft config: opid_index: 2 OBSOLETE_local: false peers { permanent_uuid: "8a1a98bcd0a441bbb025cf4dbce021f5" member_type: VOTER last_known_addr { host: "127.29.131.1" port: 37355 } attrs { replace: true } } peers { permanent_uuid: "8256ca0525df41d7b1b9be5b38ea4970" member_type: VOTER last_known_addr { host: "127.29.131.2" port: 36143 } } peers { permanent_uuid: "87616a793ec849a7b15852b8a64e07c8" member_type: VOTER last_known_addr { host: "127.29.131.3" port: 38461 } } peers { permanent_uuid: "17c7b0722b754ddbbfaae26c3d37834c" member_type: NON_VOTER last_known_addr { host: "127.29.131.4" port: 41283 } attrs { promote: true } }
I20260710 11:00:23.234841 32024 data_dirs.cc:400] Could only allocate 1 dirs of requested 3 for tablet aa64d11fdcac44cd8e8df4b28aa19529. 1 dirs total, 0 dirs full, 0 dirs failed
I20260710 11:00:23.235455 32019 ts_tablet_manager.cc:1434] T a336b49781cd4bffa000551695c60e74 P 17c7b0722b754ddbbfaae26c3d37834c: Time spent starting tablet: real 0.007s	user 0.007s	sys 0.001s
I20260710 11:00:23.248029 31492 tablet_copy_service.cc:342] P 87616a793ec849a7b15852b8a64e07c8: Request end of tablet copy session 17c7b0722b754ddbbfaae26c3d37834c-a336b49781cd4bffa000551695c60e74 received from {username='slave'} at 127.0.0.1:40904
I20260710 11:00:23.248507 31492 tablet_copy_service.cc:434] P 87616a793ec849a7b15852b8a64e07c8: ending tablet copy session 17c7b0722b754ddbbfaae26c3d37834c-a336b49781cd4bffa000551695c60e74 on tablet a336b49781cd4bffa000551695c60e74 with peer 17c7b0722b754ddbbfaae26c3d37834c
I20260710 11:00:23.253901 32027 tablet_copy_client.cc:323] T 196ee20b2e024076b200ff72456a5f54 P 17c7b0722b754ddbbfaae26c3d37834c: tablet copy: Beginning tablet copy session from remote peer at address 127.29.131.3:38461
I20260710 11:00:23.255877 31492 tablet_copy_service.cc:140] P 87616a793ec849a7b15852b8a64e07c8: Received BeginTabletCopySession request for tablet 196ee20b2e024076b200ff72456a5f54 from peer 17c7b0722b754ddbbfaae26c3d37834c ({username='slave'} at 127.0.0.1:40904)
I20260710 11:00:23.256438 31492 tablet_copy_service.cc:161] P 87616a793ec849a7b15852b8a64e07c8: Beginning new tablet copy session on tablet 196ee20b2e024076b200ff72456a5f54 from peer 17c7b0722b754ddbbfaae26c3d37834c at {username='slave'} at 127.0.0.1:40904: session id = 17c7b0722b754ddbbfaae26c3d37834c-196ee20b2e024076b200ff72456a5f54
I20260710 11:00:23.256778 32024 tablet_copy_client.cc:806] T aa64d11fdcac44cd8e8df4b28aa19529 P 17c7b0722b754ddbbfaae26c3d37834c: tablet copy: Starting download of 0 data blocks...
I20260710 11:00:23.257362 32024 tablet_copy_client.cc:670] T aa64d11fdcac44cd8e8df4b28aa19529 P 17c7b0722b754ddbbfaae26c3d37834c: tablet copy: Starting download of 1 WAL segments...
I20260710 11:00:23.261380 32024 tablet_copy_client.cc:538] T aa64d11fdcac44cd8e8df4b28aa19529 P 17c7b0722b754ddbbfaae26c3d37834c: tablet copy: Tablet Copy complete. Replacing tablet superblock.
I20260710 11:00:23.265278 31492 tablet_copy_source_session.cc:215] T 196ee20b2e024076b200ff72456a5f54 P 87616a793ec849a7b15852b8a64e07c8: Tablet Copy: opened 0 blocks and 1 log segments
I20260710 11:00:23.269080 32027 data_dirs.cc:400] Could only allocate 1 dirs of requested 3 for tablet 196ee20b2e024076b200ff72456a5f54. 1 dirs total, 0 dirs full, 0 dirs failed
I20260710 11:00:23.275229 32024 tablet_bootstrap.cc:492] T aa64d11fdcac44cd8e8df4b28aa19529 P 17c7b0722b754ddbbfaae26c3d37834c: Bootstrap starting.
I20260710 11:00:23.290686 32027 tablet_copy_client.cc:806] T 196ee20b2e024076b200ff72456a5f54 P 17c7b0722b754ddbbfaae26c3d37834c: tablet copy: Starting download of 0 data blocks...
I20260710 11:00:23.291513 32027 tablet_copy_client.cc:670] T 196ee20b2e024076b200ff72456a5f54 P 17c7b0722b754ddbbfaae26c3d37834c: tablet copy: Starting download of 1 WAL segments...
I20260710 11:00:23.299629 32027 tablet_copy_client.cc:538] T 196ee20b2e024076b200ff72456a5f54 P 17c7b0722b754ddbbfaae26c3d37834c: tablet copy: Tablet Copy complete. Replacing tablet superblock.
I20260710 11:00:23.313360 32027 tablet_bootstrap.cc:492] T 196ee20b2e024076b200ff72456a5f54 P 17c7b0722b754ddbbfaae26c3d37834c: Bootstrap starting.
I20260710 11:00:23.317602 32024 tablet_bootstrap.cc:492] T aa64d11fdcac44cd8e8df4b28aa19529 P 17c7b0722b754ddbbfaae26c3d37834c: Bootstrap replayed 1/1 log segments. Stats: ops{read=2 overwritten=0 applied=2 ignored=0} inserts{seen=0 ignored=0} mutations{seen=0 ignored=0} orphaned_commits=0. Pending: 0 replicates
I20260710 11:00:23.319172 32024 tablet_bootstrap.cc:492] T aa64d11fdcac44cd8e8df4b28aa19529 P 17c7b0722b754ddbbfaae26c3d37834c: Bootstrap complete.
I20260710 11:00:23.319965 32024 ts_tablet_manager.cc:1403] T aa64d11fdcac44cd8e8df4b28aa19529 P 17c7b0722b754ddbbfaae26c3d37834c: Time spent bootstrapping tablet: real 0.045s	user 0.018s	sys 0.018s
I20260710 11:00:23.323678 32024 raft_consensus.cc:359] T aa64d11fdcac44cd8e8df4b28aa19529 P 17c7b0722b754ddbbfaae26c3d37834c [term 1 LEARNER]: Replica starting. Triggering 0 pending ops. Active config: opid_index: 2 OBSOLETE_local: false peers { permanent_uuid: "8a1a98bcd0a441bbb025cf4dbce021f5" member_type: VOTER last_known_addr { host: "127.29.131.1" port: 37355 } } peers { permanent_uuid: "8256ca0525df41d7b1b9be5b38ea4970" member_type: VOTER last_known_addr { host: "127.29.131.2" port: 36143 } attrs { replace: true } } peers { permanent_uuid: "87616a793ec849a7b15852b8a64e07c8" member_type: VOTER last_known_addr { host: "127.29.131.3" port: 38461 } } peers { permanent_uuid: "17c7b0722b754ddbbfaae26c3d37834c" member_type: NON_VOTER last_known_addr { host: "127.29.131.4" port: 41283 } attrs { promote: true } }
I20260710 11:00:23.324599 32024 raft_consensus.cc:740] T aa64d11fdcac44cd8e8df4b28aa19529 P 17c7b0722b754ddbbfaae26c3d37834c [term 1 LEARNER]: Becoming Follower/Learner. State: Replica: 17c7b0722b754ddbbfaae26c3d37834c, State: Initialized, Role: LEARNER
I20260710 11:00:23.325286 32024 consensus_queue.cc:260] T aa64d11fdcac44cd8e8df4b28aa19529 P 17c7b0722b754ddbbfaae26c3d37834c [NON_LEADER]: Queue going to NON_LEADER mode. State: All replicated index: 0, Majority replicated index: 0, Committed index: 2, Last appended: 1.2, Last appended by leader: 2, Current term: 0, Majority size: -1, State: 0, Mode: NON_LEADER, active raft config: opid_index: 2 OBSOLETE_local: false peers { permanent_uuid: "8a1a98bcd0a441bbb025cf4dbce021f5" member_type: VOTER last_known_addr { host: "127.29.131.1" port: 37355 } } peers { permanent_uuid: "8256ca0525df41d7b1b9be5b38ea4970" member_type: VOTER last_known_addr { host: "127.29.131.2" port: 36143 } attrs { replace: true } } peers { permanent_uuid: "87616a793ec849a7b15852b8a64e07c8" member_type: VOTER last_known_addr { host: "127.29.131.3" port: 38461 } } peers { permanent_uuid: "17c7b0722b754ddbbfaae26c3d37834c" member_type: NON_VOTER last_known_addr { host: "127.29.131.4" port: 41283 } attrs { promote: true } }
I20260710 11:00:23.337462 32024 ts_tablet_manager.cc:1434] T aa64d11fdcac44cd8e8df4b28aa19529 P 17c7b0722b754ddbbfaae26c3d37834c: Time spent starting tablet: real 0.017s	user 0.005s	sys 0.000s
I20260710 11:00:23.342965 32027 tablet_bootstrap.cc:492] T 196ee20b2e024076b200ff72456a5f54 P 17c7b0722b754ddbbfaae26c3d37834c: Bootstrap replayed 1/1 log segments. Stats: ops{read=2 overwritten=0 applied=2 ignored=0} inserts{seen=0 ignored=0} mutations{seen=0 ignored=0} orphaned_commits=0. Pending: 0 replicates
I20260710 11:00:23.344255 32027 tablet_bootstrap.cc:492] T 196ee20b2e024076b200ff72456a5f54 P 17c7b0722b754ddbbfaae26c3d37834c: Bootstrap complete.
I20260710 11:00:23.345003 32027 ts_tablet_manager.cc:1403] T 196ee20b2e024076b200ff72456a5f54 P 17c7b0722b754ddbbfaae26c3d37834c: Time spent bootstrapping tablet: real 0.032s	user 0.028s	sys 0.004s
I20260710 11:00:23.347277 31343 tablet_copy_service.cc:342] P 8a1a98bcd0a441bbb025cf4dbce021f5: Request end of tablet copy session 17c7b0722b754ddbbfaae26c3d37834c-aa64d11fdcac44cd8e8df4b28aa19529 received from {username='slave'} at 127.0.0.1:50564
I20260710 11:00:23.347767 31343 tablet_copy_service.cc:434] P 8a1a98bcd0a441bbb025cf4dbce021f5: ending tablet copy session 17c7b0722b754ddbbfaae26c3d37834c-aa64d11fdcac44cd8e8df4b28aa19529 on tablet aa64d11fdcac44cd8e8df4b28aa19529 with peer 17c7b0722b754ddbbfaae26c3d37834c
I20260710 11:00:23.348357 32027 raft_consensus.cc:359] T 196ee20b2e024076b200ff72456a5f54 P 17c7b0722b754ddbbfaae26c3d37834c [term 1 LEARNER]: Replica starting. Triggering 0 pending ops. Active config: opid_index: 2 OBSOLETE_local: false peers { permanent_uuid: "8a1a98bcd0a441bbb025cf4dbce021f5" member_type: VOTER last_known_addr { host: "127.29.131.1" port: 37355 } } peers { permanent_uuid: "8256ca0525df41d7b1b9be5b38ea4970" member_type: VOTER last_known_addr { host: "127.29.131.2" port: 36143 } attrs { replace: true } } peers { permanent_uuid: "87616a793ec849a7b15852b8a64e07c8" member_type: VOTER last_known_addr { host: "127.29.131.3" port: 38461 } } peers { permanent_uuid: "17c7b0722b754ddbbfaae26c3d37834c" member_type: NON_VOTER last_known_addr { host: "127.29.131.4" port: 41283 } attrs { promote: true } }
I20260710 11:00:23.349200 32027 raft_consensus.cc:740] T 196ee20b2e024076b200ff72456a5f54 P 17c7b0722b754ddbbfaae26c3d37834c [term 1 LEARNER]: Becoming Follower/Learner. State: Replica: 17c7b0722b754ddbbfaae26c3d37834c, State: Initialized, Role: LEARNER
I20260710 11:00:23.350097 32027 consensus_queue.cc:260] T 196ee20b2e024076b200ff72456a5f54 P 17c7b0722b754ddbbfaae26c3d37834c [NON_LEADER]: Queue going to NON_LEADER mode. State: All replicated index: 0, Majority replicated index: 0, Committed index: 2, Last appended: 1.2, Last appended by leader: 2, Current term: 0, Majority size: -1, State: 0, Mode: NON_LEADER, active raft config: opid_index: 2 OBSOLETE_local: false peers { permanent_uuid: "8a1a98bcd0a441bbb025cf4dbce021f5" member_type: VOTER last_known_addr { host: "127.29.131.1" port: 37355 } } peers { permanent_uuid: "8256ca0525df41d7b1b9be5b38ea4970" member_type: VOTER last_known_addr { host: "127.29.131.2" port: 36143 } attrs { replace: true } } peers { permanent_uuid: "87616a793ec849a7b15852b8a64e07c8" member_type: VOTER last_known_addr { host: "127.29.131.3" port: 38461 } } peers { permanent_uuid: "17c7b0722b754ddbbfaae26c3d37834c" member_type: NON_VOTER last_known_addr { host: "127.29.131.4" port: 41283 } attrs { promote: true } }
I20260710 11:00:23.353150 32027 ts_tablet_manager.cc:1434] T 196ee20b2e024076b200ff72456a5f54 P 17c7b0722b754ddbbfaae26c3d37834c: Time spent starting tablet: real 0.008s	user 0.006s	sys 0.000s
I20260710 11:00:23.354766 31492 tablet_copy_service.cc:342] P 87616a793ec849a7b15852b8a64e07c8: Request end of tablet copy session 17c7b0722b754ddbbfaae26c3d37834c-196ee20b2e024076b200ff72456a5f54 received from {username='slave'} at 127.0.0.1:40904
I20260710 11:00:23.355237 31492 tablet_copy_service.cc:434] P 87616a793ec849a7b15852b8a64e07c8: ending tablet copy session 17c7b0722b754ddbbfaae26c3d37834c-196ee20b2e024076b200ff72456a5f54 on tablet 196ee20b2e024076b200ff72456a5f54 with peer 17c7b0722b754ddbbfaae26c3d37834c
I20260710 11:00:23.541021 31742 raft_consensus.cc:1217] T aa64d11fdcac44cd8e8df4b28aa19529 P 17c7b0722b754ddbbfaae26c3d37834c [term 1 LEARNER]: Deduplicated request from leader. Original: 1.1->[1.2-1.2]   Dedup: 1.2->[]
I20260710 11:00:23.625954 31742 raft_consensus.cc:1217] T 6c16c17e4db74fd09a4b7b7307ea1cce P 17c7b0722b754ddbbfaae26c3d37834c [term 1 LEARNER]: Deduplicated request from leader. Original: 1.1->[1.2-1.2]   Dedup: 1.2->[]
I20260710 11:00:23.787746 31742 raft_consensus.cc:1217] T a336b49781cd4bffa000551695c60e74 P 17c7b0722b754ddbbfaae26c3d37834c [term 1 LEARNER]: Deduplicated request from leader. Original: 1.1->[1.2-1.2]   Dedup: 1.2->[]
I20260710 11:00:23.799043 31742 raft_consensus.cc:1217] T 196ee20b2e024076b200ff72456a5f54 P 17c7b0722b754ddbbfaae26c3d37834c [term 1 LEARNER]: Deduplicated request from leader. Original: 1.1->[1.2-1.2]   Dedup: 1.2->[]
W20260710 11:00:23.831069 31447 outbound_call.cc:321] RPC callback for RPC call kudu.consensus.ConsensusService.UpdateConsensus -> {remote=127.29.131.1:37355, user_credentials={real_user=slave}} blocked reactor thread for 90980.1us
I20260710 11:00:23.927019 32031 raft_consensus.cc:1064] T aa64d11fdcac44cd8e8df4b28aa19529 P 8a1a98bcd0a441bbb025cf4dbce021f5: attempting to promote NON_VOTER 17c7b0722b754ddbbfaae26c3d37834c to VOTER
I20260710 11:00:23.929487 32031 consensus_queue.cc:237] T aa64d11fdcac44cd8e8df4b28aa19529 P 8a1a98bcd0a441bbb025cf4dbce021f5 [LEADER]: Queue going to LEADER mode. State: All replicated index: 0, Majority replicated index: 2, Committed index: 2, Last appended: 1.2, Last appended by leader: 0, Current term: 1, Majority size: 3, State: 0, Mode: LEADER, active raft config: opid_index: 3 OBSOLETE_local: false peers { permanent_uuid: "8a1a98bcd0a441bbb025cf4dbce021f5" member_type: VOTER last_known_addr { host: "127.29.131.1" port: 37355 } } peers { permanent_uuid: "8256ca0525df41d7b1b9be5b38ea4970" member_type: VOTER last_known_addr { host: "127.29.131.2" port: 36143 } attrs { replace: true } } peers { permanent_uuid: "87616a793ec849a7b15852b8a64e07c8" member_type: VOTER last_known_addr { host: "127.29.131.3" port: 38461 } } peers { permanent_uuid: "17c7b0722b754ddbbfaae26c3d37834c" member_type: VOTER last_known_addr { host: "127.29.131.4" port: 41283 } attrs { promote: false } }
I20260710 11:00:23.944178 31742 raft_consensus.cc:1275] T aa64d11fdcac44cd8e8df4b28aa19529 P 17c7b0722b754ddbbfaae26c3d37834c [term 1 LEARNER]: Refusing update from remote peer 8a1a98bcd0a441bbb025cf4dbce021f5: Log matching property violated. Preceding OpId in replica: term: 1 index: 2. Preceding OpId from leader: term: 1 index: 3. (index mismatch)
I20260710 11:00:23.947183 31999 consensus_queue.cc:1048] T aa64d11fdcac44cd8e8df4b28aa19529 P 8a1a98bcd0a441bbb025cf4dbce021f5 [LEADER]: Connected to new peer: Peer: permanent_uuid: "17c7b0722b754ddbbfaae26c3d37834c" member_type: VOTER last_known_addr { host: "127.29.131.4" port: 41283 } attrs { promote: false }, Status: LMP_MISMATCH, Last received: 0.0, Next index: 3, Last known committed idx: 2, Time since last communication: 0.000s
I20260710 11:00:23.958958 31482 raft_consensus.cc:1275] T aa64d11fdcac44cd8e8df4b28aa19529 P 87616a793ec849a7b15852b8a64e07c8 [term 1 FOLLOWER]: Refusing update from remote peer 8a1a98bcd0a441bbb025cf4dbce021f5: Log matching property violated. Preceding OpId in replica: term: 1 index: 2. Preceding OpId from leader: term: 1 index: 3. (index mismatch)
I20260710 11:00:23.962864 31404 raft_consensus.cc:1275] T aa64d11fdcac44cd8e8df4b28aa19529 P 8256ca0525df41d7b1b9be5b38ea4970 [term 1 FOLLOWER]: Refusing update from remote peer 8a1a98bcd0a441bbb025cf4dbce021f5: Log matching property violated. Preceding OpId in replica: term: 1 index: 2. Preceding OpId from leader: term: 1 index: 3. (index mismatch)
I20260710 11:00:23.963905 32032 consensus_queue.cc:1048] T aa64d11fdcac44cd8e8df4b28aa19529 P 8a1a98bcd0a441bbb025cf4dbce021f5 [LEADER]: Connected to new peer: Peer: permanent_uuid: "87616a793ec849a7b15852b8a64e07c8" member_type: VOTER last_known_addr { host: "127.29.131.3" port: 38461 }, Status: LMP_MISMATCH, Last received: 0.0, Next index: 3, Last known committed idx: 2, Time since last communication: 0.000s
I20260710 11:00:23.971756 32032 consensus_queue.cc:1048] T aa64d11fdcac44cd8e8df4b28aa19529 P 8a1a98bcd0a441bbb025cf4dbce021f5 [LEADER]: Connected to new peer: Peer: permanent_uuid: "8256ca0525df41d7b1b9be5b38ea4970" member_type: VOTER last_known_addr { host: "127.29.131.2" port: 36143 } attrs { replace: true }, Status: LMP_MISMATCH, Last received: 0.0, Next index: 3, Last known committed idx: 2, Time since last communication: 0.000s
I20260710 11:00:23.982088 32040 raft_consensus.cc:2955] T aa64d11fdcac44cd8e8df4b28aa19529 P 8a1a98bcd0a441bbb025cf4dbce021f5 [term 1 LEADER]: Committing config change with OpId 1.3: config changed from index 2 to 3, 17c7b0722b754ddbbfaae26c3d37834c (127.29.131.4) changed from NON_VOTER to VOTER. New config: { opid_index: 3 OBSOLETE_local: false peers { permanent_uuid: "8a1a98bcd0a441bbb025cf4dbce021f5" member_type: VOTER last_known_addr { host: "127.29.131.1" port: 37355 } } peers { permanent_uuid: "8256ca0525df41d7b1b9be5b38ea4970" member_type: VOTER last_known_addr { host: "127.29.131.2" port: 36143 } attrs { replace: true } } peers { permanent_uuid: "87616a793ec849a7b15852b8a64e07c8" member_type: VOTER last_known_addr { host: "127.29.131.3" port: 38461 } } peers { permanent_uuid: "17c7b0722b754ddbbfaae26c3d37834c" member_type: VOTER last_known_addr { host: "127.29.131.4" port: 41283 } attrs { promote: false } } }
I20260710 11:00:23.983862 31482 raft_consensus.cc:2955] T aa64d11fdcac44cd8e8df4b28aa19529 P 87616a793ec849a7b15852b8a64e07c8 [term 1 FOLLOWER]: Committing config change with OpId 1.3: config changed from index 2 to 3, 17c7b0722b754ddbbfaae26c3d37834c (127.29.131.4) changed from NON_VOTER to VOTER. New config: { opid_index: 3 OBSOLETE_local: false peers { permanent_uuid: "8a1a98bcd0a441bbb025cf4dbce021f5" member_type: VOTER last_known_addr { host: "127.29.131.1" port: 37355 } } peers { permanent_uuid: "8256ca0525df41d7b1b9be5b38ea4970" member_type: VOTER last_known_addr { host: "127.29.131.2" port: 36143 } attrs { replace: true } } peers { permanent_uuid: "87616a793ec849a7b15852b8a64e07c8" member_type: VOTER last_known_addr { host: "127.29.131.3" port: 38461 } } peers { permanent_uuid: "17c7b0722b754ddbbfaae26c3d37834c" member_type: VOTER last_known_addr { host: "127.29.131.4" port: 41283 } attrs { promote: false } } }
I20260710 11:00:24.006479 31403 raft_consensus.cc:2955] T aa64d11fdcac44cd8e8df4b28aa19529 P 8256ca0525df41d7b1b9be5b38ea4970 [term 1 FOLLOWER]: Committing config change with OpId 1.3: config changed from index 2 to 3, 17c7b0722b754ddbbfaae26c3d37834c (127.29.131.4) changed from NON_VOTER to VOTER. New config: { opid_index: 3 OBSOLETE_local: false peers { permanent_uuid: "8a1a98bcd0a441bbb025cf4dbce021f5" member_type: VOTER last_known_addr { host: "127.29.131.1" port: 37355 } } peers { permanent_uuid: "8256ca0525df41d7b1b9be5b38ea4970" member_type: VOTER last_known_addr { host: "127.29.131.2" port: 36143 } attrs { replace: true } } peers { permanent_uuid: "87616a793ec849a7b15852b8a64e07c8" member_type: VOTER last_known_addr { host: "127.29.131.3" port: 38461 } } peers { permanent_uuid: "17c7b0722b754ddbbfaae26c3d37834c" member_type: VOTER last_known_addr { host: "127.29.131.4" port: 41283 } attrs { promote: false } } }
I20260710 11:00:24.007761 31231 catalog_manager.cc:5697] T aa64d11fdcac44cd8e8df4b28aa19529 P 87616a793ec849a7b15852b8a64e07c8 reported cstate change: config changed from index 2 to 3, 17c7b0722b754ddbbfaae26c3d37834c (127.29.131.4) changed from NON_VOTER to VOTER. New cstate: current_term: 1 leader_uuid: "8a1a98bcd0a441bbb025cf4dbce021f5" committed_config { opid_index: 3 OBSOLETE_local: false peers { permanent_uuid: "8a1a98bcd0a441bbb025cf4dbce021f5" member_type: VOTER last_known_addr { host: "127.29.131.1" port: 37355 } } peers { permanent_uuid: "8256ca0525df41d7b1b9be5b38ea4970" member_type: VOTER last_known_addr { host: "127.29.131.2" port: 36143 } attrs { replace: true } } peers { permanent_uuid: "87616a793ec849a7b15852b8a64e07c8" member_type: VOTER last_known_addr { host: "127.29.131.3" port: 38461 } } peers { permanent_uuid: "17c7b0722b754ddbbfaae26c3d37834c" member_type: VOTER last_known_addr { host: "127.29.131.4" port: 41283 } attrs { promote: false } } }
I20260710 11:00:24.027786 31742 raft_consensus.cc:2955] T aa64d11fdcac44cd8e8df4b28aa19529 P 17c7b0722b754ddbbfaae26c3d37834c [term 1 FOLLOWER]: Committing config change with OpId 1.3: config changed from index 2 to 3, 17c7b0722b754ddbbfaae26c3d37834c (127.29.131.4) changed from NON_VOTER to VOTER. New config: { opid_index: 3 OBSOLETE_local: false peers { permanent_uuid: "8a1a98bcd0a441bbb025cf4dbce021f5" member_type: VOTER last_known_addr { host: "127.29.131.1" port: 37355 } } peers { permanent_uuid: "8256ca0525df41d7b1b9be5b38ea4970" member_type: VOTER last_known_addr { host: "127.29.131.2" port: 36143 } attrs { replace: true } } peers { permanent_uuid: "87616a793ec849a7b15852b8a64e07c8" member_type: VOTER last_known_addr { host: "127.29.131.3" port: 38461 } } peers { permanent_uuid: "17c7b0722b754ddbbfaae26c3d37834c" member_type: VOTER last_known_addr { host: "127.29.131.4" port: 41283 } attrs { promote: false } } }
I20260710 11:00:24.078784 31332 consensus_queue.cc:237] T aa64d11fdcac44cd8e8df4b28aa19529 P 8a1a98bcd0a441bbb025cf4dbce021f5 [LEADER]: Queue going to LEADER mode. State: All replicated index: 0, Majority replicated index: 3, Committed index: 3, Last appended: 1.3, Last appended by leader: 0, Current term: 1, Majority size: 2, State: 0, Mode: LEADER, active raft config: opid_index: 4 OBSOLETE_local: false peers { permanent_uuid: "8a1a98bcd0a441bbb025cf4dbce021f5" member_type: VOTER last_known_addr { host: "127.29.131.1" port: 37355 } } peers { permanent_uuid: "87616a793ec849a7b15852b8a64e07c8" member_type: VOTER last_known_addr { host: "127.29.131.3" port: 38461 } } peers { permanent_uuid: "17c7b0722b754ddbbfaae26c3d37834c" member_type: VOTER last_known_addr { host: "127.29.131.4" port: 41283 } attrs { promote: false } }
I20260710 11:00:24.088220 31742 raft_consensus.cc:1275] T aa64d11fdcac44cd8e8df4b28aa19529 P 17c7b0722b754ddbbfaae26c3d37834c [term 1 FOLLOWER]: Refusing update from remote peer 8a1a98bcd0a441bbb025cf4dbce021f5: Log matching property violated. Preceding OpId in replica: term: 1 index: 3. Preceding OpId from leader: term: 1 index: 4. (index mismatch)
I20260710 11:00:24.089111 31482 raft_consensus.cc:1275] T aa64d11fdcac44cd8e8df4b28aa19529 P 87616a793ec849a7b15852b8a64e07c8 [term 1 FOLLOWER]: Refusing update from remote peer 8a1a98bcd0a441bbb025cf4dbce021f5: Log matching property violated. Preceding OpId in replica: term: 1 index: 3. Preceding OpId from leader: term: 1 index: 4. (index mismatch)
I20260710 11:00:24.089800 32031 consensus_queue.cc:1048] T aa64d11fdcac44cd8e8df4b28aa19529 P 8a1a98bcd0a441bbb025cf4dbce021f5 [LEADER]: Connected to new peer: Peer: permanent_uuid: "17c7b0722b754ddbbfaae26c3d37834c" member_type: VOTER last_known_addr { host: "127.29.131.4" port: 41283 } attrs { promote: false }, Status: LMP_MISMATCH, Last received: 0.0, Next index: 4, Last known committed idx: 3, Time since last communication: 0.000s
I20260710 11:00:24.090728 32039 consensus_queue.cc:1048] T aa64d11fdcac44cd8e8df4b28aa19529 P 8a1a98bcd0a441bbb025cf4dbce021f5 [LEADER]: Connected to new peer: Peer: permanent_uuid: "87616a793ec849a7b15852b8a64e07c8" member_type: VOTER last_known_addr { host: "127.29.131.3" port: 38461 }, Status: LMP_MISMATCH, Last received: 0.0, Next index: 4, Last known committed idx: 3, Time since last communication: 0.000s
I20260710 11:00:24.099032 32031 raft_consensus.cc:2955] T aa64d11fdcac44cd8e8df4b28aa19529 P 8a1a98bcd0a441bbb025cf4dbce021f5 [term 1 LEADER]: Committing config change with OpId 1.4: config changed from index 3 to 4, VOTER 8256ca0525df41d7b1b9be5b38ea4970 (127.29.131.2) evicted. New config: { opid_index: 4 OBSOLETE_local: false peers { permanent_uuid: "8a1a98bcd0a441bbb025cf4dbce021f5" member_type: VOTER last_known_addr { host: "127.29.131.1" port: 37355 } } peers { permanent_uuid: "87616a793ec849a7b15852b8a64e07c8" member_type: VOTER last_known_addr { host: "127.29.131.3" port: 38461 } } peers { permanent_uuid: "17c7b0722b754ddbbfaae26c3d37834c" member_type: VOTER last_known_addr { host: "127.29.131.4" port: 41283 } attrs { promote: false } } }
I20260710 11:00:24.105499 31742 raft_consensus.cc:2955] T aa64d11fdcac44cd8e8df4b28aa19529 P 17c7b0722b754ddbbfaae26c3d37834c [term 1 FOLLOWER]: Committing config change with OpId 1.4: config changed from index 3 to 4, VOTER 8256ca0525df41d7b1b9be5b38ea4970 (127.29.131.2) evicted. New config: { opid_index: 4 OBSOLETE_local: false peers { permanent_uuid: "8a1a98bcd0a441bbb025cf4dbce021f5" member_type: VOTER last_known_addr { host: "127.29.131.1" port: 37355 } } peers { permanent_uuid: "87616a793ec849a7b15852b8a64e07c8" member_type: VOTER last_known_addr { host: "127.29.131.3" port: 38461 } } peers { permanent_uuid: "17c7b0722b754ddbbfaae26c3d37834c" member_type: VOTER last_known_addr { host: "127.29.131.4" port: 41283 } attrs { promote: false } } }
I20260710 11:00:24.104548 31482 raft_consensus.cc:2955] T aa64d11fdcac44cd8e8df4b28aa19529 P 87616a793ec849a7b15852b8a64e07c8 [term 1 FOLLOWER]: Committing config change with OpId 1.4: config changed from index 3 to 4, VOTER 8256ca0525df41d7b1b9be5b38ea4970 (127.29.131.2) evicted. New config: { opid_index: 4 OBSOLETE_local: false peers { permanent_uuid: "8a1a98bcd0a441bbb025cf4dbce021f5" member_type: VOTER last_known_addr { host: "127.29.131.1" port: 37355 } } peers { permanent_uuid: "87616a793ec849a7b15852b8a64e07c8" member_type: VOTER last_known_addr { host: "127.29.131.3" port: 38461 } } peers { permanent_uuid: "17c7b0722b754ddbbfaae26c3d37834c" member_type: VOTER last_known_addr { host: "127.29.131.4" port: 41283 } attrs { promote: false } } }
I20260710 11:00:24.110306 31217 catalog_manager.cc:5210] ChangeConfig:REMOVE_PEER RPC for tablet aa64d11fdcac44cd8e8df4b28aa19529 with cas_config_opid_index 3: ChangeConfig:REMOVE_PEER succeeded (attempt 1)
I20260710 11:00:24.115706 31229 catalog_manager.cc:5697] T aa64d11fdcac44cd8e8df4b28aa19529 P 8a1a98bcd0a441bbb025cf4dbce021f5 reported cstate change: config changed from index 3 to 4, VOTER 8256ca0525df41d7b1b9be5b38ea4970 (127.29.131.2) evicted. New cstate: current_term: 1 leader_uuid: "8a1a98bcd0a441bbb025cf4dbce021f5" committed_config { opid_index: 4 OBSOLETE_local: false peers { permanent_uuid: "8a1a98bcd0a441bbb025cf4dbce021f5" member_type: VOTER last_known_addr { host: "127.29.131.1" port: 37355 } health_report { overall_health: HEALTHY } } peers { permanent_uuid: "87616a793ec849a7b15852b8a64e07c8" member_type: VOTER last_known_addr { host: "127.29.131.3" port: 38461 } health_report { overall_health: HEALTHY } } peers { permanent_uuid: "17c7b0722b754ddbbfaae26c3d37834c" member_type: VOTER last_known_addr { host: "127.29.131.4" port: 41283 } attrs { promote: false } health_report { overall_health: HEALTHY } } }
I20260710 11:00:24.128656 31394 tablet_service.cc:1558] Processing DeleteTablet for tablet aa64d11fdcac44cd8e8df4b28aa19529 with delete_type TABLET_DATA_TOMBSTONED (TS 8256ca0525df41d7b1b9be5b38ea4970 not found in new config with opid_index 4) from {username='slave'} at 127.0.0.1:51492
I20260710 11:00:24.151419 32048 tablet_replica.cc:333] T aa64d11fdcac44cd8e8df4b28aa19529 P 8256ca0525df41d7b1b9be5b38ea4970: stopping tablet replica
I20260710 11:00:24.152783 32048 raft_consensus.cc:2243] T aa64d11fdcac44cd8e8df4b28aa19529 P 8256ca0525df41d7b1b9be5b38ea4970 [term 1 FOLLOWER]: Raft consensus shutting down.
