I20260709 14:47:10.586238   431 hybrid_clock.cc:584] initializing the hybrid clock with 'system_unsync' time source
W20260709 14:47:10.586427   431 system_unsync_time.cc:38] NTP support is disabled. Clock error bounds will not be accurate. This configuration is not suitable for distributed clusters.
I20260709 14:47:10.586622   431 hybrid_clock.cc:648] HybridClock initialized: now 1783608430586602 us; error 0 us; skew 500 ppm
I20260709 14:47:10.587129   431 server_base.cc:861] Flag tcmalloc_max_total_thread_cache_bytes is not working since tcmalloc is not enabled.
I20260709 14:47:10.589520   431 webserver.cc:533] Webserver started at http://127.0.107.254:46291/ using document root <none> and password file <none>
I20260709 14:47:10.589982   431 fs_manager.cc:362] Metadata directory not provided
I20260709 14:47:10.590147   431 fs_manager.cc:368] Using write-ahead log directory (fs_wal_dir) as metadata directory
I20260709 14:47:10.590413   431 server_base.cc:909] This appears to be a new deployment of Kudu; creating new FS layout
I20260709 14:47:10.591872   431 fs_manager.cc:1068] Generated new instance metadata in path /tmp/dist-test-taskZOrzoo/test-tmp/auto_leader_rebalancer-test.0.LeaderRebalancerTest.AddTserver.1783608407493501-431-0/minicluster-data/master-0-root/instance:
uuid: "95670f0f1ed74ee7a37cc136bce1172a"
format_stamp: "Formatted at 2026-07-09 14:47:10 on dist-test-slave-n2d3"
I20260709 14:47:10.596036   431 fs_manager.cc:696] Time spent creating directory manager: real 0.004s	user 0.005s	sys 0.000s
I20260709 14:47:10.599284  1415 log_block_manager.cc:4127] Time spent loading block containers with low live blocks: real 0.000s	user 0.000s	sys 0.000s
I20260709 14:47:10.599946   431 fs_manager.cc:730] Time spent opening block manager: real 0.002s	user 0.003s	sys 0.000s
I20260709 14:47:10.600207   431 fs_manager.cc:647] Opened local filesystem: /tmp/dist-test-taskZOrzoo/test-tmp/auto_leader_rebalancer-test.0.LeaderRebalancerTest.AddTserver.1783608407493501-431-0/minicluster-data/master-0-root
uuid: "95670f0f1ed74ee7a37cc136bce1172a"
format_stamp: "Formatted at 2026-07-09 14:47:10 on dist-test-slave-n2d3"
I20260709 14:47:10.600463   431 fs_report.cc:389] FS layout report
--------------------
wal directory: /tmp/dist-test-taskZOrzoo/test-tmp/auto_leader_rebalancer-test.0.LeaderRebalancerTest.AddTserver.1783608407493501-431-0/minicluster-data/master-0-root
metadata directory: /tmp/dist-test-taskZOrzoo/test-tmp/auto_leader_rebalancer-test.0.LeaderRebalancerTest.AddTserver.1783608407493501-431-0/minicluster-data/master-0-root
1 data directories: /tmp/dist-test-taskZOrzoo/test-tmp/auto_leader_rebalancer-test.0.LeaderRebalancerTest.AddTserver.1783608407493501-431-0/minicluster-data/master-0-root/data
Total live blocks: 0
Total live bytes: 0
Total live bytes (after alignment): 0
Total number of LBM containers: 0 (0 full)
Did not check for missing blocks
Did not check for orphaned blocks
Total full LBM containers with extra space: 0 (0 repaired)
Total full LBM container extra space in bytes: 0 (0 repaired)
Total incomplete LBM containers: 0 (0 repaired)
Total LBM partial records: 0 (0 repaired)
Total corrupted LBM metadata records in RocksDB: 0 (0 repaired)
I20260709 14:47:10.611778   431 rpc_server.cc:225] running with OpenSSL 1.1.1  11 Sep 2018
I20260709 14:47:10.612901   431 kserver.cc:163] Server-wide thread pool size limit: 3276
I20260709 14:47:10.649150   431 rpc_server.cc:307] RPC server started. Bound to: 127.0.107.254:38549
I20260709 14:47:10.649286  1466 acceptor_pool.cc:272] collecting diagnostics on the listening RPC socket 127.0.107.254:38549 every 8 connection(s)
I20260709 14:47:10.652756  1467 data_dirs.cc:400] Could only allocate 1 dirs of requested 3 for tablet 00000000000000000000000000000000. 1 dirs total, 0 dirs full, 0 dirs failed
I20260709 14:47:10.662072  1467 tablet_bootstrap.cc:492] T 00000000000000000000000000000000 P 95670f0f1ed74ee7a37cc136bce1172a: Bootstrap starting.
I20260709 14:47:10.666419  1467 tablet_bootstrap.cc:654] T 00000000000000000000000000000000 P 95670f0f1ed74ee7a37cc136bce1172a: Neither blocks nor log segments found. Creating new log.
I20260709 14:47:10.670272  1467 tablet_bootstrap.cc:492] T 00000000000000000000000000000000 P 95670f0f1ed74ee7a37cc136bce1172a: No bootstrap required, opened a new log
I20260709 14:47:10.672245  1467 raft_consensus.cc:359] T 00000000000000000000000000000000 P 95670f0f1ed74ee7a37cc136bce1172a [term 0 FOLLOWER]: Replica starting. Triggering 0 pending ops. Active config: opid_index: -1 OBSOLETE_local: true peers { permanent_uuid: "95670f0f1ed74ee7a37cc136bce1172a" member_type: VOTER }
I20260709 14:47:10.672592  1467 raft_consensus.cc:385] T 00000000000000000000000000000000 P 95670f0f1ed74ee7a37cc136bce1172a [term 0 FOLLOWER]: Consensus starting up: Expiring failure detector timer to make a prompt election more likely
I20260709 14:47:10.672773  1467 raft_consensus.cc:740] T 00000000000000000000000000000000 P 95670f0f1ed74ee7a37cc136bce1172a [term 0 FOLLOWER]: Becoming Follower/Learner. State: Replica: 95670f0f1ed74ee7a37cc136bce1172a, State: Initialized, Role: FOLLOWER
I20260709 14:47:10.673684  1467 consensus_queue.cc:260] T 00000000000000000000000000000000 P 95670f0f1ed74ee7a37cc136bce1172a [NON_LEADER]: Queue going to NON_LEADER mode. State: All replicated index: 0, Majority replicated index: 0, Committed index: 0, Last appended: 0.0, Last appended by leader: 0, Current term: 0, Majority size: -1, State: 0, Mode: NON_LEADER, active raft config: opid_index: -1 OBSOLETE_local: true peers { permanent_uuid: "95670f0f1ed74ee7a37cc136bce1172a" member_type: VOTER }
I20260709 14:47:10.674108  1467 raft_consensus.cc:399] T 00000000000000000000000000000000 P 95670f0f1ed74ee7a37cc136bce1172a [term 0 FOLLOWER]: Only one voter in the Raft config. Triggering election immediately
I20260709 14:47:10.674299  1467 raft_consensus.cc:493] T 00000000000000000000000000000000 P 95670f0f1ed74ee7a37cc136bce1172a [term 0 FOLLOWER]: Starting leader election (initial election of a single-replica configuration)
I20260709 14:47:10.674549  1467 raft_consensus.cc:3060] T 00000000000000000000000000000000 P 95670f0f1ed74ee7a37cc136bce1172a [term 0 FOLLOWER]: Advancing to term 1
I20260709 14:47:10.690586  1467 raft_consensus.cc:515] T 00000000000000000000000000000000 P 95670f0f1ed74ee7a37cc136bce1172a [term 1 FOLLOWER]: Starting leader election with config: opid_index: -1 OBSOLETE_local: true peers { permanent_uuid: "95670f0f1ed74ee7a37cc136bce1172a" member_type: VOTER }
I20260709 14:47:10.691134  1467 leader_election.cc:304] T 00000000000000000000000000000000 P 95670f0f1ed74ee7a37cc136bce1172a [CANDIDATE]: Term 1 election: Election decided. Result: candidate won. Election summary: received 1 responses out of 1 voters: 1 yes votes; 0 no votes. yes voters: 95670f0f1ed74ee7a37cc136bce1172a; no voters: 
I20260709 14:47:10.692355  1467 leader_election.cc:290] T 00000000000000000000000000000000 P 95670f0f1ed74ee7a37cc136bce1172a [CANDIDATE]: Term 1 election: Requested vote from peers 
I20260709 14:47:10.692793  1470 raft_consensus.cc:2804] T 00000000000000000000000000000000 P 95670f0f1ed74ee7a37cc136bce1172a [term 1 FOLLOWER]: Leader election won for term 1
I20260709 14:47:10.694252  1470 raft_consensus.cc:697] T 00000000000000000000000000000000 P 95670f0f1ed74ee7a37cc136bce1172a [term 1 LEADER]: Becoming Leader. State: Replica: 95670f0f1ed74ee7a37cc136bce1172a, State: Running, Role: LEADER
I20260709 14:47:10.695003  1470 consensus_queue.cc:237] T 00000000000000000000000000000000 P 95670f0f1ed74ee7a37cc136bce1172a [LEADER]: Queue going to LEADER mode. State: All replicated index: 0, Majority replicated index: 0, Committed index: 0, Last appended: 0.0, Last appended by leader: 0, Current term: 1, Majority size: 1, State: 0, Mode: LEADER, active raft config: opid_index: -1 OBSOLETE_local: true peers { permanent_uuid: "95670f0f1ed74ee7a37cc136bce1172a" member_type: VOTER }
I20260709 14:47:10.695341  1467 sys_catalog.cc:565] T 00000000000000000000000000000000 P 95670f0f1ed74ee7a37cc136bce1172a [sys.catalog]: configured and running, proceeding with master startup.
I20260709 14:47:10.699559  1471 sys_catalog.cc:455] T 00000000000000000000000000000000 P 95670f0f1ed74ee7a37cc136bce1172a [sys.catalog]: SysCatalogTable state changed. Reason: RaftConsensus started. Latest consensus state: current_term: 1 leader_uuid: "95670f0f1ed74ee7a37cc136bce1172a" committed_config { opid_index: -1 OBSOLETE_local: true peers { permanent_uuid: "95670f0f1ed74ee7a37cc136bce1172a" member_type: VOTER } }
I20260709 14:47:10.699703  1472 sys_catalog.cc:455] T 00000000000000000000000000000000 P 95670f0f1ed74ee7a37cc136bce1172a [sys.catalog]: SysCatalogTable state changed. Reason: New leader 95670f0f1ed74ee7a37cc136bce1172a. Latest consensus state: current_term: 1 leader_uuid: "95670f0f1ed74ee7a37cc136bce1172a" committed_config { opid_index: -1 OBSOLETE_local: true peers { permanent_uuid: "95670f0f1ed74ee7a37cc136bce1172a" member_type: VOTER } }
I20260709 14:47:10.700304  1472 sys_catalog.cc:458] T 00000000000000000000000000000000 P 95670f0f1ed74ee7a37cc136bce1172a [sys.catalog]: This master's current role is: LEADER
I20260709 14:47:10.700016  1471 sys_catalog.cc:458] T 00000000000000000000000000000000 P 95670f0f1ed74ee7a37cc136bce1172a [sys.catalog]: This master's current role is: LEADER
I20260709 14:47:10.702803  1478 catalog_manager.cc:1511] Loading table and tablet metadata into memory...
I20260709 14:47:10.707881  1478 catalog_manager.cc:1520] Initializing Kudu cluster ID...
I20260709 14:47:10.709553   431 internal_mini_cluster.cc:184] Waiting to initialize catalog manager on master 0
I20260709 14:47:10.715701  1478 catalog_manager.cc:1383] Generated new cluster ID: 6f4207084df04da1aa258939b4331a0c
I20260709 14:47:10.715975  1478 catalog_manager.cc:1531] Initializing Kudu internal certificate authority...
I20260709 14:47:10.731727  1478 catalog_manager.cc:1406] Generated new certificate authority record
I20260709 14:47:10.732970  1478 catalog_manager.cc:1540] Loading token signing keys...
I20260709 14:47:10.745363  1478 catalog_manager.cc:6070] T 00000000000000000000000000000000 P 95670f0f1ed74ee7a37cc136bce1172a: Generated new TSK 0
I20260709 14:47:10.745967  1478 catalog_manager.cc:1550] Initializing in-progress tserver states...
I20260709 14:47:10.775704   431 file_cache.cc:504] Constructed file cache file cache with capacity 419430
W20260709 14:47:10.781217  1488 instance_detector.cc:116] could not retrieve AWS instance metadata: Network error: curl error: HTTP response code said error: The requested URL returned error: 404
W20260709 14:47:10.782305  1489 instance_detector.cc:116] could not retrieve Azure instance metadata: Network error: curl error: HTTP response code said error: The requested URL returned error: 404
W20260709 14:47:10.784257  1491 instance_detector.cc:116] could not retrieve OpenStack instance metadata: Network error: curl error: HTTP response code said error: The requested URL returned error: 404
I20260709 14:47:10.784889   431 server_base.cc:1061] running on GCE node
I20260709 14:47:10.785817   431 hybrid_clock.cc:584] initializing the hybrid clock with 'system_unsync' time source
W20260709 14:47:10.786059   431 system_unsync_time.cc:38] NTP support is disabled. Clock error bounds will not be accurate. This configuration is not suitable for distributed clusters.
I20260709 14:47:10.786247   431 hybrid_clock.cc:648] HybridClock initialized: now 1783608430786231 us; error 0 us; skew 500 ppm
I20260709 14:47:10.786862   431 server_base.cc:861] Flag tcmalloc_max_total_thread_cache_bytes is not working since tcmalloc is not enabled.
I20260709 14:47:10.789058   431 webserver.cc:533] Webserver started at http://127.0.107.193:33099/ using document root <none> and password file <none>
I20260709 14:47:10.789492   431 fs_manager.cc:362] Metadata directory not provided
I20260709 14:47:10.789682   431 fs_manager.cc:368] Using write-ahead log directory (fs_wal_dir) as metadata directory
I20260709 14:47:10.789909   431 server_base.cc:909] This appears to be a new deployment of Kudu; creating new FS layout
I20260709 14:47:10.790933   431 fs_manager.cc:1068] Generated new instance metadata in path /tmp/dist-test-taskZOrzoo/test-tmp/auto_leader_rebalancer-test.0.LeaderRebalancerTest.AddTserver.1783608407493501-431-0/minicluster-data/ts-0-root/instance:
uuid: "25d3205a00f44fbe9f9bfed047b0ebb8"
format_stamp: "Formatted at 2026-07-09 14:47:10 on dist-test-slave-n2d3"
I20260709 14:47:10.795215   431 fs_manager.cc:696] Time spent creating directory manager: real 0.004s	user 0.004s	sys 0.000s
I20260709 14:47:10.798277  1496 log_block_manager.cc:4127] Time spent loading block containers with low live blocks: real 0.000s	user 0.000s	sys 0.000s
I20260709 14:47:10.798990   431 fs_manager.cc:730] Time spent opening block manager: real 0.002s	user 0.002s	sys 0.001s
I20260709 14:47:10.799304   431 fs_manager.cc:647] Opened local filesystem: /tmp/dist-test-taskZOrzoo/test-tmp/auto_leader_rebalancer-test.0.LeaderRebalancerTest.AddTserver.1783608407493501-431-0/minicluster-data/ts-0-root
uuid: "25d3205a00f44fbe9f9bfed047b0ebb8"
format_stamp: "Formatted at 2026-07-09 14:47:10 on dist-test-slave-n2d3"
I20260709 14:47:10.799548   431 fs_report.cc:389] FS layout report
--------------------
wal directory: /tmp/dist-test-taskZOrzoo/test-tmp/auto_leader_rebalancer-test.0.LeaderRebalancerTest.AddTserver.1783608407493501-431-0/minicluster-data/ts-0-root
metadata directory: /tmp/dist-test-taskZOrzoo/test-tmp/auto_leader_rebalancer-test.0.LeaderRebalancerTest.AddTserver.1783608407493501-431-0/minicluster-data/ts-0-root
1 data directories: /tmp/dist-test-taskZOrzoo/test-tmp/auto_leader_rebalancer-test.0.LeaderRebalancerTest.AddTserver.1783608407493501-431-0/minicluster-data/ts-0-root/data
Total live blocks: 0
Total live bytes: 0
Total live bytes (after alignment): 0
Total number of LBM containers: 0 (0 full)
Did not check for missing blocks
Did not check for orphaned blocks
Total full LBM containers with extra space: 0 (0 repaired)
Total full LBM container extra space in bytes: 0 (0 repaired)
Total incomplete LBM containers: 0 (0 repaired)
Total LBM partial records: 0 (0 repaired)
Total corrupted LBM metadata records in RocksDB: 0 (0 repaired)
I20260709 14:47:10.818002   431 rpc_server.cc:225] running with OpenSSL 1.1.1  11 Sep 2018
I20260709 14:47:10.819244   431 kserver.cc:163] Server-wide thread pool size limit: 3276
I20260709 14:47:10.820766   431 txn_system_client.cc:432] TxnSystemClient initialization is disabled...
I20260709 14:47:10.823035   431 ts_tablet_manager.cc:585] Loaded tablet metadata (0 total tablets, 0 live tablets)
I20260709 14:47:10.823235   431 ts_tablet_manager.cc:531] Time spent load tablet metadata: real 0.000s	user 0.000s	sys 0.000s
I20260709 14:47:10.823479   431 ts_tablet_manager.cc:616] Registered 0 tablets
I20260709 14:47:10.823648   431 ts_tablet_manager.cc:595] Time spent register tablets: real 0.000s	user 0.000s	sys 0.000s
I20260709 14:47:10.862633   431 rpc_server.cc:307] RPC server started. Bound to: 127.0.107.193:41655
I20260709 14:47:10.862742  1558 acceptor_pool.cc:272] collecting diagnostics on the listening RPC socket 127.0.107.193:41655 every 8 connection(s)
I20260709 14:47:10.867247   431 file_cache.cc:504] Constructed file cache file cache with capacity 419430
W20260709 14:47:10.873464  1563 instance_detector.cc:116] could not retrieve AWS instance metadata: Network error: curl error: HTTP response code said error: The requested URL returned error: 404
W20260709 14:47:10.875680  1564 instance_detector.cc:116] could not retrieve Azure instance metadata: Network error: curl error: HTTP response code said error: The requested URL returned error: 404
I20260709 14:47:10.876375   431 server_base.cc:1061] running on GCE node
W20260709 14:47:10.877038  1566 instance_detector.cc:116] could not retrieve OpenStack instance metadata: Network error: curl error: HTTP response code said error: The requested URL returned error: 404
I20260709 14:47:10.877971   431 hybrid_clock.cc:584] initializing the hybrid clock with 'system_unsync' time source
W20260709 14:47:10.878219   431 system_unsync_time.cc:38] NTP support is disabled. Clock error bounds will not be accurate. This configuration is not suitable for distributed clusters.
I20260709 14:47:10.878407   431 hybrid_clock.cc:648] HybridClock initialized: now 1783608430878389 us; error 0 us; skew 500 ppm
I20260709 14:47:10.879019   431 server_base.cc:861] Flag tcmalloc_max_total_thread_cache_bytes is not working since tcmalloc is not enabled.
I20260709 14:47:10.881209  1559 heartbeater.cc:344] Connected to a master server at 127.0.107.254:38549
I20260709 14:47:10.881546  1559 heartbeater.cc:461] Registering TS with master...
I20260709 14:47:10.882212  1559 heartbeater.cc:507] Master 127.0.107.254:38549 requested a full tablet report, sending...
I20260709 14:47:10.884074  1432 ts_manager.cc:194] Registered new tserver with Master: 25d3205a00f44fbe9f9bfed047b0ebb8 (127.0.107.193:41655)
I20260709 14:47:10.885659  1432 master_service.cc:502] Signed X509 certificate for tserver {username='slave'} at 127.0.0.1:46600
I20260709 14:47:10.886477   431 webserver.cc:533] Webserver started at http://127.0.107.194:36439/ using document root <none> and password file <none>
I20260709 14:47:10.887095   431 fs_manager.cc:362] Metadata directory not provided
I20260709 14:47:10.887280   431 fs_manager.cc:368] Using write-ahead log directory (fs_wal_dir) as metadata directory
I20260709 14:47:10.887542   431 server_base.cc:909] This appears to be a new deployment of Kudu; creating new FS layout
I20260709 14:47:10.888609   431 fs_manager.cc:1068] Generated new instance metadata in path /tmp/dist-test-taskZOrzoo/test-tmp/auto_leader_rebalancer-test.0.LeaderRebalancerTest.AddTserver.1783608407493501-431-0/minicluster-data/ts-1-root/instance:
uuid: "f7bf0b36e1754ce382db808635e6b981"
format_stamp: "Formatted at 2026-07-09 14:47:10 on dist-test-slave-n2d3"
I20260709 14:47:10.892839   431 fs_manager.cc:696] Time spent creating directory manager: real 0.004s	user 0.005s	sys 0.000s
I20260709 14:47:10.895866  1571 log_block_manager.cc:4127] Time spent loading block containers with low live blocks: real 0.000s	user 0.000s	sys 0.000s
I20260709 14:47:10.896596   431 fs_manager.cc:730] Time spent opening block manager: real 0.002s	user 0.001s	sys 0.000s
I20260709 14:47:10.896842   431 fs_manager.cc:647] Opened local filesystem: /tmp/dist-test-taskZOrzoo/test-tmp/auto_leader_rebalancer-test.0.LeaderRebalancerTest.AddTserver.1783608407493501-431-0/minicluster-data/ts-1-root
uuid: "f7bf0b36e1754ce382db808635e6b981"
format_stamp: "Formatted at 2026-07-09 14:47:10 on dist-test-slave-n2d3"
I20260709 14:47:10.897080   431 fs_report.cc:389] FS layout report
--------------------
wal directory: /tmp/dist-test-taskZOrzoo/test-tmp/auto_leader_rebalancer-test.0.LeaderRebalancerTest.AddTserver.1783608407493501-431-0/minicluster-data/ts-1-root
metadata directory: /tmp/dist-test-taskZOrzoo/test-tmp/auto_leader_rebalancer-test.0.LeaderRebalancerTest.AddTserver.1783608407493501-431-0/minicluster-data/ts-1-root
1 data directories: /tmp/dist-test-taskZOrzoo/test-tmp/auto_leader_rebalancer-test.0.LeaderRebalancerTest.AddTserver.1783608407493501-431-0/minicluster-data/ts-1-root/data
Total live blocks: 0
Total live bytes: 0
Total live bytes (after alignment): 0
Total number of LBM containers: 0 (0 full)
Did not check for missing blocks
Did not check for orphaned blocks
Total full LBM containers with extra space: 0 (0 repaired)
Total full LBM container extra space in bytes: 0 (0 repaired)
Total incomplete LBM containers: 0 (0 repaired)
Total LBM partial records: 0 (0 repaired)
Total corrupted LBM metadata records in RocksDB: 0 (0 repaired)
I20260709 14:47:10.909104   431 rpc_server.cc:225] running with OpenSSL 1.1.1  11 Sep 2018
I20260709 14:47:10.910193   431 kserver.cc:163] Server-wide thread pool size limit: 3276
I20260709 14:47:10.911592   431 txn_system_client.cc:432] TxnSystemClient initialization is disabled...
I20260709 14:47:10.913652   431 ts_tablet_manager.cc:585] Loaded tablet metadata (0 total tablets, 0 live tablets)
I20260709 14:47:10.913829   431 ts_tablet_manager.cc:531] Time spent load tablet metadata: real 0.000s	user 0.000s	sys 0.000s
I20260709 14:47:10.914062   431 ts_tablet_manager.cc:616] Registered 0 tablets
I20260709 14:47:10.914211   431 ts_tablet_manager.cc:595] Time spent register tablets: real 0.000s	user 0.000s	sys 0.000s
I20260709 14:47:10.951869   431 rpc_server.cc:307] RPC server started. Bound to: 127.0.107.194:41407
I20260709 14:47:10.951953  1633 acceptor_pool.cc:272] collecting diagnostics on the listening RPC socket 127.0.107.194:41407 every 8 connection(s)
I20260709 14:47:10.956089   431 file_cache.cc:504] Constructed file cache file cache with capacity 419430
W20260709 14:47:10.963529  1637 instance_detector.cc:116] could not retrieve AWS instance metadata: Network error: curl error: HTTP response code said error: The requested URL returned error: 404
W20260709 14:47:10.963922  1638 instance_detector.cc:116] could not retrieve Azure instance metadata: Network error: curl error: HTTP response code said error: The requested URL returned error: 404
W20260709 14:47:10.966164  1640 instance_detector.cc:116] could not retrieve OpenStack instance metadata: Network error: curl error: HTTP response code said error: The requested URL returned error: 404
I20260709 14:47:10.967247   431 server_base.cc:1061] running on GCE node
I20260709 14:47:10.968144   431 hybrid_clock.cc:584] initializing the hybrid clock with 'system_unsync' time source
I20260709 14:47:10.968206  1634 heartbeater.cc:344] Connected to a master server at 127.0.107.254:38549
W20260709 14:47:10.968394   431 system_unsync_time.cc:38] NTP support is disabled. Clock error bounds will not be accurate. This configuration is not suitable for distributed clusters.
I20260709 14:47:10.968600   431 hybrid_clock.cc:648] HybridClock initialized: now 1783608430968585 us; error 0 us; skew 500 ppm
I20260709 14:47:10.968602  1634 heartbeater.cc:461] Registering TS with master...
I20260709 14:47:10.969239   431 server_base.cc:861] Flag tcmalloc_max_total_thread_cache_bytes is not working since tcmalloc is not enabled.
I20260709 14:47:10.969410  1634 heartbeater.cc:507] Master 127.0.107.254:38549 requested a full tablet report, sending...
I20260709 14:47:10.971458  1432 ts_manager.cc:194] Registered new tserver with Master: f7bf0b36e1754ce382db808635e6b981 (127.0.107.194:41407)
I20260709 14:47:10.971752   431 webserver.cc:533] Webserver started at http://127.0.107.195:39477/ using document root <none> and password file <none>
I20260709 14:47:10.972237   431 fs_manager.cc:362] Metadata directory not provided
I20260709 14:47:10.972401   431 fs_manager.cc:368] Using write-ahead log directory (fs_wal_dir) as metadata directory
I20260709 14:47:10.972635   431 server_base.cc:909] This appears to be a new deployment of Kudu; creating new FS layout
I20260709 14:47:10.972913  1432 master_service.cc:502] Signed X509 certificate for tserver {username='slave'} at 127.0.0.1:46604
I20260709 14:47:10.973699   431 fs_manager.cc:1068] Generated new instance metadata in path /tmp/dist-test-taskZOrzoo/test-tmp/auto_leader_rebalancer-test.0.LeaderRebalancerTest.AddTserver.1783608407493501-431-0/minicluster-data/ts-2-root/instance:
uuid: "cf95f93570b14c25a5724d6f16161315"
format_stamp: "Formatted at 2026-07-09 14:47:10 on dist-test-slave-n2d3"
I20260709 14:47:10.977939   431 fs_manager.cc:696] Time spent creating directory manager: real 0.004s	user 0.002s	sys 0.004s
I20260709 14:47:10.981176  1645 log_block_manager.cc:4127] Time spent loading block containers with low live blocks: real 0.000s	user 0.000s	sys 0.000s
I20260709 14:47:10.981849   431 fs_manager.cc:730] Time spent opening block manager: real 0.002s	user 0.002s	sys 0.000s
I20260709 14:47:10.982112   431 fs_manager.cc:647] Opened local filesystem: /tmp/dist-test-taskZOrzoo/test-tmp/auto_leader_rebalancer-test.0.LeaderRebalancerTest.AddTserver.1783608407493501-431-0/minicluster-data/ts-2-root
uuid: "cf95f93570b14c25a5724d6f16161315"
format_stamp: "Formatted at 2026-07-09 14:47:10 on dist-test-slave-n2d3"
I20260709 14:47:10.982358   431 fs_report.cc:389] FS layout report
--------------------
wal directory: /tmp/dist-test-taskZOrzoo/test-tmp/auto_leader_rebalancer-test.0.LeaderRebalancerTest.AddTserver.1783608407493501-431-0/minicluster-data/ts-2-root
metadata directory: /tmp/dist-test-taskZOrzoo/test-tmp/auto_leader_rebalancer-test.0.LeaderRebalancerTest.AddTserver.1783608407493501-431-0/minicluster-data/ts-2-root
1 data directories: /tmp/dist-test-taskZOrzoo/test-tmp/auto_leader_rebalancer-test.0.LeaderRebalancerTest.AddTserver.1783608407493501-431-0/minicluster-data/ts-2-root/data
Total live blocks: 0
Total live bytes: 0
Total live bytes (after alignment): 0
Total number of LBM containers: 0 (0 full)
Did not check for missing blocks
Did not check for orphaned blocks
Total full LBM containers with extra space: 0 (0 repaired)
Total full LBM container extra space in bytes: 0 (0 repaired)
Total incomplete LBM containers: 0 (0 repaired)
Total LBM partial records: 0 (0 repaired)
Total corrupted LBM metadata records in RocksDB: 0 (0 repaired)
I20260709 14:47:10.996239   431 rpc_server.cc:225] running with OpenSSL 1.1.1  11 Sep 2018
I20260709 14:47:10.997397   431 kserver.cc:163] Server-wide thread pool size limit: 3276
I20260709 14:47:10.998869   431 txn_system_client.cc:432] TxnSystemClient initialization is disabled...
I20260709 14:47:11.001016   431 ts_tablet_manager.cc:585] Loaded tablet metadata (0 total tablets, 0 live tablets)
I20260709 14:47:11.001260   431 ts_tablet_manager.cc:531] Time spent load tablet metadata: real 0.000s	user 0.000s	sys 0.000s
I20260709 14:47:11.001513   431 ts_tablet_manager.cc:616] Registered 0 tablets
I20260709 14:47:11.001652   431 ts_tablet_manager.cc:595] Time spent register tablets: real 0.000s	user 0.000s	sys 0.000s
I20260709 14:47:11.038697   431 rpc_server.cc:307] RPC server started. Bound to: 127.0.107.195:41349
I20260709 14:47:11.038792  1707 acceptor_pool.cc:272] collecting diagnostics on the listening RPC socket 127.0.107.195:41349 every 8 connection(s)
I20260709 14:47:11.051407  1708 heartbeater.cc:344] Connected to a master server at 127.0.107.254:38549
I20260709 14:47:11.051725  1708 heartbeater.cc:461] Registering TS with master...
I20260709 14:47:11.052366  1708 heartbeater.cc:507] Master 127.0.107.254:38549 requested a full tablet report, sending...
I20260709 14:47:11.054081  1432 ts_manager.cc:194] Registered new tserver with Master: cf95f93570b14c25a5724d6f16161315 (127.0.107.195:41349)
I20260709 14:47:11.054816   431 internal_mini_cluster.cc:371] 3 TS(s) registered with all masters after 0.013167993s
I20260709 14:47:11.055351  1432 master_service.cc:502] Signed X509 certificate for tserver {username='slave'} at 127.0.0.1:46612
I20260709 14:47:11.078662  1432 catalog_manager.cc:2283] Servicing CreateTable request from {username='slave'} at 127.0.0.1:46618:
name: "test-workload"
schema {
  columns {
    name: "key"
    type: INT32
    is_key: true
    is_nullable: false
    encoding: AUTO_ENCODING
    compression: DEFAULT_COMPRESSION
    cfile_block_size: 0
    immutable: false
  }
  columns {
    name: "int_val"
    type: INT32
    is_key: false
    is_nullable: false
    encoding: AUTO_ENCODING
    compression: DEFAULT_COMPRESSION
    cfile_block_size: 0
    immutable: false
  }
  columns {
    name: "string_val"
    type: STRING
    is_key: false
    is_nullable: true
    encoding: AUTO_ENCODING
    compression: DEFAULT_COMPRESSION
    cfile_block_size: 0
    immutable: false
  }
}
num_replicas: 3
split_rows_range_bounds {
  rows: "\004\001\000\313c+\002\004\001\000\226\307V\004\004\001\000a+\202\006\004\001\000,\217\255\010\004\001\000\367\362\330\n\004\001\000\302V\004\r\004\001\000\215\272/\017\004\001\000X\036[\021\004\001\000#\202\206\023\004\001\000\356\345\261\025\004\001\000\271I\335\027\004\001\000\204\255\010\032\004\001\000O\0214\034\004\001\000\032u_\036\004\001\000\345\330\212 \004\001\000\260<\266\"\004\001\000{\240\341$\004\001\000F\004\r\'\004\001\000\021h8)\004\001\000\334\313c+\004\001\000\247/\217-\004\001\000r\223\272/\004\001\000=\367\3451\004\001\000\010[\0214\004\001\000\323\276<6\004\001\000\236\"h8\004\001\000i\206\223:\004\001\0004\352\276<\004\001\000\377M\352>\004\001\000\312\261\025A\004\001\000\225\025AC\004\001\000`ylE\004\001\000+\335\227G\004\001\000\366@\303I\004\001\000\301\244\356K\004\001\000\214\010\032N\004\001\000WlEP\004\001\000\"\320pR\004\001\000\3553\234T\004\001\000\270\227\307V\004\001\000\203\373\362X\004\001\000N_\036[\004\001\000\031\303I]\004\001\000\344&u_\004\001\000\257\212\240a\004\001\000z\356\313c\004\001\000ER\367e\004\001\000\020\266\"h\004\001\000\333\031Nj\004\001\000\246}yl\004\001\000q\341\244n\004\001\000<E\320p\004\001\000\007\251\373r\004\001\000\322\014\'u\004\001\000\235pRw\004\001\000h\324}y\004\001\00038\251{\004\001\000\376\233\324}""\004\001\000\313c+\002\004\001\000\226\307V\004\004\001\000a+\202\006\004\001\000,\217\255\010\004\001\000\367\362\330\n\004\001\000\302V\004\r\004\001\000\215\272/\017\004\001\000X\036[\021\004\001\000#\202\206\023\004\001\000\356\345\261\025\004\001\000\271I\335\027\004\001\000\204\255\010\032\004\001\000O\0214\034\004\001\000\032u_\036\004\001\000\345\330\212 \004\001\000\260<\266\"\004\001\000{\240\341$\004\001\000F\004\r\'\004\001\000\021h8)\004\001\000\334\313c+\004\001\000\247/\217-\004\001\000r\223\272/\004\001\000=\367\3451\004\001\000\010[\0214\004\001\000\323\276<6\004\001\000\236\"h8\004\001\000i\206\223:\004\001\0004\352\276<\004\001\000\377M\352>\004\001\000\312\261\025A\004\001\000\225\025AC\004\001\000`ylE\004\001\000+\335\227G\004\001\000\366@\303I\004\001\000\301\244\356K\004\001\000\214\010\032N\004\001\000WlEP\004\001\000\"\320pR\004\001\000\3553\234T\004\001\000\270\227\307V\004\001\000\203\373\362X\004\001\000N_\036[\004\001\000\031\303I]\004\001\000\344&u_\004\001\000\257\212\240a\004\001\000z\356\313c\004\001\000ER\367e\004\001\000\020\266\"h\004\001\000\333\031Nj\004\001\000\246}yl\004\001\000q\341\244n\004\001\000<E\320p\004\001\000\007\251\373r\004\001\000\322\014\'u\004\001\000\235pRw\004\001\000h\324}y\004\001\00038\251{\004\001\000\376\233\324}"
  indirect_data: """"
}
partition_schema {
  range_schema {
    columns {
      name: "key"
    }
  }
}
W20260709 14:47:11.084932  1432 catalog_manager.cc:7077] The number of live tablet servers is not enough to re-replicate a tablet replica of the newly created table test-workload in case of a server failure: 4 tablet servers would be needed, 3 are available. Consider bringing up more tablet servers.
I20260709 14:47:11.287878  1599 tablet_service.cc:1511] Processing CreateTablet for tablet 5afa698d089c44e0b6bd5ee2799f3986 (DEFAULT_TABLE table=test-workload [id=e01c0f8402ab48baba9f10595488c15e]), partition=RANGE (key) PARTITION VALUES < 36398027
I20260709 14:47:11.289259  1596 tablet_service.cc:1511] Processing CreateTablet for tablet 13cc991a31d84c4e86275bb9310f14ea (DEFAULT_TABLE table=test-workload [id=e01c0f8402ab48baba9f10595488c15e]), partition=RANGE (key) PARTITION 109194081 <= VALUES < 145592108
I20260709 14:47:11.289386  1673 tablet_service.cc:1511] Processing CreateTablet for tablet 5afa698d089c44e0b6bd5ee2799f3986 (DEFAULT_TABLE table=test-workload [id=e01c0f8402ab48baba9f10595488c15e]), partition=RANGE (key) PARTITION VALUES < 36398027
I20260709 14:47:11.290676  1673 data_dirs.cc:400] Could only allocate 1 dirs of requested 3 for tablet 5afa698d089c44e0b6bd5ee2799f3986. 1 dirs total, 0 dirs full, 0 dirs failed
I20260709 14:47:11.290387  1598 tablet_service.cc:1511] Processing CreateTablet for tablet 542a1cd446da4761b0a853dbda99bc50 (DEFAULT_TABLE table=test-workload [id=e01c0f8402ab48baba9f10595488c15e]), partition=RANGE (key) PARTITION 36398027 <= VALUES < 72796054
I20260709 14:47:11.289286  1599 data_dirs.cc:400] Could only allocate 1 dirs of requested 3 for tablet 5afa698d089c44e0b6bd5ee2799f3986. 1 dirs total, 0 dirs full, 0 dirs failed
I20260709 14:47:11.290969  1595 tablet_service.cc:1511] Processing CreateTablet for tablet 697de4fb558244189170b3dffeefa122 (DEFAULT_TABLE table=test-workload [id=e01c0f8402ab48baba9f10595488c15e]), partition=RANGE (key) PARTITION 145592108 <= VALUES < 181990135
I20260709 14:47:11.292187  1595 data_dirs.cc:400] Could only allocate 1 dirs of requested 3 for tablet 697de4fb558244189170b3dffeefa122. 1 dirs total, 0 dirs full, 0 dirs failed
I20260709 14:47:11.292071  1597 tablet_service.cc:1511] Processing CreateTablet for tablet 08f4a5ed506648e2b037e1ccc717fb3a (DEFAULT_TABLE table=test-workload [id=e01c0f8402ab48baba9f10595488c15e]), partition=RANGE (key) PARTITION 72796054 <= VALUES < 109194081
I20260709 14:47:11.294292  1596 data_dirs.cc:400] Could only allocate 1 dirs of requested 3 for tablet 13cc991a31d84c4e86275bb9310f14ea. 1 dirs total, 0 dirs full, 0 dirs failed
I20260709 14:47:11.295598  1670 tablet_service.cc:1511] Processing CreateTablet for tablet 13cc991a31d84c4e86275bb9310f14ea (DEFAULT_TABLE table=test-workload [id=e01c0f8402ab48baba9f10595488c15e]), partition=RANGE (key) PARTITION 109194081 <= VALUES < 145592108
I20260709 14:47:11.294310  1672 tablet_service.cc:1511] Processing CreateTablet for tablet 542a1cd446da4761b0a853dbda99bc50 (DEFAULT_TABLE table=test-workload [id=e01c0f8402ab48baba9f10595488c15e]), partition=RANGE (key) PARTITION 36398027 <= VALUES < 72796054
I20260709 14:47:11.298074  1669 tablet_service.cc:1511] Processing CreateTablet for tablet 697de4fb558244189170b3dffeefa122 (DEFAULT_TABLE table=test-workload [id=e01c0f8402ab48baba9f10595488c15e]), partition=RANGE (key) PARTITION 145592108 <= VALUES < 181990135
I20260709 14:47:11.300887  1594 tablet_service.cc:1511] Processing CreateTablet for tablet 28cd9528253f458aa0695211cb039754 (DEFAULT_TABLE table=test-workload [id=e01c0f8402ab48baba9f10595488c15e]), partition=RANGE (key) PARTITION 181990135 <= VALUES < 218388162
I20260709 14:47:11.302193  1594 data_dirs.cc:400] Could only allocate 1 dirs of requested 3 for tablet 28cd9528253f458aa0695211cb039754. 1 dirs total, 0 dirs full, 0 dirs failed
I20260709 14:47:11.303588  1668 tablet_service.cc:1511] Processing CreateTablet for tablet 28cd9528253f458aa0695211cb039754 (DEFAULT_TABLE table=test-workload [id=e01c0f8402ab48baba9f10595488c15e]), partition=RANGE (key) PARTITION 181990135 <= VALUES < 218388162
I20260709 14:47:11.305657  1671 tablet_service.cc:1511] Processing CreateTablet for tablet 08f4a5ed506648e2b037e1ccc717fb3a (DEFAULT_TABLE table=test-workload [id=e01c0f8402ab48baba9f10595488c15e]), partition=RANGE (key) PARTITION 72796054 <= VALUES < 109194081
I20260709 14:47:11.307792  1593 tablet_service.cc:1511] Processing CreateTablet for tablet cb71e2c6894e40618ee5a895f7dcdbb9 (DEFAULT_TABLE table=test-workload [id=e01c0f8402ab48baba9f10595488c15e]), partition=RANGE (key) PARTITION 218388162 <= VALUES < 254786189
I20260709 14:47:11.309926  1667 tablet_service.cc:1511] Processing CreateTablet for tablet cb71e2c6894e40618ee5a895f7dcdbb9 (DEFAULT_TABLE table=test-workload [id=e01c0f8402ab48baba9f10595488c15e]), partition=RANGE (key) PARTITION 218388162 <= VALUES < 254786189
I20260709 14:47:11.312461  1592 tablet_service.cc:1511] Processing CreateTablet for tablet c7be8e034bfe4615a9601a20f03c4b43 (DEFAULT_TABLE table=test-workload [id=e01c0f8402ab48baba9f10595488c15e]), partition=RANGE (key) PARTITION 254786189 <= VALUES < 291184216
I20260709 14:47:11.316974  1666 tablet_service.cc:1511] Processing CreateTablet for tablet c7be8e034bfe4615a9601a20f03c4b43 (DEFAULT_TABLE table=test-workload [id=e01c0f8402ab48baba9f10595488c15e]), partition=RANGE (key) PARTITION 254786189 <= VALUES < 291184216
I20260709 14:47:11.322592  1591 tablet_service.cc:1511] Processing CreateTablet for tablet 83d0d915ba0f401299b36ce97e69d60e (DEFAULT_TABLE table=test-workload [id=e01c0f8402ab48baba9f10595488c15e]), partition=RANGE (key) PARTITION 291184216 <= VALUES < 327582243
I20260709 14:47:11.324604  1665 tablet_service.cc:1511] Processing CreateTablet for tablet 83d0d915ba0f401299b36ce97e69d60e (DEFAULT_TABLE table=test-workload [id=e01c0f8402ab48baba9f10595488c15e]), partition=RANGE (key) PARTITION 291184216 <= VALUES < 327582243
I20260709 14:47:11.327697  1590 tablet_service.cc:1511] Processing CreateTablet for tablet 973d033c542c4074b08da6d5cb02a894 (DEFAULT_TABLE table=test-workload [id=e01c0f8402ab48baba9f10595488c15e]), partition=RANGE (key) PARTITION 327582243 <= VALUES < 363980270
I20260709 14:47:11.330653  1664 tablet_service.cc:1511] Processing CreateTablet for tablet 973d033c542c4074b08da6d5cb02a894 (DEFAULT_TABLE table=test-workload [id=e01c0f8402ab48baba9f10595488c15e]), partition=RANGE (key) PARTITION 327582243 <= VALUES < 363980270
I20260709 14:47:11.340022  1593 data_dirs.cc:400] Could only allocate 1 dirs of requested 3 for tablet cb71e2c6894e40618ee5a895f7dcdbb9. 1 dirs total, 0 dirs full, 0 dirs failed
I20260709 14:47:11.296856  1670 data_dirs.cc:400] Could only allocate 1 dirs of requested 3 for tablet 13cc991a31d84c4e86275bb9310f14ea. 1 dirs total, 0 dirs full, 0 dirs failed
I20260709 14:47:11.342803  1669 data_dirs.cc:400] Could only allocate 1 dirs of requested 3 for tablet 697de4fb558244189170b3dffeefa122. 1 dirs total, 0 dirs full, 0 dirs failed
I20260709 14:47:11.346771  1665 data_dirs.cc:400] Could only allocate 1 dirs of requested 3 for tablet 83d0d915ba0f401299b36ce97e69d60e. 1 dirs total, 0 dirs full, 0 dirs failed
I20260709 14:47:11.346871  1598 data_dirs.cc:400] Could only allocate 1 dirs of requested 3 for tablet 542a1cd446da4761b0a853dbda99bc50. 1 dirs total, 0 dirs full, 0 dirs failed
I20260709 14:47:11.347674  1597 data_dirs.cc:400] Could only allocate 1 dirs of requested 3 for tablet 08f4a5ed506648e2b037e1ccc717fb3a. 1 dirs total, 0 dirs full, 0 dirs failed
I20260709 14:47:11.350001  1592 data_dirs.cc:400] Could only allocate 1 dirs of requested 3 for tablet c7be8e034bfe4615a9601a20f03c4b43. 1 dirs total, 0 dirs full, 0 dirs failed
I20260709 14:47:11.350651  1591 data_dirs.cc:400] Could only allocate 1 dirs of requested 3 for tablet 83d0d915ba0f401299b36ce97e69d60e. 1 dirs total, 0 dirs full, 0 dirs failed
I20260709 14:47:11.354794  1664 data_dirs.cc:400] Could only allocate 1 dirs of requested 3 for tablet 973d033c542c4074b08da6d5cb02a894. 1 dirs total, 0 dirs full, 0 dirs failed
I20260709 14:47:11.356987  1666 data_dirs.cc:400] Could only allocate 1 dirs of requested 3 for tablet c7be8e034bfe4615a9601a20f03c4b43. 1 dirs total, 0 dirs full, 0 dirs failed
I20260709 14:47:11.358814  1667 data_dirs.cc:400] Could only allocate 1 dirs of requested 3 for tablet cb71e2c6894e40618ee5a895f7dcdbb9. 1 dirs total, 0 dirs full, 0 dirs failed
I20260709 14:47:11.360605  1668 data_dirs.cc:400] Could only allocate 1 dirs of requested 3 for tablet 28cd9528253f458aa0695211cb039754. 1 dirs total, 0 dirs full, 0 dirs failed
I20260709 14:47:11.362797  1671 data_dirs.cc:400] Could only allocate 1 dirs of requested 3 for tablet 08f4a5ed506648e2b037e1ccc717fb3a. 1 dirs total, 0 dirs full, 0 dirs failed
I20260709 14:47:11.364403  1672 data_dirs.cc:400] Could only allocate 1 dirs of requested 3 for tablet 542a1cd446da4761b0a853dbda99bc50. 1 dirs total, 0 dirs full, 0 dirs failed
I20260709 14:47:11.366995  1590 data_dirs.cc:400] Could only allocate 1 dirs of requested 3 for tablet 973d033c542c4074b08da6d5cb02a894. 1 dirs total, 0 dirs full, 0 dirs failed
I20260709 14:47:11.384095  1595 tablet_service.cc:1511] Processing CreateTablet for tablet 57dbef98192c44d281ef8308ccd6cc40 (DEFAULT_TABLE table=test-workload [id=e01c0f8402ab48baba9f10595488c15e]), partition=RANGE (key) PARTITION 363980270 <= VALUES < 400378297
I20260709 14:47:11.391670  1595 data_dirs.cc:400] Could only allocate 1 dirs of requested 3 for tablet 57dbef98192c44d281ef8308ccd6cc40. 1 dirs total, 0 dirs full, 0 dirs failed
I20260709 14:47:11.385188  1596 tablet_service.cc:1511] Processing CreateTablet for tablet a579e01567d342809bee08990ac7abe4 (DEFAULT_TABLE table=test-workload [id=e01c0f8402ab48baba9f10595488c15e]), partition=RANGE (key) PARTITION 400378297 <= VALUES < 436776324
I20260709 14:47:11.413878  1599 tablet_service.cc:1511] Processing CreateTablet for tablet 3cd56f4eee5041199cfc35155f157819 (DEFAULT_TABLE table=test-workload [id=e01c0f8402ab48baba9f10595488c15e]), partition=RANGE (key) PARTITION 436776324 <= VALUES < 473174351
I20260709 14:47:11.417932  1672 tablet_service.cc:1511] Processing CreateTablet for tablet 57dbef98192c44d281ef8308ccd6cc40 (DEFAULT_TABLE table=test-workload [id=e01c0f8402ab48baba9f10595488c15e]), partition=RANGE (key) PARTITION 363980270 <= VALUES < 400378297
I20260709 14:47:11.422633  1672 data_dirs.cc:400] Could only allocate 1 dirs of requested 3 for tablet 57dbef98192c44d281ef8308ccd6cc40. 1 dirs total, 0 dirs full, 0 dirs failed
I20260709 14:47:11.423667  1723 tablet_bootstrap.cc:492] T 5afa698d089c44e0b6bd5ee2799f3986 P f7bf0b36e1754ce382db808635e6b981: Bootstrap starting.
I20260709 14:47:11.432912  1723 tablet_bootstrap.cc:654] T 5afa698d089c44e0b6bd5ee2799f3986 P f7bf0b36e1754ce382db808635e6b981: Neither blocks nor log segments found. Creating new log.
I20260709 14:47:11.442627  1596 data_dirs.cc:400] Could only allocate 1 dirs of requested 3 for tablet a579e01567d342809bee08990ac7abe4. 1 dirs total, 0 dirs full, 0 dirs failed
I20260709 14:47:11.444236  1592 tablet_service.cc:1511] Processing CreateTablet for tablet c25ccd31b195472b9280cecd88bfbcba (DEFAULT_TABLE table=test-workload [id=e01c0f8402ab48baba9f10595488c15e]), partition=RANGE (key) PARTITION 473174351 <= VALUES < 509572378
I20260709 14:47:11.445444  1592 data_dirs.cc:400] Could only allocate 1 dirs of requested 3 for tablet c25ccd31b195472b9280cecd88bfbcba. 1 dirs total, 0 dirs full, 0 dirs failed
I20260709 14:47:11.447115  1591 tablet_service.cc:1511] Processing CreateTablet for tablet f5f1842323484c448d945480bbf87546 (DEFAULT_TABLE table=test-workload [id=e01c0f8402ab48baba9f10595488c15e]), partition=RANGE (key) PARTITION 509572378 <= VALUES < 545970405
I20260709 14:47:11.448522  1599 data_dirs.cc:400] Could only allocate 1 dirs of requested 3 for tablet 3cd56f4eee5041199cfc35155f157819. 1 dirs total, 0 dirs full, 0 dirs failed
I20260709 14:47:11.449182  1591 data_dirs.cc:400] Could only allocate 1 dirs of requested 3 for tablet f5f1842323484c448d945480bbf87546. 1 dirs total, 0 dirs full, 0 dirs failed
I20260709 14:47:11.451092  1673 tablet_service.cc:1511] Processing CreateTablet for tablet a579e01567d342809bee08990ac7abe4 (DEFAULT_TABLE table=test-workload [id=e01c0f8402ab48baba9f10595488c15e]), partition=RANGE (key) PARTITION 400378297 <= VALUES < 436776324
I20260709 14:47:11.452469  1673 data_dirs.cc:400] Could only allocate 1 dirs of requested 3 for tablet a579e01567d342809bee08990ac7abe4. 1 dirs total, 0 dirs full, 0 dirs failed
I20260709 14:47:11.480810  1724 tablet_bootstrap.cc:492] T 5afa698d089c44e0b6bd5ee2799f3986 P cf95f93570b14c25a5724d6f16161315: Bootstrap starting.
I20260709 14:47:11.483518  1593 tablet_service.cc:1511] Processing CreateTablet for tablet 2ad7ea794fa846ad952b90968cc073e2 (DEFAULT_TABLE table=test-workload [id=e01c0f8402ab48baba9f10595488c15e]), partition=RANGE (key) PARTITION 545970405 <= VALUES < 582368432
I20260709 14:47:11.490674  1668 tablet_service.cc:1511] Processing CreateTablet for tablet 3cd56f4eee5041199cfc35155f157819 (DEFAULT_TABLE table=test-workload [id=e01c0f8402ab48baba9f10595488c15e]), partition=RANGE (key) PARTITION 436776324 <= VALUES < 473174351
I20260709 14:47:11.499931  1595 tablet_service.cc:1511] Processing CreateTablet for tablet 4964e1788c7f4e3cb5cac7140847a479 (DEFAULT_TABLE table=test-workload [id=e01c0f8402ab48baba9f10595488c15e]), partition=RANGE (key) PARTITION 582368432 <= VALUES < 618766459
I20260709 14:47:11.501286  1595 data_dirs.cc:400] Could only allocate 1 dirs of requested 3 for tablet 4964e1788c7f4e3cb5cac7140847a479. 1 dirs total, 0 dirs full, 0 dirs failed
I20260709 14:47:11.505300  1598 tablet_service.cc:1511] Processing CreateTablet for tablet 65220913e8bf413aa4d71ea350e02a4e (DEFAULT_TABLE table=test-workload [id=e01c0f8402ab48baba9f10595488c15e]), partition=RANGE (key) PARTITION 618766459 <= VALUES < 655164486
I20260709 14:47:11.505887  1724 tablet_bootstrap.cc:654] T 5afa698d089c44e0b6bd5ee2799f3986 P cf95f93570b14c25a5724d6f16161315: Neither blocks nor log segments found. Creating new log.
I20260709 14:47:11.509333  1524 tablet_service.cc:1511] Processing CreateTablet for tablet 5afa698d089c44e0b6bd5ee2799f3986 (DEFAULT_TABLE table=test-workload [id=e01c0f8402ab48baba9f10595488c15e]), partition=RANGE (key) PARTITION VALUES < 36398027
I20260709 14:47:11.511418  1523 tablet_service.cc:1511] Processing CreateTablet for tablet 542a1cd446da4761b0a853dbda99bc50 (DEFAULT_TABLE table=test-workload [id=e01c0f8402ab48baba9f10595488c15e]), partition=RANGE (key) PARTITION 36398027 <= VALUES < 72796054
I20260709 14:47:11.513473  1522 tablet_service.cc:1511] Processing CreateTablet for tablet 08f4a5ed506648e2b037e1ccc717fb3a (DEFAULT_TABLE table=test-workload [id=e01c0f8402ab48baba9f10595488c15e]), partition=RANGE (key) PARTITION 72796054 <= VALUES < 109194081
I20260709 14:47:11.515588  1521 tablet_service.cc:1511] Processing CreateTablet for tablet 13cc991a31d84c4e86275bb9310f14ea (DEFAULT_TABLE table=test-workload [id=e01c0f8402ab48baba9f10595488c15e]), partition=RANGE (key) PARTITION 109194081 <= VALUES < 145592108
I20260709 14:47:11.517658  1520 tablet_service.cc:1511] Processing CreateTablet for tablet 697de4fb558244189170b3dffeefa122 (DEFAULT_TABLE table=test-workload [id=e01c0f8402ab48baba9f10595488c15e]), partition=RANGE (key) PARTITION 145592108 <= VALUES < 181990135
I20260709 14:47:11.519526  1519 tablet_service.cc:1511] Processing CreateTablet for tablet 28cd9528253f458aa0695211cb039754 (DEFAULT_TABLE table=test-workload [id=e01c0f8402ab48baba9f10595488c15e]), partition=RANGE (key) PARTITION 181990135 <= VALUES < 218388162
I20260709 14:47:11.521277  1518 tablet_service.cc:1511] Processing CreateTablet for tablet cb71e2c6894e40618ee5a895f7dcdbb9 (DEFAULT_TABLE table=test-workload [id=e01c0f8402ab48baba9f10595488c15e]), partition=RANGE (key) PARTITION 218388162 <= VALUES < 254786189
I20260709 14:47:11.521502  1672 tablet_service.cc:1511] Processing CreateTablet for tablet c25ccd31b195472b9280cecd88bfbcba (DEFAULT_TABLE table=test-workload [id=e01c0f8402ab48baba9f10595488c15e]), partition=RANGE (key) PARTITION 473174351 <= VALUES < 509572378
I20260709 14:47:11.523110  1517 tablet_service.cc:1511] Processing CreateTablet for tablet c7be8e034bfe4615a9601a20f03c4b43 (DEFAULT_TABLE table=test-workload [id=e01c0f8402ab48baba9f10595488c15e]), partition=RANGE (key) PARTITION 254786189 <= VALUES < 291184216
I20260709 14:47:11.524943  1516 tablet_service.cc:1511] Processing CreateTablet for tablet 83d0d915ba0f401299b36ce97e69d60e (DEFAULT_TABLE table=test-workload [id=e01c0f8402ab48baba9f10595488c15e]), partition=RANGE (key) PARTITION 291184216 <= VALUES < 327582243
I20260709 14:47:11.525076  1670 tablet_service.cc:1511] Processing CreateTablet for tablet f5f1842323484c448d945480bbf87546 (DEFAULT_TABLE table=test-workload [id=e01c0f8402ab48baba9f10595488c15e]), partition=RANGE (key) PARTITION 509572378 <= VALUES < 545970405
I20260709 14:47:11.525772  1592 tablet_service.cc:1511] Processing CreateTablet for tablet 68f3f02d79344a4998b4baca6fb685c6 (DEFAULT_TABLE table=test-workload [id=e01c0f8402ab48baba9f10595488c15e]), partition=RANGE (key) PARTITION 691562513 <= VALUES < 727960540
I20260709 14:47:11.528018  1723 tablet_bootstrap.cc:492] T 5afa698d089c44e0b6bd5ee2799f3986 P f7bf0b36e1754ce382db808635e6b981: No bootstrap required, opened a new log
I20260709 14:47:11.528477  1723 ts_tablet_manager.cc:1403] T 5afa698d089c44e0b6bd5ee2799f3986 P f7bf0b36e1754ce382db808635e6b981: Time spent bootstrapping tablet: real 0.105s	user 0.019s	sys 0.025s
I20260709 14:47:11.529206  1515 tablet_service.cc:1511] Processing CreateTablet for tablet 973d033c542c4074b08da6d5cb02a894 (DEFAULT_TABLE table=test-workload [id=e01c0f8402ab48baba9f10595488c15e]), partition=RANGE (key) PARTITION 327582243 <= VALUES < 363980270
I20260709 14:47:11.531275  1723 raft_consensus.cc:359] T 5afa698d089c44e0b6bd5ee2799f3986 P f7bf0b36e1754ce382db808635e6b981 [term 0 FOLLOWER]: Replica starting. Triggering 0 pending ops. Active config: opid_index: -1 OBSOLETE_local: false peers { permanent_uuid: "f7bf0b36e1754ce382db808635e6b981" member_type: VOTER last_known_addr { host: "127.0.107.194" port: 41407 } } peers { permanent_uuid: "cf95f93570b14c25a5724d6f16161315" member_type: VOTER last_known_addr { host: "127.0.107.195" port: 41349 } } peers { permanent_uuid: "25d3205a00f44fbe9f9bfed047b0ebb8" member_type: VOTER last_known_addr { host: "127.0.107.193" port: 41655 } }
I20260709 14:47:11.531973  1723 raft_consensus.cc:385] T 5afa698d089c44e0b6bd5ee2799f3986 P f7bf0b36e1754ce382db808635e6b981 [term 0 FOLLOWER]: Consensus starting up: Expiring failure detector timer to make a prompt election more likely
I20260709 14:47:11.532259  1723 raft_consensus.cc:740] T 5afa698d089c44e0b6bd5ee2799f3986 P f7bf0b36e1754ce382db808635e6b981 [term 0 FOLLOWER]: Becoming Follower/Learner. State: Replica: f7bf0b36e1754ce382db808635e6b981, State: Initialized, Role: FOLLOWER
