I20260709 14:46:50.163653   762 raft_consensus.cc:359] T f86a937de80b47e2950e289a9130bfb6 P f9a924b857b34a03910c55b6b4a929a3 [term 0 FOLLOWER]: Replica starting. Triggering 0 pending ops. Active config: opid_index: -1 OBSOLETE_local: false peers { permanent_uuid: "0efdc3b6c80441f787469523890baa40" member_type: VOTER last_known_addr { host: "127.0.107.193" port: 34101 } } peers { permanent_uuid: "d8f39ff758fe4480a80c3d593110654b" member_type: VOTER last_known_addr { host: "127.0.107.194" port: 38123 } } peers { permanent_uuid: "f9a924b857b34a03910c55b6b4a929a3" member_type: VOTER last_known_addr { host: "127.0.107.195" port: 40039 } }
I20260709 14:46:50.167795   762 raft_consensus.cc:385] T f86a937de80b47e2950e289a9130bfb6 P f9a924b857b34a03910c55b6b4a929a3 [term 0 FOLLOWER]: Consensus starting up: Expiring failure detector timer to make a prompt election more likely
I20260709 14:46:50.168203   762 raft_consensus.cc:740] T f86a937de80b47e2950e289a9130bfb6 P f9a924b857b34a03910c55b6b4a929a3 [term 0 FOLLOWER]: Becoming Follower/Learner. State: Replica: f9a924b857b34a03910c55b6b4a929a3, State: Initialized, Role: FOLLOWER
I20260709 14:46:50.169154   762 consensus_queue.cc:260] T f86a937de80b47e2950e289a9130bfb6 P f9a924b857b34a03910c55b6b4a929a3 [NON_LEADER]: Queue going to NON_LEADER mode. State: All replicated index: 0, Majority replicated index: 0, Committed index: 0, Last appended: 0.0, Last appended by leader: 0, Current term: 0, Majority size: -1, State: 0, Mode: NON_LEADER, active raft config: opid_index: -1 OBSOLETE_local: false peers { permanent_uuid: "0efdc3b6c80441f787469523890baa40" member_type: VOTER last_known_addr { host: "127.0.107.193" port: 34101 } } peers { permanent_uuid: "d8f39ff758fe4480a80c3d593110654b" member_type: VOTER last_known_addr { host: "127.0.107.194" port: 38123 } } peers { permanent_uuid: "f9a924b857b34a03910c55b6b4a929a3" member_type: VOTER last_known_addr { host: "127.0.107.195" port: 40039 } }
I20260709 14:46:50.174530   758 tablet_bootstrap.cc:492] T 5a7ff99fdded42639f12916bbf6e55cc P d8f39ff758fe4480a80c3d593110654b: No bootstrap required, opened a new log
I20260709 14:46:50.175069   758 ts_tablet_manager.cc:1403] T 5a7ff99fdded42639f12916bbf6e55cc P d8f39ff758fe4480a80c3d593110654b: Time spent bootstrapping tablet: real 0.021s	user 0.012s	sys 0.002s
I20260709 14:46:50.176676   591 heartbeater.cc:499] Master 127.0.107.254:46689 was elected leader, sending a full tablet report...
I20260709 14:46:50.177736   759 ts_tablet_manager.cc:1434] T bec270354c0e4659a18eed5c46fcac21 P 0efdc3b6c80441f787469523890baa40: Time spent starting tablet: real 0.045s	user 0.017s	sys 0.004s
I20260709 14:46:50.178172   762 ts_tablet_manager.cc:1434] T f86a937de80b47e2950e289a9130bfb6 P f9a924b857b34a03910c55b6b4a929a3: Time spent starting tablet: real 0.021s	user 0.006s	sys 0.004s
I20260709 14:46:50.178642   759 tablet_bootstrap.cc:492] T 92f8f799e7504de2a8cb5e93db65b58b P 0efdc3b6c80441f787469523890baa40: Bootstrap starting.
I20260709 14:46:50.179585   758 raft_consensus.cc:359] T 5a7ff99fdded42639f12916bbf6e55cc P d8f39ff758fe4480a80c3d593110654b [term 0 FOLLOWER]: Replica starting. Triggering 0 pending ops. Active config: opid_index: -1 OBSOLETE_local: false peers { permanent_uuid: "d8f39ff758fe4480a80c3d593110654b" member_type: VOTER last_known_addr { host: "127.0.107.194" port: 38123 } } peers { permanent_uuid: "f9a924b857b34a03910c55b6b4a929a3" member_type: VOTER last_known_addr { host: "127.0.107.195" port: 40039 } } peers { permanent_uuid: "0efdc3b6c80441f787469523890baa40" member_type: VOTER last_known_addr { host: "127.0.107.193" port: 34101 } }
I20260709 14:46:50.180338   758 raft_consensus.cc:385] T 5a7ff99fdded42639f12916bbf6e55cc P d8f39ff758fe4480a80c3d593110654b [term 0 FOLLOWER]: Consensus starting up: Expiring failure detector timer to make a prompt election more likely
I20260709 14:46:50.180719   758 raft_consensus.cc:740] T 5a7ff99fdded42639f12916bbf6e55cc P d8f39ff758fe4480a80c3d593110654b [term 0 FOLLOWER]: Becoming Follower/Learner. State: Replica: d8f39ff758fe4480a80c3d593110654b, State: Initialized, Role: FOLLOWER
I20260709 14:46:50.182260   758 consensus_queue.cc:260] T 5a7ff99fdded42639f12916bbf6e55cc P d8f39ff758fe4480a80c3d593110654b [NON_LEADER]: Queue going to NON_LEADER mode. State: All replicated index: 0, Majority replicated index: 0, Committed index: 0, Last appended: 0.0, Last appended by leader: 0, Current term: 0, Majority size: -1, State: 0, Mode: NON_LEADER, active raft config: opid_index: -1 OBSOLETE_local: false peers { permanent_uuid: "d8f39ff758fe4480a80c3d593110654b" member_type: VOTER last_known_addr { host: "127.0.107.194" port: 38123 } } peers { permanent_uuid: "f9a924b857b34a03910c55b6b4a929a3" member_type: VOTER last_known_addr { host: "127.0.107.195" port: 40039 } } peers { permanent_uuid: "0efdc3b6c80441f787469523890baa40" member_type: VOTER last_known_addr { host: "127.0.107.193" port: 34101 } }
I20260709 14:46:50.184540   758 ts_tablet_manager.cc:1434] T 5a7ff99fdded42639f12916bbf6e55cc P d8f39ff758fe4480a80c3d593110654b: Time spent starting tablet: real 0.009s	user 0.005s	sys 0.000s
I20260709 14:46:50.185402   758 tablet_bootstrap.cc:492] T 92f8f799e7504de2a8cb5e93db65b58b P d8f39ff758fe4480a80c3d593110654b: Bootstrap starting.
I20260709 14:46:50.185588   759 tablet_bootstrap.cc:654] T 92f8f799e7504de2a8cb5e93db65b58b P 0efdc3b6c80441f787469523890baa40: Neither blocks nor log segments found. Creating new log.
I20260709 14:46:50.186774   740 heartbeater.cc:499] Master 127.0.107.254:46689 was elected leader, sending a full tablet report...
I20260709 14:46:50.187119   762 tablet_bootstrap.cc:492] T dc012f589f484636b71392deb18c97ec P f9a924b857b34a03910c55b6b4a929a3: Bootstrap starting.
I20260709 14:46:50.191198   763 raft_consensus.cc:493] T bec270354c0e4659a18eed5c46fcac21 P d8f39ff758fe4480a80c3d593110654b [term 0 FOLLOWER]: Starting pre-election (no leader contacted us within the election timeout)
I20260709 14:46:50.191679   763 raft_consensus.cc:515] T bec270354c0e4659a18eed5c46fcac21 P d8f39ff758fe4480a80c3d593110654b [term 0 FOLLOWER]: Starting pre-election with config: opid_index: -1 OBSOLETE_local: false peers { permanent_uuid: "0efdc3b6c80441f787469523890baa40" member_type: VOTER last_known_addr { host: "127.0.107.193" port: 34101 } } peers { permanent_uuid: "d8f39ff758fe4480a80c3d593110654b" member_type: VOTER last_known_addr { host: "127.0.107.194" port: 38123 } } peers { permanent_uuid: "f9a924b857b34a03910c55b6b4a929a3" member_type: VOTER last_known_addr { host: "127.0.107.195" port: 40039 } }
I20260709 14:46:50.206020   762 tablet_bootstrap.cc:654] T dc012f589f484636b71392deb18c97ec P f9a924b857b34a03910c55b6b4a929a3: Neither blocks nor log segments found. Creating new log.
I20260709 14:46:50.212881   763 leader_election.cc:290] T bec270354c0e4659a18eed5c46fcac21 P d8f39ff758fe4480a80c3d593110654b [CANDIDATE]: Term 1 pre-election: Requested pre-vote from peers 0efdc3b6c80441f787469523890baa40 (127.0.107.193:34101), f9a924b857b34a03910c55b6b4a929a3 (127.0.107.195:40039)
I20260709 14:46:50.220203   758 tablet_bootstrap.cc:654] T 92f8f799e7504de2a8cb5e93db65b58b P d8f39ff758fe4480a80c3d593110654b: Neither blocks nor log segments found. Creating new log.
W20260709 14:46:50.225947   667 tablet.cc:2406] T 5a7ff99fdded42639f12916bbf6e55cc P d8f39ff758fe4480a80c3d593110654b: Can't schedule compaction. Clean time has not been advanced past its initial value.
I20260709 14:46:50.230756   759 tablet_bootstrap.cc:492] T 92f8f799e7504de2a8cb5e93db65b58b P 0efdc3b6c80441f787469523890baa40: No bootstrap required, opened a new log
I20260709 14:46:50.231671   759 ts_tablet_manager.cc:1403] T 92f8f799e7504de2a8cb5e93db65b58b P 0efdc3b6c80441f787469523890baa40: Time spent bootstrapping tablet: real 0.053s	user 0.005s	sys 0.024s
I20260709 14:46:50.234478   759 raft_consensus.cc:359] T 92f8f799e7504de2a8cb5e93db65b58b P 0efdc3b6c80441f787469523890baa40 [term 0 FOLLOWER]: Replica starting. Triggering 0 pending ops. Active config: opid_index: -1 OBSOLETE_local: false peers { permanent_uuid: "0efdc3b6c80441f787469523890baa40" member_type: VOTER last_known_addr { host: "127.0.107.193" port: 34101 } } peers { permanent_uuid: "d8f39ff758fe4480a80c3d593110654b" member_type: VOTER last_known_addr { host: "127.0.107.194" port: 38123 } } peers { permanent_uuid: "f9a924b857b34a03910c55b6b4a929a3" member_type: VOTER last_known_addr { host: "127.0.107.195" port: 40039 } }
I20260709 14:46:50.235178   759 raft_consensus.cc:385] T 92f8f799e7504de2a8cb5e93db65b58b P 0efdc3b6c80441f787469523890baa40 [term 0 FOLLOWER]: Consensus starting up: Expiring failure detector timer to make a prompt election more likely
I20260709 14:46:50.235996   759 raft_consensus.cc:740] T 92f8f799e7504de2a8cb5e93db65b58b P 0efdc3b6c80441f787469523890baa40 [term 0 FOLLOWER]: Becoming Follower/Learner. State: Replica: 0efdc3b6c80441f787469523890baa40, State: Initialized, Role: FOLLOWER
I20260709 14:46:50.237092   759 consensus_queue.cc:260] T 92f8f799e7504de2a8cb5e93db65b58b P 0efdc3b6c80441f787469523890baa40 [NON_LEADER]: Queue going to NON_LEADER mode. State: All replicated index: 0, Majority replicated index: 0, Committed index: 0, Last appended: 0.0, Last appended by leader: 0, Current term: 0, Majority size: -1, State: 0, Mode: NON_LEADER, active raft config: opid_index: -1 OBSOLETE_local: false peers { permanent_uuid: "0efdc3b6c80441f787469523890baa40" member_type: VOTER last_known_addr { host: "127.0.107.193" port: 34101 } } peers { permanent_uuid: "d8f39ff758fe4480a80c3d593110654b" member_type: VOTER last_known_addr { host: "127.0.107.194" port: 38123 } } peers { permanent_uuid: "f9a924b857b34a03910c55b6b4a929a3" member_type: VOTER last_known_addr { host: "127.0.107.195" port: 40039 } }
I20260709 14:46:50.239492   759 ts_tablet_manager.cc:1434] T 92f8f799e7504de2a8cb5e93db65b58b P 0efdc3b6c80441f787469523890baa40: Time spent starting tablet: real 0.008s	user 0.008s	sys 0.000s
I20260709 14:46:50.239820   762 tablet_bootstrap.cc:492] T dc012f589f484636b71392deb18c97ec P f9a924b857b34a03910c55b6b4a929a3: No bootstrap required, opened a new log
I20260709 14:46:50.240281   762 ts_tablet_manager.cc:1403] T dc012f589f484636b71392deb18c97ec P f9a924b857b34a03910c55b6b4a929a3: Time spent bootstrapping tablet: real 0.053s	user 0.018s	sys 0.006s
I20260709 14:46:50.240406   759 tablet_bootstrap.cc:492] T f39efef27b2f45baa686f8f98aaee4dd P 0efdc3b6c80441f787469523890baa40: Bootstrap starting.
I20260709 14:46:50.243785   762 raft_consensus.cc:359] T dc012f589f484636b71392deb18c97ec P f9a924b857b34a03910c55b6b4a929a3 [term 0 FOLLOWER]: Replica starting. Triggering 0 pending ops. Active config: opid_index: -1 OBSOLETE_local: false peers { permanent_uuid: "0efdc3b6c80441f787469523890baa40" member_type: VOTER last_known_addr { host: "127.0.107.193" port: 34101 } } peers { permanent_uuid: "d8f39ff758fe4480a80c3d593110654b" member_type: VOTER last_known_addr { host: "127.0.107.194" port: 38123 } } peers { permanent_uuid: "f9a924b857b34a03910c55b6b4a929a3" member_type: VOTER last_known_addr { host: "127.0.107.195" port: 40039 } }
I20260709 14:46:50.244519   762 raft_consensus.cc:385] T dc012f589f484636b71392deb18c97ec P f9a924b857b34a03910c55b6b4a929a3 [term 0 FOLLOWER]: Consensus starting up: Expiring failure detector timer to make a prompt election more likely
I20260709 14:46:50.245143   762 raft_consensus.cc:740] T dc012f589f484636b71392deb18c97ec P f9a924b857b34a03910c55b6b4a929a3 [term 0 FOLLOWER]: Becoming Follower/Learner. State: Replica: f9a924b857b34a03910c55b6b4a929a3, State: Initialized, Role: FOLLOWER
I20260709 14:46:50.246196   762 consensus_queue.cc:260] T dc012f589f484636b71392deb18c97ec P f9a924b857b34a03910c55b6b4a929a3 [NON_LEADER]: Queue going to NON_LEADER mode. State: All replicated index: 0, Majority replicated index: 0, Committed index: 0, Last appended: 0.0, Last appended by leader: 0, Current term: 0, Majority size: -1, State: 0, Mode: NON_LEADER, active raft config: opid_index: -1 OBSOLETE_local: false peers { permanent_uuid: "0efdc3b6c80441f787469523890baa40" member_type: VOTER last_known_addr { host: "127.0.107.193" port: 34101 } } peers { permanent_uuid: "d8f39ff758fe4480a80c3d593110654b" member_type: VOTER last_known_addr { host: "127.0.107.194" port: 38123 } } peers { permanent_uuid: "f9a924b857b34a03910c55b6b4a929a3" member_type: VOTER last_known_addr { host: "127.0.107.195" port: 40039 } }
I20260709 14:46:50.247296   759 tablet_bootstrap.cc:654] T f39efef27b2f45baa686f8f98aaee4dd P 0efdc3b6c80441f787469523890baa40: Neither blocks nor log segments found. Creating new log.
I20260709 14:46:50.249498   762 ts_tablet_manager.cc:1434] T dc012f589f484636b71392deb18c97ec P f9a924b857b34a03910c55b6b4a929a3: Time spent starting tablet: real 0.009s	user 0.005s	sys 0.000s
I20260709 14:46:50.252128   762 tablet_bootstrap.cc:492] T 5a7ff99fdded42639f12916bbf6e55cc P f9a924b857b34a03910c55b6b4a929a3: Bootstrap starting.
I20260709 14:46:50.253437   566 tablet_service.cc:1917] Received RequestConsensusVote() RPC: tablet_id: "bec270354c0e4659a18eed5c46fcac21" candidate_uuid: "d8f39ff758fe4480a80c3d593110654b" candidate_term: 1 candidate_status { last_received { term: 0 index: 0 } } ignore_live_leader: false dest_uuid: "0efdc3b6c80441f787469523890baa40" is_pre_election: true
I20260709 14:46:50.254940   566 raft_consensus.cc:2468] T bec270354c0e4659a18eed5c46fcac21 P 0efdc3b6c80441f787469523890baa40 [term 0 FOLLOWER]: Leader pre-election vote request: Granting yes vote for candidate d8f39ff758fe4480a80c3d593110654b in term 0.
I20260709 14:46:50.260987   604 leader_election.cc:304] T bec270354c0e4659a18eed5c46fcac21 P d8f39ff758fe4480a80c3d593110654b [CANDIDATE]: Term 1 pre-election: Election decided. Result: candidate won. Election summary: received 2 responses out of 3 voters: 2 yes votes; 0 no votes. yes voters: 0efdc3b6c80441f787469523890baa40, d8f39ff758fe4480a80c3d593110654b; no voters: 
I20260709 14:46:50.262413   763 raft_consensus.cc:2804] T bec270354c0e4659a18eed5c46fcac21 P d8f39ff758fe4480a80c3d593110654b [term 0 FOLLOWER]: Leader pre-election won for term 1
I20260709 14:46:50.262813   763 raft_consensus.cc:493] T bec270354c0e4659a18eed5c46fcac21 P d8f39ff758fe4480a80c3d593110654b [term 0 FOLLOWER]: Starting leader election (no leader contacted us within the election timeout)
I20260709 14:46:50.263142   763 raft_consensus.cc:3060] T bec270354c0e4659a18eed5c46fcac21 P d8f39ff758fe4480a80c3d593110654b [term 0 FOLLOWER]: Advancing to term 1
I20260709 14:46:50.271400   763 raft_consensus.cc:515] T bec270354c0e4659a18eed5c46fcac21 P d8f39ff758fe4480a80c3d593110654b [term 1 FOLLOWER]: Starting leader election with config: opid_index: -1 OBSOLETE_local: false peers { permanent_uuid: "0efdc3b6c80441f787469523890baa40" member_type: VOTER last_known_addr { host: "127.0.107.193" port: 34101 } } peers { permanent_uuid: "d8f39ff758fe4480a80c3d593110654b" member_type: VOTER last_known_addr { host: "127.0.107.194" port: 38123 } } peers { permanent_uuid: "f9a924b857b34a03910c55b6b4a929a3" member_type: VOTER last_known_addr { host: "127.0.107.195" port: 40039 } }
I20260709 14:46:50.271965   758 tablet_bootstrap.cc:492] T 92f8f799e7504de2a8cb5e93db65b58b P d8f39ff758fe4480a80c3d593110654b: No bootstrap required, opened a new log
I20260709 14:46:50.282356   758 ts_tablet_manager.cc:1403] T 92f8f799e7504de2a8cb5e93db65b58b P d8f39ff758fe4480a80c3d593110654b: Time spent bootstrapping tablet: real 0.097s	user 0.015s	sys 0.015s
I20260709 14:46:50.282728   714 tablet_service.cc:1917] Received RequestConsensusVote() RPC: tablet_id: "bec270354c0e4659a18eed5c46fcac21" candidate_uuid: "d8f39ff758fe4480a80c3d593110654b" candidate_term: 1 candidate_status { last_received { term: 0 index: 0 } } ignore_live_leader: false dest_uuid: "f9a924b857b34a03910c55b6b4a929a3"
I20260709 14:46:50.278756   763 leader_election.cc:290] T bec270354c0e4659a18eed5c46fcac21 P d8f39ff758fe4480a80c3d593110654b [CANDIDATE]: Term 1 election: Requested vote from peers 0efdc3b6c80441f787469523890baa40 (127.0.107.193:34101), f9a924b857b34a03910c55b6b4a929a3 (127.0.107.195:40039)
I20260709 14:46:50.274044   566 tablet_service.cc:1917] Received RequestConsensusVote() RPC: tablet_id: "bec270354c0e4659a18eed5c46fcac21" candidate_uuid: "d8f39ff758fe4480a80c3d593110654b" candidate_term: 1 candidate_status { last_received { term: 0 index: 0 } } ignore_live_leader: false dest_uuid: "0efdc3b6c80441f787469523890baa40"
I20260709 14:46:50.284482   566 raft_consensus.cc:3060] T bec270354c0e4659a18eed5c46fcac21 P 0efdc3b6c80441f787469523890baa40 [term 0 FOLLOWER]: Advancing to term 1
I20260709 14:46:50.285445   758 raft_consensus.cc:359] T 92f8f799e7504de2a8cb5e93db65b58b P d8f39ff758fe4480a80c3d593110654b [term 0 FOLLOWER]: Replica starting. Triggering 0 pending ops. Active config: opid_index: -1 OBSOLETE_local: false peers { permanent_uuid: "0efdc3b6c80441f787469523890baa40" member_type: VOTER last_known_addr { host: "127.0.107.193" port: 34101 } } peers { permanent_uuid: "d8f39ff758fe4480a80c3d593110654b" member_type: VOTER last_known_addr { host: "127.0.107.194" port: 38123 } } peers { permanent_uuid: "f9a924b857b34a03910c55b6b4a929a3" member_type: VOTER last_known_addr { host: "127.0.107.195" port: 40039 } }
I20260709 14:46:50.285946   758 raft_consensus.cc:385] T 92f8f799e7504de2a8cb5e93db65b58b P d8f39ff758fe4480a80c3d593110654b [term 0 FOLLOWER]: Consensus starting up: Expiring failure detector timer to make a prompt election more likely
I20260709 14:46:50.286154   758 raft_consensus.cc:740] T 92f8f799e7504de2a8cb5e93db65b58b P d8f39ff758fe4480a80c3d593110654b [term 0 FOLLOWER]: Becoming Follower/Learner. State: Replica: d8f39ff758fe4480a80c3d593110654b, State: Initialized, Role: FOLLOWER
I20260709 14:46:50.281710   762 tablet_bootstrap.cc:654] T 5a7ff99fdded42639f12916bbf6e55cc P f9a924b857b34a03910c55b6b4a929a3: Neither blocks nor log segments found. Creating new log.
I20260709 14:46:50.286818   758 consensus_queue.cc:260] T 92f8f799e7504de2a8cb5e93db65b58b P d8f39ff758fe4480a80c3d593110654b [NON_LEADER]: Queue going to NON_LEADER mode. State: All replicated index: 0, Majority replicated index: 0, Committed index: 0, Last appended: 0.0, Last appended by leader: 0, Current term: 0, Majority size: -1, State: 0, Mode: NON_LEADER, active raft config: opid_index: -1 OBSOLETE_local: false peers { permanent_uuid: "0efdc3b6c80441f787469523890baa40" member_type: VOTER last_known_addr { host: "127.0.107.193" port: 34101 } } peers { permanent_uuid: "d8f39ff758fe4480a80c3d593110654b" member_type: VOTER last_known_addr { host: "127.0.107.194" port: 38123 } } peers { permanent_uuid: "f9a924b857b34a03910c55b6b4a929a3" member_type: VOTER last_known_addr { host: "127.0.107.195" port: 40039 } }
I20260709 14:46:50.288928   758 ts_tablet_manager.cc:1434] T 92f8f799e7504de2a8cb5e93db65b58b P d8f39ff758fe4480a80c3d593110654b: Time spent starting tablet: real 0.006s	user 0.003s	sys 0.002s
I20260709 14:46:50.289821   758 tablet_bootstrap.cc:492] T f86a937de80b47e2950e289a9130bfb6 P d8f39ff758fe4480a80c3d593110654b: Bootstrap starting.
I20260709 14:46:50.282387   715 tablet_service.cc:1917] Received RequestConsensusVote() RPC: tablet_id: "bec270354c0e4659a18eed5c46fcac21" candidate_uuid: "d8f39ff758fe4480a80c3d593110654b" candidate_term: 1 candidate_status { last_received { term: 0 index: 0 } } ignore_live_leader: false dest_uuid: "f9a924b857b34a03910c55b6b4a929a3" is_pre_election: true
W20260709 14:46:50.293779   607 leader_election.cc:343] T bec270354c0e4659a18eed5c46fcac21 P d8f39ff758fe4480a80c3d593110654b [CANDIDATE]: Term 1 election: Tablet error from VoteRequest() call to peer f9a924b857b34a03910c55b6b4a929a3 (127.0.107.195:40039): Illegal state: must be running to vote when last-logged opid is not known
W20260709 14:46:50.294943   607 leader_election.cc:343] T bec270354c0e4659a18eed5c46fcac21 P d8f39ff758fe4480a80c3d593110654b [CANDIDATE]: Term 1 pre-election: Tablet error from VoteRequest() call to peer f9a924b857b34a03910c55b6b4a929a3 (127.0.107.195:40039): Illegal state: must be running to vote when last-logged opid is not known
I20260709 14:46:50.296736   759 tablet_bootstrap.cc:492] T f39efef27b2f45baa686f8f98aaee4dd P 0efdc3b6c80441f787469523890baa40: No bootstrap required, opened a new log
I20260709 14:46:50.297211   759 ts_tablet_manager.cc:1403] T f39efef27b2f45baa686f8f98aaee4dd P 0efdc3b6c80441f787469523890baa40: Time spent bootstrapping tablet: real 0.057s	user 0.014s	sys 0.001s
I20260709 14:46:50.300645   759 raft_consensus.cc:359] T f39efef27b2f45baa686f8f98aaee4dd P 0efdc3b6c80441f787469523890baa40 [term 0 FOLLOWER]: Replica starting. Triggering 0 pending ops. Active config: opid_index: -1 OBSOLETE_local: false peers { permanent_uuid: "0efdc3b6c80441f787469523890baa40" member_type: VOTER last_known_addr { host: "127.0.107.193" port: 34101 } } peers { permanent_uuid: "d8f39ff758fe4480a80c3d593110654b" member_type: VOTER last_known_addr { host: "127.0.107.194" port: 38123 } } peers { permanent_uuid: "f9a924b857b34a03910c55b6b4a929a3" member_type: VOTER last_known_addr { host: "127.0.107.195" port: 40039 } }
I20260709 14:46:50.301415   759 raft_consensus.cc:385] T f39efef27b2f45baa686f8f98aaee4dd P 0efdc3b6c80441f787469523890baa40 [term 0 FOLLOWER]: Consensus starting up: Expiring failure detector timer to make a prompt election more likely
I20260709 14:46:50.301719   759 raft_consensus.cc:740] T f39efef27b2f45baa686f8f98aaee4dd P 0efdc3b6c80441f787469523890baa40 [term 0 FOLLOWER]: Becoming Follower/Learner. State: Replica: 0efdc3b6c80441f787469523890baa40, State: Initialized, Role: FOLLOWER
I20260709 14:46:50.302438   759 consensus_queue.cc:260] T f39efef27b2f45baa686f8f98aaee4dd P 0efdc3b6c80441f787469523890baa40 [NON_LEADER]: Queue going to NON_LEADER mode. State: All replicated index: 0, Majority replicated index: 0, Committed index: 0, Last appended: 0.0, Last appended by leader: 0, Current term: 0, Majority size: -1, State: 0, Mode: NON_LEADER, active raft config: opid_index: -1 OBSOLETE_local: false peers { permanent_uuid: "0efdc3b6c80441f787469523890baa40" member_type: VOTER last_known_addr { host: "127.0.107.193" port: 34101 } } peers { permanent_uuid: "d8f39ff758fe4480a80c3d593110654b" member_type: VOTER last_known_addr { host: "127.0.107.194" port: 38123 } } peers { permanent_uuid: "f9a924b857b34a03910c55b6b4a929a3" member_type: VOTER last_known_addr { host: "127.0.107.195" port: 40039 } }
I20260709 14:46:50.304250   566 raft_consensus.cc:2468] T bec270354c0e4659a18eed5c46fcac21 P 0efdc3b6c80441f787469523890baa40 [term 1 FOLLOWER]: Leader election vote request: Granting yes vote for candidate d8f39ff758fe4480a80c3d593110654b in term 1.
I20260709 14:46:50.305358   604 leader_election.cc:304] T bec270354c0e4659a18eed5c46fcac21 P d8f39ff758fe4480a80c3d593110654b [CANDIDATE]: Term 1 election: Election decided. Result: candidate won. Election summary: received 3 responses out of 3 voters: 2 yes votes; 1 no votes. yes voters: 0efdc3b6c80441f787469523890baa40, d8f39ff758fe4480a80c3d593110654b; no voters: f9a924b857b34a03910c55b6b4a929a3
I20260709 14:46:50.306583   763 raft_consensus.cc:2804] T bec270354c0e4659a18eed5c46fcac21 P d8f39ff758fe4480a80c3d593110654b [term 1 FOLLOWER]: Leader election won for term 1
I20260709 14:46:50.308429   759 ts_tablet_manager.cc:1434] T f39efef27b2f45baa686f8f98aaee4dd P 0efdc3b6c80441f787469523890baa40: Time spent starting tablet: real 0.011s	user 0.005s	sys 0.004s
I20260709 14:46:50.311275   759 tablet_bootstrap.cc:492] T 823a07550e5f4268b93db2f9ad63ed20 P 0efdc3b6c80441f787469523890baa40: Bootstrap starting.
I20260709 14:46:50.313819   758 tablet_bootstrap.cc:654] T f86a937de80b47e2950e289a9130bfb6 P d8f39ff758fe4480a80c3d593110654b: Neither blocks nor log segments found. Creating new log.
I20260709 14:46:50.310309   762 tablet_bootstrap.cc:492] T 5a7ff99fdded42639f12916bbf6e55cc P f9a924b857b34a03910c55b6b4a929a3: No bootstrap required, opened a new log
I20260709 14:46:50.314373   762 ts_tablet_manager.cc:1403] T 5a7ff99fdded42639f12916bbf6e55cc P f9a924b857b34a03910c55b6b4a929a3: Time spent bootstrapping tablet: real 0.062s	user 0.013s	sys 0.011s
I20260709 14:46:50.317345   762 raft_consensus.cc:359] T 5a7ff99fdded42639f12916bbf6e55cc P f9a924b857b34a03910c55b6b4a929a3 [term 0 FOLLOWER]: Replica starting. Triggering 0 pending ops. Active config: opid_index: -1 OBSOLETE_local: false peers { permanent_uuid: "d8f39ff758fe4480a80c3d593110654b" member_type: VOTER last_known_addr { host: "127.0.107.194" port: 38123 } } peers { permanent_uuid: "f9a924b857b34a03910c55b6b4a929a3" member_type: VOTER last_known_addr { host: "127.0.107.195" port: 40039 } } peers { permanent_uuid: "0efdc3b6c80441f787469523890baa40" member_type: VOTER last_known_addr { host: "127.0.107.193" port: 34101 } }
I20260709 14:46:50.318058   763 raft_consensus.cc:697] T bec270354c0e4659a18eed5c46fcac21 P d8f39ff758fe4480a80c3d593110654b [term 1 LEADER]: Becoming Leader. State: Replica: d8f39ff758fe4480a80c3d593110654b, State: Running, Role: LEADER
I20260709 14:46:50.322357   759 tablet_bootstrap.cc:654] T 823a07550e5f4268b93db2f9ad63ed20 P 0efdc3b6c80441f787469523890baa40: Neither blocks nor log segments found. Creating new log.
I20260709 14:46:50.322819   763 consensus_queue.cc:237] T bec270354c0e4659a18eed5c46fcac21 P d8f39ff758fe4480a80c3d593110654b [LEADER]: Queue going to LEADER mode. State: All replicated index: 0, Majority replicated index: 0, Committed index: 0, Last appended: 0.0, Last appended by leader: 0, Current term: 1, Majority size: 2, State: 0, Mode: LEADER, active raft config: opid_index: -1 OBSOLETE_local: false peers { permanent_uuid: "0efdc3b6c80441f787469523890baa40" member_type: VOTER last_known_addr { host: "127.0.107.193" port: 34101 } } peers { permanent_uuid: "d8f39ff758fe4480a80c3d593110654b" member_type: VOTER last_known_addr { host: "127.0.107.194" port: 38123 } } peers { permanent_uuid: "f9a924b857b34a03910c55b6b4a929a3" member_type: VOTER last_known_addr { host: "127.0.107.195" port: 40039 } }
I20260709 14:46:50.323978   758 tablet_bootstrap.cc:492] T f86a937de80b47e2950e289a9130bfb6 P d8f39ff758fe4480a80c3d593110654b: No bootstrap required, opened a new log
I20260709 14:46:50.324414   758 ts_tablet_manager.cc:1403] T f86a937de80b47e2950e289a9130bfb6 P d8f39ff758fe4480a80c3d593110654b: Time spent bootstrapping tablet: real 0.035s	user 0.006s	sys 0.006s
I20260709 14:46:50.327154   762 raft_consensus.cc:385] T 5a7ff99fdded42639f12916bbf6e55cc P f9a924b857b34a03910c55b6b4a929a3 [term 0 FOLLOWER]: Consensus starting up: Expiring failure detector timer to make a prompt election more likely
I20260709 14:46:50.327508   762 raft_consensus.cc:740] T 5a7ff99fdded42639f12916bbf6e55cc P f9a924b857b34a03910c55b6b4a929a3 [term 0 FOLLOWER]: Becoming Follower/Learner. State: Replica: f9a924b857b34a03910c55b6b4a929a3, State: Initialized, Role: FOLLOWER
I20260709 14:46:50.327425   758 raft_consensus.cc:359] T f86a937de80b47e2950e289a9130bfb6 P d8f39ff758fe4480a80c3d593110654b [term 0 FOLLOWER]: Replica starting. Triggering 0 pending ops. Active config: opid_index: -1 OBSOLETE_local: false peers { permanent_uuid: "0efdc3b6c80441f787469523890baa40" member_type: VOTER last_known_addr { host: "127.0.107.193" port: 34101 } } peers { permanent_uuid: "d8f39ff758fe4480a80c3d593110654b" member_type: VOTER last_known_addr { host: "127.0.107.194" port: 38123 } } peers { permanent_uuid: "f9a924b857b34a03910c55b6b4a929a3" member_type: VOTER last_known_addr { host: "127.0.107.195" port: 40039 } }
I20260709 14:46:50.328299   758 raft_consensus.cc:385] T f86a937de80b47e2950e289a9130bfb6 P d8f39ff758fe4480a80c3d593110654b [term 0 FOLLOWER]: Consensus starting up: Expiring failure detector timer to make a prompt election more likely
I20260709 14:46:50.328809   758 raft_consensus.cc:740] T f86a937de80b47e2950e289a9130bfb6 P d8f39ff758fe4480a80c3d593110654b [term 0 FOLLOWER]: Becoming Follower/Learner. State: Replica: d8f39ff758fe4480a80c3d593110654b, State: Initialized, Role: FOLLOWER
I20260709 14:46:50.328327   762 consensus_queue.cc:260] T 5a7ff99fdded42639f12916bbf6e55cc P f9a924b857b34a03910c55b6b4a929a3 [NON_LEADER]: Queue going to NON_LEADER mode. State: All replicated index: 0, Majority replicated index: 0, Committed index: 0, Last appended: 0.0, Last appended by leader: 0, Current term: 0, Majority size: -1, State: 0, Mode: NON_LEADER, active raft config: opid_index: -1 OBSOLETE_local: false peers { permanent_uuid: "d8f39ff758fe4480a80c3d593110654b" member_type: VOTER last_known_addr { host: "127.0.107.194" port: 38123 } } peers { permanent_uuid: "f9a924b857b34a03910c55b6b4a929a3" member_type: VOTER last_known_addr { host: "127.0.107.195" port: 40039 } } peers { permanent_uuid: "0efdc3b6c80441f787469523890baa40" member_type: VOTER last_known_addr { host: "127.0.107.193" port: 34101 } }
I20260709 14:46:50.330070   775 raft_consensus.cc:493] T 92f8f799e7504de2a8cb5e93db65b58b P d8f39ff758fe4480a80c3d593110654b [term 0 FOLLOWER]: Starting pre-election (no leader contacted us within the election timeout)
I20260709 14:46:50.330502   775 raft_consensus.cc:515] T 92f8f799e7504de2a8cb5e93db65b58b P d8f39ff758fe4480a80c3d593110654b [term 0 FOLLOWER]: Starting pre-election with config: opid_index: -1 OBSOLETE_local: false peers { permanent_uuid: "0efdc3b6c80441f787469523890baa40" member_type: VOTER last_known_addr { host: "127.0.107.193" port: 34101 } } peers { permanent_uuid: "d8f39ff758fe4480a80c3d593110654b" member_type: VOTER last_known_addr { host: "127.0.107.194" port: 38123 } } peers { permanent_uuid: "f9a924b857b34a03910c55b6b4a929a3" member_type: VOTER last_known_addr { host: "127.0.107.195" port: 40039 } }
I20260709 14:46:50.332314   762 ts_tablet_manager.cc:1434] T 5a7ff99fdded42639f12916bbf6e55cc P f9a924b857b34a03910c55b6b4a929a3: Time spent starting tablet: real 0.018s	user 0.004s	sys 0.003s
I20260709 14:46:50.332420   775 leader_election.cc:290] T 92f8f799e7504de2a8cb5e93db65b58b P d8f39ff758fe4480a80c3d593110654b [CANDIDATE]: Term 1 pre-election: Requested pre-vote from peers 0efdc3b6c80441f787469523890baa40 (127.0.107.193:34101), f9a924b857b34a03910c55b6b4a929a3 (127.0.107.195:40039)
I20260709 14:46:50.333436   715 tablet_service.cc:1917] Received RequestConsensusVote() RPC: tablet_id: "92f8f799e7504de2a8cb5e93db65b58b" candidate_uuid: "d8f39ff758fe4480a80c3d593110654b" candidate_term: 1 candidate_status { last_received { term: 0 index: 0 } } ignore_live_leader: false dest_uuid: "f9a924b857b34a03910c55b6b4a929a3" is_pre_election: true
I20260709 14:46:50.333964   566 tablet_service.cc:1917] Received RequestConsensusVote() RPC: tablet_id: "92f8f799e7504de2a8cb5e93db65b58b" candidate_uuid: "d8f39ff758fe4480a80c3d593110654b" candidate_term: 1 candidate_status { last_received { term: 0 index: 0 } } ignore_live_leader: false dest_uuid: "0efdc3b6c80441f787469523890baa40" is_pre_election: true
I20260709 14:46:50.334543   566 raft_consensus.cc:2468] T 92f8f799e7504de2a8cb5e93db65b58b P 0efdc3b6c80441f787469523890baa40 [term 0 FOLLOWER]: Leader pre-election vote request: Granting yes vote for candidate d8f39ff758fe4480a80c3d593110654b in term 0.
I20260709 14:46:50.334676   762 tablet_bootstrap.cc:492] T 027cda0620384a4489956c821e0e8c6e P f9a924b857b34a03910c55b6b4a929a3: Bootstrap starting.
W20260709 14:46:50.334757   607 leader_election.cc:343] T 92f8f799e7504de2a8cb5e93db65b58b P d8f39ff758fe4480a80c3d593110654b [CANDIDATE]: Term 1 pre-election: Tablet error from VoteRequest() call to peer f9a924b857b34a03910c55b6b4a929a3 (127.0.107.195:40039): Illegal state: must be running to vote when last-logged opid is not known
I20260709 14:46:50.335898   604 leader_election.cc:304] T 92f8f799e7504de2a8cb5e93db65b58b P d8f39ff758fe4480a80c3d593110654b [CANDIDATE]: Term 1 pre-election: Election decided. Result: candidate won. Election summary: received 3 responses out of 3 voters: 2 yes votes; 1 no votes. yes voters: 0efdc3b6c80441f787469523890baa40, d8f39ff758fe4480a80c3d593110654b; no voters: f9a924b857b34a03910c55b6b4a929a3
I20260709 14:46:50.336905   775 raft_consensus.cc:2804] T 92f8f799e7504de2a8cb5e93db65b58b P d8f39ff758fe4480a80c3d593110654b [term 0 FOLLOWER]: Leader pre-election won for term 1
I20260709 14:46:50.337229   775 raft_consensus.cc:493] T 92f8f799e7504de2a8cb5e93db65b58b P d8f39ff758fe4480a80c3d593110654b [term 0 FOLLOWER]: Starting leader election (no leader contacted us within the election timeout)
I20260709 14:46:50.337617   775 raft_consensus.cc:3060] T 92f8f799e7504de2a8cb5e93db65b58b P d8f39ff758fe4480a80c3d593110654b [term 0 FOLLOWER]: Advancing to term 1
I20260709 14:46:50.329574   758 consensus_queue.cc:260] T f86a937de80b47e2950e289a9130bfb6 P d8f39ff758fe4480a80c3d593110654b [NON_LEADER]: Queue going to NON_LEADER mode. State: All replicated index: 0, Majority replicated index: 0, Committed index: 0, Last appended: 0.0, Last appended by leader: 0, Current term: 0, Majority size: -1, State: 0, Mode: NON_LEADER, active raft config: opid_index: -1 OBSOLETE_local: false peers { permanent_uuid: "0efdc3b6c80441f787469523890baa40" member_type: VOTER last_known_addr { host: "127.0.107.193" port: 34101 } } peers { permanent_uuid: "d8f39ff758fe4480a80c3d593110654b" member_type: VOTER last_known_addr { host: "127.0.107.194" port: 38123 } } peers { permanent_uuid: "f9a924b857b34a03910c55b6b4a929a3" member_type: VOTER last_known_addr { host: "127.0.107.195" port: 40039 } }
I20260709 14:46:50.344681   763 raft_consensus.cc:493] T 5a7ff99fdded42639f12916bbf6e55cc P d8f39ff758fe4480a80c3d593110654b [term 0 FOLLOWER]: Starting pre-election (no leader contacted us within the election timeout)
I20260709 14:46:50.345166   763 raft_consensus.cc:515] T 5a7ff99fdded42639f12916bbf6e55cc P d8f39ff758fe4480a80c3d593110654b [term 0 FOLLOWER]: Starting pre-election with config: opid_index: -1 OBSOLETE_local: false peers { permanent_uuid: "d8f39ff758fe4480a80c3d593110654b" member_type: VOTER last_known_addr { host: "127.0.107.194" port: 38123 } } peers { permanent_uuid: "f9a924b857b34a03910c55b6b4a929a3" member_type: VOTER last_known_addr { host: "127.0.107.195" port: 40039 } } peers { permanent_uuid: "0efdc3b6c80441f787469523890baa40" member_type: VOTER last_known_addr { host: "127.0.107.193" port: 34101 } }
I20260709 14:46:50.347272   763 leader_election.cc:290] T 5a7ff99fdded42639f12916bbf6e55cc P d8f39ff758fe4480a80c3d593110654b [CANDIDATE]: Term 1 pre-election: Requested pre-vote from peers f9a924b857b34a03910c55b6b4a929a3 (127.0.107.195:40039), 0efdc3b6c80441f787469523890baa40 (127.0.107.193:34101)
I20260709 14:46:50.347930   715 tablet_service.cc:1917] Received RequestConsensusVote() RPC: tablet_id: "5a7ff99fdded42639f12916bbf6e55cc" candidate_uuid: "d8f39ff758fe4480a80c3d593110654b" candidate_term: 1 candidate_status { last_received { term: 0 index: 0 } } ignore_live_leader: false dest_uuid: "f9a924b857b34a03910c55b6b4a929a3" is_pre_election: true
I20260709 14:46:50.348541   715 raft_consensus.cc:2468] T 5a7ff99fdded42639f12916bbf6e55cc P f9a924b857b34a03910c55b6b4a929a3 [term 0 FOLLOWER]: Leader pre-election vote request: Granting yes vote for candidate d8f39ff758fe4480a80c3d593110654b in term 0.
I20260709 14:46:50.349371   566 tablet_service.cc:1917] Received RequestConsensusVote() RPC: tablet_id: "5a7ff99fdded42639f12916bbf6e55cc" candidate_uuid: "d8f39ff758fe4480a80c3d593110654b" candidate_term: 1 candidate_status { last_received { term: 0 index: 0 } } ignore_live_leader: false dest_uuid: "0efdc3b6c80441f787469523890baa40" is_pre_election: true
I20260709 14:46:50.349677   607 leader_election.cc:304] T 5a7ff99fdded42639f12916bbf6e55cc P d8f39ff758fe4480a80c3d593110654b [CANDIDATE]: Term 1 pre-election: Election decided. Result: candidate won. Election summary: received 2 responses out of 3 voters: 2 yes votes; 0 no votes. yes voters: d8f39ff758fe4480a80c3d593110654b, f9a924b857b34a03910c55b6b4a929a3; no voters: 
I20260709 14:46:50.350409   763 raft_consensus.cc:2804] T 5a7ff99fdded42639f12916bbf6e55cc P d8f39ff758fe4480a80c3d593110654b [term 0 FOLLOWER]: Leader pre-election won for term 1
I20260709 14:46:50.350865   763 raft_consensus.cc:493] T 5a7ff99fdded42639f12916bbf6e55cc P d8f39ff758fe4480a80c3d593110654b [term 0 FOLLOWER]: Starting leader election (no leader contacted us within the election timeout)
W20260709 14:46:50.350749   604 leader_election.cc:343] T 5a7ff99fdded42639f12916bbf6e55cc P d8f39ff758fe4480a80c3d593110654b [CANDIDATE]: Term 1 pre-election: Tablet error from VoteRequest() call to peer 0efdc3b6c80441f787469523890baa40 (127.0.107.193:34101): Illegal state: must be running to vote when last-logged opid is not known
I20260709 14:46:50.351289   763 raft_consensus.cc:3060] T 5a7ff99fdded42639f12916bbf6e55cc P d8f39ff758fe4480a80c3d593110654b [term 0 FOLLOWER]: Advancing to term 1
I20260709 14:46:50.351526   775 raft_consensus.cc:515] T 92f8f799e7504de2a8cb5e93db65b58b P d8f39ff758fe4480a80c3d593110654b [term 1 FOLLOWER]: Starting leader election with config: opid_index: -1 OBSOLETE_local: false peers { permanent_uuid: "0efdc3b6c80441f787469523890baa40" member_type: VOTER last_known_addr { host: "127.0.107.193" port: 34101 } } peers { permanent_uuid: "d8f39ff758fe4480a80c3d593110654b" member_type: VOTER last_known_addr { host: "127.0.107.194" port: 38123 } } peers { permanent_uuid: "f9a924b857b34a03910c55b6b4a929a3" member_type: VOTER last_known_addr { host: "127.0.107.195" port: 40039 } }
I20260709 14:46:50.350759   463 catalog_manager.cc:5697] T bec270354c0e4659a18eed5c46fcac21 P d8f39ff758fe4480a80c3d593110654b reported cstate change: term changed from 0 to 1, leader changed from <none> to d8f39ff758fe4480a80c3d593110654b (127.0.107.194). New cstate: current_term: 1 leader_uuid: "d8f39ff758fe4480a80c3d593110654b" committed_config { opid_index: -1 OBSOLETE_local: false peers { permanent_uuid: "0efdc3b6c80441f787469523890baa40" member_type: VOTER last_known_addr { host: "127.0.107.193" port: 34101 } health_report { overall_health: UNKNOWN } } peers { permanent_uuid: "d8f39ff758fe4480a80c3d593110654b" member_type: VOTER last_known_addr { host: "127.0.107.194" port: 38123 } health_report { overall_health: HEALTHY } } peers { permanent_uuid: "f9a924b857b34a03910c55b6b4a929a3" member_type: VOTER last_known_addr { host: "127.0.107.195" port: 40039 } health_report { overall_health: UNKNOWN } } }
I20260709 14:46:50.353583   775 leader_election.cc:290] T 92f8f799e7504de2a8cb5e93db65b58b P d8f39ff758fe4480a80c3d593110654b [CANDIDATE]: Term 1 election: Requested vote from peers 0efdc3b6c80441f787469523890baa40 (127.0.107.193:34101), f9a924b857b34a03910c55b6b4a929a3 (127.0.107.195:40039)
I20260709 14:46:50.354152   566 tablet_service.cc:1917] Received RequestConsensusVote() RPC: tablet_id: "92f8f799e7504de2a8cb5e93db65b58b" candidate_uuid: "d8f39ff758fe4480a80c3d593110654b" candidate_term: 1 candidate_status { last_received { term: 0 index: 0 } } ignore_live_leader: false dest_uuid: "0efdc3b6c80441f787469523890baa40"
I20260709 14:46:50.354597   715 tablet_service.cc:1917] Received RequestConsensusVote() RPC: tablet_id: "92f8f799e7504de2a8cb5e93db65b58b" candidate_uuid: "d8f39ff758fe4480a80c3d593110654b" candidate_term: 1 candidate_status { last_received { term: 0 index: 0 } } ignore_live_leader: false dest_uuid: "f9a924b857b34a03910c55b6b4a929a3"
I20260709 14:46:50.354694   566 raft_consensus.cc:3060] T 92f8f799e7504de2a8cb5e93db65b58b P 0efdc3b6c80441f787469523890baa40 [term 0 FOLLOWER]: Advancing to term 1
W20260709 14:46:50.355955   607 leader_election.cc:343] T 92f8f799e7504de2a8cb5e93db65b58b P d8f39ff758fe4480a80c3d593110654b [CANDIDATE]: Term 1 election: Tablet error from VoteRequest() call to peer f9a924b857b34a03910c55b6b4a929a3 (127.0.107.195:40039): Illegal state: must be running to vote when last-logged opid is not known
I20260709 14:46:50.359493   763 raft_consensus.cc:515] T 5a7ff99fdded42639f12916bbf6e55cc P d8f39ff758fe4480a80c3d593110654b [term 1 FOLLOWER]: Starting leader election with config: opid_index: -1 OBSOLETE_local: false peers { permanent_uuid: "d8f39ff758fe4480a80c3d593110654b" member_type: VOTER last_known_addr { host: "127.0.107.194" port: 38123 } } peers { permanent_uuid: "f9a924b857b34a03910c55b6b4a929a3" member_type: VOTER last_known_addr { host: "127.0.107.195" port: 40039 } } peers { permanent_uuid: "0efdc3b6c80441f787469523890baa40" member_type: VOTER last_known_addr { host: "127.0.107.193" port: 34101 } }
I20260709 14:46:50.361479   763 leader_election.cc:290] T 5a7ff99fdded42639f12916bbf6e55cc P d8f39ff758fe4480a80c3d593110654b [CANDIDATE]: Term 1 election: Requested vote from peers f9a924b857b34a03910c55b6b4a929a3 (127.0.107.195:40039), 0efdc3b6c80441f787469523890baa40 (127.0.107.193:34101)
I20260709 14:46:50.356125   762 tablet_bootstrap.cc:654] T 027cda0620384a4489956c821e0e8c6e P f9a924b857b34a03910c55b6b4a929a3: Neither blocks nor log segments found. Creating new log.
I20260709 14:46:50.362254   715 tablet_service.cc:1917] Received RequestConsensusVote() RPC: tablet_id: "5a7ff99fdded42639f12916bbf6e55cc" candidate_uuid: "d8f39ff758fe4480a80c3d593110654b" candidate_term: 1 candidate_status { last_received { term: 0 index: 0 } } ignore_live_leader: false dest_uuid: "f9a924b857b34a03910c55b6b4a929a3"
I20260709 14:46:50.362898   715 raft_consensus.cc:3060] T 5a7ff99fdded42639f12916bbf6e55cc P f9a924b857b34a03910c55b6b4a929a3 [term 0 FOLLOWER]: Advancing to term 1
I20260709 14:46:50.363526   566 raft_consensus.cc:2468] T 92f8f799e7504de2a8cb5e93db65b58b P 0efdc3b6c80441f787469523890baa40 [term 1 FOLLOWER]: Leader election vote request: Granting yes vote for candidate d8f39ff758fe4480a80c3d593110654b in term 1.
I20260709 14:46:50.366685   604 leader_election.cc:304] T 92f8f799e7504de2a8cb5e93db65b58b P d8f39ff758fe4480a80c3d593110654b [CANDIDATE]: Term 1 election: Election decided. Result: candidate won. Election summary: received 3 responses out of 3 voters: 2 yes votes; 1 no votes. yes voters: 0efdc3b6c80441f787469523890baa40, d8f39ff758fe4480a80c3d593110654b; no voters: f9a924b857b34a03910c55b6b4a929a3
I20260709 14:46:50.367007   565 tablet_service.cc:1917] Received RequestConsensusVote() RPC: tablet_id: "5a7ff99fdded42639f12916bbf6e55cc" candidate_uuid: "d8f39ff758fe4480a80c3d593110654b" candidate_term: 1 candidate_status { last_received { term: 0 index: 0 } } ignore_live_leader: false dest_uuid: "0efdc3b6c80441f787469523890baa40"
I20260709 14:46:50.367532   763 raft_consensus.cc:2804] T 92f8f799e7504de2a8cb5e93db65b58b P d8f39ff758fe4480a80c3d593110654b [term 1 FOLLOWER]: Leader election won for term 1
I20260709 14:46:50.368813   763 raft_consensus.cc:697] T 92f8f799e7504de2a8cb5e93db65b58b P d8f39ff758fe4480a80c3d593110654b [term 1 LEADER]: Becoming Leader. State: Replica: d8f39ff758fe4480a80c3d593110654b, State: Running, Role: LEADER
I20260709 14:46:50.369933   763 consensus_queue.cc:237] T 92f8f799e7504de2a8cb5e93db65b58b P d8f39ff758fe4480a80c3d593110654b [LEADER]: Queue going to LEADER mode. State: All replicated index: 0, Majority replicated index: 0, Committed index: 0, Last appended: 0.0, Last appended by leader: 0, Current term: 1, Majority size: 2, State: 0, Mode: LEADER, active raft config: opid_index: -1 OBSOLETE_local: false peers { permanent_uuid: "0efdc3b6c80441f787469523890baa40" member_type: VOTER last_known_addr { host: "127.0.107.193" port: 34101 } } peers { permanent_uuid: "d8f39ff758fe4480a80c3d593110654b" member_type: VOTER last_known_addr { host: "127.0.107.194" port: 38123 } } peers { permanent_uuid: "f9a924b857b34a03910c55b6b4a929a3" member_type: VOTER last_known_addr { host: "127.0.107.195" port: 40039 } }
W20260709 14:46:50.370625   604 leader_election.cc:343] T 5a7ff99fdded42639f12916bbf6e55cc P d8f39ff758fe4480a80c3d593110654b [CANDIDATE]: Term 1 election: Tablet error from VoteRequest() call to peer 0efdc3b6c80441f787469523890baa40 (127.0.107.193:34101): Illegal state: must be running to vote when last-logged opid is not known
I20260709 14:46:50.371309   759 tablet_bootstrap.cc:492] T 823a07550e5f4268b93db2f9ad63ed20 P 0efdc3b6c80441f787469523890baa40: No bootstrap required, opened a new log
I20260709 14:46:50.371739   759 ts_tablet_manager.cc:1403] T 823a07550e5f4268b93db2f9ad63ed20 P 0efdc3b6c80441f787469523890baa40: Time spent bootstrapping tablet: real 0.061s	user 0.017s	sys 0.000s
I20260709 14:46:50.374504   715 raft_consensus.cc:2468] T 5a7ff99fdded42639f12916bbf6e55cc P f9a924b857b34a03910c55b6b4a929a3 [term 1 FOLLOWER]: Leader election vote request: Granting yes vote for candidate d8f39ff758fe4480a80c3d593110654b in term 1.
I20260709 14:46:50.375617   758 ts_tablet_manager.cc:1434] T f86a937de80b47e2950e289a9130bfb6 P d8f39ff758fe4480a80c3d593110654b: Time spent starting tablet: real 0.051s	user 0.013s	sys 0.013s
I20260709 14:46:50.375506   607 leader_election.cc:304] T 5a7ff99fdded42639f12916bbf6e55cc P d8f39ff758fe4480a80c3d593110654b [CANDIDATE]: Term 1 election: Election decided. Result: candidate won. Election summary: received 3 responses out of 3 voters: 2 yes votes; 1 no votes. yes voters: d8f39ff758fe4480a80c3d593110654b, f9a924b857b34a03910c55b6b4a929a3; no voters: 0efdc3b6c80441f787469523890baa40
I20260709 14:46:50.376242   775 raft_consensus.cc:2804] T 5a7ff99fdded42639f12916bbf6e55cc P d8f39ff758fe4480a80c3d593110654b [term 1 FOLLOWER]: Leader election won for term 1
I20260709 14:46:50.376569   758 tablet_bootstrap.cc:492] T 027cda0620384a4489956c821e0e8c6e P d8f39ff758fe4480a80c3d593110654b: Bootstrap starting.
I20260709 14:46:50.376672   775 raft_consensus.cc:697] T 5a7ff99fdded42639f12916bbf6e55cc P d8f39ff758fe4480a80c3d593110654b [term 1 LEADER]: Becoming Leader. State: Replica: d8f39ff758fe4480a80c3d593110654b, State: Running, Role: LEADER
I20260709 14:46:50.377379   775 consensus_queue.cc:237] T 5a7ff99fdded42639f12916bbf6e55cc P d8f39ff758fe4480a80c3d593110654b [LEADER]: Queue going to LEADER mode. State: All replicated index: 0, Majority replicated index: 0, Committed index: 0, Last appended: 0.0, Last appended by leader: 0, Current term: 1, Majority size: 2, State: 0, Mode: LEADER, active raft config: opid_index: -1 OBSOLETE_local: false peers { permanent_uuid: "d8f39ff758fe4480a80c3d593110654b" member_type: VOTER last_known_addr { host: "127.0.107.194" port: 38123 } } peers { permanent_uuid: "f9a924b857b34a03910c55b6b4a929a3" member_type: VOTER last_known_addr { host: "127.0.107.195" port: 40039 } } peers { permanent_uuid: "0efdc3b6c80441f787469523890baa40" member_type: VOTER last_known_addr { host: "127.0.107.193" port: 34101 } }
I20260709 14:46:50.377599   759 raft_consensus.cc:359] T 823a07550e5f4268b93db2f9ad63ed20 P 0efdc3b6c80441f787469523890baa40 [term 0 FOLLOWER]: Replica starting. Triggering 0 pending ops. Active config: opid_index: -1 OBSOLETE_local: false peers { permanent_uuid: "0efdc3b6c80441f787469523890baa40" member_type: VOTER last_known_addr { host: "127.0.107.193" port: 34101 } } peers { permanent_uuid: "d8f39ff758fe4480a80c3d593110654b" member_type: VOTER last_known_addr { host: "127.0.107.194" port: 38123 } } peers { permanent_uuid: "f9a924b857b34a03910c55b6b4a929a3" member_type: VOTER last_known_addr { host: "127.0.107.195" port: 40039 } }
I20260709 14:46:50.378283   759 raft_consensus.cc:385] T 823a07550e5f4268b93db2f9ad63ed20 P 0efdc3b6c80441f787469523890baa40 [term 0 FOLLOWER]: Consensus starting up: Expiring failure detector timer to make a prompt election more likely
I20260709 14:46:50.378605   759 raft_consensus.cc:740] T 823a07550e5f4268b93db2f9ad63ed20 P 0efdc3b6c80441f787469523890baa40 [term 0 FOLLOWER]: Becoming Follower/Learner. State: Replica: 0efdc3b6c80441f787469523890baa40, State: Initialized, Role: FOLLOWER
I20260709 14:46:50.381035   759 consensus_queue.cc:260] T 823a07550e5f4268b93db2f9ad63ed20 P 0efdc3b6c80441f787469523890baa40 [NON_LEADER]: Queue going to NON_LEADER mode. State: All replicated index: 0, Majority replicated index: 0, Committed index: 0, Last appended: 0.0, Last appended by leader: 0, Current term: 0, Majority size: -1, State: 0, Mode: NON_LEADER, active raft config: opid_index: -1 OBSOLETE_local: false peers { permanent_uuid: "0efdc3b6c80441f787469523890baa40" member_type: VOTER last_known_addr { host: "127.0.107.193" port: 34101 } } peers { permanent_uuid: "d8f39ff758fe4480a80c3d593110654b" member_type: VOTER last_known_addr { host: "127.0.107.194" port: 38123 } } peers { permanent_uuid: "f9a924b857b34a03910c55b6b4a929a3" member_type: VOTER last_known_addr { host: "127.0.107.195" port: 40039 } }
I20260709 14:46:50.382930   758 tablet_bootstrap.cc:654] T 027cda0620384a4489956c821e0e8c6e P d8f39ff758fe4480a80c3d593110654b: Neither blocks nor log segments found. Creating new log.
I20260709 14:46:50.383845   759 ts_tablet_manager.cc:1434] T 823a07550e5f4268b93db2f9ad63ed20 P 0efdc3b6c80441f787469523890baa40: Time spent starting tablet: real 0.012s	user 0.006s	sys 0.002s
I20260709 14:46:50.384850   759 tablet_bootstrap.cc:492] T f86a937de80b47e2950e289a9130bfb6 P 0efdc3b6c80441f787469523890baa40: Bootstrap starting.
I20260709 14:46:50.394137   759 tablet_bootstrap.cc:654] T f86a937de80b47e2950e289a9130bfb6 P 0efdc3b6c80441f787469523890baa40: Neither blocks nor log segments found. Creating new log.
I20260709 14:46:50.404248   762 tablet_bootstrap.cc:492] T 027cda0620384a4489956c821e0e8c6e P f9a924b857b34a03910c55b6b4a929a3: No bootstrap required, opened a new log
I20260709 14:46:50.405398   762 ts_tablet_manager.cc:1403] T 027cda0620384a4489956c821e0e8c6e P f9a924b857b34a03910c55b6b4a929a3: Time spent bootstrapping tablet: real 0.072s	user 0.009s	sys 0.007s
