[==========] Running 8 tests from 2 test suites.
[----------] Global test environment set-up.
[----------] 6 tests from LeaderRebalancerTest
[ RUN      ] LeaderRebalancerTest.FunctionalTestForDivided
WARNING: Logging before InitGoogleLogging() is written to STDERR
I20260709 14:46:09.252283  6169 internal_mini_cluster.cc:156] Creating distributed mini masters. Addrs: 127.6.6.126:42689
I20260709 14:46:09.253669  6169 env_posix.cc:2285] Not raising this process' open files per process limit of 1048576; it is already as high as it can go
I20260709 14:46:09.254755  6169 file_cache.cc:504] Constructed file cache file cache with capacity 419430
W20260709 14:46:09.270197  6176 instance_detector.cc:116] could not retrieve Azure instance metadata: Network error: curl error: HTTP response code said error: The requested URL returned error: 404
W20260709 14:46:09.270232  6178 instance_detector.cc:116] could not retrieve OpenStack instance metadata: Network error: curl error: HTTP response code said error: The requested URL returned error: 404
W20260709 14:46:09.270721  6175 instance_detector.cc:116] could not retrieve AWS instance metadata: Network error: curl error: HTTP response code said error: The requested URL returned error: 404
I20260709 14:46:09.272218  6169 server_base.cc:1061] running on GCE node
I20260709 14:46:10.363217  6169 hybrid_clock.cc:584] initializing the hybrid clock with 'system_unsync' time source
W20260709 14:46:10.363444  6169 system_unsync_time.cc:38] NTP support is disabled. Clock error bounds will not be accurate. This configuration is not suitable for distributed clusters.
I20260709 14:46:10.363677  6169 hybrid_clock.cc:648] HybridClock initialized: now 1783608370363651 us; error 0 us; skew 500 ppm
I20260709 14:46:10.364494  6169 server_base.cc:861] Flag tcmalloc_max_total_thread_cache_bytes is not working since tcmalloc is not enabled.
I20260709 14:46:10.369410  6169 webserver.cc:533] Webserver started at http://127.6.6.126:39591/ using document root <none> and password file <none>
I20260709 14:46:10.370183  6169 fs_manager.cc:362] Metadata directory not provided
I20260709 14:46:10.370383  6169 fs_manager.cc:368] Using write-ahead log directory (fs_wal_dir) as metadata directory
I20260709 14:46:10.370797  6169 server_base.cc:909] This appears to be a new deployment of Kudu; creating new FS layout
I20260709 14:46:10.376253  6169 fs_manager.cc:1068] Generated new instance metadata in path /tmp/dist-test-taskwKb5dQ/test-tmp/auto_leader_rebalancer-test.0.LeaderRebalancerTest.FunctionalTestForDivided.1783608369091559-6169-0/minicluster-data/master-0-root/instance:
uuid: "e538e68ca287494390d3268d4f606a55"
format_stamp: "Formatted at 2026-07-09 14:46:10 on dist-test-slave-1k1k"
I20260709 14:46:10.383508  6169 fs_manager.cc:696] Time spent creating directory manager: real 0.006s	user 0.006s	sys 0.001s
I20260709 14:46:10.388303  6184 log_block_manager.cc:4127] Time spent loading block containers with low live blocks: real 0.000s	user 0.000s	sys 0.000s
I20260709 14:46:10.389358  6169 fs_manager.cc:730] Time spent opening block manager: real 0.003s	user 0.002s	sys 0.003s
I20260709 14:46:10.389714  6169 fs_manager.cc:647] Opened local filesystem: /tmp/dist-test-taskwKb5dQ/test-tmp/auto_leader_rebalancer-test.0.LeaderRebalancerTest.FunctionalTestForDivided.1783608369091559-6169-0/minicluster-data/master-0-root
uuid: "e538e68ca287494390d3268d4f606a55"
format_stamp: "Formatted at 2026-07-09 14:46:10 on dist-test-slave-1k1k"
I20260709 14:46:10.390009  6169 fs_report.cc:389] FS layout report
--------------------
wal directory: /tmp/dist-test-taskwKb5dQ/test-tmp/auto_leader_rebalancer-test.0.LeaderRebalancerTest.FunctionalTestForDivided.1783608369091559-6169-0/minicluster-data/master-0-root
metadata directory: /tmp/dist-test-taskwKb5dQ/test-tmp/auto_leader_rebalancer-test.0.LeaderRebalancerTest.FunctionalTestForDivided.1783608369091559-6169-0/minicluster-data/master-0-root
1 data directories: /tmp/dist-test-taskwKb5dQ/test-tmp/auto_leader_rebalancer-test.0.LeaderRebalancerTest.FunctionalTestForDivided.1783608369091559-6169-0/minicluster-data/master-0-root/data
Total live blocks: 0
Total live bytes: 0
Total live bytes (after alignment): 0
Total number of LBM containers: 0 (0 full)
Did not check for missing blocks
Did not check for orphaned blocks
Total full LBM containers with extra space: 0 (0 repaired)
Total full LBM container extra space in bytes: 0 (0 repaired)
Total incomplete LBM containers: 0 (0 repaired)
Total LBM partial records: 0 (0 repaired)
Total corrupted LBM metadata records in RocksDB: 0 (0 repaired)
I20260709 14:46:10.442687  6169 rpc_server.cc:225] running with OpenSSL 1.1.1  11 Sep 2018
I20260709 14:46:10.444231  6169 env_posix.cc:2285] Not raising this process' running threads per effective uid limit of 18446744073709551615; it is already as high as it can go
I20260709 14:46:10.444674  6169 kserver.cc:163] Server-wide thread pool size limit: 3276
I20260709 14:46:10.511220  6169 rpc_server.cc:307] RPC server started. Bound to: 127.6.6.126:42689
I20260709 14:46:10.511318  6235 acceptor_pool.cc:272] collecting diagnostics on the listening RPC socket 127.6.6.126:42689 every 8 connection(s)
I20260709 14:46:10.518450  6236 data_dirs.cc:400] Could only allocate 1 dirs of requested 3 for tablet 00000000000000000000000000000000. 1 dirs total, 0 dirs full, 0 dirs failed
I20260709 14:46:10.538717  6236 tablet_bootstrap.cc:492] T 00000000000000000000000000000000 P e538e68ca287494390d3268d4f606a55: Bootstrap starting.
I20260709 14:46:10.544221  6236 tablet_bootstrap.cc:654] T 00000000000000000000000000000000 P e538e68ca287494390d3268d4f606a55: Neither blocks nor log segments found. Creating new log.
I20260709 14:46:10.545897  6236 log.cc:826] T 00000000000000000000000000000000 P e538e68ca287494390d3268d4f606a55: Log is configured to *not* fsync() on all Append() calls
I20260709 14:46:10.550051  6236 tablet_bootstrap.cc:492] T 00000000000000000000000000000000 P e538e68ca287494390d3268d4f606a55: No bootstrap required, opened a new log
I20260709 14:46:10.569608  6236 raft_consensus.cc:359] T 00000000000000000000000000000000 P e538e68ca287494390d3268d4f606a55 [term 0 FOLLOWER]: Replica starting. Triggering 0 pending ops. Active config: opid_index: -1 OBSOLETE_local: true peers { permanent_uuid: "e538e68ca287494390d3268d4f606a55" member_type: VOTER }
I20260709 14:46:10.570119  6236 raft_consensus.cc:385] T 00000000000000000000000000000000 P e538e68ca287494390d3268d4f606a55 [term 0 FOLLOWER]: Consensus starting up: Expiring failure detector timer to make a prompt election more likely
I20260709 14:46:10.570318  6236 raft_consensus.cc:740] T 00000000000000000000000000000000 P e538e68ca287494390d3268d4f606a55 [term 0 FOLLOWER]: Becoming Follower/Learner. State: Replica: e538e68ca287494390d3268d4f606a55, State: Initialized, Role: FOLLOWER
I20260709 14:46:10.571182  6236 consensus_queue.cc:260] T 00000000000000000000000000000000 P e538e68ca287494390d3268d4f606a55 [NON_LEADER]: Queue going to NON_LEADER mode. State: All replicated index: 0, Majority replicated index: 0, Committed index: 0, Last appended: 0.0, Last appended by leader: 0, Current term: 0, Majority size: -1, State: 0, Mode: NON_LEADER, active raft config: opid_index: -1 OBSOLETE_local: true peers { permanent_uuid: "e538e68ca287494390d3268d4f606a55" member_type: VOTER }
I20260709 14:46:10.571664  6236 raft_consensus.cc:399] T 00000000000000000000000000000000 P e538e68ca287494390d3268d4f606a55 [term 0 FOLLOWER]: Only one voter in the Raft config. Triggering election immediately
I20260709 14:46:10.571913  6236 raft_consensus.cc:493] T 00000000000000000000000000000000 P e538e68ca287494390d3268d4f606a55 [term 0 FOLLOWER]: Starting leader election (initial election of a single-replica configuration)
I20260709 14:46:10.572184  6236 raft_consensus.cc:3060] T 00000000000000000000000000000000 P e538e68ca287494390d3268d4f606a55 [term 0 FOLLOWER]: Advancing to term 1
I20260709 14:46:10.575994  6236 raft_consensus.cc:515] T 00000000000000000000000000000000 P e538e68ca287494390d3268d4f606a55 [term 1 FOLLOWER]: Starting leader election with config: opid_index: -1 OBSOLETE_local: true peers { permanent_uuid: "e538e68ca287494390d3268d4f606a55" member_type: VOTER }
I20260709 14:46:10.576604  6236 leader_election.cc:304] T 00000000000000000000000000000000 P e538e68ca287494390d3268d4f606a55 [CANDIDATE]: Term 1 election: Election decided. Result: candidate won. Election summary: received 1 responses out of 1 voters: 1 yes votes; 0 no votes. yes voters: e538e68ca287494390d3268d4f606a55; no voters: 
I20260709 14:46:10.578138  6236 leader_election.cc:290] T 00000000000000000000000000000000 P e538e68ca287494390d3268d4f606a55 [CANDIDATE]: Term 1 election: Requested vote from peers 
I20260709 14:46:10.578418  6239 raft_consensus.cc:2804] T 00000000000000000000000000000000 P e538e68ca287494390d3268d4f606a55 [term 1 FOLLOWER]: Leader election won for term 1
I20260709 14:46:10.580394  6239 raft_consensus.cc:697] T 00000000000000000000000000000000 P e538e68ca287494390d3268d4f606a55 [term 1 LEADER]: Becoming Leader. State: Replica: e538e68ca287494390d3268d4f606a55, State: Running, Role: LEADER
I20260709 14:46:10.581226  6239 consensus_queue.cc:237] T 00000000000000000000000000000000 P e538e68ca287494390d3268d4f606a55 [LEADER]: Queue going to LEADER mode. State: All replicated index: 0, Majority replicated index: 0, Committed index: 0, Last appended: 0.0, Last appended by leader: 0, Current term: 1, Majority size: 1, State: 0, Mode: LEADER, active raft config: opid_index: -1 OBSOLETE_local: true peers { permanent_uuid: "e538e68ca287494390d3268d4f606a55" member_type: VOTER }
I20260709 14:46:10.582190  6236 sys_catalog.cc:565] T 00000000000000000000000000000000 P e538e68ca287494390d3268d4f606a55 [sys.catalog]: configured and running, proceeding with master startup.
I20260709 14:46:10.590330  6240 sys_catalog.cc:455] T 00000000000000000000000000000000 P e538e68ca287494390d3268d4f606a55 [sys.catalog]: SysCatalogTable state changed. Reason: RaftConsensus started. Latest consensus state: current_term: 1 leader_uuid: "e538e68ca287494390d3268d4f606a55" committed_config { opid_index: -1 OBSOLETE_local: true peers { permanent_uuid: "e538e68ca287494390d3268d4f606a55" member_type: VOTER } }
I20260709 14:46:10.590601  6241 sys_catalog.cc:455] T 00000000000000000000000000000000 P e538e68ca287494390d3268d4f606a55 [sys.catalog]: SysCatalogTable state changed. Reason: New leader e538e68ca287494390d3268d4f606a55. Latest consensus state: current_term: 1 leader_uuid: "e538e68ca287494390d3268d4f606a55" committed_config { opid_index: -1 OBSOLETE_local: true peers { permanent_uuid: "e538e68ca287494390d3268d4f606a55" member_type: VOTER } }
I20260709 14:46:10.590921  6240 sys_catalog.cc:458] T 00000000000000000000000000000000 P e538e68ca287494390d3268d4f606a55 [sys.catalog]: This master's current role is: LEADER
I20260709 14:46:10.591166  6241 sys_catalog.cc:458] T 00000000000000000000000000000000 P e538e68ca287494390d3268d4f606a55 [sys.catalog]: This master's current role is: LEADER
I20260709 14:46:10.593473  6248 catalog_manager.cc:1511] Loading table and tablet metadata into memory...
I20260709 14:46:10.604946  6248 catalog_manager.cc:1520] Initializing Kudu cluster ID...
I20260709 14:46:10.607033  6169 internal_mini_cluster.cc:184] Waiting to initialize catalog manager on master 0
I20260709 14:46:10.620653  6248 catalog_manager.cc:1383] Generated new cluster ID: 8b456acd0e3245bba9464ac69427dc8f
I20260709 14:46:10.620885  6248 catalog_manager.cc:1531] Initializing Kudu internal certificate authority...
I20260709 14:46:10.650557  6248 catalog_manager.cc:1406] Generated new certificate authority record
I20260709 14:46:10.651933  6248 catalog_manager.cc:1540] Loading token signing keys...
I20260709 14:46:10.664155  6248 catalog_manager.cc:6070] T 00000000000000000000000000000000 P e538e68ca287494390d3268d4f606a55: Generated new TSK 0
I20260709 14:46:10.664921  6248 catalog_manager.cc:1550] Initializing in-progress tserver states...
I20260709 14:46:10.673929  6169 file_cache.cc:504] Constructed file cache file cache with capacity 419430
W20260709 14:46:10.682546  6258 instance_detector.cc:116] could not retrieve AWS instance metadata: Network error: curl error: HTTP response code said error: The requested URL returned error: 404
W20260709 14:46:10.683624  6259 instance_detector.cc:116] could not retrieve Azure instance metadata: Network error: curl error: HTTP response code said error: The requested URL returned error: 404
I20260709 14:46:10.686887  6169 server_base.cc:1061] running on GCE node
W20260709 14:46:10.687556  6261 instance_detector.cc:116] could not retrieve OpenStack instance metadata: Network error: curl error: HTTP response code said error: The requested URL returned error: 404
I20260709 14:46:10.688407  6169 hybrid_clock.cc:584] initializing the hybrid clock with 'system_unsync' time source
W20260709 14:46:10.688617  6169 system_unsync_time.cc:38] NTP support is disabled. Clock error bounds will not be accurate. This configuration is not suitable for distributed clusters.
I20260709 14:46:10.688773  6169 hybrid_clock.cc:648] HybridClock initialized: now 1783608370688756 us; error 0 us; skew 500 ppm
I20260709 14:46:10.689373  6169 server_base.cc:861] Flag tcmalloc_max_total_thread_cache_bytes is not working since tcmalloc is not enabled.
I20260709 14:46:10.693173  6169 webserver.cc:533] Webserver started at http://127.6.6.65:35047/ using document root <none> and password file <none>
I20260709 14:46:10.693672  6169 fs_manager.cc:362] Metadata directory not provided
I20260709 14:46:10.693856  6169 fs_manager.cc:368] Using write-ahead log directory (fs_wal_dir) as metadata directory
I20260709 14:46:10.694108  6169 server_base.cc:909] This appears to be a new deployment of Kudu; creating new FS layout
I20260709 14:46:10.695199  6169 fs_manager.cc:1068] Generated new instance metadata in path /tmp/dist-test-taskwKb5dQ/test-tmp/auto_leader_rebalancer-test.0.LeaderRebalancerTest.FunctionalTestForDivided.1783608369091559-6169-0/minicluster-data/ts-0-root/instance:
uuid: "6713f28183b844dc862194ff98ebeed2"
format_stamp: "Formatted at 2026-07-09 14:46:10 on dist-test-slave-1k1k"
I20260709 14:46:10.702615  6169 fs_manager.cc:696] Time spent creating directory manager: real 0.007s	user 0.003s	sys 0.004s
I20260709 14:46:10.707675  6266 log_block_manager.cc:4127] Time spent loading block containers with low live blocks: real 0.000s	user 0.000s	sys 0.000s
I20260709 14:46:10.708408  6169 fs_manager.cc:730] Time spent opening block manager: real 0.003s	user 0.001s	sys 0.003s
I20260709 14:46:10.708655  6169 fs_manager.cc:647] Opened local filesystem: /tmp/dist-test-taskwKb5dQ/test-tmp/auto_leader_rebalancer-test.0.LeaderRebalancerTest.FunctionalTestForDivided.1783608369091559-6169-0/minicluster-data/ts-0-root
uuid: "6713f28183b844dc862194ff98ebeed2"
format_stamp: "Formatted at 2026-07-09 14:46:10 on dist-test-slave-1k1k"
I20260709 14:46:10.708920  6169 fs_report.cc:389] FS layout report
--------------------
wal directory: /tmp/dist-test-taskwKb5dQ/test-tmp/auto_leader_rebalancer-test.0.LeaderRebalancerTest.FunctionalTestForDivided.1783608369091559-6169-0/minicluster-data/ts-0-root
metadata directory: /tmp/dist-test-taskwKb5dQ/test-tmp/auto_leader_rebalancer-test.0.LeaderRebalancerTest.FunctionalTestForDivided.1783608369091559-6169-0/minicluster-data/ts-0-root
1 data directories: /tmp/dist-test-taskwKb5dQ/test-tmp/auto_leader_rebalancer-test.0.LeaderRebalancerTest.FunctionalTestForDivided.1783608369091559-6169-0/minicluster-data/ts-0-root/data
Total live blocks: 0
Total live bytes: 0
Total live bytes (after alignment): 0
Total number of LBM containers: 0 (0 full)
Did not check for missing blocks
Did not check for orphaned blocks
Total full LBM containers with extra space: 0 (0 repaired)
Total full LBM container extra space in bytes: 0 (0 repaired)
Total incomplete LBM containers: 0 (0 repaired)
Total LBM partial records: 0 (0 repaired)
Total corrupted LBM metadata records in RocksDB: 0 (0 repaired)
I20260709 14:46:10.732817  6169 rpc_server.cc:225] running with OpenSSL 1.1.1  11 Sep 2018
I20260709 14:46:10.734035  6169 kserver.cc:163] Server-wide thread pool size limit: 3276
I20260709 14:46:10.736547  6169 txn_system_client.cc:432] TxnSystemClient initialization is disabled...
I20260709 14:46:10.741027  6169 ts_tablet_manager.cc:585] Loaded tablet metadata (0 total tablets, 0 live tablets)
I20260709 14:46:10.741257  6169 ts_tablet_manager.cc:531] Time spent load tablet metadata: real 0.000s	user 0.000s	sys 0.000s
I20260709 14:46:10.741504  6169 ts_tablet_manager.cc:616] Registered 0 tablets
I20260709 14:46:10.741670  6169 ts_tablet_manager.cc:595] Time spent register tablets: real 0.000s	user 0.000s	sys 0.000s
I20260709 14:46:10.841539  6169 rpc_server.cc:307] RPC server started. Bound to: 127.6.6.65:41007
I20260709 14:46:10.841606  6328 acceptor_pool.cc:272] collecting diagnostics on the listening RPC socket 127.6.6.65:41007 every 8 connection(s)
I20260709 14:46:10.848368  6169 file_cache.cc:504] Constructed file cache file cache with capacity 419430
W20260709 14:46:10.857795  6333 instance_detector.cc:116] could not retrieve AWS instance metadata: Network error: curl error: HTTP response code said error: The requested URL returned error: 404
W20260709 14:46:10.860980  6334 instance_detector.cc:116] could not retrieve Azure instance metadata: Network error: curl error: HTTP response code said error: The requested URL returned error: 404
W20260709 14:46:10.877866  6336 instance_detector.cc:116] could not retrieve OpenStack instance metadata: Network error: curl error: HTTP response code said error: The requested URL returned error: 404
I20260709 14:46:10.878660  6169 server_base.cc:1061] running on GCE node
I20260709 14:46:10.879540  6169 hybrid_clock.cc:584] initializing the hybrid clock with 'system_unsync' time source
W20260709 14:46:10.879813  6169 system_unsync_time.cc:38] NTP support is disabled. Clock error bounds will not be accurate. This configuration is not suitable for distributed clusters.
I20260709 14:46:10.880036  6169 hybrid_clock.cc:648] HybridClock initialized: now 1783608370880009 us; error 0 us; skew 500 ppm
I20260709 14:46:10.880797  6169 server_base.cc:861] Flag tcmalloc_max_total_thread_cache_bytes is not working since tcmalloc is not enabled.
I20260709 14:46:10.883502  6329 heartbeater.cc:344] Connected to a master server at 127.6.6.126:42689
I20260709 14:46:10.884011  6329 heartbeater.cc:461] Registering TS with master...
I20260709 14:46:10.885193  6329 heartbeater.cc:507] Master 127.6.6.126:42689 requested a full tablet report, sending...
I20260709 14:46:10.887233  6169 webserver.cc:533] Webserver started at http://127.6.6.66:35689/ using document root <none> and password file <none>
I20260709 14:46:10.887863  6169 fs_manager.cc:362] Metadata directory not provided
I20260709 14:46:10.888111  6169 fs_manager.cc:368] Using write-ahead log directory (fs_wal_dir) as metadata directory
I20260709 14:46:10.888432  6169 server_base.cc:909] This appears to be a new deployment of Kudu; creating new FS layout
I20260709 14:46:10.888760  6201 ts_manager.cc:194] Registered new tserver with Master: 6713f28183b844dc862194ff98ebeed2 (127.6.6.65:41007)
I20260709 14:46:10.889863  6169 fs_manager.cc:1068] Generated new instance metadata in path /tmp/dist-test-taskwKb5dQ/test-tmp/auto_leader_rebalancer-test.0.LeaderRebalancerTest.FunctionalTestForDivided.1783608369091559-6169-0/minicluster-data/ts-1-root/instance:
uuid: "4dc5ff69d14b428bbf17d42d19f74fae"
format_stamp: "Formatted at 2026-07-09 14:46:10 on dist-test-slave-1k1k"
I20260709 14:46:10.891420  6201 master_service.cc:502] Signed X509 certificate for tserver {username='slave'} at 127.0.0.1:58334
I20260709 14:46:10.895426  6169 fs_manager.cc:696] Time spent creating directory manager: real 0.005s	user 0.007s	sys 0.000s
I20260709 14:46:10.899593  6341 log_block_manager.cc:4127] Time spent loading block containers with low live blocks: real 0.000s	user 0.000s	sys 0.000s
I20260709 14:46:10.900305  6169 fs_manager.cc:730] Time spent opening block manager: real 0.003s	user 0.004s	sys 0.000s
I20260709 14:46:10.900542  6169 fs_manager.cc:647] Opened local filesystem: /tmp/dist-test-taskwKb5dQ/test-tmp/auto_leader_rebalancer-test.0.LeaderRebalancerTest.FunctionalTestForDivided.1783608369091559-6169-0/minicluster-data/ts-1-root
uuid: "4dc5ff69d14b428bbf17d42d19f74fae"
format_stamp: "Formatted at 2026-07-09 14:46:10 on dist-test-slave-1k1k"
I20260709 14:46:10.900779  6169 fs_report.cc:389] FS layout report
--------------------
wal directory: /tmp/dist-test-taskwKb5dQ/test-tmp/auto_leader_rebalancer-test.0.LeaderRebalancerTest.FunctionalTestForDivided.1783608369091559-6169-0/minicluster-data/ts-1-root
metadata directory: /tmp/dist-test-taskwKb5dQ/test-tmp/auto_leader_rebalancer-test.0.LeaderRebalancerTest.FunctionalTestForDivided.1783608369091559-6169-0/minicluster-data/ts-1-root
1 data directories: /tmp/dist-test-taskwKb5dQ/test-tmp/auto_leader_rebalancer-test.0.LeaderRebalancerTest.FunctionalTestForDivided.1783608369091559-6169-0/minicluster-data/ts-1-root/data
Total live blocks: 0
Total live bytes: 0
Total live bytes (after alignment): 0
Total number of LBM containers: 0 (0 full)
Did not check for missing blocks
Did not check for orphaned blocks
Total full LBM containers with extra space: 0 (0 repaired)
Total full LBM container extra space in bytes: 0 (0 repaired)
Total incomplete LBM containers: 0 (0 repaired)
Total LBM partial records: 0 (0 repaired)
Total corrupted LBM metadata records in RocksDB: 0 (0 repaired)
I20260709 14:46:10.944020  6169 rpc_server.cc:225] running with OpenSSL 1.1.1  11 Sep 2018
I20260709 14:46:10.945184  6169 kserver.cc:163] Server-wide thread pool size limit: 3276
I20260709 14:46:10.947408  6169 txn_system_client.cc:432] TxnSystemClient initialization is disabled...
I20260709 14:46:10.950093  6169 ts_tablet_manager.cc:585] Loaded tablet metadata (0 total tablets, 0 live tablets)
I20260709 14:46:10.950263  6169 ts_tablet_manager.cc:531] Time spent load tablet metadata: real 0.000s	user 0.000s	sys 0.000s
I20260709 14:46:10.950492  6169 ts_tablet_manager.cc:616] Registered 0 tablets
I20260709 14:46:10.950631  6169 ts_tablet_manager.cc:595] Time spent register tablets: real 0.000s	user 0.000s	sys 0.000s
I20260709 14:46:11.038767  6169 rpc_server.cc:307] RPC server started. Bound to: 127.6.6.66:37467
I20260709 14:46:11.038872  6403 acceptor_pool.cc:272] collecting diagnostics on the listening RPC socket 127.6.6.66:37467 every 8 connection(s)
I20260709 14:46:11.044873  6169 file_cache.cc:504] Constructed file cache file cache with capacity 419430
W20260709 14:46:11.054891  6407 instance_detector.cc:116] could not retrieve AWS instance metadata: Network error: curl error: HTTP response code said error: The requested URL returned error: 404
W20260709 14:46:11.055893  6408 instance_detector.cc:116] could not retrieve Azure instance metadata: Network error: curl error: HTTP response code said error: The requested URL returned error: 404
I20260709 14:46:11.058482  6404 heartbeater.cc:344] Connected to a master server at 127.6.6.126:42689
I20260709 14:46:11.058903  6404 heartbeater.cc:461] Registering TS with master...
I20260709 14:46:11.059834  6404 heartbeater.cc:507] Master 127.6.6.126:42689 requested a full tablet report, sending...
W20260709 14:46:11.061264  6410 instance_detector.cc:116] could not retrieve OpenStack instance metadata: Network error: curl error: HTTP response code said error: The requested URL returned error: 404
I20260709 14:46:11.061988  6201 ts_manager.cc:194] Registered new tserver with Master: 4dc5ff69d14b428bbf17d42d19f74fae (127.6.6.66:37467)
I20260709 14:46:11.063609  6169 server_base.cc:1061] running on GCE node
I20260709 14:46:11.063671  6201 master_service.cc:502] Signed X509 certificate for tserver {username='slave'} at 127.0.0.1:58342
I20260709 14:46:11.064625  6169 hybrid_clock.cc:584] initializing the hybrid clock with 'system_unsync' time source
W20260709 14:46:11.064889  6169 system_unsync_time.cc:38] NTP support is disabled. Clock error bounds will not be accurate. This configuration is not suitable for distributed clusters.
I20260709 14:46:11.065081  6169 hybrid_clock.cc:648] HybridClock initialized: now 1783608371065064 us; error 0 us; skew 500 ppm
I20260709 14:46:11.065788  6169 server_base.cc:861] Flag tcmalloc_max_total_thread_cache_bytes is not working since tcmalloc is not enabled.
I20260709 14:46:11.069216  6169 webserver.cc:533] Webserver started at http://127.6.6.67:36065/ using document root <none> and password file <none>
I20260709 14:46:11.069831  6169 fs_manager.cc:362] Metadata directory not provided
I20260709 14:46:11.070068  6169 fs_manager.cc:368] Using write-ahead log directory (fs_wal_dir) as metadata directory
I20260709 14:46:11.070363  6169 server_base.cc:909] This appears to be a new deployment of Kudu; creating new FS layout
I20260709 14:46:11.071771  6169 fs_manager.cc:1068] Generated new instance metadata in path /tmp/dist-test-taskwKb5dQ/test-tmp/auto_leader_rebalancer-test.0.LeaderRebalancerTest.FunctionalTestForDivided.1783608369091559-6169-0/minicluster-data/ts-2-root/instance:
uuid: "9396eb4a7b37475c86ee983e39440e16"
format_stamp: "Formatted at 2026-07-09 14:46:11 on dist-test-slave-1k1k"
I20260709 14:46:11.077208  6169 fs_manager.cc:696] Time spent creating directory manager: real 0.005s	user 0.005s	sys 0.000s
I20260709 14:46:11.081130  6415 log_block_manager.cc:4127] Time spent loading block containers with low live blocks: real 0.000s	user 0.000s	sys 0.000s
I20260709 14:46:11.081924  6169 fs_manager.cc:730] Time spent opening block manager: real 0.002s	user 0.001s	sys 0.000s
I20260709 14:46:11.082235  6169 fs_manager.cc:647] Opened local filesystem: /tmp/dist-test-taskwKb5dQ/test-tmp/auto_leader_rebalancer-test.0.LeaderRebalancerTest.FunctionalTestForDivided.1783608369091559-6169-0/minicluster-data/ts-2-root
uuid: "9396eb4a7b37475c86ee983e39440e16"
format_stamp: "Formatted at 2026-07-09 14:46:11 on dist-test-slave-1k1k"
I20260709 14:46:11.082571  6169 fs_report.cc:389] FS layout report
--------------------
wal directory: /tmp/dist-test-taskwKb5dQ/test-tmp/auto_leader_rebalancer-test.0.LeaderRebalancerTest.FunctionalTestForDivided.1783608369091559-6169-0/minicluster-data/ts-2-root
metadata directory: /tmp/dist-test-taskwKb5dQ/test-tmp/auto_leader_rebalancer-test.0.LeaderRebalancerTest.FunctionalTestForDivided.1783608369091559-6169-0/minicluster-data/ts-2-root
1 data directories: /tmp/dist-test-taskwKb5dQ/test-tmp/auto_leader_rebalancer-test.0.LeaderRebalancerTest.FunctionalTestForDivided.1783608369091559-6169-0/minicluster-data/ts-2-root/data
Total live blocks: 0
Total live bytes: 0
Total live bytes (after alignment): 0
Total number of LBM containers: 0 (0 full)
Did not check for missing blocks
Did not check for orphaned blocks
Total full LBM containers with extra space: 0 (0 repaired)
Total full LBM container extra space in bytes: 0 (0 repaired)
Total incomplete LBM containers: 0 (0 repaired)
Total LBM partial records: 0 (0 repaired)
Total corrupted LBM metadata records in RocksDB: 0 (0 repaired)
I20260709 14:46:11.101152  6169 rpc_server.cc:225] running with OpenSSL 1.1.1  11 Sep 2018
I20260709 14:46:11.102648  6169 kserver.cc:163] Server-wide thread pool size limit: 3276
I20260709 14:46:11.104272  6169 txn_system_client.cc:432] TxnSystemClient initialization is disabled...
I20260709 14:46:11.106945  6169 ts_tablet_manager.cc:585] Loaded tablet metadata (0 total tablets, 0 live tablets)
I20260709 14:46:11.107192  6169 ts_tablet_manager.cc:531] Time spent load tablet metadata: real 0.000s	user 0.000s	sys 0.000s
I20260709 14:46:11.107476  6169 ts_tablet_manager.cc:616] Registered 0 tablets
I20260709 14:46:11.107688  6169 ts_tablet_manager.cc:595] Time spent register tablets: real 0.000s	user 0.001s	sys 0.000s
I20260709 14:46:11.185551  6169 rpc_server.cc:307] RPC server started. Bound to: 127.6.6.67:38419
I20260709 14:46:11.185613  6477 acceptor_pool.cc:272] collecting diagnostics on the listening RPC socket 127.6.6.67:38419 every 8 connection(s)
I20260709 14:46:11.201941  6478 heartbeater.cc:344] Connected to a master server at 127.6.6.126:42689
I20260709 14:46:11.202324  6478 heartbeater.cc:461] Registering TS with master...
I20260709 14:46:11.203137  6478 heartbeater.cc:507] Master 127.6.6.126:42689 requested a full tablet report, sending...
I20260709 14:46:11.205020  6201 ts_manager.cc:194] Registered new tserver with Master: 9396eb4a7b37475c86ee983e39440e16 (127.6.6.67:38419)
I20260709 14:46:11.205612  6169 internal_mini_cluster.cc:371] 3 TS(s) registered with all masters after 0.013368717s
I20260709 14:46:11.206351  6201 master_service.cc:502] Signed X509 certificate for tserver {username='slave'} at 127.0.0.1:58346
I20260709 14:46:11.259881  6201 catalog_manager.cc:2283] Servicing CreateTable request from {username='slave'} at 127.0.0.1:58352:
name: "test-workload"
schema {
  columns {
    name: "key"
    type: INT32
    is_key: true
    is_nullable: false
    encoding: AUTO_ENCODING
    compression: DEFAULT_COMPRESSION
    cfile_block_size: 0
    immutable: false
  }
  columns {
    name: "int_val"
    type: INT32
    is_key: false
    is_nullable: false
    encoding: AUTO_ENCODING
    compression: DEFAULT_COMPRESSION
    cfile_block_size: 0
    immutable: false
  }
  columns {
    name: "string_val"
    type: STRING
    is_key: false
    is_nullable: true
    encoding: AUTO_ENCODING
    compression: DEFAULT_COMPRESSION
    cfile_block_size: 0
    immutable: false
  }
}
num_replicas: 3
split_rows_range_bounds {
  rows: "\004\001\000\216\3438\016\004\001\000\034\307q\034\004\001\000\252\252\252*\004\001\0008\216\3438\004\001\000\306q\034G\004\001\000TUUU\004\001\000\3428\216c\004\001\000p\034\307q""\004\001\000\216\3438\016\004\001\000\034\307q\034\004\001\000\252\252\252*\004\001\0008\216\3438\004\001\000\306q\034G\004\001\000TUUU\004\001\000\3428\216c\004\001\000p\034\307q"
  indirect_data: """"
}
partition_schema {
  range_schema {
    columns {
      name: "key"
    }
  }
}
W20260709 14:46:11.263226  6201 catalog_manager.cc:7077] The number of live tablet servers is not enough to re-replicate a tablet replica of the newly created table test-workload in case of a server failure: 4 tablet servers would be needed, 3 are available. Consider bringing up more tablet servers.
I20260709 14:46:11.350252  6369 tablet_service.cc:1511] Processing CreateTablet for tablet be7bc55494d1483d9da159456caad2de (DEFAULT_TABLE table=test-workload [id=b59f0ecc7f7c4138abdc322943585095]), partition=RANGE (key) PARTITION VALUES < 238609294
I20260709 14:46:11.351873  6369 data_dirs.cc:400] Could only allocate 1 dirs of requested 3 for tablet be7bc55494d1483d9da159456caad2de. 1 dirs total, 0 dirs full, 0 dirs failed
I20260709 14:46:11.354264  6367 tablet_service.cc:1511] Processing CreateTablet for tablet d40026703d6e4922b8b2da9cbd186361 (DEFAULT_TABLE table=test-workload [id=b59f0ecc7f7c4138abdc322943585095]), partition=RANGE (key) PARTITION 477218588 <= VALUES < 715827882
I20260709 14:46:11.355530  6367 data_dirs.cc:400] Could only allocate 1 dirs of requested 3 for tablet d40026703d6e4922b8b2da9cbd186361. 1 dirs total, 0 dirs full, 0 dirs failed
I20260709 14:46:11.356642  6368 tablet_service.cc:1511] Processing CreateTablet for tablet e2dc6cf39db445928e3d783e6ac6732a (DEFAULT_TABLE table=test-workload [id=b59f0ecc7f7c4138abdc322943585095]), partition=RANGE (key) PARTITION 238609294 <= VALUES < 477218588
I20260709 14:46:11.357888  6368 data_dirs.cc:400] Could only allocate 1 dirs of requested 3 for tablet e2dc6cf39db445928e3d783e6ac6732a. 1 dirs total, 0 dirs full, 0 dirs failed
I20260709 14:46:11.363302  6443 tablet_service.cc:1511] Processing CreateTablet for tablet be7bc55494d1483d9da159456caad2de (DEFAULT_TABLE table=test-workload [id=b59f0ecc7f7c4138abdc322943585095]), partition=RANGE (key) PARTITION VALUES < 238609294
I20260709 14:46:11.364565  6443 data_dirs.cc:400] Could only allocate 1 dirs of requested 3 for tablet be7bc55494d1483d9da159456caad2de. 1 dirs total, 0 dirs full, 0 dirs failed
I20260709 14:46:11.369086  6442 tablet_service.cc:1511] Processing CreateTablet for tablet e2dc6cf39db445928e3d783e6ac6732a (DEFAULT_TABLE table=test-workload [id=b59f0ecc7f7c4138abdc322943585095]), partition=RANGE (key) PARTITION 238609294 <= VALUES < 477218588
I20260709 14:46:11.370326  6442 data_dirs.cc:400] Could only allocate 1 dirs of requested 3 for tablet e2dc6cf39db445928e3d783e6ac6732a. 1 dirs total, 0 dirs full, 0 dirs failed
I20260709 14:46:11.390667  6294 tablet_service.cc:1511] Processing CreateTablet for tablet be7bc55494d1483d9da159456caad2de (DEFAULT_TABLE table=test-workload [id=b59f0ecc7f7c4138abdc322943585095]), partition=RANGE (key) PARTITION VALUES < 238609294
I20260709 14:46:11.394490  6294 data_dirs.cc:400] Could only allocate 1 dirs of requested 3 for tablet be7bc55494d1483d9da159456caad2de. 1 dirs total, 0 dirs full, 0 dirs failed
I20260709 14:46:11.386109  6441 tablet_service.cc:1511] Processing CreateTablet for tablet d40026703d6e4922b8b2da9cbd186361 (DEFAULT_TABLE table=test-workload [id=b59f0ecc7f7c4138abdc322943585095]), partition=RANGE (key) PARTITION 477218588 <= VALUES < 715827882
I20260709 14:46:11.397084  6292 tablet_service.cc:1511] Processing CreateTablet for tablet d40026703d6e4922b8b2da9cbd186361 (DEFAULT_TABLE table=test-workload [id=b59f0ecc7f7c4138abdc322943585095]), partition=RANGE (key) PARTITION 477218588 <= VALUES < 715827882
I20260709 14:46:11.399318  6292 data_dirs.cc:400] Could only allocate 1 dirs of requested 3 for tablet d40026703d6e4922b8b2da9cbd186361. 1 dirs total, 0 dirs full, 0 dirs failed
I20260709 14:46:11.404474  6293 tablet_service.cc:1511] Processing CreateTablet for tablet e2dc6cf39db445928e3d783e6ac6732a (DEFAULT_TABLE table=test-workload [id=b59f0ecc7f7c4138abdc322943585095]), partition=RANGE (key) PARTITION 238609294 <= VALUES < 477218588
I20260709 14:46:11.406730  6293 data_dirs.cc:400] Could only allocate 1 dirs of requested 3 for tablet e2dc6cf39db445928e3d783e6ac6732a. 1 dirs total, 0 dirs full, 0 dirs failed
I20260709 14:46:11.408314  6440 tablet_service.cc:1511] Processing CreateTablet for tablet 353e3398dc114c8295f183b0cabaf965 (DEFAULT_TABLE table=test-workload [id=b59f0ecc7f7c4138abdc322943585095]), partition=RANGE (key) PARTITION 715827882 <= VALUES < 954437176
I20260709 14:46:11.416069  6366 tablet_service.cc:1511] Processing CreateTablet for tablet 353e3398dc114c8295f183b0cabaf965 (DEFAULT_TABLE table=test-workload [id=b59f0ecc7f7c4138abdc322943585095]), partition=RANGE (key) PARTITION 715827882 <= VALUES < 954437176
I20260709 14:46:11.417402  6441 data_dirs.cc:400] Could only allocate 1 dirs of requested 3 for tablet d40026703d6e4922b8b2da9cbd186361. 1 dirs total, 0 dirs full, 0 dirs failed
I20260709 14:46:11.418210  6439 tablet_service.cc:1511] Processing CreateTablet for tablet d342e440698e4eb59730a5469dc73af8 (DEFAULT_TABLE table=test-workload [id=b59f0ecc7f7c4138abdc322943585095]), partition=RANGE (key) PARTITION 954437176 <= VALUES < 1193046470
I20260709 14:46:11.416997  6290 tablet_service.cc:1511] Processing CreateTablet for tablet d342e440698e4eb59730a5469dc73af8 (DEFAULT_TABLE table=test-workload [id=b59f0ecc7f7c4138abdc322943585095]), partition=RANGE (key) PARTITION 954437176 <= VALUES < 1193046470
I20260709 14:46:11.414558  6291 tablet_service.cc:1511] Processing CreateTablet for tablet 353e3398dc114c8295f183b0cabaf965 (DEFAULT_TABLE table=test-workload [id=b59f0ecc7f7c4138abdc322943585095]), partition=RANGE (key) PARTITION 715827882 <= VALUES < 954437176
I20260709 14:46:11.422586  6365 tablet_service.cc:1511] Processing CreateTablet for tablet 0f26cfcd0f784e9fa5fb59bfd5474871 (DEFAULT_TABLE table=test-workload [id=b59f0ecc7f7c4138abdc322943585095]), partition=RANGE (key) PARTITION 1193046470 <= VALUES < 1431655764
I20260709 14:46:11.422243  6366 data_dirs.cc:400] Could only allocate 1 dirs of requested 3 for tablet 353e3398dc114c8295f183b0cabaf965. 1 dirs total, 0 dirs full, 0 dirs failed
I20260709 14:46:11.430106  6289 tablet_service.cc:1511] Processing CreateTablet for tablet 0f26cfcd0f784e9fa5fb59bfd5474871 (DEFAULT_TABLE table=test-workload [id=b59f0ecc7f7c4138abdc322943585095]), partition=RANGE (key) PARTITION 1193046470 <= VALUES < 1431655764
I20260709 14:46:11.435550  6291 data_dirs.cc:400] Could only allocate 1 dirs of requested 3 for tablet 353e3398dc114c8295f183b0cabaf965. 1 dirs total, 0 dirs full, 0 dirs failed
I20260709 14:46:11.435773  6365 data_dirs.cc:400] Could only allocate 1 dirs of requested 3 for tablet 0f26cfcd0f784e9fa5fb59bfd5474871. 1 dirs total, 0 dirs full, 0 dirs failed
I20260709 14:46:11.426769  6368 tablet_service.cc:1511] Processing CreateTablet for tablet d342e440698e4eb59730a5469dc73af8 (DEFAULT_TABLE table=test-workload [id=b59f0ecc7f7c4138abdc322943585095]), partition=RANGE (key) PARTITION 954437176 <= VALUES < 1193046470
I20260709 14:46:11.463107  6368 data_dirs.cc:400] Could only allocate 1 dirs of requested 3 for tablet d342e440698e4eb59730a5469dc73af8. 1 dirs total, 0 dirs full, 0 dirs failed
I20260709 14:46:11.476994  6439 data_dirs.cc:400] Could only allocate 1 dirs of requested 3 for tablet d342e440698e4eb59730a5469dc73af8. 1 dirs total, 0 dirs full, 0 dirs failed
I20260709 14:46:11.477301  6290 data_dirs.cc:400] Could only allocate 1 dirs of requested 3 for tablet d342e440698e4eb59730a5469dc73af8. 1 dirs total, 0 dirs full, 0 dirs failed
I20260709 14:46:11.478643  6496 tablet_bootstrap.cc:492] T be7bc55494d1483d9da159456caad2de P 9396eb4a7b37475c86ee983e39440e16: Bootstrap starting.
I20260709 14:46:11.478808  6440 data_dirs.cc:400] Could only allocate 1 dirs of requested 3 for tablet 353e3398dc114c8295f183b0cabaf965. 1 dirs total, 0 dirs full, 0 dirs failed
I20260709 14:46:11.485332  6289 data_dirs.cc:400] Could only allocate 1 dirs of requested 3 for tablet 0f26cfcd0f784e9fa5fb59bfd5474871. 1 dirs total, 0 dirs full, 0 dirs failed
I20260709 14:46:11.488601  6442 tablet_service.cc:1511] Processing CreateTablet for tablet 0f26cfcd0f784e9fa5fb59bfd5474871 (DEFAULT_TABLE table=test-workload [id=b59f0ecc7f7c4138abdc322943585095]), partition=RANGE (key) PARTITION 1193046470 <= VALUES < 1431655764
I20260709 14:46:11.490629  6442 data_dirs.cc:400] Could only allocate 1 dirs of requested 3 for tablet 0f26cfcd0f784e9fa5fb59bfd5474871. 1 dirs total, 0 dirs full, 0 dirs failed
I20260709 14:46:11.499547  6497 tablet_bootstrap.cc:492] T be7bc55494d1483d9da159456caad2de P 4dc5ff69d14b428bbf17d42d19f74fae: Bootstrap starting.
I20260709 14:46:11.505702  6288 tablet_service.cc:1511] Processing CreateTablet for tablet dc699b25493c422c948dfb0b41581fa6 (DEFAULT_TABLE table=test-workload [id=b59f0ecc7f7c4138abdc322943585095]), partition=RANGE (key) PARTITION 1431655764 <= VALUES < 1670265058
I20260709 14:46:11.510650  6369 tablet_service.cc:1511] Processing CreateTablet for tablet dc699b25493c422c948dfb0b41581fa6 (DEFAULT_TABLE table=test-workload [id=b59f0ecc7f7c4138abdc322943585095]), partition=RANGE (key) PARTITION 1431655764 <= VALUES < 1670265058
I20260709 14:46:11.519019  6288 data_dirs.cc:400] Could only allocate 1 dirs of requested 3 for tablet dc699b25493c422c948dfb0b41581fa6. 1 dirs total, 0 dirs full, 0 dirs failed
I20260709 14:46:11.517529  6443 tablet_service.cc:1511] Processing CreateTablet for tablet dc699b25493c422c948dfb0b41581fa6 (DEFAULT_TABLE table=test-workload [id=b59f0ecc7f7c4138abdc322943585095]), partition=RANGE (key) PARTITION 1431655764 <= VALUES < 1670265058
I20260709 14:46:11.522739  6438 tablet_service.cc:1511] Processing CreateTablet for tablet 6b000aa9bc4840f29b70b9ba9dcbe1a9 (DEFAULT_TABLE table=test-workload [id=b59f0ecc7f7c4138abdc322943585095]), partition=RANGE (key) PARTITION 1670265058 <= VALUES < 1908874352
I20260709 14:46:11.527354  6438 data_dirs.cc:400] Could only allocate 1 dirs of requested 3 for tablet 6b000aa9bc4840f29b70b9ba9dcbe1a9. 1 dirs total, 0 dirs full, 0 dirs failed
I20260709 14:46:11.529078  6443 data_dirs.cc:400] Could only allocate 1 dirs of requested 3 for tablet dc699b25493c422c948dfb0b41581fa6. 1 dirs total, 0 dirs full, 0 dirs failed
I20260709 14:46:11.524940  6369 data_dirs.cc:400] Could only allocate 1 dirs of requested 3 for tablet dc699b25493c422c948dfb0b41581fa6. 1 dirs total, 0 dirs full, 0 dirs failed
W20260709 14:46:11.597386  6249 auto_rebalancer.cc:288] Could not retrieve cluster info: Service unavailable: Tablet not running
I20260709 14:46:11.540959  6294 tablet_service.cc:1511] Processing CreateTablet for tablet 6b000aa9bc4840f29b70b9ba9dcbe1a9 (DEFAULT_TABLE table=test-workload [id=b59f0ecc7f7c4138abdc322943585095]), partition=RANGE (key) PARTITION 1670265058 <= VALUES < 1908874352
I20260709 14:46:11.601649  6294 data_dirs.cc:400] Could only allocate 1 dirs of requested 3 for tablet 6b000aa9bc4840f29b70b9ba9dcbe1a9. 1 dirs total, 0 dirs full, 0 dirs failed
I20260709 14:46:11.601347  6292 tablet_service.cc:1511] Processing CreateTablet for tablet d61edc6a9fec4a4e98e5595aeee88f1b (DEFAULT_TABLE table=test-workload [id=b59f0ecc7f7c4138abdc322943585095]), partition=RANGE (key) PARTITION 1908874352 <= VALUES
I20260709 14:46:11.542040  6496 tablet_bootstrap.cc:654] T be7bc55494d1483d9da159456caad2de P 9396eb4a7b37475c86ee983e39440e16: Neither blocks nor log segments found. Creating new log.
I20260709 14:46:11.605672  6292 data_dirs.cc:400] Could only allocate 1 dirs of requested 3 for tablet d61edc6a9fec4a4e98e5595aeee88f1b. 1 dirs total, 0 dirs full, 0 dirs failed
I20260709 14:46:11.609155  6368 tablet_service.cc:1511] Processing CreateTablet for tablet d61edc6a9fec4a4e98e5595aeee88f1b (DEFAULT_TABLE table=test-workload [id=b59f0ecc7f7c4138abdc322943585095]), partition=RANGE (key) PARTITION 1908874352 <= VALUES
I20260709 14:46:11.610270  6368 data_dirs.cc:400] Could only allocate 1 dirs of requested 3 for tablet d61edc6a9fec4a4e98e5595aeee88f1b. 1 dirs total, 0 dirs full, 0 dirs failed
I20260709 14:46:11.612007  6497 tablet_bootstrap.cc:654] T be7bc55494d1483d9da159456caad2de P 4dc5ff69d14b428bbf17d42d19f74fae: Neither blocks nor log segments found. Creating new log.
I20260709 14:46:11.626097  6442 tablet_service.cc:1511] Processing CreateTablet for tablet d61edc6a9fec4a4e98e5595aeee88f1b (DEFAULT_TABLE table=test-workload [id=b59f0ecc7f7c4138abdc322943585095]), partition=RANGE (key) PARTITION 1908874352 <= VALUES
I20260709 14:46:11.627241  6442 data_dirs.cc:400] Could only allocate 1 dirs of requested 3 for tablet d61edc6a9fec4a4e98e5595aeee88f1b. 1 dirs total, 0 dirs full, 0 dirs failed
I20260709 14:46:11.541167  6367 tablet_service.cc:1511] Processing CreateTablet for tablet 6b000aa9bc4840f29b70b9ba9dcbe1a9 (DEFAULT_TABLE table=test-workload [id=b59f0ecc7f7c4138abdc322943585095]), partition=RANGE (key) PARTITION 1670265058 <= VALUES < 1908874352
I20260709 14:46:11.628734  6498 tablet_bootstrap.cc:492] T be7bc55494d1483d9da159456caad2de P 6713f28183b844dc862194ff98ebeed2: Bootstrap starting.
I20260709 14:46:11.634204  6367 data_dirs.cc:400] Could only allocate 1 dirs of requested 3 for tablet 6b000aa9bc4840f29b70b9ba9dcbe1a9. 1 dirs total, 0 dirs full, 0 dirs failed
I20260709 14:46:11.636756  6496 tablet_bootstrap.cc:492] T be7bc55494d1483d9da159456caad2de P 9396eb4a7b37475c86ee983e39440e16: No bootstrap required, opened a new log
I20260709 14:46:11.637195  6496 ts_tablet_manager.cc:1403] T be7bc55494d1483d9da159456caad2de P 9396eb4a7b37475c86ee983e39440e16: Time spent bootstrapping tablet: real 0.160s	user 0.015s	sys 0.032s
I20260709 14:46:11.654790  6496 raft_consensus.cc:359] T be7bc55494d1483d9da159456caad2de P 9396eb4a7b37475c86ee983e39440e16 [term 0 FOLLOWER]: Replica starting. Triggering 0 pending ops. Active config: opid_index: -1 OBSOLETE_local: false peers { permanent_uuid: "4dc5ff69d14b428bbf17d42d19f74fae" member_type: VOTER last_known_addr { host: "127.6.6.66" port: 37467 } } peers { permanent_uuid: "6713f28183b844dc862194ff98ebeed2" member_type: VOTER last_known_addr { host: "127.6.6.65" port: 41007 } } peers { permanent_uuid: "9396eb4a7b37475c86ee983e39440e16" member_type: VOTER last_known_addr { host: "127.6.6.67" port: 38419 } }
I20260709 14:46:11.655522  6496 raft_consensus.cc:385] T be7bc55494d1483d9da159456caad2de P 9396eb4a7b37475c86ee983e39440e16 [term 0 FOLLOWER]: Consensus starting up: Expiring failure detector timer to make a prompt election more likely
I20260709 14:46:11.657047  6496 raft_consensus.cc:740] T be7bc55494d1483d9da159456caad2de P 9396eb4a7b37475c86ee983e39440e16 [term 0 FOLLOWER]: Becoming Follower/Learner. State: Replica: 9396eb4a7b37475c86ee983e39440e16, State: Initialized, Role: FOLLOWER
I20260709 14:46:11.659621  6496 consensus_queue.cc:260] T be7bc55494d1483d9da159456caad2de P 9396eb4a7b37475c86ee983e39440e16 [NON_LEADER]: Queue going to NON_LEADER mode. State: All replicated index: 0, Majority replicated index: 0, Committed index: 0, Last appended: 0.0, Last appended by leader: 0, Current term: 0, Majority size: -1, State: 0, Mode: NON_LEADER, active raft config: opid_index: -1 OBSOLETE_local: false peers { permanent_uuid: "4dc5ff69d14b428bbf17d42d19f74fae" member_type: VOTER last_known_addr { host: "127.6.6.66" port: 37467 } } peers { permanent_uuid: "6713f28183b844dc862194ff98ebeed2" member_type: VOTER last_known_addr { host: "127.6.6.65" port: 41007 } } peers { permanent_uuid: "9396eb4a7b37475c86ee983e39440e16" member_type: VOTER last_known_addr { host: "127.6.6.67" port: 38419 } }
I20260709 14:46:11.661646  6497 tablet_bootstrap.cc:492] T be7bc55494d1483d9da159456caad2de P 4dc5ff69d14b428bbf17d42d19f74fae: No bootstrap required, opened a new log
I20260709 14:46:11.662541  6497 ts_tablet_manager.cc:1403] T be7bc55494d1483d9da159456caad2de P 4dc5ff69d14b428bbf17d42d19f74fae: Time spent bootstrapping tablet: real 0.165s	user 0.019s	sys 0.008s
I20260709 14:46:11.665179  6498 tablet_bootstrap.cc:654] T be7bc55494d1483d9da159456caad2de P 6713f28183b844dc862194ff98ebeed2: Neither blocks nor log segments found. Creating new log.
I20260709 14:46:11.666458  6497 raft_consensus.cc:359] T be7bc55494d1483d9da159456caad2de P 4dc5ff69d14b428bbf17d42d19f74fae [term 0 FOLLOWER]: Replica starting. Triggering 0 pending ops. Active config: opid_index: -1 OBSOLETE_local: false peers { permanent_uuid: "4dc5ff69d14b428bbf17d42d19f74fae" member_type: VOTER last_known_addr { host: "127.6.6.66" port: 37467 } } peers { permanent_uuid: "6713f28183b844dc862194ff98ebeed2" member_type: VOTER last_known_addr { host: "127.6.6.65" port: 41007 } } peers { permanent_uuid: "9396eb4a7b37475c86ee983e39440e16" member_type: VOTER last_known_addr { host: "127.6.6.67" port: 38419 } }
I20260709 14:46:11.668110  6497 raft_consensus.cc:385] T be7bc55494d1483d9da159456caad2de P 4dc5ff69d14b428bbf17d42d19f74fae [term 0 FOLLOWER]: Consensus starting up: Expiring failure detector timer to make a prompt election more likely
I20260709 14:46:11.669548  6497 raft_consensus.cc:740] T be7bc55494d1483d9da159456caad2de P 4dc5ff69d14b428bbf17d42d19f74fae [term 0 FOLLOWER]: Becoming Follower/Learner. State: Replica: 4dc5ff69d14b428bbf17d42d19f74fae, State: Initialized, Role: FOLLOWER
I20260709 14:46:11.670085  6478 heartbeater.cc:499] Master 127.6.6.126:42689 was elected leader, sending a full tablet report...
I20260709 14:46:11.670385  6497 consensus_queue.cc:260] T be7bc55494d1483d9da159456caad2de P 4dc5ff69d14b428bbf17d42d19f74fae [NON_LEADER]: Queue going to NON_LEADER mode. State: All replicated index: 0, Majority replicated index: 0, Committed index: 0, Last appended: 0.0, Last appended by leader: 0, Current term: 0, Majority size: -1, State: 0, Mode: NON_LEADER, active raft config: opid_index: -1 OBSOLETE_local: false peers { permanent_uuid: "4dc5ff69d14b428bbf17d42d19f74fae" member_type: VOTER last_known_addr { host: "127.6.6.66" port: 37467 } } peers { permanent_uuid: "6713f28183b844dc862194ff98ebeed2" member_type: VOTER last_known_addr { host: "127.6.6.65" port: 41007 } } peers { permanent_uuid: "9396eb4a7b37475c86ee983e39440e16" member_type: VOTER last_known_addr { host: "127.6.6.67" port: 38419 } }
I20260709 14:46:11.670842  6496 ts_tablet_manager.cc:1434] T be7bc55494d1483d9da159456caad2de P 9396eb4a7b37475c86ee983e39440e16: Time spent starting tablet: real 0.033s	user 0.014s	sys 0.000s
I20260709 14:46:11.672394  6496 tablet_bootstrap.cc:492] T e2dc6cf39db445928e3d783e6ac6732a P 9396eb4a7b37475c86ee983e39440e16: Bootstrap starting.
I20260709 14:46:11.679405  6404 heartbeater.cc:499] Master 127.6.6.126:42689 was elected leader, sending a full tablet report...
I20260709 14:46:11.681466  6497 ts_tablet_manager.cc:1434] T be7bc55494d1483d9da159456caad2de P 4dc5ff69d14b428bbf17d42d19f74fae: Time spent starting tablet: real 0.019s	user 0.009s	sys 0.001s
I20260709 14:46:11.682341  6497 tablet_bootstrap.cc:492] T e2dc6cf39db445928e3d783e6ac6732a P 4dc5ff69d14b428bbf17d42d19f74fae: Bootstrap starting.
I20260709 14:46:11.683233  6496 tablet_bootstrap.cc:654] T e2dc6cf39db445928e3d783e6ac6732a P 9396eb4a7b37475c86ee983e39440e16: Neither blocks nor log segments found. Creating new log.
I20260709 14:46:11.688279  6497 tablet_bootstrap.cc:654] T e2dc6cf39db445928e3d783e6ac6732a P 4dc5ff69d14b428bbf17d42d19f74fae: Neither blocks nor log segments found. Creating new log.
I20260709 14:46:11.692863  6498 tablet_bootstrap.cc:492] T be7bc55494d1483d9da159456caad2de P 6713f28183b844dc862194ff98ebeed2: No bootstrap required, opened a new log
I20260709 14:46:11.693285  6498 ts_tablet_manager.cc:1403] T be7bc55494d1483d9da159456caad2de P 6713f28183b844dc862194ff98ebeed2: Time spent bootstrapping tablet: real 0.066s	user 0.011s	sys 0.003s
W20260709 14:46:11.693269  6479 tablet.cc:2406] T be7bc55494d1483d9da159456caad2de P 9396eb4a7b37475c86ee983e39440e16: Can't schedule compaction. Clean time has not been advanced past its initial value.
