I20260709 14:46:37.493114  7426 tablet_service.cc:1917] Received RequestConsensusVote() RPC: tablet_id: "58b677217452408ba9c7114c3fe6d0ca" candidate_uuid: "2dd2402fde054e99b66c98ebb66f7066" candidate_term: 1 candidate_status { last_received { term: 0 index: 0 } } ignore_live_leader: false dest_uuid: "6d06098a80ec4d8e87c303749998f8c2" is_pre_election: true
W20260709 14:46:37.491211  7729 log.cc:927] Time spent T 59e1a7dd692346c69742573d3be830ac P 3aa06dd775a748c788799593083fac77: Append to log took a long time: real 0.064s	user 0.000s	sys 0.001s
I20260709 14:46:37.494611  7530 raft_consensus.cc:2749] T a92f88a61db548bb9edd9175cf30e1a4 P 3aa06dd775a748c788799593083fac77 [term 1 FOLLOWER]: Leader pre-election lost for term 1. Reason: could not achieve majority
I20260709 14:46:37.495019  7427 tablet_service.cc:1917] Received RequestConsensusVote() RPC: tablet_id: "a811be2b607a447abe29c84d82e73e8e" candidate_uuid: "2dd2402fde054e99b66c98ebb66f7066" candidate_term: 1 candidate_status { last_received { term: 0 index: 0 } } ignore_live_leader: false dest_uuid: "6d06098a80ec4d8e87c303749998f8c2" is_pre_election: true
I20260709 14:46:37.493791  7426 raft_consensus.cc:2468] T 58b677217452408ba9c7114c3fe6d0ca P 6d06098a80ec4d8e87c303749998f8c2 [term 0 FOLLOWER]: Leader pre-election vote request: Granting yes vote for candidate 2dd2402fde054e99b66c98ebb66f7066 in term 0.
I20260709 14:46:37.496795  7320 leader_election.cc:304] T a811be2b607a447abe29c84d82e73e8e P 2dd2402fde054e99b66c98ebb66f7066 [CANDIDATE]: Term 1 pre-election: Election decided. Result: candidate lost. Election summary: received 3 responses out of 3 voters: 1 yes votes; 2 no votes. yes voters: 2dd2402fde054e99b66c98ebb66f7066; no voters: 3aa06dd775a748c788799593083fac77, 6d06098a80ec4d8e87c303749998f8c2
I20260709 14:46:37.498171  7523 raft_consensus.cc:3060] T a811be2b607a447abe29c84d82e73e8e P 2dd2402fde054e99b66c98ebb66f7066 [term 0 FOLLOWER]: Advancing to term 1
I20260709 14:46:37.491842  7474 leader_election.cc:290] T a811be2b607a447abe29c84d82e73e8e P 2dd2402fde054e99b66c98ebb66f7066 [CANDIDATE]: Term 1 pre-election: Requested pre-vote from peers 3aa06dd775a748c788799593083fac77 (127.6.6.65:38703), 6d06098a80ec4d8e87c303749998f8c2 (127.6.6.67:41709)
I20260709 14:46:37.508890  7320 leader_election.cc:304] T 58b677217452408ba9c7114c3fe6d0ca P 2dd2402fde054e99b66c98ebb66f7066 [CANDIDATE]: Term 1 pre-election: Election decided. Result: candidate won. Election summary: received 3 responses out of 3 voters: 2 yes votes; 1 no votes. yes voters: 2dd2402fde054e99b66c98ebb66f7066, 6d06098a80ec4d8e87c303749998f8c2; no voters: 3aa06dd775a748c788799593083fac77
I20260709 14:46:37.511863  7469 tablet_bootstrap.cc:654] T 894182287a6c4ac7a7f78ccb3ea5511a P 2dd2402fde054e99b66c98ebb66f7066: Neither blocks nor log segments found. Creating new log.
I20260709 14:46:37.513651  7524 raft_consensus.cc:2804] T 58b677217452408ba9c7114c3fe6d0ca P 2dd2402fde054e99b66c98ebb66f7066 [term 0 FOLLOWER]: Leader pre-election won for term 1
I20260709 14:46:37.514038  7524 raft_consensus.cc:493] T 58b677217452408ba9c7114c3fe6d0ca P 2dd2402fde054e99b66c98ebb66f7066 [term 0 FOLLOWER]: Starting leader election (no leader contacted us within the election timeout)
I20260709 14:46:37.514374  7524 raft_consensus.cc:3060] T 58b677217452408ba9c7114c3fe6d0ca P 2dd2402fde054e99b66c98ebb66f7066 [term 0 FOLLOWER]: Advancing to term 1
I20260709 14:46:37.520959  7523 raft_consensus.cc:2749] T a811be2b607a447abe29c84d82e73e8e P 2dd2402fde054e99b66c98ebb66f7066 [term 1 FOLLOWER]: Leader pre-election lost for term 1. Reason: could not achieve majority
I20260709 14:46:37.545367  7530 consensus_queue.cc:1048] T 8c352e28f4ae4e8b84761101e4f3e813 P 3aa06dd775a748c788799593083fac77 [LEADER]: Connected to new peer: Peer: permanent_uuid: "6d06098a80ec4d8e87c303749998f8c2" member_type: VOTER last_known_addr { host: "127.6.6.67" port: 41709 }, Status: LMP_MISMATCH, Last received: 0.0, Next index: 1, Last known committed idx: 0, Time since last communication: 0.000s
I20260709 14:46:37.553103  7515 consensus_queue.cc:1048] T a92f88a61db548bb9edd9175cf30e1a4 P 6d06098a80ec4d8e87c303749998f8c2 [LEADER]: Connected to new peer: Peer: permanent_uuid: "2dd2402fde054e99b66c98ebb66f7066" member_type: VOTER last_known_addr { host: "127.6.6.66" port: 41555 }, Status: LMP_MISMATCH, Last received: 0.0, Next index: 1, Last known committed idx: 0, Time since last communication: 0.000s
I20260709 14:46:37.558300  7524 raft_consensus.cc:515] T 58b677217452408ba9c7114c3fe6d0ca P 2dd2402fde054e99b66c98ebb66f7066 [term 1 FOLLOWER]: Starting leader election with config: opid_index: -1 OBSOLETE_local: false peers { permanent_uuid: "3aa06dd775a748c788799593083fac77" member_type: VOTER last_known_addr { host: "127.6.6.65" port: 38703 } } peers { permanent_uuid: "2dd2402fde054e99b66c98ebb66f7066" member_type: VOTER last_known_addr { host: "127.6.6.66" port: 41555 } } peers { permanent_uuid: "6d06098a80ec4d8e87c303749998f8c2" member_type: VOTER last_known_addr { host: "127.6.6.67" port: 41709 } }
I20260709 14:46:37.565369  7279 tablet_service.cc:1917] Received RequestConsensusVote() RPC: tablet_id: "58b677217452408ba9c7114c3fe6d0ca" candidate_uuid: "2dd2402fde054e99b66c98ebb66f7066" candidate_term: 1 candidate_status { last_received { term: 0 index: 0 } } ignore_live_leader: false dest_uuid: "3aa06dd775a748c788799593083fac77"
I20260709 14:46:37.566148  7471 tablet_bootstrap.cc:492] T bde67174c57047cfa38054f1cea92c1f P 6d06098a80ec4d8e87c303749998f8c2: No bootstrap required, opened a new log
I20260709 14:46:37.568583  7471 ts_tablet_manager.cc:1403] T bde67174c57047cfa38054f1cea92c1f P 6d06098a80ec4d8e87c303749998f8c2: Time spent bootstrapping tablet: real 0.203s	user 0.015s	sys 0.055s
W20260709 14:46:37.572079  7318 leader_election.cc:343] T 58b677217452408ba9c7114c3fe6d0ca P 2dd2402fde054e99b66c98ebb66f7066 [CANDIDATE]: Term 1 election: Tablet error from VoteRequest() call to peer 3aa06dd775a748c788799593083fac77 (127.6.6.65:38703): Illegal state: must be running to vote when last-logged opid is not known
I20260709 14:46:37.572304  7470 tablet_bootstrap.cc:492] T b6b23c1fa9a54ed8b4697b9ddd73041e P 3aa06dd775a748c788799593083fac77: No bootstrap required, opened a new log
I20260709 14:46:37.572772  7470 ts_tablet_manager.cc:1403] T b6b23c1fa9a54ed8b4697b9ddd73041e P 3aa06dd775a748c788799593083fac77: Time spent bootstrapping tablet: real 0.151s	user 0.032s	sys 0.012s
I20260709 14:46:37.572072  7471 raft_consensus.cc:359] T bde67174c57047cfa38054f1cea92c1f P 6d06098a80ec4d8e87c303749998f8c2 [term 0 FOLLOWER]: Replica starting. Triggering 0 pending ops. Active config: opid_index: -1 OBSOLETE_local: false peers { permanent_uuid: "3aa06dd775a748c788799593083fac77" member_type: VOTER last_known_addr { host: "127.6.6.65" port: 38703 } } peers { permanent_uuid: "2dd2402fde054e99b66c98ebb66f7066" member_type: VOTER last_known_addr { host: "127.6.6.66" port: 41555 } } peers { permanent_uuid: "6d06098a80ec4d8e87c303749998f8c2" member_type: VOTER last_known_addr { host: "127.6.6.67" port: 41709 } }
I20260709 14:46:37.573967  7471 raft_consensus.cc:385] T bde67174c57047cfa38054f1cea92c1f P 6d06098a80ec4d8e87c303749998f8c2 [term 0 FOLLOWER]: Consensus starting up: Expiring failure detector timer to make a prompt election more likely
I20260709 14:46:37.574219  7471 raft_consensus.cc:740] T bde67174c57047cfa38054f1cea92c1f P 6d06098a80ec4d8e87c303749998f8c2 [term 0 FOLLOWER]: Becoming Follower/Learner. State: Replica: 6d06098a80ec4d8e87c303749998f8c2, State: Initialized, Role: FOLLOWER
I20260709 14:46:37.574821  7471 consensus_queue.cc:260] T bde67174c57047cfa38054f1cea92c1f P 6d06098a80ec4d8e87c303749998f8c2 [NON_LEADER]: Queue going to NON_LEADER mode. State: All replicated index: 0, Majority replicated index: 0, Committed index: 0, Last appended: 0.0, Last appended by leader: 0, Current term: 0, Majority size: -1, State: 0, Mode: NON_LEADER, active raft config: opid_index: -1 OBSOLETE_local: false peers { permanent_uuid: "3aa06dd775a748c788799593083fac77" member_type: VOTER last_known_addr { host: "127.6.6.65" port: 38703 } } peers { permanent_uuid: "2dd2402fde054e99b66c98ebb66f7066" member_type: VOTER last_known_addr { host: "127.6.6.66" port: 41555 } } peers { permanent_uuid: "6d06098a80ec4d8e87c303749998f8c2" member_type: VOTER last_known_addr { host: "127.6.6.67" port: 41709 } }
I20260709 14:46:37.575629  7470 raft_consensus.cc:359] T b6b23c1fa9a54ed8b4697b9ddd73041e P 3aa06dd775a748c788799593083fac77 [term 0 FOLLOWER]: Replica starting. Triggering 0 pending ops. Active config: opid_index: -1 OBSOLETE_local: false peers { permanent_uuid: "3aa06dd775a748c788799593083fac77" member_type: VOTER last_known_addr { host: "127.6.6.65" port: 38703 } } peers { permanent_uuid: "2dd2402fde054e99b66c98ebb66f7066" member_type: VOTER last_known_addr { host: "127.6.6.66" port: 41555 } } peers { permanent_uuid: "6d06098a80ec4d8e87c303749998f8c2" member_type: VOTER last_known_addr { host: "127.6.6.67" port: 41709 } }
I20260709 14:46:37.576221  7470 raft_consensus.cc:385] T b6b23c1fa9a54ed8b4697b9ddd73041e P 3aa06dd775a748c788799593083fac77 [term 0 FOLLOWER]: Consensus starting up: Expiring failure detector timer to make a prompt election more likely
I20260709 14:46:37.576454  7470 raft_consensus.cc:740] T b6b23c1fa9a54ed8b4697b9ddd73041e P 3aa06dd775a748c788799593083fac77 [term 0 FOLLOWER]: Becoming Follower/Learner. State: Replica: 3aa06dd775a748c788799593083fac77, State: Initialized, Role: FOLLOWER
I20260709 14:46:37.576731  7471 ts_tablet_manager.cc:1434] T bde67174c57047cfa38054f1cea92c1f P 6d06098a80ec4d8e87c303749998f8c2: Time spent starting tablet: real 0.008s	user 0.002s	sys 0.003s
I20260709 14:46:37.577008  7470 consensus_queue.cc:260] T b6b23c1fa9a54ed8b4697b9ddd73041e P 3aa06dd775a748c788799593083fac77 [NON_LEADER]: Queue going to NON_LEADER mode. State: All replicated index: 0, Majority replicated index: 0, Committed index: 0, Last appended: 0.0, Last appended by leader: 0, Current term: 0, Majority size: -1, State: 0, Mode: NON_LEADER, active raft config: opid_index: -1 OBSOLETE_local: false peers { permanent_uuid: "3aa06dd775a748c788799593083fac77" member_type: VOTER last_known_addr { host: "127.6.6.65" port: 38703 } } peers { permanent_uuid: "2dd2402fde054e99b66c98ebb66f7066" member_type: VOTER last_known_addr { host: "127.6.6.66" port: 41555 } } peers { permanent_uuid: "6d06098a80ec4d8e87c303749998f8c2" member_type: VOTER last_known_addr { host: "127.6.6.67" port: 41709 } }
I20260709 14:46:37.577574  7471 tablet_bootstrap.cc:492] T b6b23c1fa9a54ed8b4697b9ddd73041e P 6d06098a80ec4d8e87c303749998f8c2: Bootstrap starting.
I20260709 14:46:37.585152  7470 ts_tablet_manager.cc:1434] T b6b23c1fa9a54ed8b4697b9ddd73041e P 3aa06dd775a748c788799593083fac77: Time spent starting tablet: real 0.012s	user 0.006s	sys 0.000s
I20260709 14:46:37.587684  7524 leader_election.cc:290] T 58b677217452408ba9c7114c3fe6d0ca P 2dd2402fde054e99b66c98ebb66f7066 [CANDIDATE]: Term 1 election: Requested vote from peers 3aa06dd775a748c788799593083fac77 (127.6.6.65:38703), 6d06098a80ec4d8e87c303749998f8c2 (127.6.6.67:41709)
I20260709 14:46:37.586411  7470 tablet_bootstrap.cc:492] T a52f4c2479a84d26801ce573ef10f12e P 3aa06dd775a748c788799593083fac77: Bootstrap starting.
I20260709 14:46:37.602722  7279 raft_consensus.cc:3060] T dd9bca0fddf3429e96c18d3032f58f2d P 3aa06dd775a748c788799593083fac77 [term 0 FOLLOWER]: Advancing to term 1
I20260709 14:46:37.604440  7469 tablet_bootstrap.cc:492] T 894182287a6c4ac7a7f78ccb3ea5511a P 2dd2402fde054e99b66c98ebb66f7066: No bootstrap required, opened a new log
I20260709 14:46:37.604908  7469 ts_tablet_manager.cc:1403] T 894182287a6c4ac7a7f78ccb3ea5511a P 2dd2402fde054e99b66c98ebb66f7066: Time spent bootstrapping tablet: real 0.233s	user 0.008s	sys 0.007s
I20260709 14:46:37.600590  7515 consensus_queue.cc:1048] T a811be2b607a447abe29c84d82e73e8e P 6d06098a80ec4d8e87c303749998f8c2 [LEADER]: Connected to new peer: Peer: permanent_uuid: "3aa06dd775a748c788799593083fac77" member_type: VOTER last_known_addr { host: "127.6.6.65" port: 38703 }, Status: LMP_MISMATCH, Last received: 0.0, Next index: 1, Last known committed idx: 0, Time since last communication: 0.008s
I20260709 14:46:37.610284  7524 consensus_queue.cc:1048] T dd9bca0fddf3429e96c18d3032f58f2d P 2dd2402fde054e99b66c98ebb66f7066 [LEADER]: Connected to new peer: Peer: permanent_uuid: "3aa06dd775a748c788799593083fac77" member_type: VOTER last_known_addr { host: "127.6.6.65" port: 38703 }, Status: LMP_MISMATCH, Last received: 0.0, Next index: 1, Last known committed idx: 0, Time since last communication: 0.000s
I20260709 14:46:37.610606  7515 raft_consensus.cc:493] T 892fcf0f2df14bd6bce385330be48ace P 6d06098a80ec4d8e87c303749998f8c2 [term 0 FOLLOWER]: Starting pre-election (no leader contacted us within the election timeout)
I20260709 14:46:37.611066  7515 raft_consensus.cc:515] T 892fcf0f2df14bd6bce385330be48ace P 6d06098a80ec4d8e87c303749998f8c2 [term 0 FOLLOWER]: Starting pre-election with config: opid_index: -1 OBSOLETE_local: false peers { permanent_uuid: "3aa06dd775a748c788799593083fac77" member_type: VOTER last_known_addr { host: "127.6.6.65" port: 38703 } } peers { permanent_uuid: "2dd2402fde054e99b66c98ebb66f7066" member_type: VOTER last_known_addr { host: "127.6.6.66" port: 41555 } } peers { permanent_uuid: "6d06098a80ec4d8e87c303749998f8c2" member_type: VOTER last_known_addr { host: "127.6.6.67" port: 41709 } }
I20260709 14:46:37.615394  7426 tablet_service.cc:1917] Received RequestConsensusVote() RPC: tablet_id: "58b677217452408ba9c7114c3fe6d0ca" candidate_uuid: "2dd2402fde054e99b66c98ebb66f7066" candidate_term: 1 candidate_status { last_received { term: 0 index: 0 } } ignore_live_leader: false dest_uuid: "6d06098a80ec4d8e87c303749998f8c2"
I20260709 14:46:37.615947  7426 raft_consensus.cc:3060] T 58b677217452408ba9c7114c3fe6d0ca P 6d06098a80ec4d8e87c303749998f8c2 [term 0 FOLLOWER]: Advancing to term 1
I20260709 14:46:37.619920  7470 tablet_bootstrap.cc:654] T a52f4c2479a84d26801ce573ef10f12e P 3aa06dd775a748c788799593083fac77: Neither blocks nor log segments found. Creating new log.
I20260709 14:46:37.625244  7514 consensus_queue.cc:1048] T a811be2b607a447abe29c84d82e73e8e P 6d06098a80ec4d8e87c303749998f8c2 [LEADER]: Connected to new peer: Peer: permanent_uuid: "2dd2402fde054e99b66c98ebb66f7066" member_type: VOTER last_known_addr { host: "127.6.6.66" port: 41555 }, Status: LMP_MISMATCH, Last received: 0.0, Next index: 1, Last known committed idx: 0, Time since last communication: 0.000s
I20260709 14:46:37.621342  7469 raft_consensus.cc:359] T 894182287a6c4ac7a7f78ccb3ea5511a P 2dd2402fde054e99b66c98ebb66f7066 [term 0 FOLLOWER]: Replica starting. Triggering 0 pending ops. Active config: opid_index: -1 OBSOLETE_local: false peers { permanent_uuid: "3aa06dd775a748c788799593083fac77" member_type: VOTER last_known_addr { host: "127.6.6.65" port: 38703 } } peers { permanent_uuid: "2dd2402fde054e99b66c98ebb66f7066" member_type: VOTER last_known_addr { host: "127.6.6.66" port: 41555 } } peers { permanent_uuid: "6d06098a80ec4d8e87c303749998f8c2" member_type: VOTER last_known_addr { host: "127.6.6.67" port: 41709 } }
I20260709 14:46:37.622486  7471 tablet_bootstrap.cc:654] T b6b23c1fa9a54ed8b4697b9ddd73041e P 6d06098a80ec4d8e87c303749998f8c2: Neither blocks nor log segments found. Creating new log.
I20260709 14:46:37.648977  7426 raft_consensus.cc:2468] T 58b677217452408ba9c7114c3fe6d0ca P 6d06098a80ec4d8e87c303749998f8c2 [term 1 FOLLOWER]: Leader election vote request: Granting yes vote for candidate 2dd2402fde054e99b66c98ebb66f7066 in term 1.
I20260709 14:46:37.629282  7474 raft_consensus.cc:493] T cab51d36fbc749688659eac6e845293c P 2dd2402fde054e99b66c98ebb66f7066 [term 0 FOLLOWER]: Starting pre-election (no leader contacted us within the election timeout)
I20260709 14:46:37.650889  7474 raft_consensus.cc:515] T cab51d36fbc749688659eac6e845293c P 2dd2402fde054e99b66c98ebb66f7066 [term 0 FOLLOWER]: Starting pre-election with config: opid_index: -1 OBSOLETE_local: false peers { permanent_uuid: "3aa06dd775a748c788799593083fac77" member_type: VOTER last_known_addr { host: "127.6.6.65" port: 38703 } } peers { permanent_uuid: "2dd2402fde054e99b66c98ebb66f7066" member_type: VOTER last_known_addr { host: "127.6.6.66" port: 41555 } } peers { permanent_uuid: "6d06098a80ec4d8e87c303749998f8c2" member_type: VOTER last_known_addr { host: "127.6.6.67" port: 41709 } }
I20260709 14:46:37.652824  7474 leader_election.cc:290] T cab51d36fbc749688659eac6e845293c P 2dd2402fde054e99b66c98ebb66f7066 [CANDIDATE]: Term 1 pre-election: Requested pre-vote from peers 3aa06dd775a748c788799593083fac77 (127.6.6.65:38703), 6d06098a80ec4d8e87c303749998f8c2 (127.6.6.67:41709)
I20260709 14:46:37.653326  7469 raft_consensus.cc:385] T 894182287a6c4ac7a7f78ccb3ea5511a P 2dd2402fde054e99b66c98ebb66f7066 [term 0 FOLLOWER]: Consensus starting up: Expiring failure detector timer to make a prompt election more likely
I20260709 14:46:37.653614  7469 raft_consensus.cc:740] T 894182287a6c4ac7a7f78ccb3ea5511a P 2dd2402fde054e99b66c98ebb66f7066 [term 0 FOLLOWER]: Becoming Follower/Learner. State: Replica: 2dd2402fde054e99b66c98ebb66f7066, State: Initialized, Role: FOLLOWER
I20260709 14:46:37.654256  7320 leader_election.cc:304] T 58b677217452408ba9c7114c3fe6d0ca P 2dd2402fde054e99b66c98ebb66f7066 [CANDIDATE]: Term 1 election: Election decided. Result: candidate won. Election summary: received 3 responses out of 3 voters: 2 yes votes; 1 no votes. yes voters: 2dd2402fde054e99b66c98ebb66f7066, 6d06098a80ec4d8e87c303749998f8c2; no voters: 3aa06dd775a748c788799593083fac77
I20260709 14:46:37.654204  7469 consensus_queue.cc:260] T 894182287a6c4ac7a7f78ccb3ea5511a P 2dd2402fde054e99b66c98ebb66f7066 [NON_LEADER]: Queue going to NON_LEADER mode. State: All replicated index: 0, Majority replicated index: 0, Committed index: 0, Last appended: 0.0, Last appended by leader: 0, Current term: 0, Majority size: -1, State: 0, Mode: NON_LEADER, active raft config: opid_index: -1 OBSOLETE_local: false peers { permanent_uuid: "3aa06dd775a748c788799593083fac77" member_type: VOTER last_known_addr { host: "127.6.6.65" port: 38703 } } peers { permanent_uuid: "2dd2402fde054e99b66c98ebb66f7066" member_type: VOTER last_known_addr { host: "127.6.6.66" port: 41555 } } peers { permanent_uuid: "6d06098a80ec4d8e87c303749998f8c2" member_type: VOTER last_known_addr { host: "127.6.6.67" port: 41709 } }
I20260709 14:46:37.655133  7523 consensus_queue.cc:1048] T dd9bca0fddf3429e96c18d3032f58f2d P 2dd2402fde054e99b66c98ebb66f7066 [LEADER]: Connected to new peer: Peer: permanent_uuid: "6d06098a80ec4d8e87c303749998f8c2" member_type: VOTER last_known_addr { host: "127.6.6.67" port: 41709 }, Status: LMP_MISMATCH, Last received: 0.0, Next index: 1, Last known committed idx: 0, Time since last communication: 0.000s
I20260709 14:46:37.655454  7524 raft_consensus.cc:2804] T 58b677217452408ba9c7114c3fe6d0ca P 2dd2402fde054e99b66c98ebb66f7066 [term 1 FOLLOWER]: Leader election won for term 1
I20260709 14:46:37.655941  7524 raft_consensus.cc:697] T 58b677217452408ba9c7114c3fe6d0ca P 2dd2402fde054e99b66c98ebb66f7066 [term 1 LEADER]: Becoming Leader. State: Replica: 2dd2402fde054e99b66c98ebb66f7066, State: Running, Role: LEADER
I20260709 14:46:37.656158  7277 tablet_service.cc:1917] Received RequestConsensusVote() RPC: tablet_id: "cab51d36fbc749688659eac6e845293c" candidate_uuid: "2dd2402fde054e99b66c98ebb66f7066" candidate_term: 1 candidate_status { last_received { term: 0 index: 0 } } ignore_live_leader: false dest_uuid: "3aa06dd775a748c788799593083fac77" is_pre_election: true
I20260709 14:46:37.656657  7524 consensus_queue.cc:237] T 58b677217452408ba9c7114c3fe6d0ca P 2dd2402fde054e99b66c98ebb66f7066 [LEADER]: Queue going to LEADER mode. State: All replicated index: 0, Majority replicated index: 0, Committed index: 0, Last appended: 0.0, Last appended by leader: 0, Current term: 1, Majority size: 2, State: 0, Mode: LEADER, active raft config: opid_index: -1 OBSOLETE_local: false peers { permanent_uuid: "3aa06dd775a748c788799593083fac77" member_type: VOTER last_known_addr { host: "127.6.6.65" port: 38703 } } peers { permanent_uuid: "2dd2402fde054e99b66c98ebb66f7066" member_type: VOTER last_known_addr { host: "127.6.6.66" port: 41555 } } peers { permanent_uuid: "6d06098a80ec4d8e87c303749998f8c2" member_type: VOTER last_known_addr { host: "127.6.6.67" port: 41709 } }
I20260709 14:46:37.658661  7429 tablet_service.cc:1917] Received RequestConsensusVote() RPC: tablet_id: "cab51d36fbc749688659eac6e845293c" candidate_uuid: "2dd2402fde054e99b66c98ebb66f7066" candidate_term: 1 candidate_status { last_received { term: 0 index: 0 } } ignore_live_leader: false dest_uuid: "6d06098a80ec4d8e87c303749998f8c2" is_pre_election: true
I20260709 14:46:37.659941  7469 ts_tablet_manager.cc:1434] T 894182287a6c4ac7a7f78ccb3ea5511a P 2dd2402fde054e99b66c98ebb66f7066: Time spent starting tablet: real 0.055s	user 0.005s	sys 0.000s
W20260709 14:46:37.660060  7318 leader_election.cc:343] T cab51d36fbc749688659eac6e845293c P 2dd2402fde054e99b66c98ebb66f7066 [CANDIDATE]: Term 1 pre-election: Tablet error from VoteRequest() call to peer 3aa06dd775a748c788799593083fac77 (127.6.6.65:38703): Illegal state: must be running to vote when last-logged opid is not known
I20260709 14:46:37.654673  7581 consensus_queue.cc:1048] T a92f88a61db548bb9edd9175cf30e1a4 P 6d06098a80ec4d8e87c303749998f8c2 [LEADER]: Connected to new peer: Peer: permanent_uuid: "3aa06dd775a748c788799593083fac77" member_type: VOTER last_known_addr { host: "127.6.6.65" port: 38703 }, Status: LMP_MISMATCH, Last received: 0.0, Next index: 1, Last known committed idx: 0, Time since last communication: 0.008s
I20260709 14:46:37.660808  7469 tablet_bootstrap.cc:492] T 892fcf0f2df14bd6bce385330be48ace P 2dd2402fde054e99b66c98ebb66f7066: Bootstrap starting.
I20260709 14:46:37.664207  7515 leader_election.cc:290] T 892fcf0f2df14bd6bce385330be48ace P 6d06098a80ec4d8e87c303749998f8c2 [CANDIDATE]: Term 1 pre-election: Requested pre-vote from peers 3aa06dd775a748c788799593083fac77 (127.6.6.65:38703), 2dd2402fde054e99b66c98ebb66f7066 (127.6.6.66:41555)
W20260709 14:46:37.666771  7320 leader_election.cc:343] T cab51d36fbc749688659eac6e845293c P 2dd2402fde054e99b66c98ebb66f7066 [CANDIDATE]: Term 1 pre-election: Tablet error from VoteRequest() call to peer 6d06098a80ec4d8e87c303749998f8c2 (127.6.6.67:41709): Illegal state: must be running to vote when last-logged opid is not known
I20260709 14:46:37.667189  7320 leader_election.cc:304] T cab51d36fbc749688659eac6e845293c P 2dd2402fde054e99b66c98ebb66f7066 [CANDIDATE]: Term 1 pre-election: Election decided. Result: candidate lost. Election summary: received 3 responses out of 3 voters: 1 yes votes; 2 no votes. yes voters: 2dd2402fde054e99b66c98ebb66f7066; no voters: 3aa06dd775a748c788799593083fac77, 6d06098a80ec4d8e87c303749998f8c2
I20260709 14:46:37.668166  7736 raft_consensus.cc:2749] T cab51d36fbc749688659eac6e845293c P 2dd2402fde054e99b66c98ebb66f7066 [term 0 FOLLOWER]: Leader pre-election lost for term 1. Reason: could not achieve majority
I20260709 14:46:37.669356  7355 tablet_service.cc:1917] Received RequestConsensusVote() RPC: tablet_id: "892fcf0f2df14bd6bce385330be48ace" candidate_uuid: "6d06098a80ec4d8e87c303749998f8c2" candidate_term: 1 candidate_status { last_received { term: 0 index: 0 } } ignore_live_leader: false dest_uuid: "2dd2402fde054e99b66c98ebb66f7066" is_pre_election: true
I20260709 14:46:37.673516  7277 tablet_service.cc:1917] Received RequestConsensusVote() RPC: tablet_id: "892fcf0f2df14bd6bce385330be48ace" candidate_uuid: "6d06098a80ec4d8e87c303749998f8c2" candidate_term: 1 candidate_status { last_received { term: 0 index: 0 } } ignore_live_leader: false dest_uuid: "3aa06dd775a748c788799593083fac77" is_pre_election: true
I20260709 14:46:37.674068  7277 raft_consensus.cc:2468] T 892fcf0f2df14bd6bce385330be48ace P 3aa06dd775a748c788799593083fac77 [term 0 FOLLOWER]: Leader pre-election vote request: Granting yes vote for candidate 6d06098a80ec4d8e87c303749998f8c2 in term 0.
W20260709 14:46:37.674291  7393 leader_election.cc:343] T 892fcf0f2df14bd6bce385330be48ace P 6d06098a80ec4d8e87c303749998f8c2 [CANDIDATE]: Term 1 pre-election: Tablet error from VoteRequest() call to peer 2dd2402fde054e99b66c98ebb66f7066 (127.6.6.66:41555): Illegal state: must be running to vote when last-logged opid is not known
I20260709 14:46:37.673888  7178 catalog_manager.cc:5697] T 42d79a1db4e74c8bbb021bc7cdb169f3 P 2dd2402fde054e99b66c98ebb66f7066 reported cstate change: term changed from 0 to 1, leader changed from <none> to 2dd2402fde054e99b66c98ebb66f7066 (127.6.6.66). New cstate: current_term: 1 leader_uuid: "2dd2402fde054e99b66c98ebb66f7066" committed_config { opid_index: -1 OBSOLETE_local: false peers { permanent_uuid: "3aa06dd775a748c788799593083fac77" member_type: VOTER last_known_addr { host: "127.6.6.65" port: 38703 } health_report { overall_health: UNKNOWN } } peers { permanent_uuid: "2dd2402fde054e99b66c98ebb66f7066" member_type: VOTER last_known_addr { host: "127.6.6.66" port: 41555 } health_report { overall_health: HEALTHY } } peers { permanent_uuid: "6d06098a80ec4d8e87c303749998f8c2" member_type: VOTER last_known_addr { host: "127.6.6.67" port: 41709 } health_report { overall_health: UNKNOWN } } }
I20260709 14:46:37.675060  7736 raft_consensus.cc:493] T 8003afff66fc4490bc7812afd9512a38 P 2dd2402fde054e99b66c98ebb66f7066 [term 0 FOLLOWER]: Starting pre-election (no leader contacted us within the election timeout)
I20260709 14:46:37.675540  7736 raft_consensus.cc:515] T 8003afff66fc4490bc7812afd9512a38 P 2dd2402fde054e99b66c98ebb66f7066 [term 0 FOLLOWER]: Starting pre-election with config: opid_index: -1 OBSOLETE_local: false peers { permanent_uuid: "3aa06dd775a748c788799593083fac77" member_type: VOTER last_known_addr { host: "127.6.6.65" port: 38703 } } peers { permanent_uuid: "2dd2402fde054e99b66c98ebb66f7066" member_type: VOTER last_known_addr { host: "127.6.6.66" port: 41555 } } peers { permanent_uuid: "6d06098a80ec4d8e87c303749998f8c2" member_type: VOTER last_known_addr { host: "127.6.6.67" port: 41709 } }
I20260709 14:46:37.675326  7178 catalog_manager.cc:5697] T bde67174c57047cfa38054f1cea92c1f P 2dd2402fde054e99b66c98ebb66f7066 reported cstate change: term changed from 0 to 1, leader changed from <none> to 2dd2402fde054e99b66c98ebb66f7066 (127.6.6.66). New cstate: current_term: 1 leader_uuid: "2dd2402fde054e99b66c98ebb66f7066" committed_config { opid_index: -1 OBSOLETE_local: false peers { permanent_uuid: "3aa06dd775a748c788799593083fac77" member_type: VOTER last_known_addr { host: "127.6.6.65" port: 38703 } health_report { overall_health: UNKNOWN } } peers { permanent_uuid: "2dd2402fde054e99b66c98ebb66f7066" member_type: VOTER last_known_addr { host: "127.6.6.66" port: 41555 } health_report { overall_health: HEALTHY } } peers { permanent_uuid: "6d06098a80ec4d8e87c303749998f8c2" member_type: VOTER last_known_addr { host: "127.6.6.67" port: 41709 } health_report { overall_health: UNKNOWN } } }
I20260709 14:46:37.677522  7736 leader_election.cc:290] T 8003afff66fc4490bc7812afd9512a38 P 2dd2402fde054e99b66c98ebb66f7066 [CANDIDATE]: Term 1 pre-election: Requested pre-vote from peers 3aa06dd775a748c788799593083fac77 (127.6.6.65:38703), 6d06098a80ec4d8e87c303749998f8c2 (127.6.6.67:41709)
I20260709 14:46:37.686323  7645 raft_consensus.cc:493] T b6b23c1fa9a54ed8b4697b9ddd73041e P 3aa06dd775a748c788799593083fac77 [term 0 FOLLOWER]: Starting pre-election (no leader contacted us within the election timeout)
I20260709 14:46:37.686754  7645 raft_consensus.cc:515] T b6b23c1fa9a54ed8b4697b9ddd73041e P 3aa06dd775a748c788799593083fac77 [term 0 FOLLOWER]: Starting pre-election with config: opid_index: -1 OBSOLETE_local: false peers { permanent_uuid: "3aa06dd775a748c788799593083fac77" member_type: VOTER last_known_addr { host: "127.6.6.65" port: 38703 } } peers { permanent_uuid: "2dd2402fde054e99b66c98ebb66f7066" member_type: VOTER last_known_addr { host: "127.6.6.66" port: 41555 } } peers { permanent_uuid: "6d06098a80ec4d8e87c303749998f8c2" member_type: VOTER last_known_addr { host: "127.6.6.67" port: 41709 } }
I20260709 14:46:37.688962  7645 leader_election.cc:290] T b6b23c1fa9a54ed8b4697b9ddd73041e P 3aa06dd775a748c788799593083fac77 [CANDIDATE]: Term 1 pre-election: Requested pre-vote from peers 2dd2402fde054e99b66c98ebb66f7066 (127.6.6.66:41555), 6d06098a80ec4d8e87c303749998f8c2 (127.6.6.67:41709)
I20260709 14:46:37.689980  7427 tablet_service.cc:1917] Received RequestConsensusVote() RPC: tablet_id: "8003afff66fc4490bc7812afd9512a38" candidate_uuid: "2dd2402fde054e99b66c98ebb66f7066" candidate_term: 1 candidate_status { last_received { term: 0 index: 0 } } ignore_live_leader: false dest_uuid: "6d06098a80ec4d8e87c303749998f8c2" is_pre_election: true
I20260709 14:46:37.691625  7470 tablet_bootstrap.cc:492] T a52f4c2479a84d26801ce573ef10f12e P 3aa06dd775a748c788799593083fac77: No bootstrap required, opened a new log
I20260709 14:46:37.691509  7392 leader_election.cc:304] T 892fcf0f2df14bd6bce385330be48ace P 6d06098a80ec4d8e87c303749998f8c2 [CANDIDATE]: Term 1 pre-election: Election decided. Result: candidate won. Election summary: received 3 responses out of 3 voters: 2 yes votes; 1 no votes. yes voters: 3aa06dd775a748c788799593083fac77, 6d06098a80ec4d8e87c303749998f8c2; no voters: 2dd2402fde054e99b66c98ebb66f7066
I20260709 14:46:37.692031  7470 ts_tablet_manager.cc:1403] T a52f4c2479a84d26801ce573ef10f12e P 3aa06dd775a748c788799593083fac77: Time spent bootstrapping tablet: real 0.106s	user 0.019s	sys 0.054s
W20260709 14:46:37.692719  7320 leader_election.cc:343] T 8003afff66fc4490bc7812afd9512a38 P 2dd2402fde054e99b66c98ebb66f7066 [CANDIDATE]: Term 1 pre-election: Tablet error from VoteRequest() call to peer 6d06098a80ec4d8e87c303749998f8c2 (127.6.6.67:41709): Illegal state: must be running to vote when last-logged opid is not known
I20260709 14:46:37.693217  7515 raft_consensus.cc:2804] T 892fcf0f2df14bd6bce385330be48ace P 6d06098a80ec4d8e87c303749998f8c2 [term 0 FOLLOWER]: Leader pre-election won for term 1
I20260709 14:46:37.693704  7515 raft_consensus.cc:493] T 892fcf0f2df14bd6bce385330be48ace P 6d06098a80ec4d8e87c303749998f8c2 [term 0 FOLLOWER]: Starting leader election (no leader contacted us within the election timeout)
I20260709 14:46:37.694072  7515 raft_consensus.cc:3060] T 892fcf0f2df14bd6bce385330be48ace P 6d06098a80ec4d8e87c303749998f8c2 [term 0 FOLLOWER]: Advancing to term 1
I20260709 14:46:37.694470  7470 raft_consensus.cc:359] T a52f4c2479a84d26801ce573ef10f12e P 3aa06dd775a748c788799593083fac77 [term 0 FOLLOWER]: Replica starting. Triggering 0 pending ops. Active config: opid_index: -1 OBSOLETE_local: false peers { permanent_uuid: "3aa06dd775a748c788799593083fac77" member_type: VOTER last_known_addr { host: "127.6.6.65" port: 38703 } } peers { permanent_uuid: "2dd2402fde054e99b66c98ebb66f7066" member_type: VOTER last_known_addr { host: "127.6.6.66" port: 41555 } } peers { permanent_uuid: "6d06098a80ec4d8e87c303749998f8c2" member_type: VOTER last_known_addr { host: "127.6.6.67" port: 41709 } }
I20260709 14:46:37.694649  7427 tablet_service.cc:1917] Received RequestConsensusVote() RPC: tablet_id: "b6b23c1fa9a54ed8b4697b9ddd73041e" candidate_uuid: "3aa06dd775a748c788799593083fac77" candidate_term: 1 candidate_status { last_received { term: 0 index: 0 } } ignore_live_leader: false dest_uuid: "6d06098a80ec4d8e87c303749998f8c2" is_pre_election: true
I20260709 14:46:37.695080  7470 raft_consensus.cc:385] T a52f4c2479a84d26801ce573ef10f12e P 3aa06dd775a748c788799593083fac77 [term 0 FOLLOWER]: Consensus starting up: Expiring failure detector timer to make a prompt election more likely
I20260709 14:46:37.695379  7470 raft_consensus.cc:740] T a52f4c2479a84d26801ce573ef10f12e P 3aa06dd775a748c788799593083fac77 [term 0 FOLLOWER]: Becoming Follower/Learner. State: Replica: 3aa06dd775a748c788799593083fac77, State: Initialized, Role: FOLLOWER
I20260709 14:46:37.695986  7470 consensus_queue.cc:260] T a52f4c2479a84d26801ce573ef10f12e P 3aa06dd775a748c788799593083fac77 [NON_LEADER]: Queue going to NON_LEADER mode. State: All replicated index: 0, Majority replicated index: 0, Committed index: 0, Last appended: 0.0, Last appended by leader: 0, Current term: 0, Majority size: -1, State: 0, Mode: NON_LEADER, active raft config: opid_index: -1 OBSOLETE_local: false peers { permanent_uuid: "3aa06dd775a748c788799593083fac77" member_type: VOTER last_known_addr { host: "127.6.6.65" port: 38703 } } peers { permanent_uuid: "2dd2402fde054e99b66c98ebb66f7066" member_type: VOTER last_known_addr { host: "127.6.6.66" port: 41555 } } peers { permanent_uuid: "6d06098a80ec4d8e87c303749998f8c2" member_type: VOTER last_known_addr { host: "127.6.6.67" port: 41709 } }
W20260709 14:46:37.696856  7245 leader_election.cc:343] T b6b23c1fa9a54ed8b4697b9ddd73041e P 3aa06dd775a748c788799593083fac77 [CANDIDATE]: Term 1 pre-election: Tablet error from VoteRequest() call to peer 6d06098a80ec4d8e87c303749998f8c2 (127.6.6.67:41709): Illegal state: must be running to vote when last-logged opid is not known
I20260709 14:46:37.697842  7470 ts_tablet_manager.cc:1434] T a52f4c2479a84d26801ce573ef10f12e P 3aa06dd775a748c788799593083fac77: Time spent starting tablet: real 0.006s	user 0.004s	sys 0.000s
I20260709 14:46:37.698684  7470 tablet_bootstrap.cc:492] T cb51be77f57c46bdbfda0042757edb78 P 3aa06dd775a748c788799593083fac77: Bootstrap starting.
I20260709 14:46:37.698768  7279 tablet_service.cc:1917] Received RequestConsensusVote() RPC: tablet_id: "8003afff66fc4490bc7812afd9512a38" candidate_uuid: "2dd2402fde054e99b66c98ebb66f7066" candidate_term: 1 candidate_status { last_received { term: 0 index: 0 } } ignore_live_leader: false dest_uuid: "3aa06dd775a748c788799593083fac77" is_pre_election: true
I20260709 14:46:37.700136  7469 tablet_bootstrap.cc:654] T 892fcf0f2df14bd6bce385330be48ace P 2dd2402fde054e99b66c98ebb66f7066: Neither blocks nor log segments found. Creating new log.
I20260709 14:46:37.700780  7515 raft_consensus.cc:515] T 892fcf0f2df14bd6bce385330be48ace P 6d06098a80ec4d8e87c303749998f8c2 [term 1 FOLLOWER]: Starting leader election with config: opid_index: -1 OBSOLETE_local: false peers { permanent_uuid: "3aa06dd775a748c788799593083fac77" member_type: VOTER last_known_addr { host: "127.6.6.65" port: 38703 } } peers { permanent_uuid: "2dd2402fde054e99b66c98ebb66f7066" member_type: VOTER last_known_addr { host: "127.6.6.66" port: 41555 } } peers { permanent_uuid: "6d06098a80ec4d8e87c303749998f8c2" member_type: VOTER last_known_addr { host: "127.6.6.67" port: 41709 } }
I20260709 14:46:37.704125  7515 leader_election.cc:290] T 892fcf0f2df14bd6bce385330be48ace P 6d06098a80ec4d8e87c303749998f8c2 [CANDIDATE]: Term 1 election: Requested vote from peers 3aa06dd775a748c788799593083fac77 (127.6.6.65:38703), 2dd2402fde054e99b66c98ebb66f7066 (127.6.6.66:41555)
W20260709 14:46:37.705109  7318 leader_election.cc:343] T 8003afff66fc4490bc7812afd9512a38 P 2dd2402fde054e99b66c98ebb66f7066 [CANDIDATE]: Term 1 pre-election: Tablet error from VoteRequest() call to peer 3aa06dd775a748c788799593083fac77 (127.6.6.65:38703): Illegal state: must be running to vote when last-logged opid is not known
I20260709 14:46:37.705582  7352 tablet_service.cc:1917] Received RequestConsensusVote() RPC: tablet_id: "b6b23c1fa9a54ed8b4697b9ddd73041e" candidate_uuid: "3aa06dd775a748c788799593083fac77" candidate_term: 1 candidate_status { last_received { term: 0 index: 0 } } ignore_live_leader: false dest_uuid: "2dd2402fde054e99b66c98ebb66f7066" is_pre_election: true
I20260709 14:46:37.708187  7279 tablet_service.cc:1917] Received RequestConsensusVote() RPC: tablet_id: "892fcf0f2df14bd6bce385330be48ace" candidate_uuid: "6d06098a80ec4d8e87c303749998f8c2" candidate_term: 1 candidate_status { last_received { term: 0 index: 0 } } ignore_live_leader: false dest_uuid: "3aa06dd775a748c788799593083fac77"
W20260709 14:46:37.707276  7392 consensus_peers.cc:597] T a52f4c2479a84d26801ce573ef10f12e P 6d06098a80ec4d8e87c303749998f8c2 -> Peer 3aa06dd775a748c788799593083fac77 (127.6.6.65:38703): Couldn't send request to peer 3aa06dd775a748c788799593083fac77. Error code: TABLET_NOT_RUNNING (12). Status: Illegal state: Tablet not RUNNING: BOOTSTRAPPING. This is attempt 1: this message will repeat every 5th retry.
I20260709 14:46:37.708317  7318 leader_election.cc:304] T 8003afff66fc4490bc7812afd9512a38 P 2dd2402fde054e99b66c98ebb66f7066 [CANDIDATE]: Term 1 pre-election: Election decided. Result: candidate lost. Election summary: received 3 responses out of 3 voters: 1 yes votes; 2 no votes. yes voters: 2dd2402fde054e99b66c98ebb66f7066; no voters: 3aa06dd775a748c788799593083fac77, 6d06098a80ec4d8e87c303749998f8c2
I20260709 14:46:37.708732  7279 raft_consensus.cc:3060] T 892fcf0f2df14bd6bce385330be48ace P 3aa06dd775a748c788799593083fac77 [term 0 FOLLOWER]: Advancing to term 1
I20260709 14:46:37.709457  7736 raft_consensus.cc:2749] T 8003afff66fc4490bc7812afd9512a38 P 2dd2402fde054e99b66c98ebb66f7066 [term 0 FOLLOWER]: Leader pre-election lost for term 1. Reason: could not achieve majority
I20260709 14:46:37.711979  7470 tablet_bootstrap.cc:654] T cb51be77f57c46bdbfda0042757edb78 P 3aa06dd775a748c788799593083fac77: Neither blocks nor log segments found. Creating new log.
I20260709 14:46:37.713186  7709 raft_consensus.cc:493] T 769667332d5e4a0c86df695bf45f2469 P 6d06098a80ec4d8e87c303749998f8c2 [term 0 FOLLOWER]: Starting pre-election (no leader contacted us within the election timeout)
I20260709 14:46:37.713614  7709 raft_consensus.cc:515] T 769667332d5e4a0c86df695bf45f2469 P 6d06098a80ec4d8e87c303749998f8c2 [term 0 FOLLOWER]: Starting pre-election with config: opid_index: -1 OBSOLETE_local: false peers { permanent_uuid: "3aa06dd775a748c788799593083fac77" member_type: VOTER last_known_addr { host: "127.6.6.65" port: 38703 } } peers { permanent_uuid: "2dd2402fde054e99b66c98ebb66f7066" member_type: VOTER last_known_addr { host: "127.6.6.66" port: 41555 } } peers { permanent_uuid: "6d06098a80ec4d8e87c303749998f8c2" member_type: VOTER last_known_addr { host: "127.6.6.67" port: 41709 } }
I20260709 14:46:37.716727  7709 leader_election.cc:290] T 769667332d5e4a0c86df695bf45f2469 P 6d06098a80ec4d8e87c303749998f8c2 [CANDIDATE]: Term 1 pre-election: Requested pre-vote from peers 3aa06dd775a748c788799593083fac77 (127.6.6.65:38703), 2dd2402fde054e99b66c98ebb66f7066 (127.6.6.66:41555)
I20260709 14:46:37.717929  7530 raft_consensus.cc:493] T a52f4c2479a84d26801ce573ef10f12e P 3aa06dd775a748c788799593083fac77 [term 0 FOLLOWER]: Starting pre-election (no leader contacted us within the election timeout)
I20260709 14:46:37.718380  7530 raft_consensus.cc:515] T a52f4c2479a84d26801ce573ef10f12e P 3aa06dd775a748c788799593083fac77 [term 0 FOLLOWER]: Starting pre-election with config: opid_index: -1 OBSOLETE_local: false peers { permanent_uuid: "3aa06dd775a748c788799593083fac77" member_type: VOTER last_known_addr { host: "127.6.6.65" port: 38703 } } peers { permanent_uuid: "2dd2402fde054e99b66c98ebb66f7066" member_type: VOTER last_known_addr { host: "127.6.6.66" port: 41555 } } peers { permanent_uuid: "6d06098a80ec4d8e87c303749998f8c2" member_type: VOTER last_known_addr { host: "127.6.6.67" port: 41709 } }
I20260709 14:46:37.718739  7531 raft_consensus.cc:493] T 8662850c9bfe4f38ab3f46f49d42791f P 3aa06dd775a748c788799593083fac77 [term 0 FOLLOWER]: Starting pre-election (no leader contacted us within the election timeout)
I20260709 14:46:37.719225  7531 raft_consensus.cc:515] T 8662850c9bfe4f38ab3f46f49d42791f P 3aa06dd775a748c788799593083fac77 [term 0 FOLLOWER]: Starting pre-election with config: opid_index: -1 OBSOLETE_local: false peers { permanent_uuid: "3aa06dd775a748c788799593083fac77" member_type: VOTER last_known_addr { host: "127.6.6.65" port: 38703 } } peers { permanent_uuid: "2dd2402fde054e99b66c98ebb66f7066" member_type: VOTER last_known_addr { host: "127.6.6.66" port: 41555 } } peers { permanent_uuid: "6d06098a80ec4d8e87c303749998f8c2" member_type: VOTER last_known_addr { host: "127.6.6.67" port: 41709 } }
I20260709 14:46:37.720265  7530 leader_election.cc:290] T a52f4c2479a84d26801ce573ef10f12e P 3aa06dd775a748c788799593083fac77 [CANDIDATE]: Term 1 pre-election: Requested pre-vote from peers 2dd2402fde054e99b66c98ebb66f7066 (127.6.6.66:41555), 6d06098a80ec4d8e87c303749998f8c2 (127.6.6.67:41709)
I20260709 14:46:37.721108  7531 leader_election.cc:290] T 8662850c9bfe4f38ab3f46f49d42791f P 3aa06dd775a748c788799593083fac77 [CANDIDATE]: Term 1 pre-election: Requested pre-vote from peers 2dd2402fde054e99b66c98ebb66f7066 (127.6.6.66:41555), 6d06098a80ec4d8e87c303749998f8c2 (127.6.6.67:41709)
W20260709 14:46:37.722728  7244 leader_election.cc:343] T b6b23c1fa9a54ed8b4697b9ddd73041e P 3aa06dd775a748c788799593083fac77 [CANDIDATE]: Term 1 pre-election: Tablet error from VoteRequest() call to peer 2dd2402fde054e99b66c98ebb66f7066 (127.6.6.66:41555): Illegal state: must be running to vote when last-logged opid is not known
I20260709 14:46:37.723135  7244 leader_election.cc:304] T b6b23c1fa9a54ed8b4697b9ddd73041e P 3aa06dd775a748c788799593083fac77 [CANDIDATE]: Term 1 pre-election: Election decided. Result: candidate lost. Election summary: received 3 responses out of 3 voters: 1 yes votes; 2 no votes. yes voters: 3aa06dd775a748c788799593083fac77; no voters: 2dd2402fde054e99b66c98ebb66f7066, 6d06098a80ec4d8e87c303749998f8c2
I20260709 14:46:37.723418  7469 tablet_bootstrap.cc:492] T 892fcf0f2df14bd6bce385330be48ace P 2dd2402fde054e99b66c98ebb66f7066: No bootstrap required, opened a new log
I20260709 14:46:37.723879  7352 tablet_service.cc:1917] Received RequestConsensusVote() RPC: tablet_id: "892fcf0f2df14bd6bce385330be48ace" candidate_uuid: "6d06098a80ec4d8e87c303749998f8c2" candidate_term: 1 candidate_status { last_received { term: 0 index: 0 } } ignore_live_leader: false dest_uuid: "2dd2402fde054e99b66c98ebb66f7066"
I20260709 14:46:37.724062  7645 raft_consensus.cc:2749] T b6b23c1fa9a54ed8b4697b9ddd73041e P 3aa06dd775a748c788799593083fac77 [term 0 FOLLOWER]: Leader pre-election lost for term 1. Reason: could not achieve majority
I20260709 14:46:37.723867  7469 ts_tablet_manager.cc:1403] T 892fcf0f2df14bd6bce385330be48ace P 2dd2402fde054e99b66c98ebb66f7066: Time spent bootstrapping tablet: real 0.063s	user 0.010s	sys 0.000s
I20260709 14:46:37.727602  7277 tablet_service.cc:1917] Received RequestConsensusVote() RPC: tablet_id: "769667332d5e4a0c86df695bf45f2469" candidate_uuid: "6d06098a80ec4d8e87c303749998f8c2" candidate_term: 1 candidate_status { last_received { term: 0 index: 0 } } ignore_live_leader: false dest_uuid: "3aa06dd775a748c788799593083fac77" is_pre_election: true
I20260709 14:46:37.728901  7352 tablet_service.cc:1917] Received RequestConsensusVote() RPC: tablet_id: "769667332d5e4a0c86df695bf45f2469" candidate_uuid: "6d06098a80ec4d8e87c303749998f8c2" candidate_term: 1 candidate_status { last_received { term: 0 index: 0 } } ignore_live_leader: false dest_uuid: "2dd2402fde054e99b66c98ebb66f7066" is_pre_election: true
I20260709 14:46:37.729038  7469 raft_consensus.cc:359] T 892fcf0f2df14bd6bce385330be48ace P 2dd2402fde054e99b66c98ebb66f7066 [term 0 FOLLOWER]: Replica starting. Triggering 0 pending ops. Active config: opid_index: -1 OBSOLETE_local: false peers { permanent_uuid: "3aa06dd775a748c788799593083fac77" member_type: VOTER last_known_addr { host: "127.6.6.65" port: 38703 } } peers { permanent_uuid: "2dd2402fde054e99b66c98ebb66f7066" member_type: VOTER last_known_addr { host: "127.6.6.66" port: 41555 } } peers { permanent_uuid: "6d06098a80ec4d8e87c303749998f8c2" member_type: VOTER last_known_addr { host: "127.6.6.67" port: 41709 } }
I20260709 14:46:37.729671  7469 raft_consensus.cc:385] T 892fcf0f2df14bd6bce385330be48ace P 2dd2402fde054e99b66c98ebb66f7066 [term 0 FOLLOWER]: Consensus starting up: Expiring failure detector timer to make a prompt election more likely
I20260709 14:46:37.729954  7469 raft_consensus.cc:740] T 892fcf0f2df14bd6bce385330be48ace P 2dd2402fde054e99b66c98ebb66f7066 [term 0 FOLLOWER]: Becoming Follower/Learner. State: Replica: 2dd2402fde054e99b66c98ebb66f7066, State: Initialized, Role: FOLLOWER
W20260709 14:46:37.730655  7393 leader_election.cc:343] T 892fcf0f2df14bd6bce385330be48ace P 6d06098a80ec4d8e87c303749998f8c2 [CANDIDATE]: Term 1 election: Tablet error from VoteRequest() call to peer 2dd2402fde054e99b66c98ebb66f7066 (127.6.6.66:41555): Illegal state: must be running to vote when last-logged opid is not known
I20260709 14:46:37.730614  7469 consensus_queue.cc:260] T 892fcf0f2df14bd6bce385330be48ace P 2dd2402fde054e99b66c98ebb66f7066 [NON_LEADER]: Queue going to NON_LEADER mode. State: All replicated index: 0, Majority replicated index: 0, Committed index: 0, Last appended: 0.0, Last appended by leader: 0, Current term: 0, Majority size: -1, State: 0, Mode: NON_LEADER, active raft config: opid_index: -1 OBSOLETE_local: false peers { permanent_uuid: "3aa06dd775a748c788799593083fac77" member_type: VOTER last_known_addr { host: "127.6.6.65" port: 38703 } } peers { permanent_uuid: "2dd2402fde054e99b66c98ebb66f7066" member_type: VOTER last_known_addr { host: "127.6.6.66" port: 41555 } } peers { permanent_uuid: "6d06098a80ec4d8e87c303749998f8c2" member_type: VOTER last_known_addr { host: "127.6.6.67" port: 41709 } }
I20260709 14:46:37.731974  7429 tablet_service.cc:1917] Received RequestConsensusVote() RPC: tablet_id: "8662850c9bfe4f38ab3f46f49d42791f" candidate_uuid: "3aa06dd775a748c788799593083fac77" candidate_term: 1 candidate_status { last_received { term: 0 index: 0 } } ignore_live_leader: false dest_uuid: "6d06098a80ec4d8e87c303749998f8c2" is_pre_election: true
W20260709 14:46:37.732857  7393 leader_election.cc:343] T 769667332d5e4a0c86df695bf45f2469 P 6d06098a80ec4d8e87c303749998f8c2 [CANDIDATE]: Term 1 pre-election: Tablet error from VoteRequest() call to peer 2dd2402fde054e99b66c98ebb66f7066 (127.6.6.66:41555): Illegal state: must be running to vote when last-logged opid is not known
W20260709 14:46:37.733327  7245 leader_election.cc:343] T 8662850c9bfe4f38ab3f46f49d42791f P 3aa06dd775a748c788799593083fac77 [CANDIDATE]: Term 1 pre-election: Tablet error from VoteRequest() call to peer 6d06098a80ec4d8e87c303749998f8c2 (127.6.6.67:41709): Illegal state: must be running to vote when last-logged opid is not known
I20260709 14:46:37.734488  7352 tablet_service.cc:1917] Received RequestConsensusVote() RPC: tablet_id: "a52f4c2479a84d26801ce573ef10f12e" candidate_uuid: "3aa06dd775a748c788799593083fac77" candidate_term: 1 candidate_status { last_received { term: 0 index: 0 } } ignore_live_leader: false dest_uuid: "2dd2402fde054e99b66c98ebb66f7066" is_pre_election: true
I20260709 14:46:37.735184  7352 raft_consensus.cc:2393] T a52f4c2479a84d26801ce573ef10f12e P 2dd2402fde054e99b66c98ebb66f7066 [term 1 FOLLOWER]: Leader pre-election vote request: Denying vote to candidate 3aa06dd775a748c788799593083fac77 in current term 1: Already voted for candidate 6d06098a80ec4d8e87c303749998f8c2 in this term.
I20260709 14:46:37.736284  7352 tablet_service.cc:1917] Received RequestConsensusVote() RPC: tablet_id: "8662850c9bfe4f38ab3f46f49d42791f" candidate_uuid: "3aa06dd775a748c788799593083fac77" candidate_term: 1 candidate_status { last_received { term: 0 index: 0 } } ignore_live_leader: false dest_uuid: "2dd2402fde054e99b66c98ebb66f7066" is_pre_election: true
I20260709 14:46:37.739516  7469 ts_tablet_manager.cc:1434] T 892fcf0f2df14bd6bce385330be48ace P 2dd2402fde054e99b66c98ebb66f7066: Time spent starting tablet: real 0.014s	user 0.005s	sys 0.001s
I20260709 14:46:37.740378  7469 tablet_bootstrap.cc:492] T cb51be77f57c46bdbfda0042757edb78 P 2dd2402fde054e99b66c98ebb66f7066: Bootstrap starting.
W20260709 14:46:37.744712  7244 leader_election.cc:343] T 8662850c9bfe4f38ab3f46f49d42791f P 3aa06dd775a748c788799593083fac77 [CANDIDATE]: Term 1 pre-election: Tablet error from VoteRequest() call to peer 2dd2402fde054e99b66c98ebb66f7066 (127.6.6.66:41555): Illegal state: must be running to vote when last-logged opid is not known
I20260709 14:46:37.744778  7709 raft_consensus.cc:493] T bde67174c57047cfa38054f1cea92c1f P 6d06098a80ec4d8e87c303749998f8c2 [term 0 FOLLOWER]: Starting pre-election (no leader contacted us within the election timeout)
I20260709 14:46:37.745231  7244 leader_election.cc:304] T 8662850c9bfe4f38ab3f46f49d42791f P 3aa06dd775a748c788799593083fac77 [CANDIDATE]: Term 1 pre-election: Election decided. Result: candidate lost. Election summary: received 3 responses out of 3 voters: 1 yes votes; 2 no votes. yes voters: 3aa06dd775a748c788799593083fac77; no voters: 2dd2402fde054e99b66c98ebb66f7066, 6d06098a80ec4d8e87c303749998f8c2
I20260709 14:46:37.745378  7279 raft_consensus.cc:2468] T 892fcf0f2df14bd6bce385330be48ace P 3aa06dd775a748c788799593083fac77 [term 1 FOLLOWER]: Leader election vote request: Granting yes vote for candidate 6d06098a80ec4d8e87c303749998f8c2 in term 1.
I20260709 14:46:37.745308  7709 raft_consensus.cc:515] T bde67174c57047cfa38054f1cea92c1f P 6d06098a80ec4d8e87c303749998f8c2 [term 0 FOLLOWER]: Starting pre-election with config: opid_index: -1 OBSOLETE_local: false peers { permanent_uuid: "3aa06dd775a748c788799593083fac77" member_type: VOTER last_known_addr { host: "127.6.6.65" port: 38703 } } peers { permanent_uuid: "2dd2402fde054e99b66c98ebb66f7066" member_type: VOTER last_known_addr { host: "127.6.6.66" port: 41555 } } peers { permanent_uuid: "6d06098a80ec4d8e87c303749998f8c2" member_type: VOTER last_known_addr { host: "127.6.6.67" port: 41709 } }
I20260709 14:46:37.746284  7645 raft_consensus.cc:2749] T 8662850c9bfe4f38ab3f46f49d42791f P 3aa06dd775a748c788799593083fac77 [term 0 FOLLOWER]: Leader pre-election lost for term 1. Reason: could not achieve majority
