I20260709 14:46:37.189726  7476 consensus_queue.cc:237] T a811be2b607a447abe29c84d82e73e8e P 6d06098a80ec4d8e87c303749998f8c2 [LEADER]: Queue going to LEADER mode. State: All replicated index: 0, Majority replicated index: 0, Committed index: 0, Last appended: 0.0, Last appended by leader: 0, Current term: 1, Majority size: 2, State: 0, Mode: LEADER, active raft config: opid_index: -1 OBSOLETE_local: false peers { permanent_uuid: "3aa06dd775a748c788799593083fac77" member_type: VOTER last_known_addr { host: "127.6.6.65" port: 38703 } } peers { permanent_uuid: "2dd2402fde054e99b66c98ebb66f7066" member_type: VOTER last_known_addr { host: "127.6.6.66" port: 41555 } } peers { permanent_uuid: "6d06098a80ec4d8e87c303749998f8c2" member_type: VOTER last_known_addr { host: "127.6.6.67" port: 41709 } }
I20260709 14:46:37.192624  7524 raft_consensus.cc:2804] T dd9bca0fddf3429e96c18d3032f58f2d P 2dd2402fde054e99b66c98ebb66f7066 [term 1 FOLLOWER]: Leader election won for term 1
I20260709 14:46:37.193142  7524 raft_consensus.cc:697] T dd9bca0fddf3429e96c18d3032f58f2d P 2dd2402fde054e99b66c98ebb66f7066 [term 1 LEADER]: Becoming Leader. State: Replica: 2dd2402fde054e99b66c98ebb66f7066, State: Running, Role: LEADER
I20260709 14:46:37.193933  7524 consensus_queue.cc:237] T dd9bca0fddf3429e96c18d3032f58f2d P 2dd2402fde054e99b66c98ebb66f7066 [LEADER]: Queue going to LEADER mode. State: All replicated index: 0, Majority replicated index: 0, Committed index: 0, Last appended: 0.0, Last appended by leader: 0, Current term: 1, Majority size: 2, State: 0, Mode: LEADER, active raft config: opid_index: -1 OBSOLETE_local: false peers { permanent_uuid: "3aa06dd775a748c788799593083fac77" member_type: VOTER last_known_addr { host: "127.6.6.65" port: 38703 } } peers { permanent_uuid: "2dd2402fde054e99b66c98ebb66f7066" member_type: VOTER last_known_addr { host: "127.6.6.66" port: 41555 } } peers { permanent_uuid: "6d06098a80ec4d8e87c303749998f8c2" member_type: VOTER last_known_addr { host: "127.6.6.67" port: 41709 } }
W20260709 14:46:37.201447  7318 leader_election.cc:343] T dd9bca0fddf3429e96c18d3032f58f2d P 2dd2402fde054e99b66c98ebb66f7066 [CANDIDATE]: Term 1 election: Tablet error from VoteRequest() call to peer 3aa06dd775a748c788799593083fac77 (127.6.6.65:38703): Illegal state: must be running to vote when last-logged opid is not known
I20260709 14:46:37.176587  7470 consensus_queue.cc:260] T a92f88a61db548bb9edd9175cf30e1a4 P 3aa06dd775a748c788799593083fac77 [NON_LEADER]: Queue going to NON_LEADER mode. State: All replicated index: 0, Majority replicated index: 0, Committed index: 0, Last appended: 0.0, Last appended by leader: 0, Current term: 0, Majority size: -1, State: 0, Mode: NON_LEADER, active raft config: opid_index: -1 OBSOLETE_local: false peers { permanent_uuid: "3aa06dd775a748c788799593083fac77" member_type: VOTER last_known_addr { host: "127.6.6.65" port: 38703 } } peers { permanent_uuid: "2dd2402fde054e99b66c98ebb66f7066" member_type: VOTER last_known_addr { host: "127.6.6.66" port: 41555 } } peers { permanent_uuid: "6d06098a80ec4d8e87c303749998f8c2" member_type: VOTER last_known_addr { host: "127.6.6.67" port: 41709 } }
I20260709 14:46:37.203763  7470 ts_tablet_manager.cc:1434] T a92f88a61db548bb9edd9175cf30e1a4 P 3aa06dd775a748c788799593083fac77: Time spent starting tablet: real 0.056s	user 0.006s	sys 0.000s
I20260709 14:46:37.204595  7470 tablet_bootstrap.cc:492] T dd9bca0fddf3429e96c18d3032f58f2d P 3aa06dd775a748c788799593083fac77: Bootstrap starting.
I20260709 14:46:37.236428  7470 tablet_bootstrap.cc:654] T dd9bca0fddf3429e96c18d3032f58f2d P 3aa06dd775a748c788799593083fac77: Neither blocks nor log segments found. Creating new log.
I20260709 14:46:37.257252  7469 tablet_bootstrap.cc:654] T cab51d36fbc749688659eac6e845293c P 2dd2402fde054e99b66c98ebb66f7066: Neither blocks nor log segments found. Creating new log.
I20260709 14:46:37.251998  7175 catalog_manager.cc:5697] T a52f4c2479a84d26801ce573ef10f12e P 6d06098a80ec4d8e87c303749998f8c2 reported cstate change: term changed from 0 to 1, leader changed from <none> to 6d06098a80ec4d8e87c303749998f8c2 (127.6.6.67). New cstate: current_term: 1 leader_uuid: "6d06098a80ec4d8e87c303749998f8c2" committed_config { opid_index: -1 OBSOLETE_local: false peers { permanent_uuid: "3aa06dd775a748c788799593083fac77" member_type: VOTER last_known_addr { host: "127.6.6.65" port: 38703 } health_report { overall_health: UNKNOWN } } peers { permanent_uuid: "2dd2402fde054e99b66c98ebb66f7066" member_type: VOTER last_known_addr { host: "127.6.6.66" port: 41555 } health_report { overall_health: UNKNOWN } } peers { permanent_uuid: "6d06098a80ec4d8e87c303749998f8c2" member_type: VOTER last_known_addr { host: "127.6.6.67" port: 41709 } health_report { overall_health: HEALTHY } } }
I20260709 14:46:37.261451  7471 tablet_bootstrap.cc:492] T 892fcf0f2df14bd6bce385330be48ace P 6d06098a80ec4d8e87c303749998f8c2: No bootstrap required, opened a new log
I20260709 14:46:37.261865  7471 ts_tablet_manager.cc:1403] T 892fcf0f2df14bd6bce385330be48ace P 6d06098a80ec4d8e87c303749998f8c2: Time spent bootstrapping tablet: real 0.106s	user 0.018s	sys 0.011s
I20260709 14:46:37.264266  7471 raft_consensus.cc:359] T 892fcf0f2df14bd6bce385330be48ace P 6d06098a80ec4d8e87c303749998f8c2 [term 0 FOLLOWER]: Replica starting. Triggering 0 pending ops. Active config: opid_index: -1 OBSOLETE_local: false peers { permanent_uuid: "3aa06dd775a748c788799593083fac77" member_type: VOTER last_known_addr { host: "127.6.6.65" port: 38703 } } peers { permanent_uuid: "2dd2402fde054e99b66c98ebb66f7066" member_type: VOTER last_known_addr { host: "127.6.6.66" port: 41555 } } peers { permanent_uuid: "6d06098a80ec4d8e87c303749998f8c2" member_type: VOTER last_known_addr { host: "127.6.6.67" port: 41709 } }
I20260709 14:46:37.264855  7471 raft_consensus.cc:385] T 892fcf0f2df14bd6bce385330be48ace P 6d06098a80ec4d8e87c303749998f8c2 [term 0 FOLLOWER]: Consensus starting up: Expiring failure detector timer to make a prompt election more likely
I20260709 14:46:37.265102  7471 raft_consensus.cc:740] T 892fcf0f2df14bd6bce385330be48ace P 6d06098a80ec4d8e87c303749998f8c2 [term 0 FOLLOWER]: Becoming Follower/Learner. State: Replica: 6d06098a80ec4d8e87c303749998f8c2, State: Initialized, Role: FOLLOWER
I20260709 14:46:37.266234  7471 consensus_queue.cc:260] T 892fcf0f2df14bd6bce385330be48ace P 6d06098a80ec4d8e87c303749998f8c2 [NON_LEADER]: Queue going to NON_LEADER mode. State: All replicated index: 0, Majority replicated index: 0, Committed index: 0, Last appended: 0.0, Last appended by leader: 0, Current term: 0, Majority size: -1, State: 0, Mode: NON_LEADER, active raft config: opid_index: -1 OBSOLETE_local: false peers { permanent_uuid: "3aa06dd775a748c788799593083fac77" member_type: VOTER last_known_addr { host: "127.6.6.65" port: 38703 } } peers { permanent_uuid: "2dd2402fde054e99b66c98ebb66f7066" member_type: VOTER last_known_addr { host: "127.6.6.66" port: 41555 } } peers { permanent_uuid: "6d06098a80ec4d8e87c303749998f8c2" member_type: VOTER last_known_addr { host: "127.6.6.67" port: 41709 } }
I20260709 14:46:37.270207  7471 ts_tablet_manager.cc:1434] T 892fcf0f2df14bd6bce385330be48ace P 6d06098a80ec4d8e87c303749998f8c2: Time spent starting tablet: real 0.008s	user 0.005s	sys 0.001s
I20260709 14:46:37.271044  7471 tablet_bootstrap.cc:492] T 769667332d5e4a0c86df695bf45f2469 P 6d06098a80ec4d8e87c303749998f8c2: Bootstrap starting.
I20260709 14:46:37.276335  7471 tablet_bootstrap.cc:654] T 769667332d5e4a0c86df695bf45f2469 P 6d06098a80ec4d8e87c303749998f8c2: Neither blocks nor log segments found. Creating new log.
I20260709 14:46:37.277968  7176 catalog_manager.cc:5697] T dd9bca0fddf3429e96c18d3032f58f2d P 2dd2402fde054e99b66c98ebb66f7066 reported cstate change: term changed from 0 to 1, leader changed from <none> to 2dd2402fde054e99b66c98ebb66f7066 (127.6.6.66). New cstate: current_term: 1 leader_uuid: "2dd2402fde054e99b66c98ebb66f7066" committed_config { opid_index: -1 OBSOLETE_local: false peers { permanent_uuid: "3aa06dd775a748c788799593083fac77" member_type: VOTER last_known_addr { host: "127.6.6.65" port: 38703 } health_report { overall_health: UNKNOWN } } peers { permanent_uuid: "2dd2402fde054e99b66c98ebb66f7066" member_type: VOTER last_known_addr { host: "127.6.6.66" port: 41555 } health_report { overall_health: HEALTHY } } peers { permanent_uuid: "6d06098a80ec4d8e87c303749998f8c2" member_type: VOTER last_known_addr { host: "127.6.6.67" port: 41709 } health_report { overall_health: UNKNOWN } } }
I20260709 14:46:37.279106  7683 raft_consensus.cc:493] T 42d79a1db4e74c8bbb021bc7cdb169f3 P 2dd2402fde054e99b66c98ebb66f7066 [term 0 FOLLOWER]: Starting pre-election (no leader contacted us within the election timeout)
I20260709 14:46:37.278971  7474 consensus_queue.cc:1048] T dd686a6d34614aafa5ae0262da603eff P 2dd2402fde054e99b66c98ebb66f7066 [LEADER]: Connected to new peer: Peer: permanent_uuid: "3aa06dd775a748c788799593083fac77" member_type: VOTER last_known_addr { host: "127.6.6.65" port: 38703 }, Status: LMP_MISMATCH, Last received: 0.0, Next index: 1, Last known committed idx: 0, Time since last communication: 0.000s
I20260709 14:46:37.279783  7683 raft_consensus.cc:515] T 42d79a1db4e74c8bbb021bc7cdb169f3 P 2dd2402fde054e99b66c98ebb66f7066 [term 0 FOLLOWER]: Starting pre-election with config: opid_index: -1 OBSOLETE_local: false peers { permanent_uuid: "3aa06dd775a748c788799593083fac77" member_type: VOTER last_known_addr { host: "127.6.6.65" port: 38703 } } peers { permanent_uuid: "2dd2402fde054e99b66c98ebb66f7066" member_type: VOTER last_known_addr { host: "127.6.6.66" port: 41555 } } peers { permanent_uuid: "6d06098a80ec4d8e87c303749998f8c2" member_type: VOTER last_known_addr { host: "127.6.6.67" port: 41709 } }
I20260709 14:46:37.281635  7683 leader_election.cc:290] T 42d79a1db4e74c8bbb021bc7cdb169f3 P 2dd2402fde054e99b66c98ebb66f7066 [CANDIDATE]: Term 1 pre-election: Requested pre-vote from peers 3aa06dd775a748c788799593083fac77 (127.6.6.65:38703), 6d06098a80ec4d8e87c303749998f8c2 (127.6.6.67:41709)
I20260709 14:46:37.283309  7426 tablet_service.cc:1917] Received RequestConsensusVote() RPC: tablet_id: "42d79a1db4e74c8bbb021bc7cdb169f3" candidate_uuid: "2dd2402fde054e99b66c98ebb66f7066" candidate_term: 1 candidate_status { last_received { term: 0 index: 0 } } ignore_live_leader: false dest_uuid: "6d06098a80ec4d8e87c303749998f8c2" is_pre_election: true
I20260709 14:46:37.283957  7426 raft_consensus.cc:2468] T 42d79a1db4e74c8bbb021bc7cdb169f3 P 6d06098a80ec4d8e87c303749998f8c2 [term 0 FOLLOWER]: Leader pre-election vote request: Granting yes vote for candidate 2dd2402fde054e99b66c98ebb66f7066 in term 0.
I20260709 14:46:37.285316  7470 tablet_bootstrap.cc:492] T dd9bca0fddf3429e96c18d3032f58f2d P 3aa06dd775a748c788799593083fac77: No bootstrap required, opened a new log
I20260709 14:46:37.285723  7470 ts_tablet_manager.cc:1403] T dd9bca0fddf3429e96c18d3032f58f2d P 3aa06dd775a748c788799593083fac77: Time spent bootstrapping tablet: real 0.081s	user 0.010s	sys 0.000s
I20260709 14:46:37.286561  7320 leader_election.cc:304] T 42d79a1db4e74c8bbb021bc7cdb169f3 P 2dd2402fde054e99b66c98ebb66f7066 [CANDIDATE]: Term 1 pre-election: Election decided. Result: candidate won. Election summary: received 2 responses out of 3 voters: 2 yes votes; 0 no votes. yes voters: 2dd2402fde054e99b66c98ebb66f7066, 6d06098a80ec4d8e87c303749998f8c2; no voters: 
I20260709 14:46:37.288039  7275 tablet_service.cc:1917] Received RequestConsensusVote() RPC: tablet_id: "42d79a1db4e74c8bbb021bc7cdb169f3" candidate_uuid: "2dd2402fde054e99b66c98ebb66f7066" candidate_term: 1 candidate_status { last_received { term: 0 index: 0 } } ignore_live_leader: false dest_uuid: "3aa06dd775a748c788799593083fac77" is_pre_election: true
I20260709 14:46:37.289322  7469 tablet_bootstrap.cc:492] T cab51d36fbc749688659eac6e845293c P 2dd2402fde054e99b66c98ebb66f7066: No bootstrap required, opened a new log
I20260709 14:46:37.289768  7469 ts_tablet_manager.cc:1403] T cab51d36fbc749688659eac6e845293c P 2dd2402fde054e99b66c98ebb66f7066: Time spent bootstrapping tablet: real 0.103s	user 0.009s	sys 0.001s
I20260709 14:46:37.288064  7470 raft_consensus.cc:359] T dd9bca0fddf3429e96c18d3032f58f2d P 3aa06dd775a748c788799593083fac77 [term 0 FOLLOWER]: Replica starting. Triggering 0 pending ops. Active config: opid_index: -1 OBSOLETE_local: false peers { permanent_uuid: "3aa06dd775a748c788799593083fac77" member_type: VOTER last_known_addr { host: "127.6.6.65" port: 38703 } } peers { permanent_uuid: "2dd2402fde054e99b66c98ebb66f7066" member_type: VOTER last_known_addr { host: "127.6.6.66" port: 41555 } } peers { permanent_uuid: "6d06098a80ec4d8e87c303749998f8c2" member_type: VOTER last_known_addr { host: "127.6.6.67" port: 41709 } }
I20260709 14:46:37.291487  7470 raft_consensus.cc:385] T dd9bca0fddf3429e96c18d3032f58f2d P 3aa06dd775a748c788799593083fac77 [term 0 FOLLOWER]: Consensus starting up: Expiring failure detector timer to make a prompt election more likely
I20260709 14:46:37.291735  7470 raft_consensus.cc:740] T dd9bca0fddf3429e96c18d3032f58f2d P 3aa06dd775a748c788799593083fac77 [term 0 FOLLOWER]: Becoming Follower/Learner. State: Replica: 3aa06dd775a748c788799593083fac77, State: Initialized, Role: FOLLOWER
I20260709 14:46:37.292469  7470 consensus_queue.cc:260] T dd9bca0fddf3429e96c18d3032f58f2d P 3aa06dd775a748c788799593083fac77 [NON_LEADER]: Queue going to NON_LEADER mode. State: All replicated index: 0, Majority replicated index: 0, Committed index: 0, Last appended: 0.0, Last appended by leader: 0, Current term: 0, Majority size: -1, State: 0, Mode: NON_LEADER, active raft config: opid_index: -1 OBSOLETE_local: false peers { permanent_uuid: "3aa06dd775a748c788799593083fac77" member_type: VOTER last_known_addr { host: "127.6.6.65" port: 38703 } } peers { permanent_uuid: "2dd2402fde054e99b66c98ebb66f7066" member_type: VOTER last_known_addr { host: "127.6.6.66" port: 41555 } } peers { permanent_uuid: "6d06098a80ec4d8e87c303749998f8c2" member_type: VOTER last_known_addr { host: "127.6.6.67" port: 41709 } }
W20260709 14:46:37.293841  7318 leader_election.cc:343] T 42d79a1db4e74c8bbb021bc7cdb169f3 P 2dd2402fde054e99b66c98ebb66f7066 [CANDIDATE]: Term 1 pre-election: Tablet error from VoteRequest() call to peer 3aa06dd775a748c788799593083fac77 (127.6.6.65:38703): Illegal state: must be running to vote when last-logged opid is not known
I20260709 14:46:37.288072  7474 raft_consensus.cc:2804] T 42d79a1db4e74c8bbb021bc7cdb169f3 P 2dd2402fde054e99b66c98ebb66f7066 [term 0 FOLLOWER]: Leader pre-election won for term 1
I20260709 14:46:37.294406  7470 ts_tablet_manager.cc:1434] T dd9bca0fddf3429e96c18d3032f58f2d P 3aa06dd775a748c788799593083fac77: Time spent starting tablet: real 0.008s	user 0.005s	sys 0.000s
I20260709 14:46:37.294504  7474 raft_consensus.cc:493] T 42d79a1db4e74c8bbb021bc7cdb169f3 P 2dd2402fde054e99b66c98ebb66f7066 [term 0 FOLLOWER]: Starting leader election (no leader contacted us within the election timeout)
I20260709 14:46:37.294880  7474 raft_consensus.cc:3060] T 42d79a1db4e74c8bbb021bc7cdb169f3 P 2dd2402fde054e99b66c98ebb66f7066 [term 0 FOLLOWER]: Advancing to term 1
I20260709 14:46:37.295245  7470 tablet_bootstrap.cc:492] T 8662850c9bfe4f38ab3f46f49d42791f P 3aa06dd775a748c788799593083fac77: Bootstrap starting.
I20260709 14:46:37.297235  7683 raft_consensus.cc:493] T bde67174c57047cfa38054f1cea92c1f P 2dd2402fde054e99b66c98ebb66f7066 [term 0 FOLLOWER]: Starting pre-election (no leader contacted us within the election timeout)
I20260709 14:46:37.297724  7683 raft_consensus.cc:515] T bde67174c57047cfa38054f1cea92c1f P 2dd2402fde054e99b66c98ebb66f7066 [term 0 FOLLOWER]: Starting pre-election with config: opid_index: -1 OBSOLETE_local: false peers { permanent_uuid: "3aa06dd775a748c788799593083fac77" member_type: VOTER last_known_addr { host: "127.6.6.65" port: 38703 } } peers { permanent_uuid: "2dd2402fde054e99b66c98ebb66f7066" member_type: VOTER last_known_addr { host: "127.6.6.66" port: 41555 } } peers { permanent_uuid: "6d06098a80ec4d8e87c303749998f8c2" member_type: VOTER last_known_addr { host: "127.6.6.67" port: 41709 } }
I20260709 14:46:37.298934  7469 raft_consensus.cc:359] T cab51d36fbc749688659eac6e845293c P 2dd2402fde054e99b66c98ebb66f7066 [term 0 FOLLOWER]: Replica starting. Triggering 0 pending ops. Active config: opid_index: -1 OBSOLETE_local: false peers { permanent_uuid: "3aa06dd775a748c788799593083fac77" member_type: VOTER last_known_addr { host: "127.6.6.65" port: 38703 } } peers { permanent_uuid: "2dd2402fde054e99b66c98ebb66f7066" member_type: VOTER last_known_addr { host: "127.6.6.66" port: 41555 } } peers { permanent_uuid: "6d06098a80ec4d8e87c303749998f8c2" member_type: VOTER last_known_addr { host: "127.6.6.67" port: 41709 } }
I20260709 14:46:37.300427  7469 raft_consensus.cc:385] T cab51d36fbc749688659eac6e845293c P 2dd2402fde054e99b66c98ebb66f7066 [term 0 FOLLOWER]: Consensus starting up: Expiring failure detector timer to make a prompt election more likely
I20260709 14:46:37.300685  7469 raft_consensus.cc:740] T cab51d36fbc749688659eac6e845293c P 2dd2402fde054e99b66c98ebb66f7066 [term 0 FOLLOWER]: Becoming Follower/Learner. State: Replica: 2dd2402fde054e99b66c98ebb66f7066, State: Initialized, Role: FOLLOWER
I20260709 14:46:37.301268  7469 consensus_queue.cc:260] T cab51d36fbc749688659eac6e845293c P 2dd2402fde054e99b66c98ebb66f7066 [NON_LEADER]: Queue going to NON_LEADER mode. State: All replicated index: 0, Majority replicated index: 0, Committed index: 0, Last appended: 0.0, Last appended by leader: 0, Current term: 0, Majority size: -1, State: 0, Mode: NON_LEADER, active raft config: opid_index: -1 OBSOLETE_local: false peers { permanent_uuid: "3aa06dd775a748c788799593083fac77" member_type: VOTER last_known_addr { host: "127.6.6.65" port: 38703 } } peers { permanent_uuid: "2dd2402fde054e99b66c98ebb66f7066" member_type: VOTER last_known_addr { host: "127.6.6.66" port: 41555 } } peers { permanent_uuid: "6d06098a80ec4d8e87c303749998f8c2" member_type: VOTER last_known_addr { host: "127.6.6.67" port: 41709 } }
I20260709 14:46:37.302634  7469 ts_tablet_manager.cc:1434] T cab51d36fbc749688659eac6e845293c P 2dd2402fde054e99b66c98ebb66f7066: Time spent starting tablet: real 0.013s	user 0.003s	sys 0.002s
I20260709 14:46:37.304816  7279 tablet_service.cc:1917] Received RequestConsensusVote() RPC: tablet_id: "bde67174c57047cfa38054f1cea92c1f" candidate_uuid: "2dd2402fde054e99b66c98ebb66f7066" candidate_term: 1 candidate_status { last_received { term: 0 index: 0 } } ignore_live_leader: false dest_uuid: "3aa06dd775a748c788799593083fac77" is_pre_election: true
I20260709 14:46:37.312129  7279 raft_consensus.cc:2468] T bde67174c57047cfa38054f1cea92c1f P 3aa06dd775a748c788799593083fac77 [term 0 FOLLOWER]: Leader pre-election vote request: Granting yes vote for candidate 2dd2402fde054e99b66c98ebb66f7066 in term 0.
I20260709 14:46:37.305691  7352 raft_consensus.cc:3060] T c5bbdd6de52e4c9fb0199f1fc30335d6 P 2dd2402fde054e99b66c98ebb66f7066 [term 0 FOLLOWER]: Advancing to term 1
I20260709 14:46:37.306638  7426 tablet_service.cc:1917] Received RequestConsensusVote() RPC: tablet_id: "bde67174c57047cfa38054f1cea92c1f" candidate_uuid: "2dd2402fde054e99b66c98ebb66f7066" candidate_term: 1 candidate_status { last_received { term: 0 index: 0 } } ignore_live_leader: false dest_uuid: "6d06098a80ec4d8e87c303749998f8c2" is_pre_election: true
I20260709 14:46:37.314536  7470 tablet_bootstrap.cc:654] T 8662850c9bfe4f38ab3f46f49d42791f P 3aa06dd775a748c788799593083fac77: Neither blocks nor log segments found. Creating new log.
W20260709 14:46:37.315174  7320 leader_election.cc:343] T bde67174c57047cfa38054f1cea92c1f P 2dd2402fde054e99b66c98ebb66f7066 [CANDIDATE]: Term 1 pre-election: Tablet error from VoteRequest() call to peer 6d06098a80ec4d8e87c303749998f8c2 (127.6.6.67:41709): Illegal state: must be running to vote when last-logged opid is not known
I20260709 14:46:37.307166  7471 tablet_bootstrap.cc:492] T 769667332d5e4a0c86df695bf45f2469 P 6d06098a80ec4d8e87c303749998f8c2: No bootstrap required, opened a new log
I20260709 14:46:37.316157  7471 ts_tablet_manager.cc:1403] T 769667332d5e4a0c86df695bf45f2469 P 6d06098a80ec4d8e87c303749998f8c2: Time spent bootstrapping tablet: real 0.045s	user 0.006s	sys 0.003s
I20260709 14:46:37.318456  7471 raft_consensus.cc:359] T 769667332d5e4a0c86df695bf45f2469 P 6d06098a80ec4d8e87c303749998f8c2 [term 0 FOLLOWER]: Replica starting. Triggering 0 pending ops. Active config: opid_index: -1 OBSOLETE_local: false peers { permanent_uuid: "3aa06dd775a748c788799593083fac77" member_type: VOTER last_known_addr { host: "127.6.6.65" port: 38703 } } peers { permanent_uuid: "2dd2402fde054e99b66c98ebb66f7066" member_type: VOTER last_known_addr { host: "127.6.6.66" port: 41555 } } peers { permanent_uuid: "6d06098a80ec4d8e87c303749998f8c2" member_type: VOTER last_known_addr { host: "127.6.6.67" port: 41709 } }
I20260709 14:46:37.319027  7471 raft_consensus.cc:385] T 769667332d5e4a0c86df695bf45f2469 P 6d06098a80ec4d8e87c303749998f8c2 [term 0 FOLLOWER]: Consensus starting up: Expiring failure detector timer to make a prompt election more likely
I20260709 14:46:37.319410  7471 raft_consensus.cc:740] T 769667332d5e4a0c86df695bf45f2469 P 6d06098a80ec4d8e87c303749998f8c2 [term 0 FOLLOWER]: Becoming Follower/Learner. State: Replica: 6d06098a80ec4d8e87c303749998f8c2, State: Initialized, Role: FOLLOWER
I20260709 14:46:37.320122  7471 consensus_queue.cc:260] T 769667332d5e4a0c86df695bf45f2469 P 6d06098a80ec4d8e87c303749998f8c2 [NON_LEADER]: Queue going to NON_LEADER mode. State: All replicated index: 0, Majority replicated index: 0, Committed index: 0, Last appended: 0.0, Last appended by leader: 0, Current term: 0, Majority size: -1, State: 0, Mode: NON_LEADER, active raft config: opid_index: -1 OBSOLETE_local: false peers { permanent_uuid: "3aa06dd775a748c788799593083fac77" member_type: VOTER last_known_addr { host: "127.6.6.65" port: 38703 } } peers { permanent_uuid: "2dd2402fde054e99b66c98ebb66f7066" member_type: VOTER last_known_addr { host: "127.6.6.66" port: 41555 } } peers { permanent_uuid: "6d06098a80ec4d8e87c303749998f8c2" member_type: VOTER last_known_addr { host: "127.6.6.67" port: 41709 } }
W20260709 14:46:37.306648  7226 auto_rebalancer.cc:288] Could not retrieve cluster info: Service unavailable: Tablet not running
I20260709 14:46:37.322042  7471 ts_tablet_manager.cc:1434] T 769667332d5e4a0c86df695bf45f2469 P 6d06098a80ec4d8e87c303749998f8c2: Time spent starting tablet: real 0.006s	user 0.004s	sys 0.000s
I20260709 14:46:37.322901  7471 tablet_bootstrap.cc:492] T 894182287a6c4ac7a7f78ccb3ea5511a P 6d06098a80ec4d8e87c303749998f8c2: Bootstrap starting.
I20260709 14:46:37.311177  7474 raft_consensus.cc:515] T 42d79a1db4e74c8bbb021bc7cdb169f3 P 2dd2402fde054e99b66c98ebb66f7066 [term 1 FOLLOWER]: Starting leader election with config: opid_index: -1 OBSOLETE_local: false peers { permanent_uuid: "3aa06dd775a748c788799593083fac77" member_type: VOTER last_known_addr { host: "127.6.6.65" port: 38703 } } peers { permanent_uuid: "2dd2402fde054e99b66c98ebb66f7066" member_type: VOTER last_known_addr { host: "127.6.6.66" port: 41555 } } peers { permanent_uuid: "6d06098a80ec4d8e87c303749998f8c2" member_type: VOTER last_known_addr { host: "127.6.6.67" port: 41709 } }
I20260709 14:46:37.303803  7683 leader_election.cc:290] T bde67174c57047cfa38054f1cea92c1f P 2dd2402fde054e99b66c98ebb66f7066 [CANDIDATE]: Term 1 pre-election: Requested pre-vote from peers 3aa06dd775a748c788799593083fac77 (127.6.6.65:38703), 6d06098a80ec4d8e87c303749998f8c2 (127.6.6.67:41709)
I20260709 14:46:37.326089  7426 tablet_service.cc:1917] Received RequestConsensusVote() RPC: tablet_id: "42d79a1db4e74c8bbb021bc7cdb169f3" candidate_uuid: "2dd2402fde054e99b66c98ebb66f7066" candidate_term: 1 candidate_status { last_received { term: 0 index: 0 } } ignore_live_leader: false dest_uuid: "6d06098a80ec4d8e87c303749998f8c2"
I20260709 14:46:37.326678  7426 raft_consensus.cc:3060] T 42d79a1db4e74c8bbb021bc7cdb169f3 P 6d06098a80ec4d8e87c303749998f8c2 [term 0 FOLLOWER]: Advancing to term 1
I20260709 14:46:37.303437  7469 tablet_bootstrap.cc:492] T a811be2b607a447abe29c84d82e73e8e P 2dd2402fde054e99b66c98ebb66f7066: Bootstrap starting.
I20260709 14:46:37.329242  7471 tablet_bootstrap.cc:654] T 894182287a6c4ac7a7f78ccb3ea5511a P 6d06098a80ec4d8e87c303749998f8c2: Neither blocks nor log segments found. Creating new log.
I20260709 14:46:37.333570  7469 tablet_bootstrap.cc:654] T a811be2b607a447abe29c84d82e73e8e P 2dd2402fde054e99b66c98ebb66f7066: Neither blocks nor log segments found. Creating new log.
I20260709 14:46:37.333889  7474 leader_election.cc:290] T 42d79a1db4e74c8bbb021bc7cdb169f3 P 2dd2402fde054e99b66c98ebb66f7066 [CANDIDATE]: Term 1 election: Requested vote from peers 3aa06dd775a748c788799593083fac77 (127.6.6.65:38703), 6d06098a80ec4d8e87c303749998f8c2 (127.6.6.67:41709)
I20260709 14:46:37.336501  7318 leader_election.cc:304] T bde67174c57047cfa38054f1cea92c1f P 2dd2402fde054e99b66c98ebb66f7066 [CANDIDATE]: Term 1 pre-election: Election decided. Result: candidate won. Election summary: received 3 responses out of 3 voters: 2 yes votes; 1 no votes. yes voters: 2dd2402fde054e99b66c98ebb66f7066, 3aa06dd775a748c788799593083fac77; no voters: 6d06098a80ec4d8e87c303749998f8c2
I20260709 14:46:37.336810  7279 tablet_service.cc:1917] Received RequestConsensusVote() RPC: tablet_id: "42d79a1db4e74c8bbb021bc7cdb169f3" candidate_uuid: "2dd2402fde054e99b66c98ebb66f7066" candidate_term: 1 candidate_status { last_received { term: 0 index: 0 } } ignore_live_leader: false dest_uuid: "3aa06dd775a748c788799593083fac77"
I20260709 14:46:37.337692  7683 raft_consensus.cc:2804] T bde67174c57047cfa38054f1cea92c1f P 2dd2402fde054e99b66c98ebb66f7066 [term 0 FOLLOWER]: Leader pre-election won for term 1
I20260709 14:46:37.337816  7530 consensus_queue.cc:1048] T c5bbdd6de52e4c9fb0199f1fc30335d6 P 3aa06dd775a748c788799593083fac77 [LEADER]: Connected to new peer: Peer: permanent_uuid: "2dd2402fde054e99b66c98ebb66f7066" member_type: VOTER last_known_addr { host: "127.6.6.66" port: 41555 }, Status: LMP_MISMATCH, Last received: 0.0, Next index: 1, Last known committed idx: 0, Time since last communication: 0.000s
I20260709 14:46:37.338085  7683 raft_consensus.cc:493] T bde67174c57047cfa38054f1cea92c1f P 2dd2402fde054e99b66c98ebb66f7066 [term 0 FOLLOWER]: Starting leader election (no leader contacted us within the election timeout)
I20260709 14:46:37.338538  7683 raft_consensus.cc:3060] T bde67174c57047cfa38054f1cea92c1f P 2dd2402fde054e99b66c98ebb66f7066 [term 0 FOLLOWER]: Advancing to term 1
W20260709 14:46:37.337905  7244 consensus_peers.cc:597] T 8c352e28f4ae4e8b84761101e4f3e813 P 3aa06dd775a748c788799593083fac77 -> Peer 2dd2402fde054e99b66c98ebb66f7066 (127.6.6.66:41555): Couldn't send request to peer 2dd2402fde054e99b66c98ebb66f7066. Error code: TABLET_NOT_RUNNING (12). Status: Illegal state: Tablet not RUNNING: INITIALIZED. This is attempt 1: this message will repeat every 5th retry.
W20260709 14:46:37.341827  7318 leader_election.cc:343] T 42d79a1db4e74c8bbb021bc7cdb169f3 P 2dd2402fde054e99b66c98ebb66f7066 [CANDIDATE]: Term 1 election: Tablet error from VoteRequest() call to peer 3aa06dd775a748c788799593083fac77 (127.6.6.65:38703): Illegal state: must be running to vote when last-logged opid is not known
I20260709 14:46:37.342926  7523 consensus_queue.cc:1048] T 59e1a7dd692346c69742573d3be830ac P 2dd2402fde054e99b66c98ebb66f7066 [LEADER]: Connected to new peer: Peer: permanent_uuid: "3aa06dd775a748c788799593083fac77" member_type: VOTER last_known_addr { host: "127.6.6.65" port: 38703 }, Status: LMP_MISMATCH, Last received: 0.0, Next index: 1, Last known committed idx: 0, Time since last communication: 0.000s
I20260709 14:46:37.347214  7683 raft_consensus.cc:515] T bde67174c57047cfa38054f1cea92c1f P 2dd2402fde054e99b66c98ebb66f7066 [term 1 FOLLOWER]: Starting leader election with config: opid_index: -1 OBSOLETE_local: false peers { permanent_uuid: "3aa06dd775a748c788799593083fac77" member_type: VOTER last_known_addr { host: "127.6.6.65" port: 38703 } } peers { permanent_uuid: "2dd2402fde054e99b66c98ebb66f7066" member_type: VOTER last_known_addr { host: "127.6.6.66" port: 41555 } } peers { permanent_uuid: "6d06098a80ec4d8e87c303749998f8c2" member_type: VOTER last_known_addr { host: "127.6.6.67" port: 41709 } }
I20260709 14:46:37.349695  7523 consensus_queue.cc:1048] T 59e1a7dd692346c69742573d3be830ac P 2dd2402fde054e99b66c98ebb66f7066 [LEADER]: Connected to new peer: Peer: permanent_uuid: "6d06098a80ec4d8e87c303749998f8c2" member_type: VOTER last_known_addr { host: "127.6.6.67" port: 41709 }, Status: LMP_MISMATCH, Last received: 0.0, Next index: 1, Last known committed idx: 0, Time since last communication: 0.000s
I20260709 14:46:37.352105  7683 leader_election.cc:290] T bde67174c57047cfa38054f1cea92c1f P 2dd2402fde054e99b66c98ebb66f7066 [CANDIDATE]: Term 1 election: Requested vote from peers 3aa06dd775a748c788799593083fac77 (127.6.6.65:38703), 6d06098a80ec4d8e87c303749998f8c2 (127.6.6.67:41709)
I20260709 14:46:37.333669  7426 raft_consensus.cc:2468] T 42d79a1db4e74c8bbb021bc7cdb169f3 P 6d06098a80ec4d8e87c303749998f8c2 [term 1 FOLLOWER]: Leader election vote request: Granting yes vote for candidate 2dd2402fde054e99b66c98ebb66f7066 in term 1.
I20260709 14:46:37.353718  7275 tablet_service.cc:1917] Received RequestConsensusVote() RPC: tablet_id: "bde67174c57047cfa38054f1cea92c1f" candidate_uuid: "2dd2402fde054e99b66c98ebb66f7066" candidate_term: 1 candidate_status { last_received { term: 0 index: 0 } } ignore_live_leader: false dest_uuid: "3aa06dd775a748c788799593083fac77"
I20260709 14:46:37.354267  7275 raft_consensus.cc:3060] T bde67174c57047cfa38054f1cea92c1f P 3aa06dd775a748c788799593083fac77 [term 0 FOLLOWER]: Advancing to term 1
I20260709 14:46:37.355393  7470 tablet_bootstrap.cc:492] T 8662850c9bfe4f38ab3f46f49d42791f P 3aa06dd775a748c788799593083fac77: No bootstrap required, opened a new log
I20260709 14:46:37.355830  7175 catalog_manager.cc:5697] T a811be2b607a447abe29c84d82e73e8e P 6d06098a80ec4d8e87c303749998f8c2 reported cstate change: term changed from 0 to 1, leader changed from <none> to 6d06098a80ec4d8e87c303749998f8c2 (127.6.6.67). New cstate: current_term: 1 leader_uuid: "6d06098a80ec4d8e87c303749998f8c2" committed_config { opid_index: -1 OBSOLETE_local: false peers { permanent_uuid: "3aa06dd775a748c788799593083fac77" member_type: VOTER last_known_addr { host: "127.6.6.65" port: 38703 } health_report { overall_health: UNKNOWN } } peers { permanent_uuid: "2dd2402fde054e99b66c98ebb66f7066" member_type: VOTER last_known_addr { host: "127.6.6.66" port: 41555 } health_report { overall_health: UNKNOWN } } peers { permanent_uuid: "6d06098a80ec4d8e87c303749998f8c2" member_type: VOTER last_known_addr { host: "127.6.6.67" port: 41709 } health_report { overall_health: HEALTHY } } }
I20260709 14:46:37.357509  7471 tablet_bootstrap.cc:492] T 894182287a6c4ac7a7f78ccb3ea5511a P 6d06098a80ec4d8e87c303749998f8c2: No bootstrap required, opened a new log
I20260709 14:46:37.355831  7470 ts_tablet_manager.cc:1403] T 8662850c9bfe4f38ab3f46f49d42791f P 3aa06dd775a748c788799593083fac77: Time spent bootstrapping tablet: real 0.061s	user 0.011s	sys 0.012s
I20260709 14:46:37.357909  7471 ts_tablet_manager.cc:1403] T 894182287a6c4ac7a7f78ccb3ea5511a P 6d06098a80ec4d8e87c303749998f8c2: Time spent bootstrapping tablet: real 0.035s	user 0.008s	sys 0.010s
I20260709 14:46:37.360150  7470 raft_consensus.cc:359] T 8662850c9bfe4f38ab3f46f49d42791f P 3aa06dd775a748c788799593083fac77 [term 0 FOLLOWER]: Replica starting. Triggering 0 pending ops. Active config: opid_index: -1 OBSOLETE_local: false peers { permanent_uuid: "3aa06dd775a748c788799593083fac77" member_type: VOTER last_known_addr { host: "127.6.6.65" port: 38703 } } peers { permanent_uuid: "2dd2402fde054e99b66c98ebb66f7066" member_type: VOTER last_known_addr { host: "127.6.6.66" port: 41555 } } peers { permanent_uuid: "6d06098a80ec4d8e87c303749998f8c2" member_type: VOTER last_known_addr { host: "127.6.6.67" port: 41709 } }
I20260709 14:46:37.360627  7471 raft_consensus.cc:359] T 894182287a6c4ac7a7f78ccb3ea5511a P 6d06098a80ec4d8e87c303749998f8c2 [term 0 FOLLOWER]: Replica starting. Triggering 0 pending ops. Active config: opid_index: -1 OBSOLETE_local: false peers { permanent_uuid: "3aa06dd775a748c788799593083fac77" member_type: VOTER last_known_addr { host: "127.6.6.65" port: 38703 } } peers { permanent_uuid: "2dd2402fde054e99b66c98ebb66f7066" member_type: VOTER last_known_addr { host: "127.6.6.66" port: 41555 } } peers { permanent_uuid: "6d06098a80ec4d8e87c303749998f8c2" member_type: VOTER last_known_addr { host: "127.6.6.67" port: 41709 } }
I20260709 14:46:37.361538  7470 raft_consensus.cc:385] T 8662850c9bfe4f38ab3f46f49d42791f P 3aa06dd775a748c788799593083fac77 [term 0 FOLLOWER]: Consensus starting up: Expiring failure detector timer to make a prompt election more likely
I20260709 14:46:37.361793  7471 raft_consensus.cc:385] T 894182287a6c4ac7a7f78ccb3ea5511a P 6d06098a80ec4d8e87c303749998f8c2 [term 0 FOLLOWER]: Consensus starting up: Expiring failure detector timer to make a prompt election more likely
I20260709 14:46:37.362174  7471 raft_consensus.cc:740] T 894182287a6c4ac7a7f78ccb3ea5511a P 6d06098a80ec4d8e87c303749998f8c2 [term 0 FOLLOWER]: Becoming Follower/Learner. State: Replica: 6d06098a80ec4d8e87c303749998f8c2, State: Initialized, Role: FOLLOWER
I20260709 14:46:37.361943  7470 raft_consensus.cc:740] T 8662850c9bfe4f38ab3f46f49d42791f P 3aa06dd775a748c788799593083fac77 [term 0 FOLLOWER]: Becoming Follower/Learner. State: Replica: 3aa06dd775a748c788799593083fac77, State: Initialized, Role: FOLLOWER
I20260709 14:46:37.363106  7471 consensus_queue.cc:260] T 894182287a6c4ac7a7f78ccb3ea5511a P 6d06098a80ec4d8e87c303749998f8c2 [NON_LEADER]: Queue going to NON_LEADER mode. State: All replicated index: 0, Majority replicated index: 0, Committed index: 0, Last appended: 0.0, Last appended by leader: 0, Current term: 0, Majority size: -1, State: 0, Mode: NON_LEADER, active raft config: opid_index: -1 OBSOLETE_local: false peers { permanent_uuid: "3aa06dd775a748c788799593083fac77" member_type: VOTER last_known_addr { host: "127.6.6.65" port: 38703 } } peers { permanent_uuid: "2dd2402fde054e99b66c98ebb66f7066" member_type: VOTER last_known_addr { host: "127.6.6.66" port: 41555 } } peers { permanent_uuid: "6d06098a80ec4d8e87c303749998f8c2" member_type: VOTER last_known_addr { host: "127.6.6.67" port: 41709 } }
I20260709 14:46:37.364274  7469 tablet_bootstrap.cc:492] T a811be2b607a447abe29c84d82e73e8e P 2dd2402fde054e99b66c98ebb66f7066: No bootstrap required, opened a new log
I20260709 14:46:37.364686  7469 ts_tablet_manager.cc:1403] T a811be2b607a447abe29c84d82e73e8e P 2dd2402fde054e99b66c98ebb66f7066: Time spent bootstrapping tablet: real 0.061s	user 0.010s	sys 0.003s
I20260709 14:46:37.365121  7471 ts_tablet_manager.cc:1434] T 894182287a6c4ac7a7f78ccb3ea5511a P 6d06098a80ec4d8e87c303749998f8c2: Time spent starting tablet: real 0.007s	user 0.006s	sys 0.000s
I20260709 14:46:37.361649  7320 leader_election.cc:304] T 42d79a1db4e74c8bbb021bc7cdb169f3 P 2dd2402fde054e99b66c98ebb66f7066 [CANDIDATE]: Term 1 election: Election decided. Result: candidate won. Election summary: received 3 responses out of 3 voters: 2 yes votes; 1 no votes. yes voters: 2dd2402fde054e99b66c98ebb66f7066, 6d06098a80ec4d8e87c303749998f8c2; no voters: 3aa06dd775a748c788799593083fac77
I20260709 14:46:37.365926  7471 tablet_bootstrap.cc:492] T bde67174c57047cfa38054f1cea92c1f P 6d06098a80ec4d8e87c303749998f8c2: Bootstrap starting.
I20260709 14:46:37.367321  7469 raft_consensus.cc:359] T a811be2b607a447abe29c84d82e73e8e P 2dd2402fde054e99b66c98ebb66f7066 [term 0 FOLLOWER]: Replica starting. Triggering 0 pending ops. Active config: opid_index: -1 OBSOLETE_local: false peers { permanent_uuid: "3aa06dd775a748c788799593083fac77" member_type: VOTER last_known_addr { host: "127.6.6.65" port: 38703 } } peers { permanent_uuid: "2dd2402fde054e99b66c98ebb66f7066" member_type: VOTER last_known_addr { host: "127.6.6.66" port: 41555 } } peers { permanent_uuid: "6d06098a80ec4d8e87c303749998f8c2" member_type: VOTER last_known_addr { host: "127.6.6.67" port: 41709 } }
I20260709 14:46:37.367934  7469 raft_consensus.cc:385] T a811be2b607a447abe29c84d82e73e8e P 2dd2402fde054e99b66c98ebb66f7066 [term 0 FOLLOWER]: Consensus starting up: Expiring failure detector timer to make a prompt election more likely
I20260709 14:46:37.368319  7469 raft_consensus.cc:740] T a811be2b607a447abe29c84d82e73e8e P 2dd2402fde054e99b66c98ebb66f7066 [term 0 FOLLOWER]: Becoming Follower/Learner. State: Replica: 2dd2402fde054e99b66c98ebb66f7066, State: Initialized, Role: FOLLOWER
I20260709 14:46:37.367895  7683 raft_consensus.cc:2804] T 42d79a1db4e74c8bbb021bc7cdb169f3 P 2dd2402fde054e99b66c98ebb66f7066 [term 1 FOLLOWER]: Leader election won for term 1
I20260709 14:46:37.363214  7470 consensus_queue.cc:260] T 8662850c9bfe4f38ab3f46f49d42791f P 3aa06dd775a748c788799593083fac77 [NON_LEADER]: Queue going to NON_LEADER mode. State: All replicated index: 0, Majority replicated index: 0, Committed index: 0, Last appended: 0.0, Last appended by leader: 0, Current term: 0, Majority size: -1, State: 0, Mode: NON_LEADER, active raft config: opid_index: -1 OBSOLETE_local: false peers { permanent_uuid: "3aa06dd775a748c788799593083fac77" member_type: VOTER last_known_addr { host: "127.6.6.65" port: 38703 } } peers { permanent_uuid: "2dd2402fde054e99b66c98ebb66f7066" member_type: VOTER last_known_addr { host: "127.6.6.66" port: 41555 } } peers { permanent_uuid: "6d06098a80ec4d8e87c303749998f8c2" member_type: VOTER last_known_addr { host: "127.6.6.67" port: 41709 } }
I20260709 14:46:37.369568  7469 consensus_queue.cc:260] T a811be2b607a447abe29c84d82e73e8e P 2dd2402fde054e99b66c98ebb66f7066 [NON_LEADER]: Queue going to NON_LEADER mode. State: All replicated index: 0, Majority replicated index: 0, Committed index: 0, Last appended: 0.0, Last appended by leader: 0, Current term: 0, Majority size: -1, State: 0, Mode: NON_LEADER, active raft config: opid_index: -1 OBSOLETE_local: false peers { permanent_uuid: "3aa06dd775a748c788799593083fac77" member_type: VOTER last_known_addr { host: "127.6.6.65" port: 38703 } } peers { permanent_uuid: "2dd2402fde054e99b66c98ebb66f7066" member_type: VOTER last_known_addr { host: "127.6.6.66" port: 41555 } } peers { permanent_uuid: "6d06098a80ec4d8e87c303749998f8c2" member_type: VOTER last_known_addr { host: "127.6.6.67" port: 41709 } }
I20260709 14:46:37.370028  7683 raft_consensus.cc:697] T 42d79a1db4e74c8bbb021bc7cdb169f3 P 2dd2402fde054e99b66c98ebb66f7066 [term 1 LEADER]: Becoming Leader. State: Replica: 2dd2402fde054e99b66c98ebb66f7066, State: Running, Role: LEADER
I20260709 14:46:37.370909  7683 consensus_queue.cc:237] T 42d79a1db4e74c8bbb021bc7cdb169f3 P 2dd2402fde054e99b66c98ebb66f7066 [LEADER]: Queue going to LEADER mode. State: All replicated index: 0, Majority replicated index: 0, Committed index: 0, Last appended: 0.0, Last appended by leader: 0, Current term: 1, Majority size: 2, State: 0, Mode: LEADER, active raft config: opid_index: -1 OBSOLETE_local: false peers { permanent_uuid: "3aa06dd775a748c788799593083fac77" member_type: VOTER last_known_addr { host: "127.6.6.65" port: 38703 } } peers { permanent_uuid: "2dd2402fde054e99b66c98ebb66f7066" member_type: VOTER last_known_addr { host: "127.6.6.66" port: 41555 } } peers { permanent_uuid: "6d06098a80ec4d8e87c303749998f8c2" member_type: VOTER last_known_addr { host: "127.6.6.67" port: 41709 } }
I20260709 14:46:37.371598  7469 ts_tablet_manager.cc:1434] T a811be2b607a447abe29c84d82e73e8e P 2dd2402fde054e99b66c98ebb66f7066: Time spent starting tablet: real 0.007s	user 0.005s	sys 0.002s
I20260709 14:46:37.417663  7469 tablet_bootstrap.cc:492] T 894182287a6c4ac7a7f78ccb3ea5511a P 2dd2402fde054e99b66c98ebb66f7066: Bootstrap starting.
I20260709 14:46:37.420761  7470 ts_tablet_manager.cc:1434] T 8662850c9bfe4f38ab3f46f49d42791f P 3aa06dd775a748c788799593083fac77: Time spent starting tablet: real 0.063s	user 0.012s	sys 0.001s
I20260709 14:46:37.421663  7470 tablet_bootstrap.cc:492] T b6b23c1fa9a54ed8b4697b9ddd73041e P 3aa06dd775a748c788799593083fac77: Bootstrap starting.
I20260709 14:46:37.391386  7530 raft_consensus.cc:493] T a92f88a61db548bb9edd9175cf30e1a4 P 3aa06dd775a748c788799593083fac77 [term 0 FOLLOWER]: Starting pre-election (no leader contacted us within the election timeout)
I20260709 14:46:37.424480  7275 raft_consensus.cc:2468] T bde67174c57047cfa38054f1cea92c1f P 3aa06dd775a748c788799593083fac77 [term 1 FOLLOWER]: Leader election vote request: Granting yes vote for candidate 2dd2402fde054e99b66c98ebb66f7066 in term 1.
I20260709 14:46:37.417421  7426 tablet_service.cc:1917] Received RequestConsensusVote() RPC: tablet_id: "bde67174c57047cfa38054f1cea92c1f" candidate_uuid: "2dd2402fde054e99b66c98ebb66f7066" candidate_term: 1 candidate_status { last_received { term: 0 index: 0 } } ignore_live_leader: false dest_uuid: "6d06098a80ec4d8e87c303749998f8c2"
I20260709 14:46:37.427662  7531 consensus_queue.cc:1048] T c5bbdd6de52e4c9fb0199f1fc30335d6 P 3aa06dd775a748c788799593083fac77 [LEADER]: Connected to new peer: Peer: permanent_uuid: "6d06098a80ec4d8e87c303749998f8c2" member_type: VOTER last_known_addr { host: "127.6.6.67" port: 41709 }, Status: LMP_MISMATCH, Last received: 0.0, Next index: 1, Last known committed idx: 0, Time since last communication: 0.000s
I20260709 14:46:37.437768  7318 leader_election.cc:304] T bde67174c57047cfa38054f1cea92c1f P 2dd2402fde054e99b66c98ebb66f7066 [CANDIDATE]: Term 1 election: Election decided. Result: candidate won. Election summary: received 2 responses out of 3 voters: 2 yes votes; 0 no votes. yes voters: 2dd2402fde054e99b66c98ebb66f7066, 3aa06dd775a748c788799593083fac77; no voters: 
I20260709 14:46:37.438496  7524 raft_consensus.cc:2804] T bde67174c57047cfa38054f1cea92c1f P 2dd2402fde054e99b66c98ebb66f7066 [term 1 FOLLOWER]: Leader election won for term 1
I20260709 14:46:37.438331  7530 raft_consensus.cc:515] T a92f88a61db548bb9edd9175cf30e1a4 P 3aa06dd775a748c788799593083fac77 [term 0 FOLLOWER]: Starting pre-election with config: opid_index: -1 OBSOLETE_local: false peers { permanent_uuid: "3aa06dd775a748c788799593083fac77" member_type: VOTER last_known_addr { host: "127.6.6.65" port: 38703 } } peers { permanent_uuid: "2dd2402fde054e99b66c98ebb66f7066" member_type: VOTER last_known_addr { host: "127.6.6.66" port: 41555 } } peers { permanent_uuid: "6d06098a80ec4d8e87c303749998f8c2" member_type: VOTER last_known_addr { host: "127.6.6.67" port: 41709 } }
I20260709 14:46:37.438954  7524 raft_consensus.cc:697] T bde67174c57047cfa38054f1cea92c1f P 2dd2402fde054e99b66c98ebb66f7066 [term 1 LEADER]: Becoming Leader. State: Replica: 2dd2402fde054e99b66c98ebb66f7066, State: Running, Role: LEADER
I20260709 14:46:37.439831  7524 consensus_queue.cc:237] T bde67174c57047cfa38054f1cea92c1f P 2dd2402fde054e99b66c98ebb66f7066 [LEADER]: Queue going to LEADER mode. State: All replicated index: 0, Majority replicated index: 0, Committed index: 0, Last appended: 0.0, Last appended by leader: 0, Current term: 1, Majority size: 2, State: 0, Mode: LEADER, active raft config: opid_index: -1 OBSOLETE_local: false peers { permanent_uuid: "3aa06dd775a748c788799593083fac77" member_type: VOTER last_known_addr { host: "127.6.6.65" port: 38703 } } peers { permanent_uuid: "2dd2402fde054e99b66c98ebb66f7066" member_type: VOTER last_known_addr { host: "127.6.6.66" port: 41555 } } peers { permanent_uuid: "6d06098a80ec4d8e87c303749998f8c2" member_type: VOTER last_known_addr { host: "127.6.6.67" port: 41709 } }
I20260709 14:46:37.440286  7530 leader_election.cc:290] T a92f88a61db548bb9edd9175cf30e1a4 P 3aa06dd775a748c788799593083fac77 [CANDIDATE]: Term 1 pre-election: Requested pre-vote from peers 2dd2402fde054e99b66c98ebb66f7066 (127.6.6.66:41555), 6d06098a80ec4d8e87c303749998f8c2 (127.6.6.67:41709)
I20260709 14:46:37.447166  7427 tablet_service.cc:1917] Received RequestConsensusVote() RPC: tablet_id: "a92f88a61db548bb9edd9175cf30e1a4" candidate_uuid: "3aa06dd775a748c788799593083fac77" candidate_term: 1 candidate_status { last_received { term: 0 index: 0 } } ignore_live_leader: false dest_uuid: "6d06098a80ec4d8e87c303749998f8c2" is_pre_election: true
W20260709 14:46:37.450798  7320 leader_election.cc:343] T bde67174c57047cfa38054f1cea92c1f P 2dd2402fde054e99b66c98ebb66f7066 [CANDIDATE]: Term 1 election: Tablet error from VoteRequest() call to peer 6d06098a80ec4d8e87c303749998f8c2 (127.6.6.67:41709): Illegal state: must be running to vote when last-logged opid is not known
I20260709 14:46:37.453063  7352 tablet_service.cc:1917] Received RequestConsensusVote() RPC: tablet_id: "a92f88a61db548bb9edd9175cf30e1a4" candidate_uuid: "3aa06dd775a748c788799593083fac77" candidate_term: 1 candidate_status { last_received { term: 0 index: 0 } } ignore_live_leader: false dest_uuid: "2dd2402fde054e99b66c98ebb66f7066" is_pre_election: true
I20260709 14:46:37.465149  7474 raft_consensus.cc:493] T 58b677217452408ba9c7114c3fe6d0ca P 2dd2402fde054e99b66c98ebb66f7066 [term 0 FOLLOWER]: Starting pre-election (no leader contacted us within the election timeout)
I20260709 14:46:37.471189  7471 tablet_bootstrap.cc:654] T bde67174c57047cfa38054f1cea92c1f P 6d06098a80ec4d8e87c303749998f8c2: Neither blocks nor log segments found. Creating new log.
I20260709 14:46:37.472157  7352 raft_consensus.cc:2393] T a92f88a61db548bb9edd9175cf30e1a4 P 2dd2402fde054e99b66c98ebb66f7066 [term 1 FOLLOWER]: Leader pre-election vote request: Denying vote to candidate 3aa06dd775a748c788799593083fac77 in current term 1: Already voted for candidate 6d06098a80ec4d8e87c303749998f8c2 in this term.
I20260709 14:46:37.472436  7474 raft_consensus.cc:515] T 58b677217452408ba9c7114c3fe6d0ca P 2dd2402fde054e99b66c98ebb66f7066 [term 0 FOLLOWER]: Starting pre-election with config: opid_index: -1 OBSOLETE_local: false peers { permanent_uuid: "3aa06dd775a748c788799593083fac77" member_type: VOTER last_known_addr { host: "127.6.6.65" port: 38703 } } peers { permanent_uuid: "2dd2402fde054e99b66c98ebb66f7066" member_type: VOTER last_known_addr { host: "127.6.6.66" port: 41555 } } peers { permanent_uuid: "6d06098a80ec4d8e87c303749998f8c2" member_type: VOTER last_known_addr { host: "127.6.6.67" port: 41709 } }
I20260709 14:46:37.477329  7474 leader_election.cc:290] T 58b677217452408ba9c7114c3fe6d0ca P 2dd2402fde054e99b66c98ebb66f7066 [CANDIDATE]: Term 1 pre-election: Requested pre-vote from peers 3aa06dd775a748c788799593083fac77 (127.6.6.65:38703), 6d06098a80ec4d8e87c303749998f8c2 (127.6.6.67:41709)
I20260709 14:46:37.481031  7277 tablet_service.cc:1917] Received RequestConsensusVote() RPC: tablet_id: "58b677217452408ba9c7114c3fe6d0ca" candidate_uuid: "2dd2402fde054e99b66c98ebb66f7066" candidate_term: 1 candidate_status { last_received { term: 0 index: 0 } } ignore_live_leader: false dest_uuid: "3aa06dd775a748c788799593083fac77" is_pre_election: true
I20260709 14:46:37.483311  7470 tablet_bootstrap.cc:654] T b6b23c1fa9a54ed8b4697b9ddd73041e P 3aa06dd775a748c788799593083fac77: Neither blocks nor log segments found. Creating new log.
W20260709 14:46:37.485597  7318 leader_election.cc:343] T 58b677217452408ba9c7114c3fe6d0ca P 2dd2402fde054e99b66c98ebb66f7066 [CANDIDATE]: Term 1 pre-election: Tablet error from VoteRequest() call to peer 3aa06dd775a748c788799593083fac77 (127.6.6.65:38703): Illegal state: must be running to vote when last-logged opid is not known
I20260709 14:46:37.485841  7474 raft_consensus.cc:493] T a811be2b607a447abe29c84d82e73e8e P 2dd2402fde054e99b66c98ebb66f7066 [term 0 FOLLOWER]: Starting pre-election (no leader contacted us within the election timeout)
I20260709 14:46:37.485790  7244 leader_election.cc:304] T a92f88a61db548bb9edd9175cf30e1a4 P 3aa06dd775a748c788799593083fac77 [CANDIDATE]: Term 1 pre-election: Election decided. Result: candidate lost. Election summary: received 3 responses out of 3 voters: 1 yes votes; 2 no votes. yes voters: 3aa06dd775a748c788799593083fac77; no voters: 2dd2402fde054e99b66c98ebb66f7066, 6d06098a80ec4d8e87c303749998f8c2
I20260709 14:46:37.486922  7530 raft_consensus.cc:3060] T a92f88a61db548bb9edd9175cf30e1a4 P 3aa06dd775a748c788799593083fac77 [term 0 FOLLOWER]: Advancing to term 1
I20260709 14:46:37.486619  7474 raft_consensus.cc:515] T a811be2b607a447abe29c84d82e73e8e P 2dd2402fde054e99b66c98ebb66f7066 [term 0 FOLLOWER]: Starting pre-election with config: opid_index: -1 OBSOLETE_local: false peers { permanent_uuid: "3aa06dd775a748c788799593083fac77" member_type: VOTER last_known_addr { host: "127.6.6.65" port: 38703 } } peers { permanent_uuid: "2dd2402fde054e99b66c98ebb66f7066" member_type: VOTER last_known_addr { host: "127.6.6.66" port: 41555 } } peers { permanent_uuid: "6d06098a80ec4d8e87c303749998f8c2" member_type: VOTER last_known_addr { host: "127.6.6.67" port: 41709 } }
I20260709 14:46:37.492275  7275 tablet_service.cc:1917] Received RequestConsensusVote() RPC: tablet_id: "a811be2b607a447abe29c84d82e73e8e" candidate_uuid: "2dd2402fde054e99b66c98ebb66f7066" candidate_term: 1 candidate_status { last_received { term: 0 index: 0 } } ignore_live_leader: false dest_uuid: "3aa06dd775a748c788799593083fac77" is_pre_election: true
I20260709 14:46:37.492969  7275 raft_consensus.cc:2393] T a811be2b607a447abe29c84d82e73e8e P 3aa06dd775a748c788799593083fac77 [term 1 FOLLOWER]: Leader pre-election vote request: Denying vote to candidate 2dd2402fde054e99b66c98ebb66f7066 in current term 1: Already voted for candidate 6d06098a80ec4d8e87c303749998f8c2 in this term.
