I20260709 14:46:36.534941  7470 raft_consensus.cc:740] T 8c352e28f4ae4e8b84761101e4f3e813 P 3aa06dd775a748c788799593083fac77 [term 0 FOLLOWER]: Becoming Follower/Learner. State: Replica: 3aa06dd775a748c788799593083fac77, State: Initialized, Role: FOLLOWER
I20260709 14:46:36.535635  7470 consensus_queue.cc:260] T 8c352e28f4ae4e8b84761101e4f3e813 P 3aa06dd775a748c788799593083fac77 [NON_LEADER]: Queue going to NON_LEADER mode. State: All replicated index: 0, Majority replicated index: 0, Committed index: 0, Last appended: 0.0, Last appended by leader: 0, Current term: 0, Majority size: -1, State: 0, Mode: NON_LEADER, active raft config: opid_index: -1 OBSOLETE_local: false peers { permanent_uuid: "3aa06dd775a748c788799593083fac77" member_type: VOTER last_known_addr { host: "127.6.6.65" port: 38703 } } peers { permanent_uuid: "2dd2402fde054e99b66c98ebb66f7066" member_type: VOTER last_known_addr { host: "127.6.6.66" port: 41555 } } peers { permanent_uuid: "6d06098a80ec4d8e87c303749998f8c2" member_type: VOTER last_known_addr { host: "127.6.6.67" port: 41709 } }
I20260709 14:46:36.538004  7470 ts_tablet_manager.cc:1434] T 8c352e28f4ae4e8b84761101e4f3e813 P 3aa06dd775a748c788799593083fac77: Time spent starting tablet: real 0.006s	user 0.004s	sys 0.000s
I20260709 14:46:36.534580  7586 raft_consensus.cc:515] T 582623f0046a4ed1af3fd9aa9ac7697f P 6d06098a80ec4d8e87c303749998f8c2 [term 0 FOLLOWER]: Starting pre-election with config: opid_index: -1 OBSOLETE_local: false peers { permanent_uuid: "3aa06dd775a748c788799593083fac77" member_type: VOTER last_known_addr { host: "127.6.6.65" port: 38703 } } peers { permanent_uuid: "2dd2402fde054e99b66c98ebb66f7066" member_type: VOTER last_known_addr { host: "127.6.6.66" port: 41555 } } peers { permanent_uuid: "6d06098a80ec4d8e87c303749998f8c2" member_type: VOTER last_known_addr { host: "127.6.6.67" port: 41709 } }
I20260709 14:46:36.540669  7471 ts_tablet_manager.cc:1434] T 59e1a7dd692346c69742573d3be830ac P 6d06098a80ec4d8e87c303749998f8c2: Time spent starting tablet: real 0.010s	user 0.007s	sys 0.000s
I20260709 14:46:36.540900  7586 leader_election.cc:290] T 582623f0046a4ed1af3fd9aa9ac7697f P 6d06098a80ec4d8e87c303749998f8c2 [CANDIDATE]: Term 1 pre-election: Requested pre-vote from peers 3aa06dd775a748c788799593083fac77 (127.6.6.65:38703), 2dd2402fde054e99b66c98ebb66f7066 (127.6.6.66:41555)
I20260709 14:46:36.541491  7471 tablet_bootstrap.cc:492] T a92f88a61db548bb9edd9175cf30e1a4 P 6d06098a80ec4d8e87c303749998f8c2: Bootstrap starting.
I20260709 14:46:36.541864  7469 tablet_bootstrap.cc:492] T 582623f0046a4ed1af3fd9aa9ac7697f P 2dd2402fde054e99b66c98ebb66f7066: Bootstrap starting.
I20260709 14:46:36.542228  7351 tablet_service.cc:1917] Received RequestConsensusVote() RPC: tablet_id: "582623f0046a4ed1af3fd9aa9ac7697f" candidate_uuid: "6d06098a80ec4d8e87c303749998f8c2" candidate_term: 1 candidate_status { last_received { term: 0 index: 0 } } ignore_live_leader: false dest_uuid: "2dd2402fde054e99b66c98ebb66f7066" is_pre_election: true
W20260709 14:46:36.543408  7393 leader_election.cc:343] T 582623f0046a4ed1af3fd9aa9ac7697f P 6d06098a80ec4d8e87c303749998f8c2 [CANDIDATE]: Term 1 pre-election: Tablet error from VoteRequest() call to peer 2dd2402fde054e99b66c98ebb66f7066 (127.6.6.66:41555): Illegal state: must be running to vote when last-logged opid is not known
I20260709 14:46:36.545410  7470 tablet_bootstrap.cc:492] T 892fcf0f2df14bd6bce385330be48ace P 3aa06dd775a748c788799593083fac77: Bootstrap starting.
I20260709 14:46:36.545286  7278 tablet_service.cc:1917] Received RequestConsensusVote() RPC: tablet_id: "582623f0046a4ed1af3fd9aa9ac7697f" candidate_uuid: "6d06098a80ec4d8e87c303749998f8c2" candidate_term: 1 candidate_status { last_received { term: 0 index: 0 } } ignore_live_leader: false dest_uuid: "3aa06dd775a748c788799593083fac77" is_pre_election: true
I20260709 14:46:36.545874  7278 raft_consensus.cc:2468] T 582623f0046a4ed1af3fd9aa9ac7697f P 3aa06dd775a748c788799593083fac77 [term 0 FOLLOWER]: Leader pre-election vote request: Granting yes vote for candidate 6d06098a80ec4d8e87c303749998f8c2 in term 0.
I20260709 14:46:36.547137  7469 tablet_bootstrap.cc:654] T 582623f0046a4ed1af3fd9aa9ac7697f P 2dd2402fde054e99b66c98ebb66f7066: Neither blocks nor log segments found. Creating new log.
I20260709 14:46:36.546941  7392 leader_election.cc:304] T 582623f0046a4ed1af3fd9aa9ac7697f P 6d06098a80ec4d8e87c303749998f8c2 [CANDIDATE]: Term 1 pre-election: Election decided. Result: candidate won. Election summary: received 3 responses out of 3 voters: 2 yes votes; 1 no votes. yes voters: 3aa06dd775a748c788799593083fac77, 6d06098a80ec4d8e87c303749998f8c2; no voters: 2dd2402fde054e99b66c98ebb66f7066
I20260709 14:46:36.547946  7586 raft_consensus.cc:2804] T 582623f0046a4ed1af3fd9aa9ac7697f P 6d06098a80ec4d8e87c303749998f8c2 [term 0 FOLLOWER]: Leader pre-election won for term 1
I20260709 14:46:36.548300  7586 raft_consensus.cc:493] T 582623f0046a4ed1af3fd9aa9ac7697f P 6d06098a80ec4d8e87c303749998f8c2 [term 0 FOLLOWER]: Starting leader election (no leader contacted us within the election timeout)
I20260709 14:46:36.548604  7586 raft_consensus.cc:3060] T 582623f0046a4ed1af3fd9aa9ac7697f P 6d06098a80ec4d8e87c303749998f8c2 [term 0 FOLLOWER]: Advancing to term 1
I20260709 14:46:36.549978  7471 tablet_bootstrap.cc:654] T a92f88a61db548bb9edd9175cf30e1a4 P 6d06098a80ec4d8e87c303749998f8c2: Neither blocks nor log segments found. Creating new log.
I20260709 14:46:36.552318  7470 tablet_bootstrap.cc:654] T 892fcf0f2df14bd6bce385330be48ace P 3aa06dd775a748c788799593083fac77: Neither blocks nor log segments found. Creating new log.
I20260709 14:46:36.554698  7586 raft_consensus.cc:515] T 582623f0046a4ed1af3fd9aa9ac7697f P 6d06098a80ec4d8e87c303749998f8c2 [term 1 FOLLOWER]: Starting leader election with config: opid_index: -1 OBSOLETE_local: false peers { permanent_uuid: "3aa06dd775a748c788799593083fac77" member_type: VOTER last_known_addr { host: "127.6.6.65" port: 38703 } } peers { permanent_uuid: "2dd2402fde054e99b66c98ebb66f7066" member_type: VOTER last_known_addr { host: "127.6.6.66" port: 41555 } } peers { permanent_uuid: "6d06098a80ec4d8e87c303749998f8c2" member_type: VOTER last_known_addr { host: "127.6.6.67" port: 41709 } }
I20260709 14:46:36.557312  7278 tablet_service.cc:1917] Received RequestConsensusVote() RPC: tablet_id: "582623f0046a4ed1af3fd9aa9ac7697f" candidate_uuid: "6d06098a80ec4d8e87c303749998f8c2" candidate_term: 1 candidate_status { last_received { term: 0 index: 0 } } ignore_live_leader: false dest_uuid: "3aa06dd775a748c788799593083fac77"
I20260709 14:46:36.557840  7278 raft_consensus.cc:3060] T 582623f0046a4ed1af3fd9aa9ac7697f P 3aa06dd775a748c788799593083fac77 [term 0 FOLLOWER]: Advancing to term 1
I20260709 14:46:36.562762  7471 tablet_bootstrap.cc:492] T a92f88a61db548bb9edd9175cf30e1a4 P 6d06098a80ec4d8e87c303749998f8c2: No bootstrap required, opened a new log
I20260709 14:46:36.563227  7476 raft_consensus.cc:493] T dd9bca0fddf3429e96c18d3032f58f2d P 6d06098a80ec4d8e87c303749998f8c2 [term 0 FOLLOWER]: Starting pre-election (no leader contacted us within the election timeout)
I20260709 14:46:36.563699  7476 raft_consensus.cc:515] T dd9bca0fddf3429e96c18d3032f58f2d P 6d06098a80ec4d8e87c303749998f8c2 [term 0 FOLLOWER]: Starting pre-election with config: opid_index: -1 OBSOLETE_local: false peers { permanent_uuid: "3aa06dd775a748c788799593083fac77" member_type: VOTER last_known_addr { host: "127.6.6.65" port: 38703 } } peers { permanent_uuid: "2dd2402fde054e99b66c98ebb66f7066" member_type: VOTER last_known_addr { host: "127.6.6.66" port: 41555 } } peers { permanent_uuid: "6d06098a80ec4d8e87c303749998f8c2" member_type: VOTER last_known_addr { host: "127.6.6.67" port: 41709 } }
I20260709 14:46:36.564023  7278 raft_consensus.cc:2468] T 582623f0046a4ed1af3fd9aa9ac7697f P 3aa06dd775a748c788799593083fac77 [term 1 FOLLOWER]: Leader election vote request: Granting yes vote for candidate 6d06098a80ec4d8e87c303749998f8c2 in term 1.
I20260709 14:46:36.565014  7392 leader_election.cc:304] T 582623f0046a4ed1af3fd9aa9ac7697f P 6d06098a80ec4d8e87c303749998f8c2 [CANDIDATE]: Term 1 election: Election decided. Result: candidate won. Election summary: received 2 responses out of 3 voters: 2 yes votes; 0 no votes. yes voters: 3aa06dd775a748c788799593083fac77, 6d06098a80ec4d8e87c303749998f8c2; no voters: 
I20260709 14:46:36.565569  7476 leader_election.cc:290] T dd9bca0fddf3429e96c18d3032f58f2d P 6d06098a80ec4d8e87c303749998f8c2 [CANDIDATE]: Term 1 pre-election: Requested pre-vote from peers 3aa06dd775a748c788799593083fac77 (127.6.6.65:38703), 2dd2402fde054e99b66c98ebb66f7066 (127.6.6.66:41555)
I20260709 14:46:36.566058  7476 raft_consensus.cc:2804] T 582623f0046a4ed1af3fd9aa9ac7697f P 6d06098a80ec4d8e87c303749998f8c2 [term 1 FOLLOWER]: Leader election won for term 1
I20260709 14:46:36.566457  7351 tablet_service.cc:1917] Received RequestConsensusVote() RPC: tablet_id: "dd9bca0fddf3429e96c18d3032f58f2d" candidate_uuid: "6d06098a80ec4d8e87c303749998f8c2" candidate_term: 1 candidate_status { last_received { term: 0 index: 0 } } ignore_live_leader: false dest_uuid: "2dd2402fde054e99b66c98ebb66f7066" is_pre_election: true
I20260709 14:46:36.566555  7471 ts_tablet_manager.cc:1403] T a92f88a61db548bb9edd9175cf30e1a4 P 6d06098a80ec4d8e87c303749998f8c2: Time spent bootstrapping tablet: real 0.025s	user 0.009s	sys 0.007s
I20260709 14:46:36.566478  7476 raft_consensus.cc:697] T 582623f0046a4ed1af3fd9aa9ac7697f P 6d06098a80ec4d8e87c303749998f8c2 [term 1 LEADER]: Becoming Leader. State: Replica: 6d06098a80ec4d8e87c303749998f8c2, State: Running, Role: LEADER
W20260709 14:46:36.567667  7393 leader_election.cc:343] T dd9bca0fddf3429e96c18d3032f58f2d P 6d06098a80ec4d8e87c303749998f8c2 [CANDIDATE]: Term 1 pre-election: Tablet error from VoteRequest() call to peer 2dd2402fde054e99b66c98ebb66f7066 (127.6.6.66:41555): Illegal state: must be running to vote when last-logged opid is not known
I20260709 14:46:36.567714  7279 tablet_service.cc:1917] Received RequestConsensusVote() RPC: tablet_id: "dd9bca0fddf3429e96c18d3032f58f2d" candidate_uuid: "6d06098a80ec4d8e87c303749998f8c2" candidate_term: 1 candidate_status { last_received { term: 0 index: 0 } } ignore_live_leader: false dest_uuid: "3aa06dd775a748c788799593083fac77" is_pre_election: true
I20260709 14:46:36.568020  7476 consensus_queue.cc:237] T 582623f0046a4ed1af3fd9aa9ac7697f P 6d06098a80ec4d8e87c303749998f8c2 [LEADER]: Queue going to LEADER mode. State: All replicated index: 0, Majority replicated index: 0, Committed index: 0, Last appended: 0.0, Last appended by leader: 0, Current term: 1, Majority size: 2, State: 0, Mode: LEADER, active raft config: opid_index: -1 OBSOLETE_local: false peers { permanent_uuid: "3aa06dd775a748c788799593083fac77" member_type: VOTER last_known_addr { host: "127.6.6.65" port: 38703 } } peers { permanent_uuid: "2dd2402fde054e99b66c98ebb66f7066" member_type: VOTER last_known_addr { host: "127.6.6.66" port: 41555 } } peers { permanent_uuid: "6d06098a80ec4d8e87c303749998f8c2" member_type: VOTER last_known_addr { host: "127.6.6.67" port: 41709 } }
W20260709 14:46:36.569291  7392 leader_election.cc:343] T dd9bca0fddf3429e96c18d3032f58f2d P 6d06098a80ec4d8e87c303749998f8c2 [CANDIDATE]: Term 1 pre-election: Tablet error from VoteRequest() call to peer 3aa06dd775a748c788799593083fac77 (127.6.6.65:38703): Illegal state: must be running to vote when last-logged opid is not known
I20260709 14:46:36.569818  7392 leader_election.cc:304] T dd9bca0fddf3429e96c18d3032f58f2d P 6d06098a80ec4d8e87c303749998f8c2 [CANDIDATE]: Term 1 pre-election: Election decided. Result: candidate lost. Election summary: received 3 responses out of 3 voters: 1 yes votes; 2 no votes. yes voters: 6d06098a80ec4d8e87c303749998f8c2; no voters: 2dd2402fde054e99b66c98ebb66f7066, 3aa06dd775a748c788799593083fac77
I20260709 14:46:36.569864  7471 raft_consensus.cc:359] T a92f88a61db548bb9edd9175cf30e1a4 P 6d06098a80ec4d8e87c303749998f8c2 [term 0 FOLLOWER]: Replica starting. Triggering 0 pending ops. Active config: opid_index: -1 OBSOLETE_local: false peers { permanent_uuid: "3aa06dd775a748c788799593083fac77" member_type: VOTER last_known_addr { host: "127.6.6.65" port: 38703 } } peers { permanent_uuid: "2dd2402fde054e99b66c98ebb66f7066" member_type: VOTER last_known_addr { host: "127.6.6.66" port: 41555 } } peers { permanent_uuid: "6d06098a80ec4d8e87c303749998f8c2" member_type: VOTER last_known_addr { host: "127.6.6.67" port: 41709 } }
I20260709 14:46:36.570912  7581 raft_consensus.cc:2749] T dd9bca0fddf3429e96c18d3032f58f2d P 6d06098a80ec4d8e87c303749998f8c2 [term 0 FOLLOWER]: Leader pre-election lost for term 1. Reason: could not achieve majority
I20260709 14:46:36.571022  7351 tablet_service.cc:1917] Received RequestConsensusVote() RPC: tablet_id: "582623f0046a4ed1af3fd9aa9ac7697f" candidate_uuid: "6d06098a80ec4d8e87c303749998f8c2" candidate_term: 1 candidate_status { last_received { term: 0 index: 0 } } ignore_live_leader: false dest_uuid: "2dd2402fde054e99b66c98ebb66f7066"
I20260709 14:46:36.571437  7471 raft_consensus.cc:385] T a92f88a61db548bb9edd9175cf30e1a4 P 6d06098a80ec4d8e87c303749998f8c2 [term 0 FOLLOWER]: Consensus starting up: Expiring failure detector timer to make a prompt election more likely
I20260709 14:46:36.571501  7586 leader_election.cc:290] T 582623f0046a4ed1af3fd9aa9ac7697f P 6d06098a80ec4d8e87c303749998f8c2 [CANDIDATE]: Term 1 election: Requested vote from peers 3aa06dd775a748c788799593083fac77 (127.6.6.65:38703), 2dd2402fde054e99b66c98ebb66f7066 (127.6.6.66:41555)
W20260709 14:46:36.572175  7393 leader_election.cc:343] T 582623f0046a4ed1af3fd9aa9ac7697f P 6d06098a80ec4d8e87c303749998f8c2 [CANDIDATE]: Term 1 election: Tablet error from VoteRequest() call to peer 2dd2402fde054e99b66c98ebb66f7066 (127.6.6.66:41555): Illegal state: must be running to vote when last-logged opid is not known
I20260709 14:46:36.572252  7471 raft_consensus.cc:740] T a92f88a61db548bb9edd9175cf30e1a4 P 6d06098a80ec4d8e87c303749998f8c2 [term 0 FOLLOWER]: Becoming Follower/Learner. State: Replica: 6d06098a80ec4d8e87c303749998f8c2, State: Initialized, Role: FOLLOWER
I20260709 14:46:36.573071  7471 consensus_queue.cc:260] T a92f88a61db548bb9edd9175cf30e1a4 P 6d06098a80ec4d8e87c303749998f8c2 [NON_LEADER]: Queue going to NON_LEADER mode. State: All replicated index: 0, Majority replicated index: 0, Committed index: 0, Last appended: 0.0, Last appended by leader: 0, Current term: 0, Majority size: -1, State: 0, Mode: NON_LEADER, active raft config: opid_index: -1 OBSOLETE_local: false peers { permanent_uuid: "3aa06dd775a748c788799593083fac77" member_type: VOTER last_known_addr { host: "127.6.6.65" port: 38703 } } peers { permanent_uuid: "2dd2402fde054e99b66c98ebb66f7066" member_type: VOTER last_known_addr { host: "127.6.6.66" port: 41555 } } peers { permanent_uuid: "6d06098a80ec4d8e87c303749998f8c2" member_type: VOTER last_known_addr { host: "127.6.6.67" port: 41709 } }
I20260709 14:46:36.573922  7524 consensus_queue.cc:1048] T 98ca6374a5824fa28e174111d77d247e P 2dd2402fde054e99b66c98ebb66f7066 [LEADER]: Connected to new peer: Peer: permanent_uuid: "3aa06dd775a748c788799593083fac77" member_type: VOTER last_known_addr { host: "127.6.6.65" port: 38703 }, Status: LMP_MISMATCH, Last received: 0.0, Next index: 1, Last known committed idx: 0, Time since last communication: 0.000s
I20260709 14:46:36.575268  7471 ts_tablet_manager.cc:1434] T a92f88a61db548bb9edd9175cf30e1a4 P 6d06098a80ec4d8e87c303749998f8c2: Time spent starting tablet: real 0.008s	user 0.001s	sys 0.005s
I20260709 14:46:36.576160  7471 tablet_bootstrap.cc:492] T 58b677217452408ba9c7114c3fe6d0ca P 6d06098a80ec4d8e87c303749998f8c2: Bootstrap starting.
I20260709 14:46:36.581478  7470 tablet_bootstrap.cc:492] T 892fcf0f2df14bd6bce385330be48ace P 3aa06dd775a748c788799593083fac77: No bootstrap required, opened a new log
I20260709 14:46:36.581908  7470 ts_tablet_manager.cc:1403] T 892fcf0f2df14bd6bce385330be48ace P 3aa06dd775a748c788799593083fac77: Time spent bootstrapping tablet: real 0.037s	user 0.013s	sys 0.005s
I20260709 14:46:36.582351  7471 tablet_bootstrap.cc:654] T 58b677217452408ba9c7114c3fe6d0ca P 6d06098a80ec4d8e87c303749998f8c2: Neither blocks nor log segments found. Creating new log.
I20260709 14:46:36.589320  7470 raft_consensus.cc:359] T 892fcf0f2df14bd6bce385330be48ace P 3aa06dd775a748c788799593083fac77 [term 0 FOLLOWER]: Replica starting. Triggering 0 pending ops. Active config: opid_index: -1 OBSOLETE_local: false peers { permanent_uuid: "3aa06dd775a748c788799593083fac77" member_type: VOTER last_known_addr { host: "127.6.6.65" port: 38703 } } peers { permanent_uuid: "2dd2402fde054e99b66c98ebb66f7066" member_type: VOTER last_known_addr { host: "127.6.6.66" port: 41555 } } peers { permanent_uuid: "6d06098a80ec4d8e87c303749998f8c2" member_type: VOTER last_known_addr { host: "127.6.6.67" port: 41709 } }
I20260709 14:46:36.589962  7470 raft_consensus.cc:385] T 892fcf0f2df14bd6bce385330be48ace P 3aa06dd775a748c788799593083fac77 [term 0 FOLLOWER]: Consensus starting up: Expiring failure detector timer to make a prompt election more likely
I20260709 14:46:36.590198  7470 raft_consensus.cc:740] T 892fcf0f2df14bd6bce385330be48ace P 3aa06dd775a748c788799593083fac77 [term 0 FOLLOWER]: Becoming Follower/Learner. State: Replica: 3aa06dd775a748c788799593083fac77, State: Initialized, Role: FOLLOWER
I20260709 14:46:36.590780  7470 consensus_queue.cc:260] T 892fcf0f2df14bd6bce385330be48ace P 3aa06dd775a748c788799593083fac77 [NON_LEADER]: Queue going to NON_LEADER mode. State: All replicated index: 0, Majority replicated index: 0, Committed index: 0, Last appended: 0.0, Last appended by leader: 0, Current term: 0, Majority size: -1, State: 0, Mode: NON_LEADER, active raft config: opid_index: -1 OBSOLETE_local: false peers { permanent_uuid: "3aa06dd775a748c788799593083fac77" member_type: VOTER last_known_addr { host: "127.6.6.65" port: 38703 } } peers { permanent_uuid: "2dd2402fde054e99b66c98ebb66f7066" member_type: VOTER last_known_addr { host: "127.6.6.66" port: 41555 } } peers { permanent_uuid: "6d06098a80ec4d8e87c303749998f8c2" member_type: VOTER last_known_addr { host: "127.6.6.67" port: 41709 } }
I20260709 14:46:36.592701  7470 ts_tablet_manager.cc:1434] T 892fcf0f2df14bd6bce385330be48ace P 3aa06dd775a748c788799593083fac77: Time spent starting tablet: real 0.011s	user 0.003s	sys 0.003s
I20260709 14:46:36.592269  7178 catalog_manager.cc:5697] T 582623f0046a4ed1af3fd9aa9ac7697f P 6d06098a80ec4d8e87c303749998f8c2 reported cstate change: term changed from 0 to 1, leader changed from <none> to 6d06098a80ec4d8e87c303749998f8c2 (127.6.6.67). New cstate: current_term: 1 leader_uuid: "6d06098a80ec4d8e87c303749998f8c2" committed_config { opid_index: -1 OBSOLETE_local: false peers { permanent_uuid: "3aa06dd775a748c788799593083fac77" member_type: VOTER last_known_addr { host: "127.6.6.65" port: 38703 } health_report { overall_health: UNKNOWN } } peers { permanent_uuid: "2dd2402fde054e99b66c98ebb66f7066" member_type: VOTER last_known_addr { host: "127.6.6.66" port: 41555 } health_report { overall_health: UNKNOWN } } peers { permanent_uuid: "6d06098a80ec4d8e87c303749998f8c2" member_type: VOTER last_known_addr { host: "127.6.6.67" port: 41709 } health_report { overall_health: HEALTHY } } }
I20260709 14:46:36.593518  7470 tablet_bootstrap.cc:492] T 59e1a7dd692346c69742573d3be830ac P 3aa06dd775a748c788799593083fac77: Bootstrap starting.
I20260709 14:46:36.600044  7586 consensus_queue.cc:1048] T 5efc5748bb8b4b66bf9dc9e6bc65091a P 6d06098a80ec4d8e87c303749998f8c2 [LEADER]: Connected to new peer: Peer: permanent_uuid: "2dd2402fde054e99b66c98ebb66f7066" member_type: VOTER last_known_addr { host: "127.6.6.66" port: 41555 }, Status: LMP_MISMATCH, Last received: 0.0, Next index: 1, Last known committed idx: 0, Time since last communication: 0.000s
I20260709 14:46:36.607977  7469 tablet_bootstrap.cc:492] T 582623f0046a4ed1af3fd9aa9ac7697f P 2dd2402fde054e99b66c98ebb66f7066: No bootstrap required, opened a new log
I20260709 14:46:36.608374  7469 ts_tablet_manager.cc:1403] T 582623f0046a4ed1af3fd9aa9ac7697f P 2dd2402fde054e99b66c98ebb66f7066: Time spent bootstrapping tablet: real 0.067s	user 0.010s	sys 0.012s
I20260709 14:46:36.610214  7469 raft_consensus.cc:359] T 582623f0046a4ed1af3fd9aa9ac7697f P 2dd2402fde054e99b66c98ebb66f7066 [term 0 FOLLOWER]: Replica starting. Triggering 0 pending ops. Active config: opid_index: -1 OBSOLETE_local: false peers { permanent_uuid: "3aa06dd775a748c788799593083fac77" member_type: VOTER last_known_addr { host: "127.6.6.65" port: 38703 } } peers { permanent_uuid: "2dd2402fde054e99b66c98ebb66f7066" member_type: VOTER last_known_addr { host: "127.6.6.66" port: 41555 } } peers { permanent_uuid: "6d06098a80ec4d8e87c303749998f8c2" member_type: VOTER last_known_addr { host: "127.6.6.67" port: 41709 } }
I20260709 14:46:36.610651  7469 raft_consensus.cc:385] T 582623f0046a4ed1af3fd9aa9ac7697f P 2dd2402fde054e99b66c98ebb66f7066 [term 0 FOLLOWER]: Consensus starting up: Expiring failure detector timer to make a prompt election more likely
I20260709 14:46:36.610850  7469 raft_consensus.cc:740] T 582623f0046a4ed1af3fd9aa9ac7697f P 2dd2402fde054e99b66c98ebb66f7066 [term 0 FOLLOWER]: Becoming Follower/Learner. State: Replica: 2dd2402fde054e99b66c98ebb66f7066, State: Initialized, Role: FOLLOWER
I20260709 14:46:36.611266  7470 tablet_bootstrap.cc:654] T 59e1a7dd692346c69742573d3be830ac P 3aa06dd775a748c788799593083fac77: Neither blocks nor log segments found. Creating new log.
I20260709 14:46:36.611370  7469 consensus_queue.cc:260] T 582623f0046a4ed1af3fd9aa9ac7697f P 2dd2402fde054e99b66c98ebb66f7066 [NON_LEADER]: Queue going to NON_LEADER mode. State: All replicated index: 0, Majority replicated index: 0, Committed index: 0, Last appended: 0.0, Last appended by leader: 0, Current term: 0, Majority size: -1, State: 0, Mode: NON_LEADER, active raft config: opid_index: -1 OBSOLETE_local: false peers { permanent_uuid: "3aa06dd775a748c788799593083fac77" member_type: VOTER last_known_addr { host: "127.6.6.65" port: 38703 } } peers { permanent_uuid: "2dd2402fde054e99b66c98ebb66f7066" member_type: VOTER last_known_addr { host: "127.6.6.66" port: 41555 } } peers { permanent_uuid: "6d06098a80ec4d8e87c303749998f8c2" member_type: VOTER last_known_addr { host: "127.6.6.67" port: 41709 } }
I20260709 14:46:36.613020  7469 ts_tablet_manager.cc:1434] T 582623f0046a4ed1af3fd9aa9ac7697f P 2dd2402fde054e99b66c98ebb66f7066: Time spent starting tablet: real 0.004s	user 0.004s	sys 0.000s
I20260709 14:46:36.613794  7476 consensus_queue.cc:1048] T 5efc5748bb8b4b66bf9dc9e6bc65091a P 6d06098a80ec4d8e87c303749998f8c2 [LEADER]: Connected to new peer: Peer: permanent_uuid: "3aa06dd775a748c788799593083fac77" member_type: VOTER last_known_addr { host: "127.6.6.65" port: 38703 }, Status: LMP_MISMATCH, Last received: 0.0, Next index: 1, Last known committed idx: 0, Time since last communication: 0.000s
I20260709 14:46:36.613785  7469 tablet_bootstrap.cc:492] T dd9bca0fddf3429e96c18d3032f58f2d P 2dd2402fde054e99b66c98ebb66f7066: Bootstrap starting.
I20260709 14:46:36.625929  7469 tablet_bootstrap.cc:654] T dd9bca0fddf3429e96c18d3032f58f2d P 2dd2402fde054e99b66c98ebb66f7066: Neither blocks nor log segments found. Creating new log.
I20260709 14:46:36.627148  7471 tablet_bootstrap.cc:492] T 58b677217452408ba9c7114c3fe6d0ca P 6d06098a80ec4d8e87c303749998f8c2: No bootstrap required, opened a new log
I20260709 14:46:36.631253  7471 ts_tablet_manager.cc:1403] T 58b677217452408ba9c7114c3fe6d0ca P 6d06098a80ec4d8e87c303749998f8c2: Time spent bootstrapping tablet: real 0.055s	user 0.012s	sys 0.013s
I20260709 14:46:36.628378  7474 consensus_queue.cc:1048] T 98ca6374a5824fa28e174111d77d247e P 2dd2402fde054e99b66c98ebb66f7066 [LEADER]: Connected to new peer: Peer: permanent_uuid: "6d06098a80ec4d8e87c303749998f8c2" member_type: VOTER last_known_addr { host: "127.6.6.67" port: 41709 }, Status: LMP_MISMATCH, Last received: 0.0, Next index: 1, Last known committed idx: 0, Time since last communication: 0.000s
I20260709 14:46:36.632664  7474 raft_consensus.cc:493] T 59e1a7dd692346c69742573d3be830ac P 2dd2402fde054e99b66c98ebb66f7066 [term 0 FOLLOWER]: Starting pre-election (no leader contacted us within the election timeout)
I20260709 14:46:36.633090  7474 raft_consensus.cc:515] T 59e1a7dd692346c69742573d3be830ac P 2dd2402fde054e99b66c98ebb66f7066 [term 0 FOLLOWER]: Starting pre-election with config: opid_index: -1 OBSOLETE_local: false peers { permanent_uuid: "3aa06dd775a748c788799593083fac77" member_type: VOTER last_known_addr { host: "127.6.6.65" port: 38703 } } peers { permanent_uuid: "2dd2402fde054e99b66c98ebb66f7066" member_type: VOTER last_known_addr { host: "127.6.6.66" port: 41555 } } peers { permanent_uuid: "6d06098a80ec4d8e87c303749998f8c2" member_type: VOTER last_known_addr { host: "127.6.6.67" port: 41709 } }
I20260709 14:46:36.633942  7471 raft_consensus.cc:359] T 58b677217452408ba9c7114c3fe6d0ca P 6d06098a80ec4d8e87c303749998f8c2 [term 0 FOLLOWER]: Replica starting. Triggering 0 pending ops. Active config: opid_index: -1 OBSOLETE_local: false peers { permanent_uuid: "3aa06dd775a748c788799593083fac77" member_type: VOTER last_known_addr { host: "127.6.6.65" port: 38703 } } peers { permanent_uuid: "2dd2402fde054e99b66c98ebb66f7066" member_type: VOTER last_known_addr { host: "127.6.6.66" port: 41555 } } peers { permanent_uuid: "6d06098a80ec4d8e87c303749998f8c2" member_type: VOTER last_known_addr { host: "127.6.6.67" port: 41709 } }
I20260709 14:46:36.637990  7474 leader_election.cc:290] T 59e1a7dd692346c69742573d3be830ac P 2dd2402fde054e99b66c98ebb66f7066 [CANDIDATE]: Term 1 pre-election: Requested pre-vote from peers 3aa06dd775a748c788799593083fac77 (127.6.6.65:38703), 6d06098a80ec4d8e87c303749998f8c2 (127.6.6.67:41709)
I20260709 14:46:36.639600  7426 tablet_service.cc:1917] Received RequestConsensusVote() RPC: tablet_id: "59e1a7dd692346c69742573d3be830ac" candidate_uuid: "2dd2402fde054e99b66c98ebb66f7066" candidate_term: 1 candidate_status { last_received { term: 0 index: 0 } } ignore_live_leader: false dest_uuid: "6d06098a80ec4d8e87c303749998f8c2" is_pre_election: true
I20260709 14:46:36.647248  7426 raft_consensus.cc:2468] T 59e1a7dd692346c69742573d3be830ac P 6d06098a80ec4d8e87c303749998f8c2 [term 0 FOLLOWER]: Leader pre-election vote request: Granting yes vote for candidate 2dd2402fde054e99b66c98ebb66f7066 in term 0.
I20260709 14:46:36.640395  7471 raft_consensus.cc:385] T 58b677217452408ba9c7114c3fe6d0ca P 6d06098a80ec4d8e87c303749998f8c2 [term 0 FOLLOWER]: Consensus starting up: Expiring failure detector timer to make a prompt election more likely
I20260709 14:46:36.648022  7471 raft_consensus.cc:740] T 58b677217452408ba9c7114c3fe6d0ca P 6d06098a80ec4d8e87c303749998f8c2 [term 0 FOLLOWER]: Becoming Follower/Learner. State: Replica: 6d06098a80ec4d8e87c303749998f8c2, State: Initialized, Role: FOLLOWER
I20260709 14:46:36.648656  7471 consensus_queue.cc:260] T 58b677217452408ba9c7114c3fe6d0ca P 6d06098a80ec4d8e87c303749998f8c2 [NON_LEADER]: Queue going to NON_LEADER mode. State: All replicated index: 0, Majority replicated index: 0, Committed index: 0, Last appended: 0.0, Last appended by leader: 0, Current term: 0, Majority size: -1, State: 0, Mode: NON_LEADER, active raft config: opid_index: -1 OBSOLETE_local: false peers { permanent_uuid: "3aa06dd775a748c788799593083fac77" member_type: VOTER last_known_addr { host: "127.6.6.65" port: 38703 } } peers { permanent_uuid: "2dd2402fde054e99b66c98ebb66f7066" member_type: VOTER last_known_addr { host: "127.6.6.66" port: 41555 } } peers { permanent_uuid: "6d06098a80ec4d8e87c303749998f8c2" member_type: VOTER last_known_addr { host: "127.6.6.67" port: 41709 } }
I20260709 14:46:36.649339  7470 tablet_bootstrap.cc:492] T 59e1a7dd692346c69742573d3be830ac P 3aa06dd775a748c788799593083fac77: No bootstrap required, opened a new log
I20260709 14:46:36.649745  7470 ts_tablet_manager.cc:1403] T 59e1a7dd692346c69742573d3be830ac P 3aa06dd775a748c788799593083fac77: Time spent bootstrapping tablet: real 0.056s	user 0.015s	sys 0.015s
I20260709 14:46:36.649956  7320 leader_election.cc:304] T 59e1a7dd692346c69742573d3be830ac P 2dd2402fde054e99b66c98ebb66f7066 [CANDIDATE]: Term 1 pre-election: Election decided. Result: candidate won. Election summary: received 2 responses out of 3 voters: 2 yes votes; 0 no votes. yes voters: 2dd2402fde054e99b66c98ebb66f7066, 6d06098a80ec4d8e87c303749998f8c2; no voters: 
I20260709 14:46:36.650701  7471 ts_tablet_manager.cc:1434] T 58b677217452408ba9c7114c3fe6d0ca P 6d06098a80ec4d8e87c303749998f8c2: Time spent starting tablet: real 0.019s	user 0.003s	sys 0.002s
I20260709 14:46:36.650697  7524 raft_consensus.cc:2804] T 59e1a7dd692346c69742573d3be830ac P 2dd2402fde054e99b66c98ebb66f7066 [term 0 FOLLOWER]: Leader pre-election won for term 1
I20260709 14:46:36.651232  7524 raft_consensus.cc:493] T 59e1a7dd692346c69742573d3be830ac P 2dd2402fde054e99b66c98ebb66f7066 [term 0 FOLLOWER]: Starting leader election (no leader contacted us within the election timeout)
I20260709 14:46:36.651572  7524 raft_consensus.cc:3060] T 59e1a7dd692346c69742573d3be830ac P 2dd2402fde054e99b66c98ebb66f7066 [term 0 FOLLOWER]: Advancing to term 1
I20260709 14:46:36.652093  7470 raft_consensus.cc:359] T 59e1a7dd692346c69742573d3be830ac P 3aa06dd775a748c788799593083fac77 [term 0 FOLLOWER]: Replica starting. Triggering 0 pending ops. Active config: opid_index: -1 OBSOLETE_local: false peers { permanent_uuid: "3aa06dd775a748c788799593083fac77" member_type: VOTER last_known_addr { host: "127.6.6.65" port: 38703 } } peers { permanent_uuid: "2dd2402fde054e99b66c98ebb66f7066" member_type: VOTER last_known_addr { host: "127.6.6.66" port: 41555 } } peers { permanent_uuid: "6d06098a80ec4d8e87c303749998f8c2" member_type: VOTER last_known_addr { host: "127.6.6.67" port: 41709 } }
I20260709 14:46:36.652679  7470 raft_consensus.cc:385] T 59e1a7dd692346c69742573d3be830ac P 3aa06dd775a748c788799593083fac77 [term 0 FOLLOWER]: Consensus starting up: Expiring failure detector timer to make a prompt election more likely
I20260709 14:46:36.652922  7470 raft_consensus.cc:740] T 59e1a7dd692346c69742573d3be830ac P 3aa06dd775a748c788799593083fac77 [term 0 FOLLOWER]: Becoming Follower/Learner. State: Replica: 3aa06dd775a748c788799593083fac77, State: Initialized, Role: FOLLOWER
I20260709 14:46:36.640952  7278 tablet_service.cc:1917] Received RequestConsensusVote() RPC: tablet_id: "59e1a7dd692346c69742573d3be830ac" candidate_uuid: "2dd2402fde054e99b66c98ebb66f7066" candidate_term: 1 candidate_status { last_received { term: 0 index: 0 } } ignore_live_leader: false dest_uuid: "3aa06dd775a748c788799593083fac77" is_pre_election: true
I20260709 14:46:36.641737  7523 raft_consensus.cc:493] T dd686a6d34614aafa5ae0262da603eff P 2dd2402fde054e99b66c98ebb66f7066 [term 0 FOLLOWER]: Starting pre-election (no leader contacted us within the election timeout)
I20260709 14:46:36.653523  7470 consensus_queue.cc:260] T 59e1a7dd692346c69742573d3be830ac P 3aa06dd775a748c788799593083fac77 [NON_LEADER]: Queue going to NON_LEADER mode. State: All replicated index: 0, Majority replicated index: 0, Committed index: 0, Last appended: 0.0, Last appended by leader: 0, Current term: 0, Majority size: -1, State: 0, Mode: NON_LEADER, active raft config: opid_index: -1 OBSOLETE_local: false peers { permanent_uuid: "3aa06dd775a748c788799593083fac77" member_type: VOTER last_known_addr { host: "127.6.6.65" port: 38703 } } peers { permanent_uuid: "2dd2402fde054e99b66c98ebb66f7066" member_type: VOTER last_known_addr { host: "127.6.6.66" port: 41555 } } peers { permanent_uuid: "6d06098a80ec4d8e87c303749998f8c2" member_type: VOTER last_known_addr { host: "127.6.6.67" port: 41709 } }
I20260709 14:46:36.653640  7523 raft_consensus.cc:515] T dd686a6d34614aafa5ae0262da603eff P 2dd2402fde054e99b66c98ebb66f7066 [term 0 FOLLOWER]: Starting pre-election with config: opid_index: -1 OBSOLETE_local: false peers { permanent_uuid: "3aa06dd775a748c788799593083fac77" member_type: VOTER last_known_addr { host: "127.6.6.65" port: 38703 } } peers { permanent_uuid: "2dd2402fde054e99b66c98ebb66f7066" member_type: VOTER last_known_addr { host: "127.6.6.66" port: 41555 } } peers { permanent_uuid: "6d06098a80ec4d8e87c303749998f8c2" member_type: VOTER last_known_addr { host: "127.6.6.67" port: 41709 } }
I20260709 14:46:36.654325  7278 raft_consensus.cc:2468] T 59e1a7dd692346c69742573d3be830ac P 3aa06dd775a748c788799593083fac77 [term 0 FOLLOWER]: Leader pre-election vote request: Granting yes vote for candidate 2dd2402fde054e99b66c98ebb66f7066 in term 0.
I20260709 14:46:36.655717  7523 leader_election.cc:290] T dd686a6d34614aafa5ae0262da603eff P 2dd2402fde054e99b66c98ebb66f7066 [CANDIDATE]: Term 1 pre-election: Requested pre-vote from peers 3aa06dd775a748c788799593083fac77 (127.6.6.65:38703), 6d06098a80ec4d8e87c303749998f8c2 (127.6.6.67:41709)
I20260709 14:46:36.642567  7528 raft_consensus.cc:493] T c5bbdd6de52e4c9fb0199f1fc30335d6 P 3aa06dd775a748c788799593083fac77 [term 0 FOLLOWER]: Starting pre-election (no leader contacted us within the election timeout)
I20260709 14:46:36.656345  7528 raft_consensus.cc:515] T c5bbdd6de52e4c9fb0199f1fc30335d6 P 3aa06dd775a748c788799593083fac77 [term 0 FOLLOWER]: Starting pre-election with config: opid_index: -1 OBSOLETE_local: false peers { permanent_uuid: "3aa06dd775a748c788799593083fac77" member_type: VOTER last_known_addr { host: "127.6.6.65" port: 38703 } } peers { permanent_uuid: "2dd2402fde054e99b66c98ebb66f7066" member_type: VOTER last_known_addr { host: "127.6.6.66" port: 41555 } } peers { permanent_uuid: "6d06098a80ec4d8e87c303749998f8c2" member_type: VOTER last_known_addr { host: "127.6.6.67" port: 41709 } }
I20260709 14:46:36.656910  7470 ts_tablet_manager.cc:1434] T 59e1a7dd692346c69742573d3be830ac P 3aa06dd775a748c788799593083fac77: Time spent starting tablet: real 0.007s	user 0.006s	sys 0.000s
I20260709 14:46:36.656931  7426 tablet_service.cc:1917] Received RequestConsensusVote() RPC: tablet_id: "dd686a6d34614aafa5ae0262da603eff" candidate_uuid: "2dd2402fde054e99b66c98ebb66f7066" candidate_term: 1 candidate_status { last_received { term: 0 index: 0 } } ignore_live_leader: false dest_uuid: "6d06098a80ec4d8e87c303749998f8c2" is_pre_election: true
I20260709 14:46:36.657578  7426 raft_consensus.cc:2468] T dd686a6d34614aafa5ae0262da603eff P 6d06098a80ec4d8e87c303749998f8c2 [term 0 FOLLOWER]: Leader pre-election vote request: Granting yes vote for candidate 2dd2402fde054e99b66c98ebb66f7066 in term 0.
I20260709 14:46:36.657841  7470 tablet_bootstrap.cc:492] T dd686a6d34614aafa5ae0262da603eff P 3aa06dd775a748c788799593083fac77: Bootstrap starting.
I20260709 14:46:36.658275  7528 leader_election.cc:290] T c5bbdd6de52e4c9fb0199f1fc30335d6 P 3aa06dd775a748c788799593083fac77 [CANDIDATE]: Term 1 pre-election: Requested pre-vote from peers 2dd2402fde054e99b66c98ebb66f7066 (127.6.6.66:41555), 6d06098a80ec4d8e87c303749998f8c2 (127.6.6.67:41709)
I20260709 14:46:36.659935  7278 tablet_service.cc:1917] Received RequestConsensusVote() RPC: tablet_id: "dd686a6d34614aafa5ae0262da603eff" candidate_uuid: "2dd2402fde054e99b66c98ebb66f7066" candidate_term: 1 candidate_status { last_received { term: 0 index: 0 } } ignore_live_leader: false dest_uuid: "3aa06dd775a748c788799593083fac77" is_pre_election: true
I20260709 14:46:36.660342  7351 tablet_service.cc:1917] Received RequestConsensusVote() RPC: tablet_id: "c5bbdd6de52e4c9fb0199f1fc30335d6" candidate_uuid: "3aa06dd775a748c788799593083fac77" candidate_term: 1 candidate_status { last_received { term: 0 index: 0 } } ignore_live_leader: false dest_uuid: "2dd2402fde054e99b66c98ebb66f7066" is_pre_election: true
I20260709 14:46:36.661578  7426 tablet_service.cc:1917] Received RequestConsensusVote() RPC: tablet_id: "c5bbdd6de52e4c9fb0199f1fc30335d6" candidate_uuid: "3aa06dd775a748c788799593083fac77" candidate_term: 1 candidate_status { last_received { term: 0 index: 0 } } ignore_live_leader: false dest_uuid: "6d06098a80ec4d8e87c303749998f8c2" is_pre_election: true
I20260709 14:46:36.662140  7426 raft_consensus.cc:2468] T c5bbdd6de52e4c9fb0199f1fc30335d6 P 6d06098a80ec4d8e87c303749998f8c2 [term 0 FOLLOWER]: Leader pre-election vote request: Granting yes vote for candidate 3aa06dd775a748c788799593083fac77 in term 0.
W20260709 14:46:36.662859  7318 leader_election.cc:343] T dd686a6d34614aafa5ae0262da603eff P 2dd2402fde054e99b66c98ebb66f7066 [CANDIDATE]: Term 1 pre-election: Tablet error from VoteRequest() call to peer 3aa06dd775a748c788799593083fac77 (127.6.6.65:38703): Illegal state: must be running to vote when last-logged opid is not known
I20260709 14:46:36.663173  7245 leader_election.cc:304] T c5bbdd6de52e4c9fb0199f1fc30335d6 P 3aa06dd775a748c788799593083fac77 [CANDIDATE]: Term 1 pre-election: Election decided. Result: candidate won. Election summary: received 2 responses out of 3 voters: 2 yes votes; 0 no votes. yes voters: 3aa06dd775a748c788799593083fac77, 6d06098a80ec4d8e87c303749998f8c2; no voters: 
I20260709 14:46:36.663439  7470 tablet_bootstrap.cc:654] T dd686a6d34614aafa5ae0262da603eff P 3aa06dd775a748c788799593083fac77: Neither blocks nor log segments found. Creating new log.
W20260709 14:46:36.664271  7244 leader_election.cc:343] T c5bbdd6de52e4c9fb0199f1fc30335d6 P 3aa06dd775a748c788799593083fac77 [CANDIDATE]: Term 1 pre-election: Tablet error from VoteRequest() call to peer 2dd2402fde054e99b66c98ebb66f7066 (127.6.6.66:41555): Illegal state: must be running to vote when last-logged opid is not known
I20260709 14:46:36.665107  7581 consensus_queue.cc:1048] T 748d2d8ce1754eeb9d14e2d7338123a1 P 6d06098a80ec4d8e87c303749998f8c2 [LEADER]: Connected to new peer: Peer: permanent_uuid: "2dd2402fde054e99b66c98ebb66f7066" member_type: VOTER last_known_addr { host: "127.6.6.66" port: 41555 }, Status: LMP_MISMATCH, Last received: 0.0, Next index: 1, Last known committed idx: 0, Time since last communication: 0.000s
I20260709 14:46:36.665791  7320 leader_election.cc:304] T dd686a6d34614aafa5ae0262da603eff P 2dd2402fde054e99b66c98ebb66f7066 [CANDIDATE]: Term 1 pre-election: Election decided. Result: candidate won. Election summary: received 3 responses out of 3 voters: 2 yes votes; 1 no votes. yes voters: 2dd2402fde054e99b66c98ebb66f7066, 6d06098a80ec4d8e87c303749998f8c2; no voters: 3aa06dd775a748c788799593083fac77
I20260709 14:46:36.666982  7523 raft_consensus.cc:2804] T dd686a6d34614aafa5ae0262da603eff P 2dd2402fde054e99b66c98ebb66f7066 [term 0 FOLLOWER]: Leader pre-election won for term 1
I20260709 14:46:36.667339  7523 raft_consensus.cc:493] T dd686a6d34614aafa5ae0262da603eff P 2dd2402fde054e99b66c98ebb66f7066 [term 0 FOLLOWER]: Starting leader election (no leader contacted us within the election timeout)
I20260709 14:46:36.667663  7523 raft_consensus.cc:3060] T dd686a6d34614aafa5ae0262da603eff P 2dd2402fde054e99b66c98ebb66f7066 [term 0 FOLLOWER]: Advancing to term 1
I20260709 14:46:36.670279  7471 tablet_bootstrap.cc:492] T 8c352e28f4ae4e8b84761101e4f3e813 P 6d06098a80ec4d8e87c303749998f8c2: Bootstrap starting.
I20260709 14:46:36.665078  7528 raft_consensus.cc:2804] T c5bbdd6de52e4c9fb0199f1fc30335d6 P 3aa06dd775a748c788799593083fac77 [term 0 FOLLOWER]: Leader pre-election won for term 1
I20260709 14:46:36.673612  7528 raft_consensus.cc:493] T c5bbdd6de52e4c9fb0199f1fc30335d6 P 3aa06dd775a748c788799593083fac77 [term 0 FOLLOWER]: Starting leader election (no leader contacted us within the election timeout)
I20260709 14:46:36.673935  7528 raft_consensus.cc:3060] T c5bbdd6de52e4c9fb0199f1fc30335d6 P 3aa06dd775a748c788799593083fac77 [term 0 FOLLOWER]: Advancing to term 1
I20260709 14:46:36.674396  7470 tablet_bootstrap.cc:492] T dd686a6d34614aafa5ae0262da603eff P 3aa06dd775a748c788799593083fac77: No bootstrap required, opened a new log
I20260709 14:46:36.674782  7470 ts_tablet_manager.cc:1403] T dd686a6d34614aafa5ae0262da603eff P 3aa06dd775a748c788799593083fac77: Time spent bootstrapping tablet: real 0.017s	user 0.014s	sys 0.000s
I20260709 14:46:36.678329  7524 raft_consensus.cc:515] T 59e1a7dd692346c69742573d3be830ac P 2dd2402fde054e99b66c98ebb66f7066 [term 1 FOLLOWER]: Starting leader election with config: opid_index: -1 OBSOLETE_local: false peers { permanent_uuid: "3aa06dd775a748c788799593083fac77" member_type: VOTER last_known_addr { host: "127.6.6.65" port: 38703 } } peers { permanent_uuid: "2dd2402fde054e99b66c98ebb66f7066" member_type: VOTER last_known_addr { host: "127.6.6.66" port: 41555 } } peers { permanent_uuid: "6d06098a80ec4d8e87c303749998f8c2" member_type: VOTER last_known_addr { host: "127.6.6.67" port: 41709 } }
I20260709 14:46:36.681948  7524 leader_election.cc:290] T 59e1a7dd692346c69742573d3be830ac P 2dd2402fde054e99b66c98ebb66f7066 [CANDIDATE]: Term 1 election: Requested vote from peers 3aa06dd775a748c788799593083fac77 (127.6.6.65:38703), 6d06098a80ec4d8e87c303749998f8c2 (127.6.6.67:41709)
I20260709 14:46:36.685261  7279 tablet_service.cc:1917] Received RequestConsensusVote() RPC: tablet_id: "59e1a7dd692346c69742573d3be830ac" candidate_uuid: "2dd2402fde054e99b66c98ebb66f7066" candidate_term: 1 candidate_status { last_received { term: 0 index: 0 } } ignore_live_leader: false dest_uuid: "3aa06dd775a748c788799593083fac77"
I20260709 14:46:36.685783  7279 raft_consensus.cc:3060] T 59e1a7dd692346c69742573d3be830ac P 3aa06dd775a748c788799593083fac77 [term 0 FOLLOWER]: Advancing to term 1
I20260709 14:46:36.689669  7470 raft_consensus.cc:359] T dd686a6d34614aafa5ae0262da603eff P 3aa06dd775a748c788799593083fac77 [term 0 FOLLOWER]: Replica starting. Triggering 0 pending ops. Active config: opid_index: -1 OBSOLETE_local: false peers { permanent_uuid: "3aa06dd775a748c788799593083fac77" member_type: VOTER last_known_addr { host: "127.6.6.65" port: 38703 } } peers { permanent_uuid: "2dd2402fde054e99b66c98ebb66f7066" member_type: VOTER last_known_addr { host: "127.6.6.66" port: 41555 } } peers { permanent_uuid: "6d06098a80ec4d8e87c303749998f8c2" member_type: VOTER last_known_addr { host: "127.6.6.67" port: 41709 } }
I20260709 14:46:36.690279  7470 raft_consensus.cc:385] T dd686a6d34614aafa5ae0262da603eff P 3aa06dd775a748c788799593083fac77 [term 0 FOLLOWER]: Consensus starting up: Expiring failure detector timer to make a prompt election more likely
I20260709 14:46:36.690526  7470 raft_consensus.cc:740] T dd686a6d34614aafa5ae0262da603eff P 3aa06dd775a748c788799593083fac77 [term 0 FOLLOWER]: Becoming Follower/Learner. State: Replica: 3aa06dd775a748c788799593083fac77, State: Initialized, Role: FOLLOWER
I20260709 14:46:36.694203  7523 raft_consensus.cc:515] T dd686a6d34614aafa5ae0262da603eff P 2dd2402fde054e99b66c98ebb66f7066 [term 1 FOLLOWER]: Starting leader election with config: opid_index: -1 OBSOLETE_local: false peers { permanent_uuid: "3aa06dd775a748c788799593083fac77" member_type: VOTER last_known_addr { host: "127.6.6.65" port: 38703 } } peers { permanent_uuid: "2dd2402fde054e99b66c98ebb66f7066" member_type: VOTER last_known_addr { host: "127.6.6.66" port: 41555 } } peers { permanent_uuid: "6d06098a80ec4d8e87c303749998f8c2" member_type: VOTER last_known_addr { host: "127.6.6.67" port: 41709 } }
I20260709 14:46:36.702373  7471 tablet_bootstrap.cc:654] T 8c352e28f4ae4e8b84761101e4f3e813 P 6d06098a80ec4d8e87c303749998f8c2: Neither blocks nor log segments found. Creating new log.
I20260709 14:46:36.691087  7470 consensus_queue.cc:260] T dd686a6d34614aafa5ae0262da603eff P 3aa06dd775a748c788799593083fac77 [NON_LEADER]: Queue going to NON_LEADER mode. State: All replicated index: 0, Majority replicated index: 0, Committed index: 0, Last appended: 0.0, Last appended by leader: 0, Current term: 0, Majority size: -1, State: 0, Mode: NON_LEADER, active raft config: opid_index: -1 OBSOLETE_local: false peers { permanent_uuid: "3aa06dd775a748c788799593083fac77" member_type: VOTER last_known_addr { host: "127.6.6.65" port: 38703 } } peers { permanent_uuid: "2dd2402fde054e99b66c98ebb66f7066" member_type: VOTER last_known_addr { host: "127.6.6.66" port: 41555 } } peers { permanent_uuid: "6d06098a80ec4d8e87c303749998f8c2" member_type: VOTER last_known_addr { host: "127.6.6.67" port: 41709 } }
I20260709 14:46:36.708168  7426 tablet_service.cc:1917] Received RequestConsensusVote() RPC: tablet_id: "59e1a7dd692346c69742573d3be830ac" candidate_uuid: "2dd2402fde054e99b66c98ebb66f7066" candidate_term: 1 candidate_status { last_received { term: 0 index: 0 } } ignore_live_leader: false dest_uuid: "6d06098a80ec4d8e87c303749998f8c2"
I20260709 14:46:36.708689  7426 raft_consensus.cc:3060] T 59e1a7dd692346c69742573d3be830ac P 6d06098a80ec4d8e87c303749998f8c2 [term 0 FOLLOWER]: Advancing to term 1
I20260709 14:46:36.708833  7528 raft_consensus.cc:515] T c5bbdd6de52e4c9fb0199f1fc30335d6 P 3aa06dd775a748c788799593083fac77 [term 1 FOLLOWER]: Starting leader election with config: opid_index: -1 OBSOLETE_local: false peers { permanent_uuid: "3aa06dd775a748c788799593083fac77" member_type: VOTER last_known_addr { host: "127.6.6.65" port: 38703 } } peers { permanent_uuid: "2dd2402fde054e99b66c98ebb66f7066" member_type: VOTER last_known_addr { host: "127.6.6.66" port: 41555 } } peers { permanent_uuid: "6d06098a80ec4d8e87c303749998f8c2" member_type: VOTER last_known_addr { host: "127.6.6.67" port: 41709 } }
I20260709 14:46:36.711274  7355 tablet_service.cc:1917] Received RequestConsensusVote() RPC: tablet_id: "c5bbdd6de52e4c9fb0199f1fc30335d6" candidate_uuid: "3aa06dd775a748c788799593083fac77" candidate_term: 1 candidate_status { last_received { term: 0 index: 0 } } ignore_live_leader: false dest_uuid: "2dd2402fde054e99b66c98ebb66f7066"
W20260709 14:46:36.712972  7244 leader_election.cc:343] T c5bbdd6de52e4c9fb0199f1fc30335d6 P 3aa06dd775a748c788799593083fac77 [CANDIDATE]: Term 1 election: Tablet error from VoteRequest() call to peer 2dd2402fde054e99b66c98ebb66f7066 (127.6.6.66:41555): Illegal state: must be running to vote when last-logged opid is not known
I20260709 14:46:36.714643  7523 leader_election.cc:290] T dd686a6d34614aafa5ae0262da603eff P 2dd2402fde054e99b66c98ebb66f7066 [CANDIDATE]: Term 1 election: Requested vote from peers 3aa06dd775a748c788799593083fac77 (127.6.6.65:38703), 6d06098a80ec4d8e87c303749998f8c2 (127.6.6.67:41709)
I20260709 14:46:36.715116  7470 ts_tablet_manager.cc:1434] T dd686a6d34614aafa5ae0262da603eff P 3aa06dd775a748c788799593083fac77: Time spent starting tablet: real 0.040s	user 0.007s	sys 0.001s
I20260709 14:46:36.719188  7429 tablet_service.cc:1917] Received RequestConsensusVote() RPC: tablet_id: "dd686a6d34614aafa5ae0262da603eff" candidate_uuid: "2dd2402fde054e99b66c98ebb66f7066" candidate_term: 1 candidate_status { last_received { term: 0 index: 0 } } ignore_live_leader: false dest_uuid: "6d06098a80ec4d8e87c303749998f8c2"
I20260709 14:46:36.719743  7429 raft_consensus.cc:3060] T dd686a6d34614aafa5ae0262da603eff P 6d06098a80ec4d8e87c303749998f8c2 [term 0 FOLLOWER]: Advancing to term 1
I20260709 14:46:36.721544  7470 tablet_bootstrap.cc:492] T bde67174c57047cfa38054f1cea92c1f P 3aa06dd775a748c788799593083fac77: Bootstrap starting.
I20260709 14:46:36.722126  7280 tablet_service.cc:1917] Received RequestConsensusVote() RPC: tablet_id: "dd686a6d34614aafa5ae0262da603eff" candidate_uuid: "2dd2402fde054e99b66c98ebb66f7066" candidate_term: 1 candidate_status { last_received { term: 0 index: 0 } } ignore_live_leader: false dest_uuid: "3aa06dd775a748c788799593083fac77"
I20260709 14:46:36.722656  7280 raft_consensus.cc:3060] T dd686a6d34614aafa5ae0262da603eff P 3aa06dd775a748c788799593083fac77 [term 0 FOLLOWER]: Advancing to term 1
I20260709 14:46:36.740062  7426 raft_consensus.cc:2468] T 59e1a7dd692346c69742573d3be830ac P 6d06098a80ec4d8e87c303749998f8c2 [term 1 FOLLOWER]: Leader election vote request: Granting yes vote for candidate 2dd2402fde054e99b66c98ebb66f7066 in term 1.
I20260709 14:46:36.741238  7320 leader_election.cc:304] T 59e1a7dd692346c69742573d3be830ac P 2dd2402fde054e99b66c98ebb66f7066 [CANDIDATE]: Term 1 election: Election decided. Result: candidate won. Election summary: received 2 responses out of 3 voters: 2 yes votes; 0 no votes. yes voters: 2dd2402fde054e99b66c98ebb66f7066, 6d06098a80ec4d8e87c303749998f8c2; no voters: 
I20260709 14:46:36.741937  7523 raft_consensus.cc:2804] T 59e1a7dd692346c69742573d3be830ac P 2dd2402fde054e99b66c98ebb66f7066 [term 1 FOLLOWER]: Leader election won for term 1
I20260709 14:46:36.742383  7523 raft_consensus.cc:697] T 59e1a7dd692346c69742573d3be830ac P 2dd2402fde054e99b66c98ebb66f7066 [term 1 LEADER]: Becoming Leader. State: Replica: 2dd2402fde054e99b66c98ebb66f7066, State: Running, Role: LEADER
I20260709 14:46:36.743135  7523 consensus_queue.cc:237] T 59e1a7dd692346c69742573d3be830ac P 2dd2402fde054e99b66c98ebb66f7066 [LEADER]: Queue going to LEADER mode. State: All replicated index: 0, Majority replicated index: 0, Committed index: 0, Last appended: 0.0, Last appended by leader: 0, Current term: 1, Majority size: 2, State: 0, Mode: LEADER, active raft config: opid_index: -1 OBSOLETE_local: false peers { permanent_uuid: "3aa06dd775a748c788799593083fac77" member_type: VOTER last_known_addr { host: "127.6.6.65" port: 38703 } } peers { permanent_uuid: "2dd2402fde054e99b66c98ebb66f7066" member_type: VOTER last_known_addr { host: "127.6.6.66" port: 41555 } } peers { permanent_uuid: "6d06098a80ec4d8e87c303749998f8c2" member_type: VOTER last_known_addr { host: "127.6.6.67" port: 41709 } }
I20260709 14:46:36.745688  7515 raft_consensus.cc:493] T 58b677217452408ba9c7114c3fe6d0ca P 6d06098a80ec4d8e87c303749998f8c2 [term 0 FOLLOWER]: Starting pre-election (no leader contacted us within the election timeout)
