I20260709 14:47:12.376924  1206 raft_consensus.cc:493] T 0dcab098b1e44493a86eeeb67b2e2a27 P 57cd73b6882f43ac976334fbbe71619d [term 1 FOLLOWER]: Starting forced leader election (received explicit request)
I20260709 14:47:12.377247  1206 raft_consensus.cc:3060] T 0dcab098b1e44493a86eeeb67b2e2a27 P 57cd73b6882f43ac976334fbbe71619d [term 1 FOLLOWER]: Advancing to term 2
I20260709 14:47:12.381716  1206 raft_consensus.cc:515] T 0dcab098b1e44493a86eeeb67b2e2a27 P 57cd73b6882f43ac976334fbbe71619d [term 2 FOLLOWER]: Starting forced leader election with config: opid_index: -1 OBSOLETE_local: false peers { permanent_uuid: "709ed451a8974f25a9940f28934e84bc" member_type: VOTER last_known_addr { host: "127.0.107.193" port: 33327 } } peers { permanent_uuid: "ec9413db370b4f54ac6d1f31222e3ddf" member_type: VOTER last_known_addr { host: "127.0.107.194" port: 37495 } } peers { permanent_uuid: "57cd73b6882f43ac976334fbbe71619d" member_type: VOTER last_known_addr { host: "127.0.107.195" port: 38805 } }
I20260709 14:47:12.383394  1206 leader_election.cc:290] T 0dcab098b1e44493a86eeeb67b2e2a27 P 57cd73b6882f43ac976334fbbe71619d [CANDIDATE]: Term 2 election: Requested vote from peers 709ed451a8974f25a9940f28934e84bc (127.0.107.193:33327), ec9413db370b4f54ac6d1f31222e3ddf (127.0.107.194:37495)
I20260709 14:47:12.384153  1058 tablet_service.cc:1917] Received RequestConsensusVote() RPC: tablet_id: "0dcab098b1e44493a86eeeb67b2e2a27" candidate_uuid: "57cd73b6882f43ac976334fbbe71619d" candidate_term: 2 candidate_status { last_received { term: 1 index: 1 } } ignore_live_leader: true dest_uuid: "709ed451a8974f25a9940f28934e84bc"
I20260709 14:47:12.384413  1132 tablet_service.cc:1917] Received RequestConsensusVote() RPC: tablet_id: "0dcab098b1e44493a86eeeb67b2e2a27" candidate_uuid: "57cd73b6882f43ac976334fbbe71619d" candidate_term: 2 candidate_status { last_received { term: 1 index: 1 } } ignore_live_leader: true dest_uuid: "ec9413db370b4f54ac6d1f31222e3ddf"
I20260709 14:47:12.384685  1058 raft_consensus.cc:3055] T 0dcab098b1e44493a86eeeb67b2e2a27 P 709ed451a8974f25a9940f28934e84bc [term 1 LEADER]: Stepping down as leader of term 1
I20260709 14:47:12.385007  1132 raft_consensus.cc:3060] T 0dcab098b1e44493a86eeeb67b2e2a27 P ec9413db370b4f54ac6d1f31222e3ddf [term 1 FOLLOWER]: Advancing to term 2
I20260709 14:47:12.385010  1058 raft_consensus.cc:740] T 0dcab098b1e44493a86eeeb67b2e2a27 P 709ed451a8974f25a9940f28934e84bc [term 1 LEADER]: Becoming Follower/Learner. State: Replica: 709ed451a8974f25a9940f28934e84bc, State: Running, Role: LEADER
I20260709 14:47:12.385931  1058 consensus_queue.cc:260] T 0dcab098b1e44493a86eeeb67b2e2a27 P 709ed451a8974f25a9940f28934e84bc [NON_LEADER]: Queue going to NON_LEADER mode. State: All replicated index: 0, Majority replicated index: 1, Committed index: 1, Last appended: 1.1, Last appended by leader: 1, Current term: 1, Majority size: -1, State: 0, Mode: NON_LEADER, active raft config: opid_index: -1 OBSOLETE_local: false peers { permanent_uuid: "709ed451a8974f25a9940f28934e84bc" member_type: VOTER last_known_addr { host: "127.0.107.193" port: 33327 } } peers { permanent_uuid: "ec9413db370b4f54ac6d1f31222e3ddf" member_type: VOTER last_known_addr { host: "127.0.107.194" port: 37495 } } peers { permanent_uuid: "57cd73b6882f43ac976334fbbe71619d" member_type: VOTER last_known_addr { host: "127.0.107.195" port: 38805 } }
I20260709 14:47:12.386792  1058 raft_consensus.cc:3060] T 0dcab098b1e44493a86eeeb67b2e2a27 P 709ed451a8974f25a9940f28934e84bc [term 1 FOLLOWER]: Advancing to term 2
I20260709 14:47:12.389582  1132 raft_consensus.cc:2468] T 0dcab098b1e44493a86eeeb67b2e2a27 P ec9413db370b4f54ac6d1f31222e3ddf [term 2 FOLLOWER]: Leader election vote request: Granting yes vote for candidate 57cd73b6882f43ac976334fbbe71619d in term 2.
I20260709 14:47:12.390714  1171 leader_election.cc:304] T 0dcab098b1e44493a86eeeb67b2e2a27 P 57cd73b6882f43ac976334fbbe71619d [CANDIDATE]: Term 2 election: Election decided. Result: candidate won. Election summary: received 2 responses out of 3 voters: 2 yes votes; 0 no votes. yes voters: 57cd73b6882f43ac976334fbbe71619d, ec9413db370b4f54ac6d1f31222e3ddf; no voters: 
I20260709 14:47:12.391321  1058 raft_consensus.cc:2468] T 0dcab098b1e44493a86eeeb67b2e2a27 P 709ed451a8974f25a9940f28934e84bc [term 2 FOLLOWER]: Leader election vote request: Granting yes vote for candidate 57cd73b6882f43ac976334fbbe71619d in term 2.
I20260709 14:47:12.391489  1348 raft_consensus.cc:2804] T 0dcab098b1e44493a86eeeb67b2e2a27 P 57cd73b6882f43ac976334fbbe71619d [term 2 FOLLOWER]: Leader election won for term 2
I20260709 14:47:12.392547  1348 raft_consensus.cc:697] T 0dcab098b1e44493a86eeeb67b2e2a27 P 57cd73b6882f43ac976334fbbe71619d [term 2 LEADER]: Becoming Leader. State: Replica: 57cd73b6882f43ac976334fbbe71619d, State: Running, Role: LEADER
I20260709 14:47:12.393277  1348 consensus_queue.cc:237] T 0dcab098b1e44493a86eeeb67b2e2a27 P 57cd73b6882f43ac976334fbbe71619d [LEADER]: Queue going to LEADER mode. State: All replicated index: 0, Majority replicated index: 1, Committed index: 1, Last appended: 1.1, Last appended by leader: 1, Current term: 2, Majority size: 2, State: 0, Mode: LEADER, active raft config: opid_index: -1 OBSOLETE_local: false peers { permanent_uuid: "709ed451a8974f25a9940f28934e84bc" member_type: VOTER last_known_addr { host: "127.0.107.193" port: 33327 } } peers { permanent_uuid: "ec9413db370b4f54ac6d1f31222e3ddf" member_type: VOTER last_known_addr { host: "127.0.107.194" port: 37495 } } peers { permanent_uuid: "57cd73b6882f43ac976334fbbe71619d" member_type: VOTER last_known_addr { host: "127.0.107.195" port: 38805 } }
I20260709 14:47:12.399947   953 catalog_manager.cc:5697] T 0dcab098b1e44493a86eeeb67b2e2a27 P 57cd73b6882f43ac976334fbbe71619d reported cstate change: term changed from 1 to 2, leader changed from 709ed451a8974f25a9940f28934e84bc (127.0.107.193) to 57cd73b6882f43ac976334fbbe71619d (127.0.107.195). New cstate: current_term: 2 leader_uuid: "57cd73b6882f43ac976334fbbe71619d" committed_config { opid_index: -1 OBSOLETE_local: false peers { permanent_uuid: "709ed451a8974f25a9940f28934e84bc" member_type: VOTER last_known_addr { host: "127.0.107.193" port: 33327 } health_report { overall_health: UNKNOWN } } peers { permanent_uuid: "ec9413db370b4f54ac6d1f31222e3ddf" member_type: VOTER last_known_addr { host: "127.0.107.194" port: 37495 } health_report { overall_health: UNKNOWN } } peers { permanent_uuid: "57cd73b6882f43ac976334fbbe71619d" member_type: VOTER last_known_addr { host: "127.0.107.195" port: 38805 } health_report { overall_health: HEALTHY } } }
I20260709 14:47:12.504514  1350 raft_consensus.cc:993] T 26e64d8c32174e83bc6736b0be92aa8a P 709ed451a8974f25a9940f28934e84bc: : Instructing follower 57cd73b6882f43ac976334fbbe71619d to start an election
I20260709 14:47:12.504935  1349 raft_consensus.cc:1081] T 26e64d8c32174e83bc6736b0be92aa8a P 709ed451a8974f25a9940f28934e84bc [term 2 LEADER]: Signalling peer 57cd73b6882f43ac976334fbbe71619d to start an election
I20260709 14:47:12.506227  1206 tablet_service.cc:2044] Received Run Leader Election RPC: tablet_id: "26e64d8c32174e83bc6736b0be92aa8a"
dest_uuid: "57cd73b6882f43ac976334fbbe71619d"
 from {username='slave'} at 127.0.0.1:59992
I20260709 14:47:12.506687  1206 raft_consensus.cc:493] T 26e64d8c32174e83bc6736b0be92aa8a P 57cd73b6882f43ac976334fbbe71619d [term 2 FOLLOWER]: Starting forced leader election (received explicit request)
I20260709 14:47:12.506990  1206 raft_consensus.cc:3060] T 26e64d8c32174e83bc6736b0be92aa8a P 57cd73b6882f43ac976334fbbe71619d [term 2 FOLLOWER]: Advancing to term 3
I20260709 14:47:12.511422  1206 raft_consensus.cc:515] T 26e64d8c32174e83bc6736b0be92aa8a P 57cd73b6882f43ac976334fbbe71619d [term 3 FOLLOWER]: Starting forced leader election with config: opid_index: -1 OBSOLETE_local: false peers { permanent_uuid: "57cd73b6882f43ac976334fbbe71619d" member_type: VOTER last_known_addr { host: "127.0.107.195" port: 38805 } } peers { permanent_uuid: "709ed451a8974f25a9940f28934e84bc" member_type: VOTER last_known_addr { host: "127.0.107.193" port: 33327 } } peers { permanent_uuid: "ec9413db370b4f54ac6d1f31222e3ddf" member_type: VOTER last_known_addr { host: "127.0.107.194" port: 37495 } }
I20260709 14:47:12.512921  1206 leader_election.cc:290] T 26e64d8c32174e83bc6736b0be92aa8a P 57cd73b6882f43ac976334fbbe71619d [CANDIDATE]: Term 3 election: Requested vote from peers 709ed451a8974f25a9940f28934e84bc (127.0.107.193:33327), ec9413db370b4f54ac6d1f31222e3ddf (127.0.107.194:37495)
I20260709 14:47:12.513731  1058 tablet_service.cc:1917] Received RequestConsensusVote() RPC: tablet_id: "26e64d8c32174e83bc6736b0be92aa8a" candidate_uuid: "57cd73b6882f43ac976334fbbe71619d" candidate_term: 3 candidate_status { last_received { term: 2 index: 2 } } ignore_live_leader: true dest_uuid: "709ed451a8974f25a9940f28934e84bc"
I20260709 14:47:12.513892  1132 tablet_service.cc:1917] Received RequestConsensusVote() RPC: tablet_id: "26e64d8c32174e83bc6736b0be92aa8a" candidate_uuid: "57cd73b6882f43ac976334fbbe71619d" candidate_term: 3 candidate_status { last_received { term: 2 index: 2 } } ignore_live_leader: true dest_uuid: "ec9413db370b4f54ac6d1f31222e3ddf"
I20260709 14:47:12.514295  1058 raft_consensus.cc:3055] T 26e64d8c32174e83bc6736b0be92aa8a P 709ed451a8974f25a9940f28934e84bc [term 2 LEADER]: Stepping down as leader of term 2
I20260709 14:47:12.514374  1132 raft_consensus.cc:3060] T 26e64d8c32174e83bc6736b0be92aa8a P ec9413db370b4f54ac6d1f31222e3ddf [term 2 FOLLOWER]: Advancing to term 3
I20260709 14:47:12.514690  1058 raft_consensus.cc:740] T 26e64d8c32174e83bc6736b0be92aa8a P 709ed451a8974f25a9940f28934e84bc [term 2 LEADER]: Becoming Follower/Learner. State: Replica: 709ed451a8974f25a9940f28934e84bc, State: Running, Role: LEADER
I20260709 14:47:12.515462  1058 consensus_queue.cc:260] T 26e64d8c32174e83bc6736b0be92aa8a P 709ed451a8974f25a9940f28934e84bc [NON_LEADER]: Queue going to NON_LEADER mode. State: All replicated index: 0, Majority replicated index: 2, Committed index: 2, Last appended: 2.2, Last appended by leader: 2, Current term: 2, Majority size: -1, State: 0, Mode: NON_LEADER, active raft config: opid_index: -1 OBSOLETE_local: false peers { permanent_uuid: "57cd73b6882f43ac976334fbbe71619d" member_type: VOTER last_known_addr { host: "127.0.107.195" port: 38805 } } peers { permanent_uuid: "709ed451a8974f25a9940f28934e84bc" member_type: VOTER last_known_addr { host: "127.0.107.193" port: 33327 } } peers { permanent_uuid: "ec9413db370b4f54ac6d1f31222e3ddf" member_type: VOTER last_known_addr { host: "127.0.107.194" port: 37495 } }
I20260709 14:47:12.516819  1058 raft_consensus.cc:3060] T 26e64d8c32174e83bc6736b0be92aa8a P 709ed451a8974f25a9940f28934e84bc [term 2 FOLLOWER]: Advancing to term 3
I20260709 14:47:12.520900  1132 raft_consensus.cc:2468] T 26e64d8c32174e83bc6736b0be92aa8a P ec9413db370b4f54ac6d1f31222e3ddf [term 3 FOLLOWER]: Leader election vote request: Granting yes vote for candidate 57cd73b6882f43ac976334fbbe71619d in term 3.
I20260709 14:47:12.521938  1171 leader_election.cc:304] T 26e64d8c32174e83bc6736b0be92aa8a P 57cd73b6882f43ac976334fbbe71619d [CANDIDATE]: Term 3 election: Election decided. Result: candidate won. Election summary: received 2 responses out of 3 voters: 2 yes votes; 0 no votes. yes voters: 57cd73b6882f43ac976334fbbe71619d, ec9413db370b4f54ac6d1f31222e3ddf; no voters: 
I20260709 14:47:12.522586  1348 raft_consensus.cc:2804] T 26e64d8c32174e83bc6736b0be92aa8a P 57cd73b6882f43ac976334fbbe71619d [term 3 FOLLOWER]: Leader election won for term 3
I20260709 14:47:12.522995  1058 raft_consensus.cc:2468] T 26e64d8c32174e83bc6736b0be92aa8a P 709ed451a8974f25a9940f28934e84bc [term 3 FOLLOWER]: Leader election vote request: Granting yes vote for candidate 57cd73b6882f43ac976334fbbe71619d in term 3.
I20260709 14:47:12.523066  1348 raft_consensus.cc:697] T 26e64d8c32174e83bc6736b0be92aa8a P 57cd73b6882f43ac976334fbbe71619d [term 3 LEADER]: Becoming Leader. State: Replica: 57cd73b6882f43ac976334fbbe71619d, State: Running, Role: LEADER
I20260709 14:47:12.523969  1348 consensus_queue.cc:237] T 26e64d8c32174e83bc6736b0be92aa8a P 57cd73b6882f43ac976334fbbe71619d [LEADER]: Queue going to LEADER mode. State: All replicated index: 0, Majority replicated index: 2, Committed index: 2, Last appended: 2.2, Last appended by leader: 2, Current term: 3, Majority size: 2, State: 0, Mode: LEADER, active raft config: opid_index: -1 OBSOLETE_local: false peers { permanent_uuid: "57cd73b6882f43ac976334fbbe71619d" member_type: VOTER last_known_addr { host: "127.0.107.195" port: 38805 } } peers { permanent_uuid: "709ed451a8974f25a9940f28934e84bc" member_type: VOTER last_known_addr { host: "127.0.107.193" port: 33327 } } peers { permanent_uuid: "ec9413db370b4f54ac6d1f31222e3ddf" member_type: VOTER last_known_addr { host: "127.0.107.194" port: 37495 } }
I20260709 14:47:12.530138   953 catalog_manager.cc:5697] T 26e64d8c32174e83bc6736b0be92aa8a P 57cd73b6882f43ac976334fbbe71619d reported cstate change: term changed from 2 to 3, leader changed from 709ed451a8974f25a9940f28934e84bc (127.0.107.193) to 57cd73b6882f43ac976334fbbe71619d (127.0.107.195). New cstate: current_term: 3 leader_uuid: "57cd73b6882f43ac976334fbbe71619d" committed_config { opid_index: -1 OBSOLETE_local: false peers { permanent_uuid: "57cd73b6882f43ac976334fbbe71619d" member_type: VOTER last_known_addr { host: "127.0.107.195" port: 38805 } health_report { overall_health: HEALTHY } } peers { permanent_uuid: "709ed451a8974f25a9940f28934e84bc" member_type: VOTER last_known_addr { host: "127.0.107.193" port: 33327 } health_report { overall_health: UNKNOWN } } peers { permanent_uuid: "ec9413db370b4f54ac6d1f31222e3ddf" member_type: VOTER last_known_addr { host: "127.0.107.194" port: 37495 } health_report { overall_health: UNKNOWN } } }
I20260709 14:47:12.909358  1058 raft_consensus.cc:1275] T 0dcab098b1e44493a86eeeb67b2e2a27 P 709ed451a8974f25a9940f28934e84bc [term 2 FOLLOWER]: Refusing update from remote peer 57cd73b6882f43ac976334fbbe71619d: Log matching property violated. Preceding OpId in replica: term: 1 index: 1. Preceding OpId from leader: term: 2 index: 2. (index mismatch)
I20260709 14:47:12.910648  1348 consensus_queue.cc:1048] T 0dcab098b1e44493a86eeeb67b2e2a27 P 57cd73b6882f43ac976334fbbe71619d [LEADER]: Connected to new peer: Peer: permanent_uuid: "709ed451a8974f25a9940f28934e84bc" member_type: VOTER last_known_addr { host: "127.0.107.193" port: 33327 }, Status: LMP_MISMATCH, Last received: 0.0, Next index: 2, Last known committed idx: 1, Time since last communication: 0.000s
I20260709 14:47:12.919596  1132 raft_consensus.cc:1275] T 0dcab098b1e44493a86eeeb67b2e2a27 P ec9413db370b4f54ac6d1f31222e3ddf [term 2 FOLLOWER]: Refusing update from remote peer 57cd73b6882f43ac976334fbbe71619d: Log matching property violated. Preceding OpId in replica: term: 1 index: 1. Preceding OpId from leader: term: 2 index: 2. (index mismatch)
I20260709 14:47:12.922138  1362 consensus_queue.cc:1048] T 0dcab098b1e44493a86eeeb67b2e2a27 P 57cd73b6882f43ac976334fbbe71619d [LEADER]: Connected to new peer: Peer: permanent_uuid: "ec9413db370b4f54ac6d1f31222e3ddf" member_type: VOTER last_known_addr { host: "127.0.107.194" port: 37495 }, Status: LMP_MISMATCH, Last received: 0.0, Next index: 2, Last known committed idx: 1, Time since last communication: 0.001s
I20260709 14:47:13.038722  1058 raft_consensus.cc:1275] T 26e64d8c32174e83bc6736b0be92aa8a P 709ed451a8974f25a9940f28934e84bc [term 3 FOLLOWER]: Refusing update from remote peer 57cd73b6882f43ac976334fbbe71619d: Log matching property violated. Preceding OpId in replica: term: 2 index: 2. Preceding OpId from leader: term: 3 index: 3. (index mismatch)
I20260709 14:47:13.039856  1362 consensus_queue.cc:1048] T 26e64d8c32174e83bc6736b0be92aa8a P 57cd73b6882f43ac976334fbbe71619d [LEADER]: Connected to new peer: Peer: permanent_uuid: "709ed451a8974f25a9940f28934e84bc" member_type: VOTER last_known_addr { host: "127.0.107.193" port: 33327 }, Status: LMP_MISMATCH, Last received: 0.0, Next index: 3, Last known committed idx: 2, Time since last communication: 0.000s
I20260709 14:47:13.047917  1132 raft_consensus.cc:1275] T 26e64d8c32174e83bc6736b0be92aa8a P ec9413db370b4f54ac6d1f31222e3ddf [term 3 FOLLOWER]: Refusing update from remote peer 57cd73b6882f43ac976334fbbe71619d: Log matching property violated. Preceding OpId in replica: term: 2 index: 2. Preceding OpId from leader: term: 3 index: 3. (index mismatch)
I20260709 14:47:13.049544  1348 consensus_queue.cc:1048] T 26e64d8c32174e83bc6736b0be92aa8a P 57cd73b6882f43ac976334fbbe71619d [LEADER]: Connected to new peer: Peer: permanent_uuid: "ec9413db370b4f54ac6d1f31222e3ddf" member_type: VOTER last_known_addr { host: "127.0.107.194" port: 37495 }, Status: LMP_MISMATCH, Last received: 0.0, Next index: 3, Last known committed idx: 2, Time since last communication: 0.000s
I20260709 14:47:13.077044   431 auto_leader_rebalancer.cc:141] leader rebalance for table test-workload
I20260709 14:47:13.086907  1206 tablet_service.cc:2072] Received LeaderStepDown RPC: tablet_id: "26e64d8c32174e83bc6736b0be92aa8a"
dest_uuid: "57cd73b6882f43ac976334fbbe71619d"
mode: GRACEFUL
new_leader_uuid: "709ed451a8974f25a9940f28934e84bc"
 from {username='slave'} at 127.0.0.1:60002
I20260709 14:47:13.087430  1206 raft_consensus.cc:606] T 26e64d8c32174e83bc6736b0be92aa8a P 57cd73b6882f43ac976334fbbe71619d [term 3 LEADER]: Received request to transfer leadership to TS 709ed451a8974f25a9940f28934e84bc
I20260709 14:47:13.098953  1206 tablet_service.cc:2072] Received LeaderStepDown RPC: tablet_id: "0dcab098b1e44493a86eeeb67b2e2a27"
dest_uuid: "57cd73b6882f43ac976334fbbe71619d"
mode: GRACEFUL
new_leader_uuid: "709ed451a8974f25a9940f28934e84bc"
 from {username='slave'} at 127.0.0.1:60002
I20260709 14:47:13.099452  1206 raft_consensus.cc:606] T 0dcab098b1e44493a86eeeb67b2e2a27 P 57cd73b6882f43ac976334fbbe71619d [term 2 LEADER]: Received request to transfer leadership to TS 709ed451a8974f25a9940f28934e84bc
I20260709 14:47:13.103742  1132 tablet_service.cc:2072] Received LeaderStepDown RPC: tablet_id: "701c33eaf40942aabc288e318665651c"
dest_uuid: "ec9413db370b4f54ac6d1f31222e3ddf"
mode: GRACEFUL
new_leader_uuid: "709ed451a8974f25a9940f28934e84bc"
 from {username='slave'} at 127.0.0.1:38734
I20260709 14:47:13.104230  1132 raft_consensus.cc:606] T 701c33eaf40942aabc288e318665651c P ec9413db370b4f54ac6d1f31222e3ddf [term 2 LEADER]: Received request to transfer leadership to TS 709ed451a8974f25a9940f28934e84bc
I20260709 14:47:13.108702  1132 tablet_service.cc:2072] Received LeaderStepDown RPC: tablet_id: "706f594385074055bd6b2a36063c5dcf"
dest_uuid: "ec9413db370b4f54ac6d1f31222e3ddf"
mode: GRACEFUL
new_leader_uuid: "709ed451a8974f25a9940f28934e84bc"
 from {username='slave'} at 127.0.0.1:38734
I20260709 14:47:13.109160  1132 raft_consensus.cc:606] T 706f594385074055bd6b2a36063c5dcf P ec9413db370b4f54ac6d1f31222e3ddf [term 2 LEADER]: Received request to transfer leadership to TS 709ed451a8974f25a9940f28934e84bc
I20260709 14:47:13.113672  1132 tablet_service.cc:2072] Received LeaderStepDown RPC: tablet_id: "4ccdd731c3094f60bf9092d05bcfab79"
dest_uuid: "ec9413db370b4f54ac6d1f31222e3ddf"
mode: GRACEFUL
new_leader_uuid: "709ed451a8974f25a9940f28934e84bc"
 from {username='slave'} at 127.0.0.1:38734
I20260709 14:47:13.114128  1132 raft_consensus.cc:606] T 4ccdd731c3094f60bf9092d05bcfab79 P ec9413db370b4f54ac6d1f31222e3ddf [term 1 LEADER]: Received request to transfer leadership to TS 709ed451a8974f25a9940f28934e84bc
I20260709 14:47:13.146418  1368 raft_consensus.cc:993] T 4ccdd731c3094f60bf9092d05bcfab79 P ec9413db370b4f54ac6d1f31222e3ddf: : Instructing follower 709ed451a8974f25a9940f28934e84bc to start an election
I20260709 14:47:13.147032  1288 raft_consensus.cc:1081] T 4ccdd731c3094f60bf9092d05bcfab79 P ec9413db370b4f54ac6d1f31222e3ddf [term 1 LEADER]: Signalling peer 709ed451a8974f25a9940f28934e84bc to start an election
I20260709 14:47:13.149567  1058 tablet_service.cc:2044] Received Run Leader Election RPC: tablet_id: "4ccdd731c3094f60bf9092d05bcfab79"
dest_uuid: "709ed451a8974f25a9940f28934e84bc"
 from {username='slave'} at 127.0.0.1:35696
I20260709 14:47:13.150074  1058 raft_consensus.cc:493] T 4ccdd731c3094f60bf9092d05bcfab79 P 709ed451a8974f25a9940f28934e84bc [term 1 FOLLOWER]: Starting forced leader election (received explicit request)
I20260709 14:47:13.150377  1058 raft_consensus.cc:3060] T 4ccdd731c3094f60bf9092d05bcfab79 P 709ed451a8974f25a9940f28934e84bc [term 1 FOLLOWER]: Advancing to term 2
I20260709 14:47:13.155395  1058 raft_consensus.cc:515] T 4ccdd731c3094f60bf9092d05bcfab79 P 709ed451a8974f25a9940f28934e84bc [term 2 FOLLOWER]: Starting forced leader election with config: opid_index: -1 OBSOLETE_local: false peers { permanent_uuid: "709ed451a8974f25a9940f28934e84bc" member_type: VOTER last_known_addr { host: "127.0.107.193" port: 33327 } } peers { permanent_uuid: "ec9413db370b4f54ac6d1f31222e3ddf" member_type: VOTER last_known_addr { host: "127.0.107.194" port: 37495 } } peers { permanent_uuid: "57cd73b6882f43ac976334fbbe71619d" member_type: VOTER last_known_addr { host: "127.0.107.195" port: 38805 } }
I20260709 14:47:13.157058  1058 leader_election.cc:290] T 4ccdd731c3094f60bf9092d05bcfab79 P 709ed451a8974f25a9940f28934e84bc [CANDIDATE]: Term 2 election: Requested vote from peers ec9413db370b4f54ac6d1f31222e3ddf (127.0.107.194:37495), 57cd73b6882f43ac976334fbbe71619d (127.0.107.195:38805)
I20260709 14:47:13.158767  1206 tablet_service.cc:1917] Received RequestConsensusVote() RPC: tablet_id: "4ccdd731c3094f60bf9092d05bcfab79" candidate_uuid: "709ed451a8974f25a9940f28934e84bc" candidate_term: 2 candidate_status { last_received { term: 1 index: 1 } } ignore_live_leader: true dest_uuid: "57cd73b6882f43ac976334fbbe71619d"
I20260709 14:47:13.159256  1206 raft_consensus.cc:3060] T 4ccdd731c3094f60bf9092d05bcfab79 P 57cd73b6882f43ac976334fbbe71619d [term 1 FOLLOWER]: Advancing to term 2
I20260709 14:47:13.159279  1132 tablet_service.cc:1917] Received RequestConsensusVote() RPC: tablet_id: "4ccdd731c3094f60bf9092d05bcfab79" candidate_uuid: "709ed451a8974f25a9940f28934e84bc" candidate_term: 2 candidate_status { last_received { term: 1 index: 1 } } ignore_live_leader: true dest_uuid: "ec9413db370b4f54ac6d1f31222e3ddf"
I20260709 14:47:13.159961  1132 raft_consensus.cc:3055] T 4ccdd731c3094f60bf9092d05bcfab79 P ec9413db370b4f54ac6d1f31222e3ddf [term 1 LEADER]: Stepping down as leader of term 1
I20260709 14:47:13.160292  1132 raft_consensus.cc:740] T 4ccdd731c3094f60bf9092d05bcfab79 P ec9413db370b4f54ac6d1f31222e3ddf [term 1 LEADER]: Becoming Follower/Learner. State: Replica: ec9413db370b4f54ac6d1f31222e3ddf, State: Running, Role: LEADER
I20260709 14:47:13.161104  1132 consensus_queue.cc:260] T 4ccdd731c3094f60bf9092d05bcfab79 P ec9413db370b4f54ac6d1f31222e3ddf [NON_LEADER]: Queue going to NON_LEADER mode. State: All replicated index: 0, Majority replicated index: 1, Committed index: 1, Last appended: 1.1, Last appended by leader: 1, Current term: 1, Majority size: -1, State: 0, Mode: NON_LEADER, active raft config: opid_index: -1 OBSOLETE_local: false peers { permanent_uuid: "709ed451a8974f25a9940f28934e84bc" member_type: VOTER last_known_addr { host: "127.0.107.193" port: 33327 } } peers { permanent_uuid: "ec9413db370b4f54ac6d1f31222e3ddf" member_type: VOTER last_known_addr { host: "127.0.107.194" port: 37495 } } peers { permanent_uuid: "57cd73b6882f43ac976334fbbe71619d" member_type: VOTER last_known_addr { host: "127.0.107.195" port: 38805 } }
I20260709 14:47:13.161964  1132 raft_consensus.cc:3060] T 4ccdd731c3094f60bf9092d05bcfab79 P ec9413db370b4f54ac6d1f31222e3ddf [term 1 FOLLOWER]: Advancing to term 2
I20260709 14:47:13.165305  1206 raft_consensus.cc:2468] T 4ccdd731c3094f60bf9092d05bcfab79 P 57cd73b6882f43ac976334fbbe71619d [term 2 FOLLOWER]: Leader election vote request: Granting yes vote for candidate 709ed451a8974f25a9940f28934e84bc in term 2.
I20260709 14:47:13.166319  1021 leader_election.cc:304] T 4ccdd731c3094f60bf9092d05bcfab79 P 709ed451a8974f25a9940f28934e84bc [CANDIDATE]: Term 2 election: Election decided. Result: candidate won. Election summary: received 2 responses out of 3 voters: 2 yes votes; 0 no votes. yes voters: 57cd73b6882f43ac976334fbbe71619d, 709ed451a8974f25a9940f28934e84bc; no voters: 
I20260709 14:47:13.167028  1349 raft_consensus.cc:2804] T 4ccdd731c3094f60bf9092d05bcfab79 P 709ed451a8974f25a9940f28934e84bc [term 2 FOLLOWER]: Leader election won for term 2
I20260709 14:47:13.168015  1132 raft_consensus.cc:2468] T 4ccdd731c3094f60bf9092d05bcfab79 P ec9413db370b4f54ac6d1f31222e3ddf [term 2 FOLLOWER]: Leader election vote request: Granting yes vote for candidate 709ed451a8974f25a9940f28934e84bc in term 2.
I20260709 14:47:13.168072  1349 raft_consensus.cc:697] T 4ccdd731c3094f60bf9092d05bcfab79 P 709ed451a8974f25a9940f28934e84bc [term 2 LEADER]: Becoming Leader. State: Replica: 709ed451a8974f25a9940f28934e84bc, State: Running, Role: LEADER
I20260709 14:47:13.169693  1349 consensus_queue.cc:237] T 4ccdd731c3094f60bf9092d05bcfab79 P 709ed451a8974f25a9940f28934e84bc [LEADER]: Queue going to LEADER mode. State: All replicated index: 0, Majority replicated index: 1, Committed index: 1, Last appended: 1.1, Last appended by leader: 1, Current term: 2, Majority size: 2, State: 0, Mode: LEADER, active raft config: opid_index: -1 OBSOLETE_local: false peers { permanent_uuid: "709ed451a8974f25a9940f28934e84bc" member_type: VOTER last_known_addr { host: "127.0.107.193" port: 33327 } } peers { permanent_uuid: "ec9413db370b4f54ac6d1f31222e3ddf" member_type: VOTER last_known_addr { host: "127.0.107.194" port: 37495 } } peers { permanent_uuid: "57cd73b6882f43ac976334fbbe71619d" member_type: VOTER last_known_addr { host: "127.0.107.195" port: 38805 } }
I20260709 14:47:13.176720   955 catalog_manager.cc:5697] T 4ccdd731c3094f60bf9092d05bcfab79 P 709ed451a8974f25a9940f28934e84bc reported cstate change: term changed from 1 to 2, leader changed from ec9413db370b4f54ac6d1f31222e3ddf (127.0.107.194) to 709ed451a8974f25a9940f28934e84bc (127.0.107.193). New cstate: current_term: 2 leader_uuid: "709ed451a8974f25a9940f28934e84bc" committed_config { opid_index: -1 OBSOLETE_local: false peers { permanent_uuid: "709ed451a8974f25a9940f28934e84bc" member_type: VOTER last_known_addr { host: "127.0.107.193" port: 33327 } health_report { overall_health: HEALTHY } } peers { permanent_uuid: "ec9413db370b4f54ac6d1f31222e3ddf" member_type: VOTER last_known_addr { host: "127.0.107.194" port: 37495 } health_report { overall_health: UNKNOWN } } peers { permanent_uuid: "57cd73b6882f43ac976334fbbe71619d" member_type: VOTER last_known_addr { host: "127.0.107.195" port: 38805 } health_report { overall_health: UNKNOWN } } }
I20260709 14:47:13.222409  1368 raft_consensus.cc:993] T 706f594385074055bd6b2a36063c5dcf P ec9413db370b4f54ac6d1f31222e3ddf: : Instructing follower 709ed451a8974f25a9940f28934e84bc to start an election
I20260709 14:47:13.222872  1288 raft_consensus.cc:1081] T 706f594385074055bd6b2a36063c5dcf P ec9413db370b4f54ac6d1f31222e3ddf [term 2 LEADER]: Signalling peer 709ed451a8974f25a9940f28934e84bc to start an election
I20260709 14:47:13.224191  1058 tablet_service.cc:2044] Received Run Leader Election RPC: tablet_id: "706f594385074055bd6b2a36063c5dcf"
dest_uuid: "709ed451a8974f25a9940f28934e84bc"
 from {username='slave'} at 127.0.0.1:35696
I20260709 14:47:13.224634  1058 raft_consensus.cc:493] T 706f594385074055bd6b2a36063c5dcf P 709ed451a8974f25a9940f28934e84bc [term 2 FOLLOWER]: Starting forced leader election (received explicit request)
I20260709 14:47:13.224890  1058 raft_consensus.cc:3060] T 706f594385074055bd6b2a36063c5dcf P 709ed451a8974f25a9940f28934e84bc [term 2 FOLLOWER]: Advancing to term 3
I20260709 14:47:13.229403  1058 raft_consensus.cc:515] T 706f594385074055bd6b2a36063c5dcf P 709ed451a8974f25a9940f28934e84bc [term 3 FOLLOWER]: Starting forced leader election with config: opid_index: -1 OBSOLETE_local: false peers { permanent_uuid: "709ed451a8974f25a9940f28934e84bc" member_type: VOTER last_known_addr { host: "127.0.107.193" port: 33327 } } peers { permanent_uuid: "ec9413db370b4f54ac6d1f31222e3ddf" member_type: VOTER last_known_addr { host: "127.0.107.194" port: 37495 } } peers { permanent_uuid: "57cd73b6882f43ac976334fbbe71619d" member_type: VOTER last_known_addr { host: "127.0.107.195" port: 38805 } }
I20260709 14:47:13.231169  1058 leader_election.cc:290] T 706f594385074055bd6b2a36063c5dcf P 709ed451a8974f25a9940f28934e84bc [CANDIDATE]: Term 3 election: Requested vote from peers ec9413db370b4f54ac6d1f31222e3ddf (127.0.107.194:37495), 57cd73b6882f43ac976334fbbe71619d (127.0.107.195:38805)
I20260709 14:47:13.231832  1132 tablet_service.cc:1917] Received RequestConsensusVote() RPC: tablet_id: "706f594385074055bd6b2a36063c5dcf" candidate_uuid: "709ed451a8974f25a9940f28934e84bc" candidate_term: 3 candidate_status { last_received { term: 2 index: 2 } } ignore_live_leader: true dest_uuid: "ec9413db370b4f54ac6d1f31222e3ddf"
I20260709 14:47:13.232223  1206 tablet_service.cc:1917] Received RequestConsensusVote() RPC: tablet_id: "706f594385074055bd6b2a36063c5dcf" candidate_uuid: "709ed451a8974f25a9940f28934e84bc" candidate_term: 3 candidate_status { last_received { term: 2 index: 2 } } ignore_live_leader: true dest_uuid: "57cd73b6882f43ac976334fbbe71619d"
I20260709 14:47:13.232393  1132 raft_consensus.cc:3055] T 706f594385074055bd6b2a36063c5dcf P ec9413db370b4f54ac6d1f31222e3ddf [term 2 LEADER]: Stepping down as leader of term 2
I20260709 14:47:13.232710  1206 raft_consensus.cc:3060] T 706f594385074055bd6b2a36063c5dcf P 57cd73b6882f43ac976334fbbe71619d [term 2 FOLLOWER]: Advancing to term 3
I20260709 14:47:13.232731  1132 raft_consensus.cc:740] T 706f594385074055bd6b2a36063c5dcf P ec9413db370b4f54ac6d1f31222e3ddf [term 2 LEADER]: Becoming Follower/Learner. State: Replica: ec9413db370b4f54ac6d1f31222e3ddf, State: Running, Role: LEADER
I20260709 14:47:13.233626  1132 consensus_queue.cc:260] T 706f594385074055bd6b2a36063c5dcf P ec9413db370b4f54ac6d1f31222e3ddf [NON_LEADER]: Queue going to NON_LEADER mode. State: All replicated index: 0, Majority replicated index: 2, Committed index: 2, Last appended: 2.2, Last appended by leader: 2, Current term: 2, Majority size: -1, State: 0, Mode: NON_LEADER, active raft config: opid_index: -1 OBSOLETE_local: false peers { permanent_uuid: "709ed451a8974f25a9940f28934e84bc" member_type: VOTER last_known_addr { host: "127.0.107.193" port: 33327 } } peers { permanent_uuid: "ec9413db370b4f54ac6d1f31222e3ddf" member_type: VOTER last_known_addr { host: "127.0.107.194" port: 37495 } } peers { permanent_uuid: "57cd73b6882f43ac976334fbbe71619d" member_type: VOTER last_known_addr { host: "127.0.107.195" port: 38805 } }
I20260709 14:47:13.234787  1132 raft_consensus.cc:3060] T 706f594385074055bd6b2a36063c5dcf P ec9413db370b4f54ac6d1f31222e3ddf [term 2 FOLLOWER]: Advancing to term 3
I20260709 14:47:13.239241  1206 raft_consensus.cc:2468] T 706f594385074055bd6b2a36063c5dcf P 57cd73b6882f43ac976334fbbe71619d [term 3 FOLLOWER]: Leader election vote request: Granting yes vote for candidate 709ed451a8974f25a9940f28934e84bc in term 3.
I20260709 14:47:13.240268  1021 leader_election.cc:304] T 706f594385074055bd6b2a36063c5dcf P 709ed451a8974f25a9940f28934e84bc [CANDIDATE]: Term 3 election: Election decided. Result: candidate won. Election summary: received 2 responses out of 3 voters: 2 yes votes; 0 no votes. yes voters: 57cd73b6882f43ac976334fbbe71619d, 709ed451a8974f25a9940f28934e84bc; no voters: 
I20260709 14:47:13.241088  1369 raft_consensus.cc:2804] T 706f594385074055bd6b2a36063c5dcf P 709ed451a8974f25a9940f28934e84bc [term 3 FOLLOWER]: Leader election won for term 3
I20260709 14:47:13.241525  1369 raft_consensus.cc:697] T 706f594385074055bd6b2a36063c5dcf P 709ed451a8974f25a9940f28934e84bc [term 3 LEADER]: Becoming Leader. State: Replica: 709ed451a8974f25a9940f28934e84bc, State: Running, Role: LEADER
I20260709 14:47:13.241463  1132 raft_consensus.cc:2468] T 706f594385074055bd6b2a36063c5dcf P ec9413db370b4f54ac6d1f31222e3ddf [term 3 FOLLOWER]: Leader election vote request: Granting yes vote for candidate 709ed451a8974f25a9940f28934e84bc in term 3.
I20260709 14:47:13.242383  1369 consensus_queue.cc:237] T 706f594385074055bd6b2a36063c5dcf P 709ed451a8974f25a9940f28934e84bc [LEADER]: Queue going to LEADER mode. State: All replicated index: 0, Majority replicated index: 2, Committed index: 2, Last appended: 2.2, Last appended by leader: 2, Current term: 3, Majority size: 2, State: 0, Mode: LEADER, active raft config: opid_index: -1 OBSOLETE_local: false peers { permanent_uuid: "709ed451a8974f25a9940f28934e84bc" member_type: VOTER last_known_addr { host: "127.0.107.193" port: 33327 } } peers { permanent_uuid: "ec9413db370b4f54ac6d1f31222e3ddf" member_type: VOTER last_known_addr { host: "127.0.107.194" port: 37495 } } peers { permanent_uuid: "57cd73b6882f43ac976334fbbe71619d" member_type: VOTER last_known_addr { host: "127.0.107.195" port: 38805 } }
I20260709 14:47:13.249253   955 catalog_manager.cc:5697] T 706f594385074055bd6b2a36063c5dcf P 709ed451a8974f25a9940f28934e84bc reported cstate change: term changed from 2 to 3, leader changed from ec9413db370b4f54ac6d1f31222e3ddf (127.0.107.194) to 709ed451a8974f25a9940f28934e84bc (127.0.107.193). New cstate: current_term: 3 leader_uuid: "709ed451a8974f25a9940f28934e84bc" committed_config { opid_index: -1 OBSOLETE_local: false peers { permanent_uuid: "709ed451a8974f25a9940f28934e84bc" member_type: VOTER last_known_addr { host: "127.0.107.193" port: 33327 } health_report { overall_health: HEALTHY } } peers { permanent_uuid: "ec9413db370b4f54ac6d1f31222e3ddf" member_type: VOTER last_known_addr { host: "127.0.107.194" port: 37495 } health_report { overall_health: UNKNOWN } } peers { permanent_uuid: "57cd73b6882f43ac976334fbbe71619d" member_type: VOTER last_known_addr { host: "127.0.107.195" port: 38805 } health_report { overall_health: UNKNOWN } } }
I20260709 14:47:13.340461  1368 raft_consensus.cc:993] T 701c33eaf40942aabc288e318665651c P ec9413db370b4f54ac6d1f31222e3ddf: : Instructing follower 709ed451a8974f25a9940f28934e84bc to start an election
I20260709 14:47:13.340873  1368 raft_consensus.cc:1081] T 701c33eaf40942aabc288e318665651c P ec9413db370b4f54ac6d1f31222e3ddf [term 2 LEADER]: Signalling peer 709ed451a8974f25a9940f28934e84bc to start an election
I20260709 14:47:13.342257  1058 tablet_service.cc:2044] Received Run Leader Election RPC: tablet_id: "701c33eaf40942aabc288e318665651c"
dest_uuid: "709ed451a8974f25a9940f28934e84bc"
 from {username='slave'} at 127.0.0.1:35696
I20260709 14:47:13.342674  1058 raft_consensus.cc:493] T 701c33eaf40942aabc288e318665651c P 709ed451a8974f25a9940f28934e84bc [term 2 FOLLOWER]: Starting forced leader election (received explicit request)
I20260709 14:47:13.342959  1058 raft_consensus.cc:3060] T 701c33eaf40942aabc288e318665651c P 709ed451a8974f25a9940f28934e84bc [term 2 FOLLOWER]: Advancing to term 3
I20260709 14:47:13.346858  1058 raft_consensus.cc:515] T 701c33eaf40942aabc288e318665651c P 709ed451a8974f25a9940f28934e84bc [term 3 FOLLOWER]: Starting forced leader election with config: opid_index: -1 OBSOLETE_local: false peers { permanent_uuid: "709ed451a8974f25a9940f28934e84bc" member_type: VOTER last_known_addr { host: "127.0.107.193" port: 33327 } } peers { permanent_uuid: "ec9413db370b4f54ac6d1f31222e3ddf" member_type: VOTER last_known_addr { host: "127.0.107.194" port: 37495 } } peers { permanent_uuid: "57cd73b6882f43ac976334fbbe71619d" member_type: VOTER last_known_addr { host: "127.0.107.195" port: 38805 } }
I20260709 14:47:13.348297  1058 leader_election.cc:290] T 701c33eaf40942aabc288e318665651c P 709ed451a8974f25a9940f28934e84bc [CANDIDATE]: Term 3 election: Requested vote from peers ec9413db370b4f54ac6d1f31222e3ddf (127.0.107.194:37495), 57cd73b6882f43ac976334fbbe71619d (127.0.107.195:38805)
I20260709 14:47:13.349112  1132 tablet_service.cc:1917] Received RequestConsensusVote() RPC: tablet_id: "701c33eaf40942aabc288e318665651c" candidate_uuid: "709ed451a8974f25a9940f28934e84bc" candidate_term: 3 candidate_status { last_received { term: 2 index: 2 } } ignore_live_leader: true dest_uuid: "ec9413db370b4f54ac6d1f31222e3ddf"
I20260709 14:47:13.349310  1206 tablet_service.cc:1917] Received RequestConsensusVote() RPC: tablet_id: "701c33eaf40942aabc288e318665651c" candidate_uuid: "709ed451a8974f25a9940f28934e84bc" candidate_term: 3 candidate_status { last_received { term: 2 index: 2 } } ignore_live_leader: true dest_uuid: "57cd73b6882f43ac976334fbbe71619d"
I20260709 14:47:13.349663  1132 raft_consensus.cc:3055] T 701c33eaf40942aabc288e318665651c P ec9413db370b4f54ac6d1f31222e3ddf [term 2 LEADER]: Stepping down as leader of term 2
I20260709 14:47:13.349802  1206 raft_consensus.cc:3060] T 701c33eaf40942aabc288e318665651c P 57cd73b6882f43ac976334fbbe71619d [term 2 FOLLOWER]: Advancing to term 3
I20260709 14:47:13.349988  1132 raft_consensus.cc:740] T 701c33eaf40942aabc288e318665651c P ec9413db370b4f54ac6d1f31222e3ddf [term 2 LEADER]: Becoming Follower/Learner. State: Replica: ec9413db370b4f54ac6d1f31222e3ddf, State: Running, Role: LEADER
I20260709 14:47:13.350760  1132 consensus_queue.cc:260] T 701c33eaf40942aabc288e318665651c P ec9413db370b4f54ac6d1f31222e3ddf [NON_LEADER]: Queue going to NON_LEADER mode. State: All replicated index: 0, Majority replicated index: 2, Committed index: 2, Last appended: 2.2, Last appended by leader: 2, Current term: 2, Majority size: -1, State: 0, Mode: NON_LEADER, active raft config: opid_index: -1 OBSOLETE_local: false peers { permanent_uuid: "709ed451a8974f25a9940f28934e84bc" member_type: VOTER last_known_addr { host: "127.0.107.193" port: 33327 } } peers { permanent_uuid: "ec9413db370b4f54ac6d1f31222e3ddf" member_type: VOTER last_known_addr { host: "127.0.107.194" port: 37495 } } peers { permanent_uuid: "57cd73b6882f43ac976334fbbe71619d" member_type: VOTER last_known_addr { host: "127.0.107.195" port: 38805 } }
I20260709 14:47:13.351569  1132 raft_consensus.cc:3060] T 701c33eaf40942aabc288e318665651c P ec9413db370b4f54ac6d1f31222e3ddf [term 2 FOLLOWER]: Advancing to term 3
I20260709 14:47:13.354219  1206 raft_consensus.cc:2468] T 701c33eaf40942aabc288e318665651c P 57cd73b6882f43ac976334fbbe71619d [term 3 FOLLOWER]: Leader election vote request: Granting yes vote for candidate 709ed451a8974f25a9940f28934e84bc in term 3.
I20260709 14:47:13.355095  1021 leader_election.cc:304] T 701c33eaf40942aabc288e318665651c P 709ed451a8974f25a9940f28934e84bc [CANDIDATE]: Term 3 election: Election decided. Result: candidate won. Election summary: received 2 responses out of 3 voters: 2 yes votes; 0 no votes. yes voters: 57cd73b6882f43ac976334fbbe71619d, 709ed451a8974f25a9940f28934e84bc; no voters: 
I20260709 14:47:13.355337  1132 raft_consensus.cc:2468] T 701c33eaf40942aabc288e318665651c P ec9413db370b4f54ac6d1f31222e3ddf [term 3 FOLLOWER]: Leader election vote request: Granting yes vote for candidate 709ed451a8974f25a9940f28934e84bc in term 3.
I20260709 14:47:13.355756  1369 raft_consensus.cc:2804] T 701c33eaf40942aabc288e318665651c P 709ed451a8974f25a9940f28934e84bc [term 3 FOLLOWER]: Leader election won for term 3
I20260709 14:47:13.356271  1369 raft_consensus.cc:697] T 701c33eaf40942aabc288e318665651c P 709ed451a8974f25a9940f28934e84bc [term 3 LEADER]: Becoming Leader. State: Replica: 709ed451a8974f25a9940f28934e84bc, State: Running, Role: LEADER
I20260709 14:47:13.356937  1369 consensus_queue.cc:237] T 701c33eaf40942aabc288e318665651c P 709ed451a8974f25a9940f28934e84bc [LEADER]: Queue going to LEADER mode. State: All replicated index: 0, Majority replicated index: 2, Committed index: 2, Last appended: 2.2, Last appended by leader: 2, Current term: 3, Majority size: 2, State: 0, Mode: LEADER, active raft config: opid_index: -1 OBSOLETE_local: false peers { permanent_uuid: "709ed451a8974f25a9940f28934e84bc" member_type: VOTER last_known_addr { host: "127.0.107.193" port: 33327 } } peers { permanent_uuid: "ec9413db370b4f54ac6d1f31222e3ddf" member_type: VOTER last_known_addr { host: "127.0.107.194" port: 37495 } } peers { permanent_uuid: "57cd73b6882f43ac976334fbbe71619d" member_type: VOTER last_known_addr { host: "127.0.107.195" port: 38805 } }
I20260709 14:47:13.363437   955 catalog_manager.cc:5697] T 701c33eaf40942aabc288e318665651c P 709ed451a8974f25a9940f28934e84bc reported cstate change: term changed from 2 to 3, leader changed from ec9413db370b4f54ac6d1f31222e3ddf (127.0.107.194) to 709ed451a8974f25a9940f28934e84bc (127.0.107.193). New cstate: current_term: 3 leader_uuid: "709ed451a8974f25a9940f28934e84bc" committed_config { opid_index: -1 OBSOLETE_local: false peers { permanent_uuid: "709ed451a8974f25a9940f28934e84bc" member_type: VOTER last_known_addr { host: "127.0.107.193" port: 33327 } health_report { overall_health: HEALTHY } } peers { permanent_uuid: "ec9413db370b4f54ac6d1f31222e3ddf" member_type: VOTER last_known_addr { host: "127.0.107.194" port: 37495 } health_report { overall_health: UNKNOWN } } peers { permanent_uuid: "57cd73b6882f43ac976334fbbe71619d" member_type: VOTER last_known_addr { host: "127.0.107.195" port: 38805 } health_report { overall_health: UNKNOWN } } }
I20260709 14:47:13.486723  1362 raft_consensus.cc:993] T 26e64d8c32174e83bc6736b0be92aa8a P 57cd73b6882f43ac976334fbbe71619d: : Instructing follower 709ed451a8974f25a9940f28934e84bc to start an election
I20260709 14:47:13.487159  1348 raft_consensus.cc:1081] T 26e64d8c32174e83bc6736b0be92aa8a P 57cd73b6882f43ac976334fbbe71619d [term 3 LEADER]: Signalling peer 709ed451a8974f25a9940f28934e84bc to start an election
I20260709 14:47:13.489162  1058 tablet_service.cc:2044] Received Run Leader Election RPC: tablet_id: "26e64d8c32174e83bc6736b0be92aa8a"
dest_uuid: "709ed451a8974f25a9940f28934e84bc"
 from {username='slave'} at 127.0.0.1:35694
I20260709 14:47:13.489380  1353 raft_consensus.cc:993] T 0dcab098b1e44493a86eeeb67b2e2a27 P 57cd73b6882f43ac976334fbbe71619d: : Instructing follower 709ed451a8974f25a9940f28934e84bc to start an election
I20260709 14:47:13.489653  1058 raft_consensus.cc:493] T 26e64d8c32174e83bc6736b0be92aa8a P 709ed451a8974f25a9940f28934e84bc [term 3 FOLLOWER]: Starting forced leader election (received explicit request)
I20260709 14:47:13.489845  1348 raft_consensus.cc:1081] T 0dcab098b1e44493a86eeeb67b2e2a27 P 57cd73b6882f43ac976334fbbe71619d [term 2 LEADER]: Signalling peer 709ed451a8974f25a9940f28934e84bc to start an election
I20260709 14:47:13.489984  1058 raft_consensus.cc:3060] T 26e64d8c32174e83bc6736b0be92aa8a P 709ed451a8974f25a9940f28934e84bc [term 3 FOLLOWER]: Advancing to term 4
I20260709 14:47:13.491303  1056 tablet_service.cc:2044] Received Run Leader Election RPC: tablet_id: "0dcab098b1e44493a86eeeb67b2e2a27"
dest_uuid: "709ed451a8974f25a9940f28934e84bc"
 from {username='slave'} at 127.0.0.1:35694
I20260709 14:47:13.491811  1056 raft_consensus.cc:493] T 0dcab098b1e44493a86eeeb67b2e2a27 P 709ed451a8974f25a9940f28934e84bc [term 2 FOLLOWER]: Starting forced leader election (received explicit request)
I20260709 14:47:13.492146  1056 raft_consensus.cc:3060] T 0dcab098b1e44493a86eeeb67b2e2a27 P 709ed451a8974f25a9940f28934e84bc [term 2 FOLLOWER]: Advancing to term 3
I20260709 14:47:13.494505  1058 raft_consensus.cc:515] T 26e64d8c32174e83bc6736b0be92aa8a P 709ed451a8974f25a9940f28934e84bc [term 4 FOLLOWER]: Starting forced leader election with config: opid_index: -1 OBSOLETE_local: false peers { permanent_uuid: "57cd73b6882f43ac976334fbbe71619d" member_type: VOTER last_known_addr { host: "127.0.107.195" port: 38805 } } peers { permanent_uuid: "709ed451a8974f25a9940f28934e84bc" member_type: VOTER last_known_addr { host: "127.0.107.193" port: 33327 } } peers { permanent_uuid: "ec9413db370b4f54ac6d1f31222e3ddf" member_type: VOTER last_known_addr { host: "127.0.107.194" port: 37495 } }
I20260709 14:47:13.496660  1058 leader_election.cc:290] T 26e64d8c32174e83bc6736b0be92aa8a P 709ed451a8974f25a9940f28934e84bc [CANDIDATE]: Term 4 election: Requested vote from peers 57cd73b6882f43ac976334fbbe71619d (127.0.107.195:38805), ec9413db370b4f54ac6d1f31222e3ddf (127.0.107.194:37495)
I20260709 14:47:13.497404  1205 tablet_service.cc:1917] Received RequestConsensusVote() RPC: tablet_id: "26e64d8c32174e83bc6736b0be92aa8a" candidate_uuid: "709ed451a8974f25a9940f28934e84bc" candidate_term: 4 candidate_status { last_received { term: 3 index: 3 } } ignore_live_leader: true dest_uuid: "57cd73b6882f43ac976334fbbe71619d"
I20260709 14:47:13.498031  1205 raft_consensus.cc:3055] T 26e64d8c32174e83bc6736b0be92aa8a P 57cd73b6882f43ac976334fbbe71619d [term 3 LEADER]: Stepping down as leader of term 3
I20260709 14:47:13.497486  1056 raft_consensus.cc:515] T 0dcab098b1e44493a86eeeb67b2e2a27 P 709ed451a8974f25a9940f28934e84bc [term 3 FOLLOWER]: Starting forced leader election with config: opid_index: -1 OBSOLETE_local: false peers { permanent_uuid: "709ed451a8974f25a9940f28934e84bc" member_type: VOTER last_known_addr { host: "127.0.107.193" port: 33327 } } peers { permanent_uuid: "ec9413db370b4f54ac6d1f31222e3ddf" member_type: VOTER last_known_addr { host: "127.0.107.194" port: 37495 } } peers { permanent_uuid: "57cd73b6882f43ac976334fbbe71619d" member_type: VOTER last_known_addr { host: "127.0.107.195" port: 38805 } }
I20260709 14:47:13.498323  1205 raft_consensus.cc:740] T 26e64d8c32174e83bc6736b0be92aa8a P 57cd73b6882f43ac976334fbbe71619d [term 3 LEADER]: Becoming Follower/Learner. State: Replica: 57cd73b6882f43ac976334fbbe71619d, State: Running, Role: LEADER
I20260709 14:47:13.498799  1132 tablet_service.cc:1917] Received RequestConsensusVote() RPC: tablet_id: "26e64d8c32174e83bc6736b0be92aa8a" candidate_uuid: "709ed451a8974f25a9940f28934e84bc" candidate_term: 4 candidate_status { last_received { term: 3 index: 3 } } ignore_live_leader: true dest_uuid: "ec9413db370b4f54ac6d1f31222e3ddf"
I20260709 14:47:13.499280  1132 raft_consensus.cc:3060] T 26e64d8c32174e83bc6736b0be92aa8a P ec9413db370b4f54ac6d1f31222e3ddf [term 3 FOLLOWER]: Advancing to term 4
I20260709 14:47:13.499075  1205 consensus_queue.cc:260] T 26e64d8c32174e83bc6736b0be92aa8a P 57cd73b6882f43ac976334fbbe71619d [NON_LEADER]: Queue going to NON_LEADER mode. State: All replicated index: 0, Majority replicated index: 3, Committed index: 3, Last appended: 3.3, Last appended by leader: 3, Current term: 3, Majority size: -1, State: 0, Mode: NON_LEADER, active raft config: opid_index: -1 OBSOLETE_local: false peers { permanent_uuid: "57cd73b6882f43ac976334fbbe71619d" member_type: VOTER last_known_addr { host: "127.0.107.195" port: 38805 } } peers { permanent_uuid: "709ed451a8974f25a9940f28934e84bc" member_type: VOTER last_known_addr { host: "127.0.107.193" port: 33327 } } peers { permanent_uuid: "ec9413db370b4f54ac6d1f31222e3ddf" member_type: VOTER last_known_addr { host: "127.0.107.194" port: 37495 } }
I20260709 14:47:13.500168  1056 leader_election.cc:290] T 0dcab098b1e44493a86eeeb67b2e2a27 P 709ed451a8974f25a9940f28934e84bc [CANDIDATE]: Term 3 election: Requested vote from peers ec9413db370b4f54ac6d1f31222e3ddf (127.0.107.194:37495), 57cd73b6882f43ac976334fbbe71619d (127.0.107.195:38805)
I20260709 14:47:13.500478  1133 tablet_service.cc:1917] Received RequestConsensusVote() RPC: tablet_id: "0dcab098b1e44493a86eeeb67b2e2a27" candidate_uuid: "709ed451a8974f25a9940f28934e84bc" candidate_term: 3 candidate_status { last_received { term: 2 index: 2 } } ignore_live_leader: true dest_uuid: "ec9413db370b4f54ac6d1f31222e3ddf"
I20260709 14:47:13.501025  1133 raft_consensus.cc:3060] T 0dcab098b1e44493a86eeeb67b2e2a27 P ec9413db370b4f54ac6d1f31222e3ddf [term 2 FOLLOWER]: Advancing to term 3
I20260709 14:47:13.501232  1206 tablet_service.cc:1917] Received RequestConsensusVote() RPC: tablet_id: "0dcab098b1e44493a86eeeb67b2e2a27" candidate_uuid: "709ed451a8974f25a9940f28934e84bc" candidate_term: 3 candidate_status { last_received { term: 2 index: 2 } } ignore_live_leader: true dest_uuid: "57cd73b6882f43ac976334fbbe71619d"
I20260709 14:47:13.501689  1206 raft_consensus.cc:3055] T 0dcab098b1e44493a86eeeb67b2e2a27 P 57cd73b6882f43ac976334fbbe71619d [term 2 LEADER]: Stepping down as leader of term 2
I20260709 14:47:13.501987  1206 raft_consensus.cc:740] T 0dcab098b1e44493a86eeeb67b2e2a27 P 57cd73b6882f43ac976334fbbe71619d [term 2 LEADER]: Becoming Follower/Learner. State: Replica: 57cd73b6882f43ac976334fbbe71619d, State: Running, Role: LEADER
I20260709 14:47:13.500242  1205 raft_consensus.cc:3060] T 26e64d8c32174e83bc6736b0be92aa8a P 57cd73b6882f43ac976334fbbe71619d [term 3 FOLLOWER]: Advancing to term 4
I20260709 14:47:13.502640  1206 consensus_queue.cc:260] T 0dcab098b1e44493a86eeeb67b2e2a27 P 57cd73b6882f43ac976334fbbe71619d [NON_LEADER]: Queue going to NON_LEADER mode. State: All replicated index: 0, Majority replicated index: 2, Committed index: 2, Last appended: 2.2, Last appended by leader: 2, Current term: 2, Majority size: -1, State: 0, Mode: NON_LEADER, active raft config: opid_index: -1 OBSOLETE_local: false peers { permanent_uuid: "709ed451a8974f25a9940f28934e84bc" member_type: VOTER last_known_addr { host: "127.0.107.193" port: 33327 } } peers { permanent_uuid: "ec9413db370b4f54ac6d1f31222e3ddf" member_type: VOTER last_known_addr { host: "127.0.107.194" port: 37495 } } peers { permanent_uuid: "57cd73b6882f43ac976334fbbe71619d" member_type: VOTER last_known_addr { host: "127.0.107.195" port: 38805 } }
I20260709 14:47:13.503693  1206 raft_consensus.cc:3060] T 0dcab098b1e44493a86eeeb67b2e2a27 P 57cd73b6882f43ac976334fbbe71619d [term 2 FOLLOWER]: Advancing to term 3
I20260709 14:47:13.504966  1132 raft_consensus.cc:2468] T 26e64d8c32174e83bc6736b0be92aa8a P ec9413db370b4f54ac6d1f31222e3ddf [term 4 FOLLOWER]: Leader election vote request: Granting yes vote for candidate 709ed451a8974f25a9940f28934e84bc in term 4.
