I20260709 14:46:57.778591   760 raft_consensus.cc:359] T e886a3dcea324eb5a46bfffb32f49484 P a92a39cd41a2481990645e4428c31899 [term 0 FOLLOWER]: Replica starting. Triggering 0 pending ops. Active config: opid_index: -1 OBSOLETE_local: false peers { permanent_uuid: "3cfd93b5cf014787a68c8f782ce8d0d0" member_type: VOTER last_known_addr { host: "127.0.107.193" port: 42045 } } peers { permanent_uuid: "a92a39cd41a2481990645e4428c31899" member_type: VOTER last_known_addr { host: "127.0.107.194" port: 41055 } } peers { permanent_uuid: "1262b31d1ae4456d9a472a9e71665a46" member_type: VOTER last_known_addr { host: "127.0.107.195" port: 38041 } }
I20260709 14:46:57.782837   759 tablet_bootstrap.cc:492] T 41ce4f563ed3488cabe6a84167d874b1 P 1262b31d1ae4456d9a472a9e71665a46: No bootstrap required, opened a new log
I20260709 14:46:57.785738   760 raft_consensus.cc:385] T e886a3dcea324eb5a46bfffb32f49484 P a92a39cd41a2481990645e4428c31899 [term 0 FOLLOWER]: Consensus starting up: Expiring failure detector timer to make a prompt election more likely
I20260709 14:46:57.785902   759 ts_tablet_manager.cc:1403] T 41ce4f563ed3488cabe6a84167d874b1 P 1262b31d1ae4456d9a472a9e71665a46: Time spent bootstrapping tablet: real 0.034s	user 0.015s	sys 0.003s
I20260709 14:46:57.786154   760 raft_consensus.cc:740] T e886a3dcea324eb5a46bfffb32f49484 P a92a39cd41a2481990645e4428c31899 [term 0 FOLLOWER]: Becoming Follower/Learner. State: Replica: a92a39cd41a2481990645e4428c31899, State: Initialized, Role: FOLLOWER
I20260709 14:46:57.786919   760 consensus_queue.cc:260] T e886a3dcea324eb5a46bfffb32f49484 P a92a39cd41a2481990645e4428c31899 [NON_LEADER]: Queue going to NON_LEADER mode. State: All replicated index: 0, Majority replicated index: 0, Committed index: 0, Last appended: 0.0, Last appended by leader: 0, Current term: 0, Majority size: -1, State: 0, Mode: NON_LEADER, active raft config: opid_index: -1 OBSOLETE_local: false peers { permanent_uuid: "3cfd93b5cf014787a68c8f782ce8d0d0" member_type: VOTER last_known_addr { host: "127.0.107.193" port: 42045 } } peers { permanent_uuid: "a92a39cd41a2481990645e4428c31899" member_type: VOTER last_known_addr { host: "127.0.107.194" port: 41055 } } peers { permanent_uuid: "1262b31d1ae4456d9a472a9e71665a46" member_type: VOTER last_known_addr { host: "127.0.107.195" port: 38041 } }
I20260709 14:46:57.788863   759 raft_consensus.cc:359] T 41ce4f563ed3488cabe6a84167d874b1 P 1262b31d1ae4456d9a472a9e71665a46 [term 0 FOLLOWER]: Replica starting. Triggering 0 pending ops. Active config: opid_index: -1 OBSOLETE_local: false peers { permanent_uuid: "3cfd93b5cf014787a68c8f782ce8d0d0" member_type: VOTER last_known_addr { host: "127.0.107.193" port: 42045 } } peers { permanent_uuid: "a92a39cd41a2481990645e4428c31899" member_type: VOTER last_known_addr { host: "127.0.107.194" port: 41055 } } peers { permanent_uuid: "1262b31d1ae4456d9a472a9e71665a46" member_type: VOTER last_known_addr { host: "127.0.107.195" port: 38041 } }
I20260709 14:46:57.789252   760 ts_tablet_manager.cc:1434] T e886a3dcea324eb5a46bfffb32f49484 P a92a39cd41a2481990645e4428c31899: Time spent starting tablet: real 0.016s	user 0.006s	sys 0.000s
I20260709 14:46:57.789546   759 raft_consensus.cc:385] T 41ce4f563ed3488cabe6a84167d874b1 P 1262b31d1ae4456d9a472a9e71665a46 [term 0 FOLLOWER]: Consensus starting up: Expiring failure detector timer to make a prompt election more likely
I20260709 14:46:57.789819   759 raft_consensus.cc:740] T 41ce4f563ed3488cabe6a84167d874b1 P 1262b31d1ae4456d9a472a9e71665a46 [term 0 FOLLOWER]: Becoming Follower/Learner. State: Replica: 1262b31d1ae4456d9a472a9e71665a46, State: Initialized, Role: FOLLOWER
I20260709 14:46:57.790467   759 consensus_queue.cc:260] T 41ce4f563ed3488cabe6a84167d874b1 P 1262b31d1ae4456d9a472a9e71665a46 [NON_LEADER]: Queue going to NON_LEADER mode. State: All replicated index: 0, Majority replicated index: 0, Committed index: 0, Last appended: 0.0, Last appended by leader: 0, Current term: 0, Majority size: -1, State: 0, Mode: NON_LEADER, active raft config: opid_index: -1 OBSOLETE_local: false peers { permanent_uuid: "3cfd93b5cf014787a68c8f782ce8d0d0" member_type: VOTER last_known_addr { host: "127.0.107.193" port: 42045 } } peers { permanent_uuid: "a92a39cd41a2481990645e4428c31899" member_type: VOTER last_known_addr { host: "127.0.107.194" port: 41055 } } peers { permanent_uuid: "1262b31d1ae4456d9a472a9e71665a46" member_type: VOTER last_known_addr { host: "127.0.107.195" port: 38041 } }
I20260709 14:46:57.791720   760 tablet_bootstrap.cc:492] T 1766b9aecb484679bfb67f7aa96de632 P a92a39cd41a2481990645e4428c31899: Bootstrap starting.
I20260709 14:46:57.793058   759 ts_tablet_manager.cc:1434] T 41ce4f563ed3488cabe6a84167d874b1 P 1262b31d1ae4456d9a472a9e71665a46: Time spent starting tablet: real 0.007s	user 0.005s	sys 0.001s
I20260709 14:46:57.785311   758 tablet_bootstrap.cc:654] T e886a3dcea324eb5a46bfffb32f49484 P 3cfd93b5cf014787a68c8f782ce8d0d0: Neither blocks nor log segments found. Creating new log.
I20260709 14:46:57.793912   759 tablet_bootstrap.cc:492] T 4cfde8c1bc1b49a9b9ff0e70cf070fb4 P 1262b31d1ae4456d9a472a9e71665a46: Bootstrap starting.
I20260709 14:46:57.799471   764 consensus_queue.cc:1048] T dd92398d2b444f7380f349acd122ea62 P 3cfd93b5cf014787a68c8f782ce8d0d0 [LEADER]: Connected to new peer: Peer: permanent_uuid: "a92a39cd41a2481990645e4428c31899" member_type: VOTER last_known_addr { host: "127.0.107.194" port: 41055 }, Status: LMP_MISMATCH, Last received: 0.0, Next index: 1, Last known committed idx: 0, Time since last communication: 0.000s
I20260709 14:46:57.799969   759 tablet_bootstrap.cc:654] T 4cfde8c1bc1b49a9b9ff0e70cf070fb4 P 1262b31d1ae4456d9a472a9e71665a46: Neither blocks nor log segments found. Creating new log.
I20260709 14:46:57.805140   760 tablet_bootstrap.cc:654] T 1766b9aecb484679bfb67f7aa96de632 P a92a39cd41a2481990645e4428c31899: Neither blocks nor log segments found. Creating new log.
I20260709 14:46:57.812335   758 tablet_bootstrap.cc:492] T e886a3dcea324eb5a46bfffb32f49484 P 3cfd93b5cf014787a68c8f782ce8d0d0: No bootstrap required, opened a new log
I20260709 14:46:57.812707   791 raft_consensus.cc:493] T 6604b813915648709e80736956ccf2eb P 1262b31d1ae4456d9a472a9e71665a46 [term 0 FOLLOWER]: Starting pre-election (no leader contacted us within the election timeout)
I20260709 14:46:57.812916   758 ts_tablet_manager.cc:1403] T e886a3dcea324eb5a46bfffb32f49484 P 3cfd93b5cf014787a68c8f782ce8d0d0: Time spent bootstrapping tablet: real 0.041s	user 0.011s	sys 0.008s
I20260709 14:46:57.813364   791 raft_consensus.cc:515] T 6604b813915648709e80736956ccf2eb P 1262b31d1ae4456d9a472a9e71665a46 [term 0 FOLLOWER]: Starting pre-election with config: opid_index: -1 OBSOLETE_local: false peers { permanent_uuid: "3cfd93b5cf014787a68c8f782ce8d0d0" member_type: VOTER last_known_addr { host: "127.0.107.193" port: 42045 } } peers { permanent_uuid: "a92a39cd41a2481990645e4428c31899" member_type: VOTER last_known_addr { host: "127.0.107.194" port: 41055 } } peers { permanent_uuid: "1262b31d1ae4456d9a472a9e71665a46" member_type: VOTER last_known_addr { host: "127.0.107.195" port: 38041 } }
I20260709 14:46:57.824518   565 tablet_service.cc:1917] Received RequestConsensusVote() RPC: tablet_id: "6604b813915648709e80736956ccf2eb" candidate_uuid: "1262b31d1ae4456d9a472a9e71665a46" candidate_term: 1 candidate_status { last_received { term: 0 index: 0 } } ignore_live_leader: false dest_uuid: "3cfd93b5cf014787a68c8f782ce8d0d0" is_pre_election: true
I20260709 14:46:57.824783   760 tablet_bootstrap.cc:492] T 1766b9aecb484679bfb67f7aa96de632 P a92a39cd41a2481990645e4428c31899: No bootstrap required, opened a new log
I20260709 14:46:57.825321   760 ts_tablet_manager.cc:1403] T 1766b9aecb484679bfb67f7aa96de632 P a92a39cd41a2481990645e4428c31899: Time spent bootstrapping tablet: real 0.035s	user 0.012s	sys 0.005s
I20260709 14:46:57.825348   565 raft_consensus.cc:2393] T 6604b813915648709e80736956ccf2eb P 3cfd93b5cf014787a68c8f782ce8d0d0 [term 1 FOLLOWER]: Leader pre-election vote request: Denying vote to candidate 1262b31d1ae4456d9a472a9e71665a46 in current term 1: Already voted for candidate a92a39cd41a2481990645e4428c31899 in this term.
I20260709 14:46:57.826133   791 leader_election.cc:290] T 6604b813915648709e80736956ccf2eb P 1262b31d1ae4456d9a472a9e71665a46 [CANDIDATE]: Term 1 pre-election: Requested pre-vote from peers 3cfd93b5cf014787a68c8f782ce8d0d0 (127.0.107.193:42045), a92a39cd41a2481990645e4428c31899 (127.0.107.194:41055)
I20260709 14:46:57.828526   640 tablet_service.cc:1917] Received RequestConsensusVote() RPC: tablet_id: "6604b813915648709e80736956ccf2eb" candidate_uuid: "1262b31d1ae4456d9a472a9e71665a46" candidate_term: 1 candidate_status { last_received { term: 0 index: 0 } } ignore_live_leader: false dest_uuid: "a92a39cd41a2481990645e4428c31899" is_pre_election: true
I20260709 14:46:57.830472   758 raft_consensus.cc:359] T e886a3dcea324eb5a46bfffb32f49484 P 3cfd93b5cf014787a68c8f782ce8d0d0 [term 0 FOLLOWER]: Replica starting. Triggering 0 pending ops. Active config: opid_index: -1 OBSOLETE_local: false peers { permanent_uuid: "3cfd93b5cf014787a68c8f782ce8d0d0" member_type: VOTER last_known_addr { host: "127.0.107.193" port: 42045 } } peers { permanent_uuid: "a92a39cd41a2481990645e4428c31899" member_type: VOTER last_known_addr { host: "127.0.107.194" port: 41055 } } peers { permanent_uuid: "1262b31d1ae4456d9a472a9e71665a46" member_type: VOTER last_known_addr { host: "127.0.107.195" port: 38041 } }
I20260709 14:46:57.830428   681 leader_election.cc:304] T 6604b813915648709e80736956ccf2eb P 1262b31d1ae4456d9a472a9e71665a46 [CANDIDATE]: Term 1 pre-election: Election decided. Result: candidate lost. Election summary: received 3 responses out of 3 voters: 1 yes votes; 2 no votes. yes voters: 1262b31d1ae4456d9a472a9e71665a46; no voters: 3cfd93b5cf014787a68c8f782ce8d0d0, a92a39cd41a2481990645e4428c31899
I20260709 14:46:57.832710   758 raft_consensus.cc:385] T e886a3dcea324eb5a46bfffb32f49484 P 3cfd93b5cf014787a68c8f782ce8d0d0 [term 0 FOLLOWER]: Consensus starting up: Expiring failure detector timer to make a prompt election more likely
I20260709 14:46:57.833011   758 raft_consensus.cc:740] T e886a3dcea324eb5a46bfffb32f49484 P 3cfd93b5cf014787a68c8f782ce8d0d0 [term 0 FOLLOWER]: Becoming Follower/Learner. State: Replica: 3cfd93b5cf014787a68c8f782ce8d0d0, State: Initialized, Role: FOLLOWER
I20260709 14:46:57.833350   791 raft_consensus.cc:3060] T 6604b813915648709e80736956ccf2eb P 1262b31d1ae4456d9a472a9e71665a46 [term 0 FOLLOWER]: Advancing to term 1
I20260709 14:46:57.833840   759 tablet_bootstrap.cc:492] T 4cfde8c1bc1b49a9b9ff0e70cf070fb4 P 1262b31d1ae4456d9a472a9e71665a46: No bootstrap required, opened a new log
I20260709 14:46:57.833628   758 consensus_queue.cc:260] T e886a3dcea324eb5a46bfffb32f49484 P 3cfd93b5cf014787a68c8f782ce8d0d0 [NON_LEADER]: Queue going to NON_LEADER mode. State: All replicated index: 0, Majority replicated index: 0, Committed index: 0, Last appended: 0.0, Last appended by leader: 0, Current term: 0, Majority size: -1, State: 0, Mode: NON_LEADER, active raft config: opid_index: -1 OBSOLETE_local: false peers { permanent_uuid: "3cfd93b5cf014787a68c8f782ce8d0d0" member_type: VOTER last_known_addr { host: "127.0.107.193" port: 42045 } } peers { permanent_uuid: "a92a39cd41a2481990645e4428c31899" member_type: VOTER last_known_addr { host: "127.0.107.194" port: 41055 } } peers { permanent_uuid: "1262b31d1ae4456d9a472a9e71665a46" member_type: VOTER last_known_addr { host: "127.0.107.195" port: 38041 } }
I20260709 14:46:57.834251   759 ts_tablet_manager.cc:1403] T 4cfde8c1bc1b49a9b9ff0e70cf070fb4 P 1262b31d1ae4456d9a472a9e71665a46: Time spent bootstrapping tablet: real 0.041s	user 0.009s	sys 0.019s
I20260709 14:46:57.835848   758 ts_tablet_manager.cc:1434] T e886a3dcea324eb5a46bfffb32f49484 P 3cfd93b5cf014787a68c8f782ce8d0d0: Time spent starting tablet: real 0.022s	user 0.008s	sys 0.000s
I20260709 14:46:57.836849   787 raft_consensus.cc:493] T f59948b7dac84d3f9f30b621fb8fd209 P a92a39cd41a2481990645e4428c31899 [term 0 FOLLOWER]: Starting pre-election (no leader contacted us within the election timeout)
I20260709 14:46:57.836684   759 raft_consensus.cc:359] T 4cfde8c1bc1b49a9b9ff0e70cf070fb4 P 1262b31d1ae4456d9a472a9e71665a46 [term 0 FOLLOWER]: Replica starting. Triggering 0 pending ops. Active config: opid_index: -1 OBSOLETE_local: false peers { permanent_uuid: "3cfd93b5cf014787a68c8f782ce8d0d0" member_type: VOTER last_known_addr { host: "127.0.107.193" port: 42045 } } peers { permanent_uuid: "a92a39cd41a2481990645e4428c31899" member_type: VOTER last_known_addr { host: "127.0.107.194" port: 41055 } } peers { permanent_uuid: "1262b31d1ae4456d9a472a9e71665a46" member_type: VOTER last_known_addr { host: "127.0.107.195" port: 38041 } }
I20260709 14:46:57.837388   759 raft_consensus.cc:385] T 4cfde8c1bc1b49a9b9ff0e70cf070fb4 P 1262b31d1ae4456d9a472a9e71665a46 [term 0 FOLLOWER]: Consensus starting up: Expiring failure detector timer to make a prompt election more likely
I20260709 14:46:57.837292   787 raft_consensus.cc:515] T f59948b7dac84d3f9f30b621fb8fd209 P a92a39cd41a2481990645e4428c31899 [term 0 FOLLOWER]: Starting pre-election with config: opid_index: -1 OBSOLETE_local: false peers { permanent_uuid: "3cfd93b5cf014787a68c8f782ce8d0d0" member_type: VOTER last_known_addr { host: "127.0.107.193" port: 42045 } } peers { permanent_uuid: "a92a39cd41a2481990645e4428c31899" member_type: VOTER last_known_addr { host: "127.0.107.194" port: 41055 } } peers { permanent_uuid: "1262b31d1ae4456d9a472a9e71665a46" member_type: VOTER last_known_addr { host: "127.0.107.195" port: 38041 } }
I20260709 14:46:57.837687   759 raft_consensus.cc:740] T 4cfde8c1bc1b49a9b9ff0e70cf070fb4 P 1262b31d1ae4456d9a472a9e71665a46 [term 0 FOLLOWER]: Becoming Follower/Learner. State: Replica: 1262b31d1ae4456d9a472a9e71665a46, State: Initialized, Role: FOLLOWER
I20260709 14:46:57.838333   759 consensus_queue.cc:260] T 4cfde8c1bc1b49a9b9ff0e70cf070fb4 P 1262b31d1ae4456d9a472a9e71665a46 [NON_LEADER]: Queue going to NON_LEADER mode. State: All replicated index: 0, Majority replicated index: 0, Committed index: 0, Last appended: 0.0, Last appended by leader: 0, Current term: 0, Majority size: -1, State: 0, Mode: NON_LEADER, active raft config: opid_index: -1 OBSOLETE_local: false peers { permanent_uuid: "3cfd93b5cf014787a68c8f782ce8d0d0" member_type: VOTER last_known_addr { host: "127.0.107.193" port: 42045 } } peers { permanent_uuid: "a92a39cd41a2481990645e4428c31899" member_type: VOTER last_known_addr { host: "127.0.107.194" port: 41055 } } peers { permanent_uuid: "1262b31d1ae4456d9a472a9e71665a46" member_type: VOTER last_known_addr { host: "127.0.107.195" port: 38041 } }
I20260709 14:46:57.839264   787 leader_election.cc:290] T f59948b7dac84d3f9f30b621fb8fd209 P a92a39cd41a2481990645e4428c31899 [CANDIDATE]: Term 1 pre-election: Requested pre-vote from peers 3cfd93b5cf014787a68c8f782ce8d0d0 (127.0.107.193:42045), 1262b31d1ae4456d9a472a9e71665a46 (127.0.107.195:38041)
I20260709 14:46:57.840399   759 ts_tablet_manager.cc:1434] T 4cfde8c1bc1b49a9b9ff0e70cf070fb4 P 1262b31d1ae4456d9a472a9e71665a46: Time spent starting tablet: real 0.006s	user 0.006s	sys 0.001s
I20260709 14:46:57.841137   791 raft_consensus.cc:2749] T 6604b813915648709e80736956ccf2eb P 1262b31d1ae4456d9a472a9e71665a46 [term 1 FOLLOWER]: Leader pre-election lost for term 1. Reason: could not achieve majority
I20260709 14:46:57.839040   760 raft_consensus.cc:359] T 1766b9aecb484679bfb67f7aa96de632 P a92a39cd41a2481990645e4428c31899 [term 0 FOLLOWER]: Replica starting. Triggering 0 pending ops. Active config: opid_index: -1 OBSOLETE_local: false peers { permanent_uuid: "3cfd93b5cf014787a68c8f782ce8d0d0" member_type: VOTER last_known_addr { host: "127.0.107.193" port: 42045 } } peers { permanent_uuid: "1262b31d1ae4456d9a472a9e71665a46" member_type: VOTER last_known_addr { host: "127.0.107.195" port: 38041 } } peers { permanent_uuid: "a92a39cd41a2481990645e4428c31899" member_type: VOTER last_known_addr { host: "127.0.107.194" port: 41055 } }
I20260709 14:46:57.841665   760 raft_consensus.cc:385] T 1766b9aecb484679bfb67f7aa96de632 P a92a39cd41a2481990645e4428c31899 [term 0 FOLLOWER]: Consensus starting up: Expiring failure detector timer to make a prompt election more likely
I20260709 14:46:57.842034   760 raft_consensus.cc:740] T 1766b9aecb484679bfb67f7aa96de632 P a92a39cd41a2481990645e4428c31899 [term 0 FOLLOWER]: Becoming Follower/Learner. State: Replica: a92a39cd41a2481990645e4428c31899, State: Initialized, Role: FOLLOWER
I20260709 14:46:57.842900   760 consensus_queue.cc:260] T 1766b9aecb484679bfb67f7aa96de632 P a92a39cd41a2481990645e4428c31899 [NON_LEADER]: Queue going to NON_LEADER mode. State: All replicated index: 0, Majority replicated index: 0, Committed index: 0, Last appended: 0.0, Last appended by leader: 0, Current term: 0, Majority size: -1, State: 0, Mode: NON_LEADER, active raft config: opid_index: -1 OBSOLETE_local: false peers { permanent_uuid: "3cfd93b5cf014787a68c8f782ce8d0d0" member_type: VOTER last_known_addr { host: "127.0.107.193" port: 42045 } } peers { permanent_uuid: "1262b31d1ae4456d9a472a9e71665a46" member_type: VOTER last_known_addr { host: "127.0.107.195" port: 38041 } } peers { permanent_uuid: "a92a39cd41a2481990645e4428c31899" member_type: VOTER last_known_addr { host: "127.0.107.194" port: 41055 } }
I20260709 14:46:57.844731   565 tablet_service.cc:1917] Received RequestConsensusVote() RPC: tablet_id: "f59948b7dac84d3f9f30b621fb8fd209" candidate_uuid: "a92a39cd41a2481990645e4428c31899" candidate_term: 1 candidate_status { last_received { term: 0 index: 0 } } ignore_live_leader: false dest_uuid: "3cfd93b5cf014787a68c8f782ce8d0d0" is_pre_election: true
I20260709 14:46:57.845366   565 raft_consensus.cc:2468] T f59948b7dac84d3f9f30b621fb8fd209 P 3cfd93b5cf014787a68c8f782ce8d0d0 [term 0 FOLLOWER]: Leader pre-election vote request: Granting yes vote for candidate a92a39cd41a2481990645e4428c31899 in term 0.
I20260709 14:46:57.845696   715 tablet_service.cc:1917] Received RequestConsensusVote() RPC: tablet_id: "f59948b7dac84d3f9f30b621fb8fd209" candidate_uuid: "a92a39cd41a2481990645e4428c31899" candidate_term: 1 candidate_status { last_received { term: 0 index: 0 } } ignore_live_leader: false dest_uuid: "1262b31d1ae4456d9a472a9e71665a46" is_pre_election: true
I20260709 14:46:57.846297   715 raft_consensus.cc:2468] T f59948b7dac84d3f9f30b621fb8fd209 P 1262b31d1ae4456d9a472a9e71665a46 [term 0 FOLLOWER]: Leader pre-election vote request: Granting yes vote for candidate a92a39cd41a2481990645e4428c31899 in term 0.
I20260709 14:46:57.846684   607 leader_election.cc:304] T f59948b7dac84d3f9f30b621fb8fd209 P a92a39cd41a2481990645e4428c31899 [CANDIDATE]: Term 1 pre-election: Election decided. Result: candidate won. Election summary: received 2 responses out of 3 voters: 2 yes votes; 0 no votes. yes voters: 3cfd93b5cf014787a68c8f782ce8d0d0, a92a39cd41a2481990645e4428c31899; no voters: 
I20260709 14:46:57.847463   765 raft_consensus.cc:2804] T f59948b7dac84d3f9f30b621fb8fd209 P a92a39cd41a2481990645e4428c31899 [term 0 FOLLOWER]: Leader pre-election won for term 1
I20260709 14:46:57.847826   765 raft_consensus.cc:493] T f59948b7dac84d3f9f30b621fb8fd209 P a92a39cd41a2481990645e4428c31899 [term 0 FOLLOWER]: Starting leader election (no leader contacted us within the election timeout)
I20260709 14:46:57.848112   765 raft_consensus.cc:3060] T f59948b7dac84d3f9f30b621fb8fd209 P a92a39cd41a2481990645e4428c31899 [term 0 FOLLOWER]: Advancing to term 1
I20260709 14:46:57.854856   791 raft_consensus.cc:493] T e886a3dcea324eb5a46bfffb32f49484 P 1262b31d1ae4456d9a472a9e71665a46 [term 0 FOLLOWER]: Starting pre-election (no leader contacted us within the election timeout)
I20260709 14:46:57.855129   760 ts_tablet_manager.cc:1434] T 1766b9aecb484679bfb67f7aa96de632 P a92a39cd41a2481990645e4428c31899: Time spent starting tablet: real 0.029s	user 0.007s	sys 0.001s
I20260709 14:46:57.855327   791 raft_consensus.cc:515] T e886a3dcea324eb5a46bfffb32f49484 P 1262b31d1ae4456d9a472a9e71665a46 [term 0 FOLLOWER]: Starting pre-election with config: opid_index: -1 OBSOLETE_local: false peers { permanent_uuid: "3cfd93b5cf014787a68c8f782ce8d0d0" member_type: VOTER last_known_addr { host: "127.0.107.193" port: 42045 } } peers { permanent_uuid: "a92a39cd41a2481990645e4428c31899" member_type: VOTER last_known_addr { host: "127.0.107.194" port: 41055 } } peers { permanent_uuid: "1262b31d1ae4456d9a472a9e71665a46" member_type: VOTER last_known_addr { host: "127.0.107.195" port: 38041 } }
I20260709 14:46:57.857954   565 tablet_service.cc:1917] Received RequestConsensusVote() RPC: tablet_id: "e886a3dcea324eb5a46bfffb32f49484" candidate_uuid: "1262b31d1ae4456d9a472a9e71665a46" candidate_term: 1 candidate_status { last_received { term: 0 index: 0 } } ignore_live_leader: false dest_uuid: "3cfd93b5cf014787a68c8f782ce8d0d0" is_pre_election: true
I20260709 14:46:57.858546   565 raft_consensus.cc:2468] T e886a3dcea324eb5a46bfffb32f49484 P 3cfd93b5cf014787a68c8f782ce8d0d0 [term 0 FOLLOWER]: Leader pre-election vote request: Granting yes vote for candidate 1262b31d1ae4456d9a472a9e71665a46 in term 0.
I20260709 14:46:57.859977   681 leader_election.cc:304] T e886a3dcea324eb5a46bfffb32f49484 P 1262b31d1ae4456d9a472a9e71665a46 [CANDIDATE]: Term 1 pre-election: Election decided. Result: candidate won. Election summary: received 2 responses out of 3 voters: 2 yes votes; 0 no votes. yes voters: 1262b31d1ae4456d9a472a9e71665a46, 3cfd93b5cf014787a68c8f782ce8d0d0; no voters: 
I20260709 14:46:57.860775   767 raft_consensus.cc:2804] T e886a3dcea324eb5a46bfffb32f49484 P 1262b31d1ae4456d9a472a9e71665a46 [term 0 FOLLOWER]: Leader pre-election won for term 1
I20260709 14:46:57.861135   767 raft_consensus.cc:493] T e886a3dcea324eb5a46bfffb32f49484 P 1262b31d1ae4456d9a472a9e71665a46 [term 0 FOLLOWER]: Starting leader election (no leader contacted us within the election timeout)
I20260709 14:46:57.861460   767 raft_consensus.cc:3060] T e886a3dcea324eb5a46bfffb32f49484 P 1262b31d1ae4456d9a472a9e71665a46 [term 0 FOLLOWER]: Advancing to term 1
I20260709 14:46:57.862368   765 raft_consensus.cc:515] T f59948b7dac84d3f9f30b621fb8fd209 P a92a39cd41a2481990645e4428c31899 [term 1 FOLLOWER]: Starting leader election with config: opid_index: -1 OBSOLETE_local: false peers { permanent_uuid: "3cfd93b5cf014787a68c8f782ce8d0d0" member_type: VOTER last_known_addr { host: "127.0.107.193" port: 42045 } } peers { permanent_uuid: "a92a39cd41a2481990645e4428c31899" member_type: VOTER last_known_addr { host: "127.0.107.194" port: 41055 } } peers { permanent_uuid: "1262b31d1ae4456d9a472a9e71665a46" member_type: VOTER last_known_addr { host: "127.0.107.195" port: 38041 } }
I20260709 14:46:57.864533   765 leader_election.cc:290] T f59948b7dac84d3f9f30b621fb8fd209 P a92a39cd41a2481990645e4428c31899 [CANDIDATE]: Term 1 election: Requested vote from peers 3cfd93b5cf014787a68c8f782ce8d0d0 (127.0.107.193:42045), 1262b31d1ae4456d9a472a9e71665a46 (127.0.107.195:38041)
I20260709 14:46:57.864969   765 raft_consensus.cc:493] T 41ce4f563ed3488cabe6a84167d874b1 P a92a39cd41a2481990645e4428c31899 [term 0 FOLLOWER]: Starting pre-election (no leader contacted us within the election timeout)
I20260709 14:46:57.865499   715 tablet_service.cc:1917] Received RequestConsensusVote() RPC: tablet_id: "f59948b7dac84d3f9f30b621fb8fd209" candidate_uuid: "a92a39cd41a2481990645e4428c31899" candidate_term: 1 candidate_status { last_received { term: 0 index: 0 } } ignore_live_leader: false dest_uuid: "1262b31d1ae4456d9a472a9e71665a46"
I20260709 14:46:57.865370   765 raft_consensus.cc:515] T 41ce4f563ed3488cabe6a84167d874b1 P a92a39cd41a2481990645e4428c31899 [term 0 FOLLOWER]: Starting pre-election with config: opid_index: -1 OBSOLETE_local: false peers { permanent_uuid: "3cfd93b5cf014787a68c8f782ce8d0d0" member_type: VOTER last_known_addr { host: "127.0.107.193" port: 42045 } } peers { permanent_uuid: "a92a39cd41a2481990645e4428c31899" member_type: VOTER last_known_addr { host: "127.0.107.194" port: 41055 } } peers { permanent_uuid: "1262b31d1ae4456d9a472a9e71665a46" member_type: VOTER last_known_addr { host: "127.0.107.195" port: 38041 } }
I20260709 14:46:57.866041   715 raft_consensus.cc:3060] T f59948b7dac84d3f9f30b621fb8fd209 P 1262b31d1ae4456d9a472a9e71665a46 [term 0 FOLLOWER]: Advancing to term 1
I20260709 14:46:57.867244   765 leader_election.cc:290] T 41ce4f563ed3488cabe6a84167d874b1 P a92a39cd41a2481990645e4428c31899 [CANDIDATE]: Term 1 pre-election: Requested pre-vote from peers 3cfd93b5cf014787a68c8f782ce8d0d0 (127.0.107.193:42045), 1262b31d1ae4456d9a472a9e71665a46 (127.0.107.195:38041)
I20260709 14:46:57.870110   566 tablet_service.cc:1917] Received RequestConsensusVote() RPC: tablet_id: "41ce4f563ed3488cabe6a84167d874b1" candidate_uuid: "a92a39cd41a2481990645e4428c31899" candidate_term: 1 candidate_status { last_received { term: 0 index: 0 } } ignore_live_leader: false dest_uuid: "3cfd93b5cf014787a68c8f782ce8d0d0" is_pre_election: true
I20260709 14:46:57.870716   566 raft_consensus.cc:2468] T 41ce4f563ed3488cabe6a84167d874b1 P 3cfd93b5cf014787a68c8f782ce8d0d0 [term 0 FOLLOWER]: Leader pre-election vote request: Granting yes vote for candidate a92a39cd41a2481990645e4428c31899 in term 0.
I20260709 14:46:57.871379   715 raft_consensus.cc:2468] T f59948b7dac84d3f9f30b621fb8fd209 P 1262b31d1ae4456d9a472a9e71665a46 [term 1 FOLLOWER]: Leader election vote request: Granting yes vote for candidate a92a39cd41a2481990645e4428c31899 in term 1.
I20260709 14:46:57.871953   607 leader_election.cc:304] T 41ce4f563ed3488cabe6a84167d874b1 P a92a39cd41a2481990645e4428c31899 [CANDIDATE]: Term 1 pre-election: Election decided. Result: candidate won. Election summary: received 2 responses out of 3 voters: 2 yes votes; 0 no votes. yes voters: 3cfd93b5cf014787a68c8f782ce8d0d0, a92a39cd41a2481990645e4428c31899; no voters: 
I20260709 14:46:57.869561   765 consensus_queue.cc:1048] T 6604b813915648709e80736956ccf2eb P a92a39cd41a2481990645e4428c31899 [LEADER]: Connected to new peer: Peer: permanent_uuid: "1262b31d1ae4456d9a472a9e71665a46" member_type: VOTER last_known_addr { host: "127.0.107.195" port: 38041 }, Status: LMP_MISMATCH, Last received: 0.0, Next index: 1, Last known committed idx: 0, Time since last communication: 0.003s
I20260709 14:46:57.872605   787 raft_consensus.cc:2804] T 41ce4f563ed3488cabe6a84167d874b1 P a92a39cd41a2481990645e4428c31899 [term 0 FOLLOWER]: Leader pre-election won for term 1
I20260709 14:46:57.873055   787 raft_consensus.cc:493] T 41ce4f563ed3488cabe6a84167d874b1 P a92a39cd41a2481990645e4428c31899 [term 0 FOLLOWER]: Starting leader election (no leader contacted us within the election timeout)
I20260709 14:46:57.873405   787 raft_consensus.cc:3060] T 41ce4f563ed3488cabe6a84167d874b1 P a92a39cd41a2481990645e4428c31899 [term 0 FOLLOWER]: Advancing to term 1
I20260709 14:46:57.876107   565 tablet_service.cc:1917] Received RequestConsensusVote() RPC: tablet_id: "f59948b7dac84d3f9f30b621fb8fd209" candidate_uuid: "a92a39cd41a2481990645e4428c31899" candidate_term: 1 candidate_status { last_received { term: 0 index: 0 } } ignore_live_leader: false dest_uuid: "3cfd93b5cf014787a68c8f782ce8d0d0"
I20260709 14:46:57.876745   565 raft_consensus.cc:3060] T f59948b7dac84d3f9f30b621fb8fd209 P 3cfd93b5cf014787a68c8f782ce8d0d0 [term 0 FOLLOWER]: Advancing to term 1
I20260709 14:46:57.877326   607 leader_election.cc:304] T f59948b7dac84d3f9f30b621fb8fd209 P a92a39cd41a2481990645e4428c31899 [CANDIDATE]: Term 1 election: Election decided. Result: candidate won. Election summary: received 2 responses out of 3 voters: 2 yes votes; 0 no votes. yes voters: 1262b31d1ae4456d9a472a9e71665a46, a92a39cd41a2481990645e4428c31899; no voters: 
I20260709 14:46:57.879223   787 raft_consensus.cc:515] T 41ce4f563ed3488cabe6a84167d874b1 P a92a39cd41a2481990645e4428c31899 [term 1 FOLLOWER]: Starting leader election with config: opid_index: -1 OBSOLETE_local: false peers { permanent_uuid: "3cfd93b5cf014787a68c8f782ce8d0d0" member_type: VOTER last_known_addr { host: "127.0.107.193" port: 42045 } } peers { permanent_uuid: "a92a39cd41a2481990645e4428c31899" member_type: VOTER last_known_addr { host: "127.0.107.194" port: 41055 } } peers { permanent_uuid: "1262b31d1ae4456d9a472a9e71665a46" member_type: VOTER last_known_addr { host: "127.0.107.195" port: 38041 } }
I20260709 14:46:57.881122   767 raft_consensus.cc:515] T e886a3dcea324eb5a46bfffb32f49484 P 1262b31d1ae4456d9a472a9e71665a46 [term 1 FOLLOWER]: Starting leader election with config: opid_index: -1 OBSOLETE_local: false peers { permanent_uuid: "3cfd93b5cf014787a68c8f782ce8d0d0" member_type: VOTER last_known_addr { host: "127.0.107.193" port: 42045 } } peers { permanent_uuid: "a92a39cd41a2481990645e4428c31899" member_type: VOTER last_known_addr { host: "127.0.107.194" port: 41055 } } peers { permanent_uuid: "1262b31d1ae4456d9a472a9e71665a46" member_type: VOTER last_known_addr { host: "127.0.107.195" port: 38041 } }
I20260709 14:46:57.881791   566 tablet_service.cc:1917] Received RequestConsensusVote() RPC: tablet_id: "41ce4f563ed3488cabe6a84167d874b1" candidate_uuid: "a92a39cd41a2481990645e4428c31899" candidate_term: 1 candidate_status { last_received { term: 0 index: 0 } } ignore_live_leader: false dest_uuid: "3cfd93b5cf014787a68c8f782ce8d0d0"
I20260709 14:46:57.882390   566 raft_consensus.cc:3060] T 41ce4f563ed3488cabe6a84167d874b1 P 3cfd93b5cf014787a68c8f782ce8d0d0 [term 0 FOLLOWER]: Advancing to term 1
I20260709 14:46:57.883970   765 raft_consensus.cc:2804] T f59948b7dac84d3f9f30b621fb8fd209 P a92a39cd41a2481990645e4428c31899 [term 1 FOLLOWER]: Leader election won for term 1
I20260709 14:46:57.884212   564 tablet_service.cc:1917] Received RequestConsensusVote() RPC: tablet_id: "e886a3dcea324eb5a46bfffb32f49484" candidate_uuid: "1262b31d1ae4456d9a472a9e71665a46" candidate_term: 1 candidate_status { last_received { term: 0 index: 0 } } ignore_live_leader: false dest_uuid: "3cfd93b5cf014787a68c8f782ce8d0d0"
I20260709 14:46:57.884507   765 raft_consensus.cc:697] T f59948b7dac84d3f9f30b621fb8fd209 P a92a39cd41a2481990645e4428c31899 [term 1 LEADER]: Becoming Leader. State: Replica: a92a39cd41a2481990645e4428c31899, State: Running, Role: LEADER
I20260709 14:46:57.884809   564 raft_consensus.cc:3060] T e886a3dcea324eb5a46bfffb32f49484 P 3cfd93b5cf014787a68c8f782ce8d0d0 [term 0 FOLLOWER]: Advancing to term 1
I20260709 14:46:57.885933   565 raft_consensus.cc:2468] T f59948b7dac84d3f9f30b621fb8fd209 P 3cfd93b5cf014787a68c8f782ce8d0d0 [term 1 FOLLOWER]: Leader election vote request: Granting yes vote for candidate a92a39cd41a2481990645e4428c31899 in term 1.
I20260709 14:46:57.886904   765 consensus_queue.cc:237] T f59948b7dac84d3f9f30b621fb8fd209 P a92a39cd41a2481990645e4428c31899 [LEADER]: Queue going to LEADER mode. State: All replicated index: 0, Majority replicated index: 0, Committed index: 0, Last appended: 0.0, Last appended by leader: 0, Current term: 1, Majority size: 2, State: 0, Mode: LEADER, active raft config: opid_index: -1 OBSOLETE_local: false peers { permanent_uuid: "3cfd93b5cf014787a68c8f782ce8d0d0" member_type: VOTER last_known_addr { host: "127.0.107.193" port: 42045 } } peers { permanent_uuid: "a92a39cd41a2481990645e4428c31899" member_type: VOTER last_known_addr { host: "127.0.107.194" port: 41055 } } peers { permanent_uuid: "1262b31d1ae4456d9a472a9e71665a46" member_type: VOTER last_known_addr { host: "127.0.107.195" port: 38041 } }
I20260709 14:46:57.891146   566 raft_consensus.cc:2468] T 41ce4f563ed3488cabe6a84167d874b1 P 3cfd93b5cf014787a68c8f782ce8d0d0 [term 1 FOLLOWER]: Leader election vote request: Granting yes vote for candidate a92a39cd41a2481990645e4428c31899 in term 1.
I20260709 14:46:57.888087   791 leader_election.cc:290] T e886a3dcea324eb5a46bfffb32f49484 P 1262b31d1ae4456d9a472a9e71665a46 [CANDIDATE]: Term 1 pre-election: Requested pre-vote from peers 3cfd93b5cf014787a68c8f782ce8d0d0 (127.0.107.193:42045), a92a39cd41a2481990645e4428c31899 (127.0.107.194:41055)
I20260709 14:46:57.891162   640 tablet_service.cc:1917] Received RequestConsensusVote() RPC: tablet_id: "e886a3dcea324eb5a46bfffb32f49484" candidate_uuid: "1262b31d1ae4456d9a472a9e71665a46" candidate_term: 1 candidate_status { last_received { term: 0 index: 0 } } ignore_live_leader: false dest_uuid: "a92a39cd41a2481990645e4428c31899" is_pre_election: true
I20260709 14:46:57.891943   640 raft_consensus.cc:2468] T e886a3dcea324eb5a46bfffb32f49484 P a92a39cd41a2481990645e4428c31899 [term 0 FOLLOWER]: Leader pre-election vote request: Granting yes vote for candidate 1262b31d1ae4456d9a472a9e71665a46 in term 0.
I20260709 14:46:57.892966   607 leader_election.cc:304] T 41ce4f563ed3488cabe6a84167d874b1 P a92a39cd41a2481990645e4428c31899 [CANDIDATE]: Term 1 election: Election decided. Result: candidate won. Election summary: received 2 responses out of 3 voters: 2 yes votes; 0 no votes. yes voters: 3cfd93b5cf014787a68c8f782ce8d0d0, a92a39cd41a2481990645e4428c31899; no voters: 
I20260709 14:46:57.894012   786 raft_consensus.cc:2804] T 41ce4f563ed3488cabe6a84167d874b1 P a92a39cd41a2481990645e4428c31899 [term 1 FOLLOWER]: Leader election won for term 1
I20260709 14:46:57.905303   564 raft_consensus.cc:2468] T e886a3dcea324eb5a46bfffb32f49484 P 3cfd93b5cf014787a68c8f782ce8d0d0 [term 1 FOLLOWER]: Leader election vote request: Granting yes vote for candidate 1262b31d1ae4456d9a472a9e71665a46 in term 1.
I20260709 14:46:57.906409   681 leader_election.cc:304] T e886a3dcea324eb5a46bfffb32f49484 P 1262b31d1ae4456d9a472a9e71665a46 [CANDIDATE]: Term 1 election: Election decided. Result: candidate won. Election summary: received 2 responses out of 3 voters: 2 yes votes; 0 no votes. yes voters: 1262b31d1ae4456d9a472a9e71665a46, 3cfd93b5cf014787a68c8f782ce8d0d0; no voters: 
I20260709 14:46:57.907146   791 raft_consensus.cc:2804] T e886a3dcea324eb5a46bfffb32f49484 P 1262b31d1ae4456d9a472a9e71665a46 [term 1 FOLLOWER]: Leader election won for term 1
I20260709 14:46:57.907574   791 raft_consensus.cc:697] T e886a3dcea324eb5a46bfffb32f49484 P 1262b31d1ae4456d9a472a9e71665a46 [term 1 LEADER]: Becoming Leader. State: Replica: 1262b31d1ae4456d9a472a9e71665a46, State: Running, Role: LEADER
I20260709 14:46:57.908543   791 consensus_queue.cc:237] T e886a3dcea324eb5a46bfffb32f49484 P 1262b31d1ae4456d9a472a9e71665a46 [LEADER]: Queue going to LEADER mode. State: All replicated index: 0, Majority replicated index: 0, Committed index: 0, Last appended: 0.0, Last appended by leader: 0, Current term: 1, Majority size: 2, State: 0, Mode: LEADER, active raft config: opid_index: -1 OBSOLETE_local: false peers { permanent_uuid: "3cfd93b5cf014787a68c8f782ce8d0d0" member_type: VOTER last_known_addr { host: "127.0.107.193" port: 42045 } } peers { permanent_uuid: "a92a39cd41a2481990645e4428c31899" member_type: VOTER last_known_addr { host: "127.0.107.194" port: 41055 } } peers { permanent_uuid: "1262b31d1ae4456d9a472a9e71665a46" member_type: VOTER last_known_addr { host: "127.0.107.195" port: 38041 } }
I20260709 14:46:57.913540   787 leader_election.cc:290] T 41ce4f563ed3488cabe6a84167d874b1 P a92a39cd41a2481990645e4428c31899 [CANDIDATE]: Term 1 election: Requested vote from peers 3cfd93b5cf014787a68c8f782ce8d0d0 (127.0.107.193:42045), 1262b31d1ae4456d9a472a9e71665a46 (127.0.107.195:38041)
I20260709 14:46:57.922616   640 raft_consensus.cc:3060] T 1d57facebc9d43a89da5c78fa4f02cf6 P a92a39cd41a2481990645e4428c31899 [term 0 FOLLOWER]: Advancing to term 1
I20260709 14:46:57.925665   777 consensus_queue.cc:1048] T dd92398d2b444f7380f349acd122ea62 P 3cfd93b5cf014787a68c8f782ce8d0d0 [LEADER]: Connected to new peer: Peer: permanent_uuid: "1262b31d1ae4456d9a472a9e71665a46" member_type: VOTER last_known_addr { host: "127.0.107.195" port: 38041 }, Status: LMP_MISMATCH, Last received: 0.0, Next index: 1, Last known committed idx: 0, Time since last communication: 0.001s
I20260709 14:46:57.932401   777 consensus_queue.cc:1048] T 1d57facebc9d43a89da5c78fa4f02cf6 P 3cfd93b5cf014787a68c8f782ce8d0d0 [LEADER]: Connected to new peer: Peer: permanent_uuid: "a92a39cd41a2481990645e4428c31899" member_type: VOTER last_known_addr { host: "127.0.107.194" port: 41055 }, Status: LMP_MISMATCH, Last received: 0.0, Next index: 1, Last known committed idx: 0, Time since last communication: 0.000s
I20260709 14:46:57.935593   715 tablet_service.cc:1917] Received RequestConsensusVote() RPC: tablet_id: "41ce4f563ed3488cabe6a84167d874b1" candidate_uuid: "a92a39cd41a2481990645e4428c31899" candidate_term: 1 candidate_status { last_received { term: 0 index: 0 } } ignore_live_leader: false dest_uuid: "1262b31d1ae4456d9a472a9e71665a46" is_pre_election: true
I20260709 14:46:57.936415   715 raft_consensus.cc:2468] T 41ce4f563ed3488cabe6a84167d874b1 P 1262b31d1ae4456d9a472a9e71665a46 [term 0 FOLLOWER]: Leader pre-election vote request: Granting yes vote for candidate a92a39cd41a2481990645e4428c31899 in term 0.
I20260709 14:46:57.946071   767 leader_election.cc:290] T e886a3dcea324eb5a46bfffb32f49484 P 1262b31d1ae4456d9a472a9e71665a46 [CANDIDATE]: Term 1 election: Requested vote from peers 3cfd93b5cf014787a68c8f782ce8d0d0 (127.0.107.193:42045), a92a39cd41a2481990645e4428c31899 (127.0.107.194:41055)
I20260709 14:46:57.947665   638 tablet_service.cc:1917] Received RequestConsensusVote() RPC: tablet_id: "e886a3dcea324eb5a46bfffb32f49484" candidate_uuid: "1262b31d1ae4456d9a472a9e71665a46" candidate_term: 1 candidate_status { last_received { term: 0 index: 0 } } ignore_live_leader: false dest_uuid: "a92a39cd41a2481990645e4428c31899"
I20260709 14:46:57.948567   638 raft_consensus.cc:3060] T e886a3dcea324eb5a46bfffb32f49484 P a92a39cd41a2481990645e4428c31899 [term 0 FOLLOWER]: Advancing to term 1
W20260709 14:46:57.958714   510 auto_rebalancer.cc:288] Could not retrieve cluster info: Service unavailable: Tablet not running
I20260709 14:46:57.958884   638 raft_consensus.cc:2468] T e886a3dcea324eb5a46bfffb32f49484 P a92a39cd41a2481990645e4428c31899 [term 1 FOLLOWER]: Leader election vote request: Granting yes vote for candidate 1262b31d1ae4456d9a472a9e71665a46 in term 1.
I20260709 14:46:57.961952   786 raft_consensus.cc:697] T 41ce4f563ed3488cabe6a84167d874b1 P a92a39cd41a2481990645e4428c31899 [term 1 LEADER]: Becoming Leader. State: Replica: a92a39cd41a2481990645e4428c31899, State: Running, Role: LEADER
I20260709 14:46:57.962602   777 raft_consensus.cc:493] T 1766b9aecb484679bfb67f7aa96de632 P 3cfd93b5cf014787a68c8f782ce8d0d0 [term 0 FOLLOWER]: Starting pre-election (no leader contacted us within the election timeout)
I20260709 14:46:57.962831   786 consensus_queue.cc:237] T 41ce4f563ed3488cabe6a84167d874b1 P a92a39cd41a2481990645e4428c31899 [LEADER]: Queue going to LEADER mode. State: All replicated index: 0, Majority replicated index: 0, Committed index: 0, Last appended: 0.0, Last appended by leader: 0, Current term: 1, Majority size: 2, State: 0, Mode: LEADER, active raft config: opid_index: -1 OBSOLETE_local: false peers { permanent_uuid: "3cfd93b5cf014787a68c8f782ce8d0d0" member_type: VOTER last_known_addr { host: "127.0.107.193" port: 42045 } } peers { permanent_uuid: "a92a39cd41a2481990645e4428c31899" member_type: VOTER last_known_addr { host: "127.0.107.194" port: 41055 } } peers { permanent_uuid: "1262b31d1ae4456d9a472a9e71665a46" member_type: VOTER last_known_addr { host: "127.0.107.195" port: 38041 } }
I20260709 14:46:57.963155   777 raft_consensus.cc:515] T 1766b9aecb484679bfb67f7aa96de632 P 3cfd93b5cf014787a68c8f782ce8d0d0 [term 0 FOLLOWER]: Starting pre-election with config: opid_index: -1 OBSOLETE_local: false peers { permanent_uuid: "3cfd93b5cf014787a68c8f782ce8d0d0" member_type: VOTER last_known_addr { host: "127.0.107.193" port: 42045 } } peers { permanent_uuid: "1262b31d1ae4456d9a472a9e71665a46" member_type: VOTER last_known_addr { host: "127.0.107.195" port: 38041 } } peers { permanent_uuid: "a92a39cd41a2481990645e4428c31899" member_type: VOTER last_known_addr { host: "127.0.107.194" port: 41055 } }
I20260709 14:46:57.968142   777 leader_election.cc:290] T 1766b9aecb484679bfb67f7aa96de632 P 3cfd93b5cf014787a68c8f782ce8d0d0 [CANDIDATE]: Term 1 pre-election: Requested pre-vote from peers 1262b31d1ae4456d9a472a9e71665a46 (127.0.107.195:38041), a92a39cd41a2481990645e4428c31899 (127.0.107.194:41055)
I20260709 14:46:57.970109   715 tablet_service.cc:1917] Received RequestConsensusVote() RPC: tablet_id: "1766b9aecb484679bfb67f7aa96de632" candidate_uuid: "3cfd93b5cf014787a68c8f782ce8d0d0" candidate_term: 1 candidate_status { last_received { term: 0 index: 0 } } ignore_live_leader: false dest_uuid: "1262b31d1ae4456d9a472a9e71665a46" is_pre_election: true
I20260709 14:46:57.970914   715 raft_consensus.cc:2468] T 1766b9aecb484679bfb67f7aa96de632 P 1262b31d1ae4456d9a472a9e71665a46 [term 0 FOLLOWER]: Leader pre-election vote request: Granting yes vote for candidate 3cfd93b5cf014787a68c8f782ce8d0d0 in term 0.
I20260709 14:46:57.972152   532 leader_election.cc:304] T 1766b9aecb484679bfb67f7aa96de632 P 3cfd93b5cf014787a68c8f782ce8d0d0 [CANDIDATE]: Term 1 pre-election: Election decided. Result: candidate won. Election summary: received 2 responses out of 3 voters: 2 yes votes; 0 no votes. yes voters: 1262b31d1ae4456d9a472a9e71665a46, 3cfd93b5cf014787a68c8f782ce8d0d0; no voters: 
I20260709 14:46:57.977094   764 raft_consensus.cc:2804] T 1766b9aecb484679bfb67f7aa96de632 P 3cfd93b5cf014787a68c8f782ce8d0d0 [term 0 FOLLOWER]: Leader pre-election won for term 1
I20260709 14:46:57.977468   764 raft_consensus.cc:493] T 1766b9aecb484679bfb67f7aa96de632 P 3cfd93b5cf014787a68c8f782ce8d0d0 [term 0 FOLLOWER]: Starting leader election (no leader contacted us within the election timeout)
I20260709 14:46:57.977798   764 raft_consensus.cc:3060] T 1766b9aecb484679bfb67f7aa96de632 P 3cfd93b5cf014787a68c8f782ce8d0d0 [term 0 FOLLOWER]: Advancing to term 1
I20260709 14:46:57.984292   641 tablet_service.cc:1917] Received RequestConsensusVote() RPC: tablet_id: "1766b9aecb484679bfb67f7aa96de632" candidate_uuid: "3cfd93b5cf014787a68c8f782ce8d0d0" candidate_term: 1 candidate_status { last_received { term: 0 index: 0 } } ignore_live_leader: false dest_uuid: "a92a39cd41a2481990645e4428c31899" is_pre_election: true
I20260709 14:46:57.985097   641 raft_consensus.cc:2468] T 1766b9aecb484679bfb67f7aa96de632 P a92a39cd41a2481990645e4428c31899 [term 0 FOLLOWER]: Leader pre-election vote request: Granting yes vote for candidate 3cfd93b5cf014787a68c8f782ce8d0d0 in term 0.
I20260709 14:46:57.996438   764 raft_consensus.cc:515] T 1766b9aecb484679bfb67f7aa96de632 P 3cfd93b5cf014787a68c8f782ce8d0d0 [term 1 FOLLOWER]: Starting leader election with config: opid_index: -1 OBSOLETE_local: false peers { permanent_uuid: "3cfd93b5cf014787a68c8f782ce8d0d0" member_type: VOTER last_known_addr { host: "127.0.107.193" port: 42045 } } peers { permanent_uuid: "1262b31d1ae4456d9a472a9e71665a46" member_type: VOTER last_known_addr { host: "127.0.107.195" port: 38041 } } peers { permanent_uuid: "a92a39cd41a2481990645e4428c31899" member_type: VOTER last_known_addr { host: "127.0.107.194" port: 41055 } }
I20260709 14:46:58.016366   641 tablet_service.cc:1917] Received RequestConsensusVote() RPC: tablet_id: "1766b9aecb484679bfb67f7aa96de632" candidate_uuid: "3cfd93b5cf014787a68c8f782ce8d0d0" candidate_term: 1 candidate_status { last_received { term: 0 index: 0 } } ignore_live_leader: false dest_uuid: "a92a39cd41a2481990645e4428c31899"
I20260709 14:46:58.006695   715 tablet_service.cc:1917] Received RequestConsensusVote() RPC: tablet_id: "41ce4f563ed3488cabe6a84167d874b1" candidate_uuid: "a92a39cd41a2481990645e4428c31899" candidate_term: 1 candidate_status { last_received { term: 0 index: 0 } } ignore_live_leader: false dest_uuid: "1262b31d1ae4456d9a472a9e71665a46"
I20260709 14:46:58.020002   641 raft_consensus.cc:3060] T 1766b9aecb484679bfb67f7aa96de632 P a92a39cd41a2481990645e4428c31899 [term 0 FOLLOWER]: Advancing to term 1
I20260709 14:46:58.014150   764 leader_election.cc:290] T 1766b9aecb484679bfb67f7aa96de632 P 3cfd93b5cf014787a68c8f782ce8d0d0 [CANDIDATE]: Term 1 election: Requested vote from peers 1262b31d1ae4456d9a472a9e71665a46 (127.0.107.195:38041), a92a39cd41a2481990645e4428c31899 (127.0.107.194:41055)
I20260709 14:46:58.024173   460 catalog_manager.cc:5697] T f59948b7dac84d3f9f30b621fb8fd209 P a92a39cd41a2481990645e4428c31899 reported cstate change: term changed from 0 to 1, leader changed from <none> to a92a39cd41a2481990645e4428c31899 (127.0.107.194). New cstate: current_term: 1 leader_uuid: "a92a39cd41a2481990645e4428c31899" committed_config { opid_index: -1 OBSOLETE_local: false peers { permanent_uuid: "3cfd93b5cf014787a68c8f782ce8d0d0" member_type: VOTER last_known_addr { host: "127.0.107.193" port: 42045 } health_report { overall_health: UNKNOWN } } peers { permanent_uuid: "a92a39cd41a2481990645e4428c31899" member_type: VOTER last_known_addr { host: "127.0.107.194" port: 41055 } health_report { overall_health: HEALTHY } } peers { permanent_uuid: "1262b31d1ae4456d9a472a9e71665a46" member_type: VOTER last_known_addr { host: "127.0.107.195" port: 38041 } health_report { overall_health: UNKNOWN } } }
I20260709 14:46:58.025849   712 tablet_service.cc:1917] Received RequestConsensusVote() RPC: tablet_id: "1766b9aecb484679bfb67f7aa96de632" candidate_uuid: "3cfd93b5cf014787a68c8f782ce8d0d0" candidate_term: 1 candidate_status { last_received { term: 0 index: 0 } } ignore_live_leader: false dest_uuid: "1262b31d1ae4456d9a472a9e71665a46"
I20260709 14:46:58.020947   715 raft_consensus.cc:3060] T 41ce4f563ed3488cabe6a84167d874b1 P 1262b31d1ae4456d9a472a9e71665a46 [term 0 FOLLOWER]: Advancing to term 1
I20260709 14:46:58.029142   819 raft_consensus.cc:493] T 4cfde8c1bc1b49a9b9ff0e70cf070fb4 P a92a39cd41a2481990645e4428c31899 [term 0 FOLLOWER]: Starting pre-election (no leader contacted us within the election timeout)
I20260709 14:46:58.032574   712 raft_consensus.cc:3060] T 1766b9aecb484679bfb67f7aa96de632 P 1262b31d1ae4456d9a472a9e71665a46 [term 0 FOLLOWER]: Advancing to term 1
I20260709 14:46:58.032747   819 raft_consensus.cc:515] T 4cfde8c1bc1b49a9b9ff0e70cf070fb4 P a92a39cd41a2481990645e4428c31899 [term 0 FOLLOWER]: Starting pre-election with config: opid_index: -1 OBSOLETE_local: false peers { permanent_uuid: "3cfd93b5cf014787a68c8f782ce8d0d0" member_type: VOTER last_known_addr { host: "127.0.107.193" port: 42045 } } peers { permanent_uuid: "a92a39cd41a2481990645e4428c31899" member_type: VOTER last_known_addr { host: "127.0.107.194" port: 41055 } } peers { permanent_uuid: "1262b31d1ae4456d9a472a9e71665a46" member_type: VOTER last_known_addr { host: "127.0.107.195" port: 38041 } }
I20260709 14:46:58.034894   819 leader_election.cc:290] T 4cfde8c1bc1b49a9b9ff0e70cf070fb4 P a92a39cd41a2481990645e4428c31899 [CANDIDATE]: Term 1 pre-election: Requested pre-vote from peers 3cfd93b5cf014787a68c8f782ce8d0d0 (127.0.107.193:42045), 1262b31d1ae4456d9a472a9e71665a46 (127.0.107.195:38041)
I20260709 14:46:58.031731   787 raft_consensus.cc:493] T 1d57facebc9d43a89da5c78fa4f02cf6 P a92a39cd41a2481990645e4428c31899 [term 1 FOLLOWER]: Starting pre-election (detected failure of leader 3cfd93b5cf014787a68c8f782ce8d0d0)
I20260709 14:46:58.035463   787 raft_consensus.cc:515] T 1d57facebc9d43a89da5c78fa4f02cf6 P a92a39cd41a2481990645e4428c31899 [term 1 FOLLOWER]: Starting pre-election with config: opid_index: -1 OBSOLETE_local: false peers { permanent_uuid: "3cfd93b5cf014787a68c8f782ce8d0d0" member_type: VOTER last_known_addr { host: "127.0.107.193" port: 42045 } } peers { permanent_uuid: "a92a39cd41a2481990645e4428c31899" member_type: VOTER last_known_addr { host: "127.0.107.194" port: 41055 } } peers { permanent_uuid: "1262b31d1ae4456d9a472a9e71665a46" member_type: VOTER last_known_addr { host: "127.0.107.195" port: 38041 } }
I20260709 14:46:58.036367   564 tablet_service.cc:1917] Received RequestConsensusVote() RPC: tablet_id: "4cfde8c1bc1b49a9b9ff0e70cf070fb4" candidate_uuid: "a92a39cd41a2481990645e4428c31899" candidate_term: 1 candidate_status { last_received { term: 0 index: 0 } } ignore_live_leader: false dest_uuid: "3cfd93b5cf014787a68c8f782ce8d0d0" is_pre_election: true
I20260709 14:46:58.036998   564 raft_consensus.cc:2468] T 4cfde8c1bc1b49a9b9ff0e70cf070fb4 P 3cfd93b5cf014787a68c8f782ce8d0d0 [term 0 FOLLOWER]: Leader pre-election vote request: Granting yes vote for candidate a92a39cd41a2481990645e4428c31899 in term 0.
I20260709 14:46:58.039811   714 tablet_service.cc:1917] Received RequestConsensusVote() RPC: tablet_id: "4cfde8c1bc1b49a9b9ff0e70cf070fb4" candidate_uuid: "a92a39cd41a2481990645e4428c31899" candidate_term: 1 candidate_status { last_received { term: 0 index: 0 } } ignore_live_leader: false dest_uuid: "1262b31d1ae4456d9a472a9e71665a46" is_pre_election: true
I20260709 14:46:58.040428   714 raft_consensus.cc:2468] T 4cfde8c1bc1b49a9b9ff0e70cf070fb4 P 1262b31d1ae4456d9a472a9e71665a46 [term 0 FOLLOWER]: Leader pre-election vote request: Granting yes vote for candidate a92a39cd41a2481990645e4428c31899 in term 0.
I20260709 14:46:58.044358   787 leader_election.cc:290] T 1d57facebc9d43a89da5c78fa4f02cf6 P a92a39cd41a2481990645e4428c31899 [CANDIDATE]: Term 2 pre-election: Requested pre-vote from peers 3cfd93b5cf014787a68c8f782ce8d0d0 (127.0.107.193:42045), 1262b31d1ae4456d9a472a9e71665a46 (127.0.107.195:38041)
I20260709 14:46:58.045135   607 leader_election.cc:304] T 4cfde8c1bc1b49a9b9ff0e70cf070fb4 P a92a39cd41a2481990645e4428c31899 [CANDIDATE]: Term 1 pre-election: Election decided. Result: candidate won. Election summary: received 2 responses out of 3 voters: 2 yes votes; 0 no votes. yes voters: 3cfd93b5cf014787a68c8f782ce8d0d0, a92a39cd41a2481990645e4428c31899; no voters: 
I20260709 14:46:58.045883   787 raft_consensus.cc:2804] T 4cfde8c1bc1b49a9b9ff0e70cf070fb4 P a92a39cd41a2481990645e4428c31899 [term 0 FOLLOWER]: Leader pre-election won for term 1
