I20260709 14:47:31.896288  1558 raft_consensus.cc:3060] T 58b411c6ac8147e8809bd27915830f3f P 92497525c2ff45f796dc8790e6d8a66b [term 0 FOLLOWER]: Advancing to term 1
I20260709 14:47:31.897769  1751 ts_tablet_manager.cc:1403] T de1319262bb44314820964dabb4104bc P 64f6f54725314f0eb835454f1a0d5128: Time spent bootstrapping tablet: real 0.085s	user 0.012s	sys 0.008s
I20260709 14:47:31.899864  1706 tablet_service.cc:1917] Received RequestConsensusVote() RPC: tablet_id: "37f5409b26e5415abb44569d3ee88179" candidate_uuid: "92497525c2ff45f796dc8790e6d8a66b" candidate_term: 1 candidate_status { last_received { term: 0 index: 0 } } ignore_live_leader: false dest_uuid: "64f6f54725314f0eb835454f1a0d5128" is_pre_election: true
I20260709 14:47:31.900218  1707 raft_consensus.cc:1275] T 7c3ec823593f4b26b19d180edb1cc13f P 64f6f54725314f0eb835454f1a0d5128 [term 2 FOLLOWER]: Refusing update from remote peer 92497525c2ff45f796dc8790e6d8a66b: Log matching property violated. Preceding OpId in replica: term: 0 index: 0. Preceding OpId from leader: term: 2 index: 1. (index mismatch)
I20260709 14:47:31.894632  1832 leader_election.cc:290] T 37f5409b26e5415abb44569d3ee88179 P 92497525c2ff45f796dc8790e6d8a66b [CANDIDATE]: Term 1 pre-election: Requested pre-vote from peers 292f5f7474fc438b9a2cf5625e302aec (127.0.107.194:43893), 64f6f54725314f0eb835454f1a0d5128 (127.0.107.195:39469)
I20260709 14:47:31.901783  1634 tablet_service.cc:1917] Received RequestConsensusVote() RPC: tablet_id: "37f5409b26e5415abb44569d3ee88179" candidate_uuid: "92497525c2ff45f796dc8790e6d8a66b" candidate_term: 1 candidate_status { last_received { term: 0 index: 0 } } ignore_live_leader: false dest_uuid: "292f5f7474fc438b9a2cf5625e302aec" is_pre_election: true
W20260709 14:47:31.902218  1525 leader_election.cc:343] T 37f5409b26e5415abb44569d3ee88179 P 92497525c2ff45f796dc8790e6d8a66b [CANDIDATE]: Term 1 pre-election: Tablet error from VoteRequest() call to peer 64f6f54725314f0eb835454f1a0d5128 (127.0.107.195:39469): Illegal state: must be running to vote when last-logged opid is not known
W20260709 14:47:31.903651  1525 leader_election.cc:343] T 37f5409b26e5415abb44569d3ee88179 P 92497525c2ff45f796dc8790e6d8a66b [CANDIDATE]: Term 1 pre-election: Tablet error from VoteRequest() call to peer 292f5f7474fc438b9a2cf5625e302aec (127.0.107.194:43893): Illegal state: must be running to vote when last-logged opid is not known
I20260709 14:47:31.904093  1525 leader_election.cc:304] T 37f5409b26e5415abb44569d3ee88179 P 92497525c2ff45f796dc8790e6d8a66b [CANDIDATE]: Term 1 pre-election: Election decided. Result: candidate lost. Election summary: received 3 responses out of 3 voters: 1 yes votes; 2 no votes. yes voters: 92497525c2ff45f796dc8790e6d8a66b; no voters: 292f5f7474fc438b9a2cf5625e302aec, 64f6f54725314f0eb835454f1a0d5128
I20260709 14:47:31.905259  1919 consensus_queue.cc:1048] T 7c3ec823593f4b26b19d180edb1cc13f P 92497525c2ff45f796dc8790e6d8a66b [LEADER]: Connected to new peer: Peer: permanent_uuid: "64f6f54725314f0eb835454f1a0d5128" member_type: VOTER last_known_addr { host: "127.0.107.195" port: 39469 }, Status: LMP_MISMATCH, Last received: 0.0, Next index: 1, Last known committed idx: 0, Time since last communication: 0.000s
I20260709 14:47:31.906589  1919 raft_consensus.cc:2749] T 37f5409b26e5415abb44569d3ee88179 P 92497525c2ff45f796dc8790e6d8a66b [term 0 FOLLOWER]: Leader pre-election lost for term 1. Reason: could not achieve majority
I20260709 14:47:31.908933  1778 consensus_queue.cc:1048] T 2814b11a56544a9b86b4ba4f8d5c5d52 P 292f5f7474fc438b9a2cf5625e302aec [LEADER]: Connected to new peer: Peer: permanent_uuid: "92497525c2ff45f796dc8790e6d8a66b" member_type: VOTER last_known_addr { host: "127.0.107.193" port: 38483 }, Status: LMP_MISMATCH, Last received: 0.0, Next index: 1, Last known committed idx: 0, Time since last communication: 0.000s
I20260709 14:47:31.912307  1631 raft_consensus.cc:2468] T 036f9e3ce9d14e70bdcc8ab66ee6214a P 292f5f7474fc438b9a2cf5625e302aec [term 1 FOLLOWER]: Leader election vote request: Granting yes vote for candidate 64f6f54725314f0eb835454f1a0d5128 in term 1.
I20260709 14:47:31.913571  1674 leader_election.cc:304] T 036f9e3ce9d14e70bdcc8ab66ee6214a P 64f6f54725314f0eb835454f1a0d5128 [CANDIDATE]: Term 1 election: Election decided. Result: candidate won. Election summary: received 2 responses out of 3 voters: 2 yes votes; 0 no votes. yes voters: 292f5f7474fc438b9a2cf5625e302aec, 64f6f54725314f0eb835454f1a0d5128; no voters: 
I20260709 14:47:31.917162  1818 raft_consensus.cc:2804] T 036f9e3ce9d14e70bdcc8ab66ee6214a P 64f6f54725314f0eb835454f1a0d5128 [term 1 FOLLOWER]: Leader election won for term 1
I20260709 14:47:31.917658  1818 raft_consensus.cc:697] T 036f9e3ce9d14e70bdcc8ab66ee6214a P 64f6f54725314f0eb835454f1a0d5128 [term 1 LEADER]: Becoming Leader. State: Replica: 64f6f54725314f0eb835454f1a0d5128, State: Running, Role: LEADER
I20260709 14:47:31.918474  1818 consensus_queue.cc:237] T 036f9e3ce9d14e70bdcc8ab66ee6214a P 64f6f54725314f0eb835454f1a0d5128 [LEADER]: Queue going to LEADER mode. State: All replicated index: 0, Majority replicated index: 0, Committed index: 0, Last appended: 0.0, Last appended by leader: 0, Current term: 1, Majority size: 2, State: 0, Mode: LEADER, active raft config: opid_index: -1 OBSOLETE_local: false peers { permanent_uuid: "92497525c2ff45f796dc8790e6d8a66b" member_type: VOTER last_known_addr { host: "127.0.107.193" port: 38483 } } peers { permanent_uuid: "292f5f7474fc438b9a2cf5625e302aec" member_type: VOTER last_known_addr { host: "127.0.107.194" port: 43893 } } peers { permanent_uuid: "64f6f54725314f0eb835454f1a0d5128" member_type: VOTER last_known_addr { host: "127.0.107.195" port: 39469 } }
I20260709 14:47:31.924886  1751 raft_consensus.cc:359] T de1319262bb44314820964dabb4104bc P 64f6f54725314f0eb835454f1a0d5128 [term 0 FOLLOWER]: Replica starting. Triggering 0 pending ops. Active config: opid_index: -1 OBSOLETE_local: false peers { permanent_uuid: "92497525c2ff45f796dc8790e6d8a66b" member_type: VOTER last_known_addr { host: "127.0.107.193" port: 38483 } } peers { permanent_uuid: "292f5f7474fc438b9a2cf5625e302aec" member_type: VOTER last_known_addr { host: "127.0.107.194" port: 43893 } } peers { permanent_uuid: "64f6f54725314f0eb835454f1a0d5128" member_type: VOTER last_known_addr { host: "127.0.107.195" port: 39469 } }
I20260709 14:47:31.925740  1751 raft_consensus.cc:385] T de1319262bb44314820964dabb4104bc P 64f6f54725314f0eb835454f1a0d5128 [term 0 FOLLOWER]: Consensus starting up: Expiring failure detector timer to make a prompt election more likely
I20260709 14:47:31.926041  1751 raft_consensus.cc:740] T de1319262bb44314820964dabb4104bc P 64f6f54725314f0eb835454f1a0d5128 [term 0 FOLLOWER]: Becoming Follower/Learner. State: Replica: 64f6f54725314f0eb835454f1a0d5128, State: Initialized, Role: FOLLOWER
I20260709 14:47:31.926746  1751 consensus_queue.cc:260] T de1319262bb44314820964dabb4104bc P 64f6f54725314f0eb835454f1a0d5128 [NON_LEADER]: Queue going to NON_LEADER mode. State: All replicated index: 0, Majority replicated index: 0, Committed index: 0, Last appended: 0.0, Last appended by leader: 0, Current term: 0, Majority size: -1, State: 0, Mode: NON_LEADER, active raft config: opid_index: -1 OBSOLETE_local: false peers { permanent_uuid: "92497525c2ff45f796dc8790e6d8a66b" member_type: VOTER last_known_addr { host: "127.0.107.193" port: 38483 } } peers { permanent_uuid: "292f5f7474fc438b9a2cf5625e302aec" member_type: VOTER last_known_addr { host: "127.0.107.194" port: 43893 } } peers { permanent_uuid: "64f6f54725314f0eb835454f1a0d5128" member_type: VOTER last_known_addr { host: "127.0.107.195" port: 39469 } }
I20260709 14:47:31.935425  1750 tablet_bootstrap.cc:492] T 628f4303a3044f60b4161530abce32e1 P 292f5f7474fc438b9a2cf5625e302aec: No bootstrap required, opened a new log
I20260709 14:47:31.931591  1558 raft_consensus.cc:2468] T 58b411c6ac8147e8809bd27915830f3f P 92497525c2ff45f796dc8790e6d8a66b [term 1 FOLLOWER]: Leader election vote request: Granting yes vote for candidate 292f5f7474fc438b9a2cf5625e302aec in term 1.
I20260709 14:47:31.937812  1598 leader_election.cc:304] T 58b411c6ac8147e8809bd27915830f3f P 292f5f7474fc438b9a2cf5625e302aec [CANDIDATE]: Term 1 election: Election decided. Result: candidate won. Election summary: received 3 responses out of 3 voters: 2 yes votes; 1 no votes. yes voters: 292f5f7474fc438b9a2cf5625e302aec, 92497525c2ff45f796dc8790e6d8a66b; no voters: 64f6f54725314f0eb835454f1a0d5128
I20260709 14:47:31.938673  1751 ts_tablet_manager.cc:1434] T de1319262bb44314820964dabb4104bc P 64f6f54725314f0eb835454f1a0d5128: Time spent starting tablet: real 0.041s	user 0.005s	sys 0.001s
I20260709 14:47:31.939182  1838 raft_consensus.cc:2804] T 58b411c6ac8147e8809bd27915830f3f P 292f5f7474fc438b9a2cf5625e302aec [term 1 FOLLOWER]: Leader election won for term 1
I20260709 14:47:31.940083  1751 tablet_bootstrap.cc:492] T bd51c64ee0214049aca21e001e5bcb62 P 64f6f54725314f0eb835454f1a0d5128: Bootstrap starting.
I20260709 14:47:31.940622  1838 raft_consensus.cc:697] T 58b411c6ac8147e8809bd27915830f3f P 292f5f7474fc438b9a2cf5625e302aec [term 1 LEADER]: Becoming Leader. State: Replica: 292f5f7474fc438b9a2cf5625e302aec, State: Running, Role: LEADER
I20260709 14:47:31.942082  1631 raft_consensus.cc:1275] T 7c3ec823593f4b26b19d180edb1cc13f P 292f5f7474fc438b9a2cf5625e302aec [term 2 FOLLOWER]: Refusing update from remote peer 92497525c2ff45f796dc8790e6d8a66b: Log matching property violated. Preceding OpId in replica: term: 0 index: 0. Preceding OpId from leader: term: 2 index: 1. (index mismatch)
I20260709 14:47:31.941810  1838 consensus_queue.cc:237] T 58b411c6ac8147e8809bd27915830f3f P 292f5f7474fc438b9a2cf5625e302aec [LEADER]: Queue going to LEADER mode. State: All replicated index: 0, Majority replicated index: 0, Committed index: 0, Last appended: 0.0, Last appended by leader: 0, Current term: 1, Majority size: 2, State: 0, Mode: LEADER, active raft config: opid_index: -1 OBSOLETE_local: false peers { permanent_uuid: "92497525c2ff45f796dc8790e6d8a66b" member_type: VOTER last_known_addr { host: "127.0.107.193" port: 38483 } } peers { permanent_uuid: "292f5f7474fc438b9a2cf5625e302aec" member_type: VOTER last_known_addr { host: "127.0.107.194" port: 43893 } } peers { permanent_uuid: "64f6f54725314f0eb835454f1a0d5128" member_type: VOTER last_known_addr { host: "127.0.107.195" port: 39469 } }
I20260709 14:47:31.973719  1750 ts_tablet_manager.cc:1403] T 628f4303a3044f60b4161530abce32e1 P 292f5f7474fc438b9a2cf5625e302aec: Time spent bootstrapping tablet: real 0.150s	user 0.013s	sys 0.017s
I20260709 14:47:31.973255  1748 tablet_bootstrap.cc:492] T 628f4303a3044f60b4161530abce32e1 P 92497525c2ff45f796dc8790e6d8a66b: No bootstrap required, opened a new log
I20260709 14:47:31.970579  1813 raft_consensus.cc:493] T 2814b11a56544a9b86b4ba4f8d5c5d52 P 64f6f54725314f0eb835454f1a0d5128 [term 1 FOLLOWER]: Starting pre-election (no leader contacted us within the election timeout)
I20260709 14:47:31.975245  1748 ts_tablet_manager.cc:1403] T 628f4303a3044f60b4161530abce32e1 P 92497525c2ff45f796dc8790e6d8a66b: Time spent bootstrapping tablet: real 0.135s	user 0.024s	sys 0.021s
I20260709 14:47:31.971974  1827 consensus_queue.cc:1048] T 2814b11a56544a9b86b4ba4f8d5c5d52 P 292f5f7474fc438b9a2cf5625e302aec [LEADER]: Connected to new peer: Peer: permanent_uuid: "64f6f54725314f0eb835454f1a0d5128" member_type: VOTER last_known_addr { host: "127.0.107.195" port: 39469 }, Status: LMP_MISMATCH, Last received: 0.0, Next index: 1, Last known committed idx: 0, Time since last communication: 0.004s
I20260709 14:47:31.976769  1813 raft_consensus.cc:515] T 2814b11a56544a9b86b4ba4f8d5c5d52 P 64f6f54725314f0eb835454f1a0d5128 [term 1 FOLLOWER]: Starting pre-election with config: opid_index: -1 OBSOLETE_local: false peers { permanent_uuid: "92497525c2ff45f796dc8790e6d8a66b" member_type: VOTER last_known_addr { host: "127.0.107.193" port: 38483 } } peers { permanent_uuid: "292f5f7474fc438b9a2cf5625e302aec" member_type: VOTER last_known_addr { host: "127.0.107.194" port: 43893 } } peers { permanent_uuid: "64f6f54725314f0eb835454f1a0d5128" member_type: VOTER last_known_addr { host: "127.0.107.195" port: 39469 } }
I20260709 14:47:31.979457  1748 raft_consensus.cc:359] T 628f4303a3044f60b4161530abce32e1 P 92497525c2ff45f796dc8790e6d8a66b [term 0 FOLLOWER]: Replica starting. Triggering 0 pending ops. Active config: opid_index: -1 OBSOLETE_local: false peers { permanent_uuid: "92497525c2ff45f796dc8790e6d8a66b" member_type: VOTER last_known_addr { host: "127.0.107.193" port: 38483 } } peers { permanent_uuid: "292f5f7474fc438b9a2cf5625e302aec" member_type: VOTER last_known_addr { host: "127.0.107.194" port: 43893 } } peers { permanent_uuid: "64f6f54725314f0eb835454f1a0d5128" member_type: VOTER last_known_addr { host: "127.0.107.195" port: 39469 } }
I20260709 14:47:31.980115  1748 raft_consensus.cc:385] T 628f4303a3044f60b4161530abce32e1 P 92497525c2ff45f796dc8790e6d8a66b [term 0 FOLLOWER]: Consensus starting up: Expiring failure detector timer to make a prompt election more likely
I20260709 14:47:31.980306  1813 leader_election.cc:290] T 2814b11a56544a9b86b4ba4f8d5c5d52 P 64f6f54725314f0eb835454f1a0d5128 [CANDIDATE]: Term 2 pre-election: Requested pre-vote from peers 92497525c2ff45f796dc8790e6d8a66b (127.0.107.193:38483), 292f5f7474fc438b9a2cf5625e302aec (127.0.107.194:43893)
I20260709 14:47:31.980405  1748 raft_consensus.cc:740] T 628f4303a3044f60b4161530abce32e1 P 92497525c2ff45f796dc8790e6d8a66b [term 0 FOLLOWER]: Becoming Follower/Learner. State: Replica: 92497525c2ff45f796dc8790e6d8a66b, State: Initialized, Role: FOLLOWER
I20260709 14:47:31.981114  1748 consensus_queue.cc:260] T 628f4303a3044f60b4161530abce32e1 P 92497525c2ff45f796dc8790e6d8a66b [NON_LEADER]: Queue going to NON_LEADER mode. State: All replicated index: 0, Majority replicated index: 0, Committed index: 0, Last appended: 0.0, Last appended by leader: 0, Current term: 0, Majority size: -1, State: 0, Mode: NON_LEADER, active raft config: opid_index: -1 OBSOLETE_local: false peers { permanent_uuid: "92497525c2ff45f796dc8790e6d8a66b" member_type: VOTER last_known_addr { host: "127.0.107.193" port: 38483 } } peers { permanent_uuid: "292f5f7474fc438b9a2cf5625e302aec" member_type: VOTER last_known_addr { host: "127.0.107.194" port: 43893 } } peers { permanent_uuid: "64f6f54725314f0eb835454f1a0d5128" member_type: VOTER last_known_addr { host: "127.0.107.195" port: 39469 } }
I20260709 14:47:31.983194  1748 ts_tablet_manager.cc:1434] T 628f4303a3044f60b4161530abce32e1 P 92497525c2ff45f796dc8790e6d8a66b: Time spent starting tablet: real 0.007s	user 0.005s	sys 0.001s
I20260709 14:47:31.984330  1748 tablet_bootstrap.cc:492] T b21a1a1f43ee4d2aa52ab5eee2c6aba5 P 92497525c2ff45f796dc8790e6d8a66b: Bootstrap starting.
I20260709 14:47:31.984933  1455 catalog_manager.cc:5697] T 036f9e3ce9d14e70bdcc8ab66ee6214a P 64f6f54725314f0eb835454f1a0d5128 reported cstate change: term changed from 0 to 1, leader changed from <none> to 64f6f54725314f0eb835454f1a0d5128 (127.0.107.195). New cstate: current_term: 1 leader_uuid: "64f6f54725314f0eb835454f1a0d5128" committed_config { opid_index: -1 OBSOLETE_local: false peers { permanent_uuid: "92497525c2ff45f796dc8790e6d8a66b" member_type: VOTER last_known_addr { host: "127.0.107.193" port: 38483 } health_report { overall_health: UNKNOWN } } peers { permanent_uuid: "292f5f7474fc438b9a2cf5625e302aec" member_type: VOTER last_known_addr { host: "127.0.107.194" port: 43893 } health_report { overall_health: UNKNOWN } } peers { permanent_uuid: "64f6f54725314f0eb835454f1a0d5128" member_type: VOTER last_known_addr { host: "127.0.107.195" port: 39469 } health_report { overall_health: HEALTHY } } }
I20260709 14:47:31.985961  1556 raft_consensus.cc:2468] T 036f9e3ce9d14e70bdcc8ab66ee6214a P 92497525c2ff45f796dc8790e6d8a66b [term 1 FOLLOWER]: Leader election vote request: Granting yes vote for candidate 64f6f54725314f0eb835454f1a0d5128 in term 1.
I20260709 14:47:31.990006  1631 tablet_service.cc:1917] Received RequestConsensusVote() RPC: tablet_id: "2814b11a56544a9b86b4ba4f8d5c5d52" candidate_uuid: "64f6f54725314f0eb835454f1a0d5128" candidate_term: 2 candidate_status { last_received { term: 0 index: 0 } } ignore_live_leader: false dest_uuid: "292f5f7474fc438b9a2cf5625e302aec" is_pre_election: true
I20260709 14:47:32.000679  1751 tablet_bootstrap.cc:654] T bd51c64ee0214049aca21e001e5bcb62 P 64f6f54725314f0eb835454f1a0d5128: Neither blocks nor log segments found. Creating new log.
I20260709 14:47:31.944145  1832 consensus_queue.cc:1048] T 7c3ec823593f4b26b19d180edb1cc13f P 92497525c2ff45f796dc8790e6d8a66b [LEADER]: Connected to new peer: Peer: permanent_uuid: "292f5f7474fc438b9a2cf5625e302aec" member_type: VOTER last_known_addr { host: "127.0.107.194" port: 43893 }, Status: LMP_MISMATCH, Last received: 0.0, Next index: 1, Last known committed idx: 0, Time since last communication: 0.039s
I20260709 14:47:32.001556  1750 raft_consensus.cc:359] T 628f4303a3044f60b4161530abce32e1 P 292f5f7474fc438b9a2cf5625e302aec [term 0 FOLLOWER]: Replica starting. Triggering 0 pending ops. Active config: opid_index: -1 OBSOLETE_local: false peers { permanent_uuid: "92497525c2ff45f796dc8790e6d8a66b" member_type: VOTER last_known_addr { host: "127.0.107.193" port: 38483 } } peers { permanent_uuid: "292f5f7474fc438b9a2cf5625e302aec" member_type: VOTER last_known_addr { host: "127.0.107.194" port: 43893 } } peers { permanent_uuid: "64f6f54725314f0eb835454f1a0d5128" member_type: VOTER last_known_addr { host: "127.0.107.195" port: 39469 } }
I20260709 14:47:32.002266  1750 raft_consensus.cc:385] T 628f4303a3044f60b4161530abce32e1 P 292f5f7474fc438b9a2cf5625e302aec [term 0 FOLLOWER]: Consensus starting up: Expiring failure detector timer to make a prompt election more likely
I20260709 14:47:32.002525  1750 raft_consensus.cc:740] T 628f4303a3044f60b4161530abce32e1 P 292f5f7474fc438b9a2cf5625e302aec [term 0 FOLLOWER]: Becoming Follower/Learner. State: Replica: 292f5f7474fc438b9a2cf5625e302aec, State: Initialized, Role: FOLLOWER
I20260709 14:47:32.004657  1750 consensus_queue.cc:260] T 628f4303a3044f60b4161530abce32e1 P 292f5f7474fc438b9a2cf5625e302aec [NON_LEADER]: Queue going to NON_LEADER mode. State: All replicated index: 0, Majority replicated index: 0, Committed index: 0, Last appended: 0.0, Last appended by leader: 0, Current term: 0, Majority size: -1, State: 0, Mode: NON_LEADER, active raft config: opid_index: -1 OBSOLETE_local: false peers { permanent_uuid: "92497525c2ff45f796dc8790e6d8a66b" member_type: VOTER last_known_addr { host: "127.0.107.193" port: 38483 } } peers { permanent_uuid: "292f5f7474fc438b9a2cf5625e302aec" member_type: VOTER last_known_addr { host: "127.0.107.194" port: 43893 } } peers { permanent_uuid: "64f6f54725314f0eb835454f1a0d5128" member_type: VOTER last_known_addr { host: "127.0.107.195" port: 39469 } }
I20260709 14:47:32.008121  1750 ts_tablet_manager.cc:1434] T 628f4303a3044f60b4161530abce32e1 P 292f5f7474fc438b9a2cf5625e302aec: Time spent starting tablet: real 0.034s	user 0.008s	sys 0.000s
I20260709 14:47:32.008656  1556 tablet_service.cc:1917] Received RequestConsensusVote() RPC: tablet_id: "2814b11a56544a9b86b4ba4f8d5c5d52" candidate_uuid: "64f6f54725314f0eb835454f1a0d5128" candidate_term: 2 candidate_status { last_received { term: 0 index: 0 } } ignore_live_leader: false dest_uuid: "92497525c2ff45f796dc8790e6d8a66b" is_pre_election: true
I20260709 14:47:32.009349  1750 tablet_bootstrap.cc:492] T 9aaa29a02b4d4656a05c5ebc3891fb85 P 292f5f7474fc438b9a2cf5625e302aec: Bootstrap starting.
I20260709 14:47:32.012030  1672 leader_election.cc:304] T 2814b11a56544a9b86b4ba4f8d5c5d52 P 64f6f54725314f0eb835454f1a0d5128 [CANDIDATE]: Term 2 pre-election: Election decided. Result: candidate lost. Election summary: received 3 responses out of 3 voters: 1 yes votes; 2 no votes. yes voters: 64f6f54725314f0eb835454f1a0d5128; no voters: 292f5f7474fc438b9a2cf5625e302aec, 92497525c2ff45f796dc8790e6d8a66b
I20260709 14:47:32.017124  1832 raft_consensus.cc:493] T 628f4303a3044f60b4161530abce32e1 P 92497525c2ff45f796dc8790e6d8a66b [term 0 FOLLOWER]: Starting pre-election (no leader contacted us within the election timeout)
I20260709 14:47:32.018579  1832 raft_consensus.cc:515] T 628f4303a3044f60b4161530abce32e1 P 92497525c2ff45f796dc8790e6d8a66b [term 0 FOLLOWER]: Starting pre-election with config: opid_index: -1 OBSOLETE_local: false peers { permanent_uuid: "92497525c2ff45f796dc8790e6d8a66b" member_type: VOTER last_known_addr { host: "127.0.107.193" port: 38483 } } peers { permanent_uuid: "292f5f7474fc438b9a2cf5625e302aec" member_type: VOTER last_known_addr { host: "127.0.107.194" port: 43893 } } peers { permanent_uuid: "64f6f54725314f0eb835454f1a0d5128" member_type: VOTER last_known_addr { host: "127.0.107.195" port: 39469 } }
I20260709 14:47:32.022555  1832 leader_election.cc:290] T 628f4303a3044f60b4161530abce32e1 P 92497525c2ff45f796dc8790e6d8a66b [CANDIDATE]: Term 1 pre-election: Requested pre-vote from peers 292f5f7474fc438b9a2cf5625e302aec (127.0.107.194:43893), 64f6f54725314f0eb835454f1a0d5128 (127.0.107.195:39469)
I20260709 14:47:32.024760  1634 tablet_service.cc:1917] Received RequestConsensusVote() RPC: tablet_id: "628f4303a3044f60b4161530abce32e1" candidate_uuid: "92497525c2ff45f796dc8790e6d8a66b" candidate_term: 1 candidate_status { last_received { term: 0 index: 0 } } ignore_live_leader: false dest_uuid: "292f5f7474fc438b9a2cf5625e302aec" is_pre_election: true
I20260709 14:47:32.025286  1707 tablet_service.cc:1917] Received RequestConsensusVote() RPC: tablet_id: "628f4303a3044f60b4161530abce32e1" candidate_uuid: "92497525c2ff45f796dc8790e6d8a66b" candidate_term: 1 candidate_status { last_received { term: 0 index: 0 } } ignore_live_leader: false dest_uuid: "64f6f54725314f0eb835454f1a0d5128" is_pre_election: true
I20260709 14:47:32.025554  1634 raft_consensus.cc:2468] T 628f4303a3044f60b4161530abce32e1 P 292f5f7474fc438b9a2cf5625e302aec [term 0 FOLLOWER]: Leader pre-election vote request: Granting yes vote for candidate 92497525c2ff45f796dc8790e6d8a66b in term 0.
W20260709 14:47:32.026651  1525 leader_election.cc:343] T 628f4303a3044f60b4161530abce32e1 P 92497525c2ff45f796dc8790e6d8a66b [CANDIDATE]: Term 1 pre-election: Tablet error from VoteRequest() call to peer 64f6f54725314f0eb835454f1a0d5128 (127.0.107.195:39469): Illegal state: must be running to vote when last-logged opid is not known
I20260709 14:47:32.031554  1525 leader_election.cc:304] T 628f4303a3044f60b4161530abce32e1 P 92497525c2ff45f796dc8790e6d8a66b [CANDIDATE]: Term 1 pre-election: Election decided. Result: candidate won. Election summary: received 3 responses out of 3 voters: 2 yes votes; 1 no votes. yes voters: 292f5f7474fc438b9a2cf5625e302aec, 92497525c2ff45f796dc8790e6d8a66b; no voters: 64f6f54725314f0eb835454f1a0d5128
I20260709 14:47:32.032712  1832 raft_consensus.cc:2804] T 628f4303a3044f60b4161530abce32e1 P 92497525c2ff45f796dc8790e6d8a66b [term 0 FOLLOWER]: Leader pre-election won for term 1
I20260709 14:47:32.033116  1832 raft_consensus.cc:493] T 628f4303a3044f60b4161530abce32e1 P 92497525c2ff45f796dc8790e6d8a66b [term 0 FOLLOWER]: Starting leader election (no leader contacted us within the election timeout)
I20260709 14:47:32.033470  1832 raft_consensus.cc:3060] T 628f4303a3044f60b4161530abce32e1 P 92497525c2ff45f796dc8790e6d8a66b [term 0 FOLLOWER]: Advancing to term 1
I20260709 14:47:32.037104  1456 catalog_manager.cc:5697] T 58b411c6ac8147e8809bd27915830f3f P 292f5f7474fc438b9a2cf5625e302aec reported cstate change: term changed from 0 to 1, leader changed from <none> to 292f5f7474fc438b9a2cf5625e302aec (127.0.107.194). New cstate: current_term: 1 leader_uuid: "292f5f7474fc438b9a2cf5625e302aec" committed_config { opid_index: -1 OBSOLETE_local: false peers { permanent_uuid: "92497525c2ff45f796dc8790e6d8a66b" member_type: VOTER last_known_addr { host: "127.0.107.193" port: 38483 } health_report { overall_health: UNKNOWN } } peers { permanent_uuid: "292f5f7474fc438b9a2cf5625e302aec" member_type: VOTER last_known_addr { host: "127.0.107.194" port: 43893 } health_report { overall_health: HEALTHY } } peers { permanent_uuid: "64f6f54725314f0eb835454f1a0d5128" member_type: VOTER last_known_addr { host: "127.0.107.195" port: 39469 } health_report { overall_health: UNKNOWN } } }
I20260709 14:47:32.044642  1748 tablet_bootstrap.cc:654] T b21a1a1f43ee4d2aa52ab5eee2c6aba5 P 92497525c2ff45f796dc8790e6d8a66b: Neither blocks nor log segments found. Creating new log.
I20260709 14:47:32.048637  1813 raft_consensus.cc:2749] T 2814b11a56544a9b86b4ba4f8d5c5d52 P 64f6f54725314f0eb835454f1a0d5128 [term 1 FOLLOWER]: Leader pre-election lost for term 2. Reason: could not achieve majority
I20260709 14:47:32.053903  1818 raft_consensus.cc:493] T bd0f2d3325124b31b60909ba2b9f7bb0 P 64f6f54725314f0eb835454f1a0d5128 [term 0 FOLLOWER]: Starting pre-election (no leader contacted us within the election timeout)
I20260709 14:47:32.054440  1818 raft_consensus.cc:515] T bd0f2d3325124b31b60909ba2b9f7bb0 P 64f6f54725314f0eb835454f1a0d5128 [term 0 FOLLOWER]: Starting pre-election with config: opid_index: -1 OBSOLETE_local: false peers { permanent_uuid: "92497525c2ff45f796dc8790e6d8a66b" member_type: VOTER last_known_addr { host: "127.0.107.193" port: 38483 } } peers { permanent_uuid: "292f5f7474fc438b9a2cf5625e302aec" member_type: VOTER last_known_addr { host: "127.0.107.194" port: 43893 } } peers { permanent_uuid: "64f6f54725314f0eb835454f1a0d5128" member_type: VOTER last_known_addr { host: "127.0.107.195" port: 39469 } }
I20260709 14:47:32.066540  1818 leader_election.cc:290] T bd0f2d3325124b31b60909ba2b9f7bb0 P 64f6f54725314f0eb835454f1a0d5128 [CANDIDATE]: Term 1 pre-election: Requested pre-vote from peers 92497525c2ff45f796dc8790e6d8a66b (127.0.107.193:38483), 292f5f7474fc438b9a2cf5625e302aec (127.0.107.194:43893)
I20260709 14:47:32.067667  1634 tablet_service.cc:1917] Received RequestConsensusVote() RPC: tablet_id: "bd0f2d3325124b31b60909ba2b9f7bb0" candidate_uuid: "64f6f54725314f0eb835454f1a0d5128" candidate_term: 1 candidate_status { last_received { term: 0 index: 0 } } ignore_live_leader: false dest_uuid: "292f5f7474fc438b9a2cf5625e302aec" is_pre_election: true
I20260709 14:47:32.071237  1559 tablet_service.cc:1917] Received RequestConsensusVote() RPC: tablet_id: "bd0f2d3325124b31b60909ba2b9f7bb0" candidate_uuid: "64f6f54725314f0eb835454f1a0d5128" candidate_term: 1 candidate_status { last_received { term: 0 index: 0 } } ignore_live_leader: false dest_uuid: "92497525c2ff45f796dc8790e6d8a66b" is_pre_election: true
I20260709 14:47:32.073436  1672 leader_election.cc:304] T bd0f2d3325124b31b60909ba2b9f7bb0 P 64f6f54725314f0eb835454f1a0d5128 [CANDIDATE]: Term 1 pre-election: Election decided. Result: candidate lost. Election summary: received 3 responses out of 3 voters: 1 yes votes; 2 no votes. yes voters: 64f6f54725314f0eb835454f1a0d5128; no voters: 292f5f7474fc438b9a2cf5625e302aec, 92497525c2ff45f796dc8790e6d8a66b
I20260709 14:47:32.081202  1818 raft_consensus.cc:2749] T bd0f2d3325124b31b60909ba2b9f7bb0 P 64f6f54725314f0eb835454f1a0d5128 [term 0 FOLLOWER]: Leader pre-election lost for term 1. Reason: could not achieve majority
I20260709 14:47:32.085906  1750 tablet_bootstrap.cc:654] T 9aaa29a02b4d4656a05c5ebc3891fb85 P 292f5f7474fc438b9a2cf5625e302aec: Neither blocks nor log segments found. Creating new log.
I20260709 14:47:32.096294  1748 tablet_bootstrap.cc:492] T b21a1a1f43ee4d2aa52ab5eee2c6aba5 P 92497525c2ff45f796dc8790e6d8a66b: No bootstrap required, opened a new log
I20260709 14:47:32.096966  1748 ts_tablet_manager.cc:1403] T b21a1a1f43ee4d2aa52ab5eee2c6aba5 P 92497525c2ff45f796dc8790e6d8a66b: Time spent bootstrapping tablet: real 0.113s	user 0.012s	sys 0.000s
I20260709 14:47:32.097117  1832 raft_consensus.cc:515] T 628f4303a3044f60b4161530abce32e1 P 92497525c2ff45f796dc8790e6d8a66b [term 1 FOLLOWER]: Starting leader election with config: opid_index: -1 OBSOLETE_local: false peers { permanent_uuid: "92497525c2ff45f796dc8790e6d8a66b" member_type: VOTER last_known_addr { host: "127.0.107.193" port: 38483 } } peers { permanent_uuid: "292f5f7474fc438b9a2cf5625e302aec" member_type: VOTER last_known_addr { host: "127.0.107.194" port: 43893 } } peers { permanent_uuid: "64f6f54725314f0eb835454f1a0d5128" member_type: VOTER last_known_addr { host: "127.0.107.195" port: 39469 } }
I20260709 14:47:32.100267  1631 tablet_service.cc:1917] Received RequestConsensusVote() RPC: tablet_id: "628f4303a3044f60b4161530abce32e1" candidate_uuid: "92497525c2ff45f796dc8790e6d8a66b" candidate_term: 1 candidate_status { last_received { term: 0 index: 0 } } ignore_live_leader: false dest_uuid: "292f5f7474fc438b9a2cf5625e302aec"
I20260709 14:47:32.100891  1631 raft_consensus.cc:3060] T 628f4303a3044f60b4161530abce32e1 P 292f5f7474fc438b9a2cf5625e302aec [term 0 FOLLOWER]: Advancing to term 1
I20260709 14:47:32.100823  1748 raft_consensus.cc:359] T b21a1a1f43ee4d2aa52ab5eee2c6aba5 P 92497525c2ff45f796dc8790e6d8a66b [term 0 FOLLOWER]: Replica starting. Triggering 0 pending ops. Active config: opid_index: -1 OBSOLETE_local: false peers { permanent_uuid: "92497525c2ff45f796dc8790e6d8a66b" member_type: VOTER last_known_addr { host: "127.0.107.193" port: 38483 } } peers { permanent_uuid: "292f5f7474fc438b9a2cf5625e302aec" member_type: VOTER last_known_addr { host: "127.0.107.194" port: 43893 } } peers { permanent_uuid: "64f6f54725314f0eb835454f1a0d5128" member_type: VOTER last_known_addr { host: "127.0.107.195" port: 39469 } }
I20260709 14:47:32.101922  1748 raft_consensus.cc:385] T b21a1a1f43ee4d2aa52ab5eee2c6aba5 P 92497525c2ff45f796dc8790e6d8a66b [term 0 FOLLOWER]: Consensus starting up: Expiring failure detector timer to make a prompt election more likely
I20260709 14:47:32.102316  1748 raft_consensus.cc:740] T b21a1a1f43ee4d2aa52ab5eee2c6aba5 P 92497525c2ff45f796dc8790e6d8a66b [term 0 FOLLOWER]: Becoming Follower/Learner. State: Replica: 92497525c2ff45f796dc8790e6d8a66b, State: Initialized, Role: FOLLOWER
I20260709 14:47:32.105244  1751 tablet_bootstrap.cc:492] T bd51c64ee0214049aca21e001e5bcb62 P 64f6f54725314f0eb835454f1a0d5128: No bootstrap required, opened a new log
I20260709 14:47:32.105895  1751 ts_tablet_manager.cc:1403] T bd51c64ee0214049aca21e001e5bcb62 P 64f6f54725314f0eb835454f1a0d5128: Time spent bootstrapping tablet: real 0.166s	user 0.028s	sys 0.029s
I20260709 14:47:32.108789  1751 raft_consensus.cc:359] T bd51c64ee0214049aca21e001e5bcb62 P 64f6f54725314f0eb835454f1a0d5128 [term 0 FOLLOWER]: Replica starting. Triggering 0 pending ops. Active config: opid_index: -1 OBSOLETE_local: false peers { permanent_uuid: "92497525c2ff45f796dc8790e6d8a66b" member_type: VOTER last_known_addr { host: "127.0.107.193" port: 38483 } } peers { permanent_uuid: "292f5f7474fc438b9a2cf5625e302aec" member_type: VOTER last_known_addr { host: "127.0.107.194" port: 43893 } } peers { permanent_uuid: "64f6f54725314f0eb835454f1a0d5128" member_type: VOTER last_known_addr { host: "127.0.107.195" port: 39469 } }
I20260709 14:47:32.109524  1751 raft_consensus.cc:385] T bd51c64ee0214049aca21e001e5bcb62 P 64f6f54725314f0eb835454f1a0d5128 [term 0 FOLLOWER]: Consensus starting up: Expiring failure detector timer to make a prompt election more likely
I20260709 14:47:32.109819  1751 raft_consensus.cc:740] T bd51c64ee0214049aca21e001e5bcb62 P 64f6f54725314f0eb835454f1a0d5128 [term 0 FOLLOWER]: Becoming Follower/Learner. State: Replica: 64f6f54725314f0eb835454f1a0d5128, State: Initialized, Role: FOLLOWER
I20260709 14:47:32.109943  1750 tablet_bootstrap.cc:492] T 9aaa29a02b4d4656a05c5ebc3891fb85 P 292f5f7474fc438b9a2cf5625e302aec: No bootstrap required, opened a new log
I20260709 14:47:32.110406  1750 ts_tablet_manager.cc:1403] T 9aaa29a02b4d4656a05c5ebc3891fb85 P 292f5f7474fc438b9a2cf5625e302aec: Time spent bootstrapping tablet: real 0.101s	user 0.018s	sys 0.008s
I20260709 14:47:32.110545  1751 consensus_queue.cc:260] T bd51c64ee0214049aca21e001e5bcb62 P 64f6f54725314f0eb835454f1a0d5128 [NON_LEADER]: Queue going to NON_LEADER mode. State: All replicated index: 0, Majority replicated index: 0, Committed index: 0, Last appended: 0.0, Last appended by leader: 0, Current term: 0, Majority size: -1, State: 0, Mode: NON_LEADER, active raft config: opid_index: -1 OBSOLETE_local: false peers { permanent_uuid: "92497525c2ff45f796dc8790e6d8a66b" member_type: VOTER last_known_addr { host: "127.0.107.193" port: 38483 } } peers { permanent_uuid: "292f5f7474fc438b9a2cf5625e302aec" member_type: VOTER last_known_addr { host: "127.0.107.194" port: 43893 } } peers { permanent_uuid: "64f6f54725314f0eb835454f1a0d5128" member_type: VOTER last_known_addr { host: "127.0.107.195" port: 39469 } }
I20260709 14:47:32.112527  1631 raft_consensus.cc:2468] T 628f4303a3044f60b4161530abce32e1 P 292f5f7474fc438b9a2cf5625e302aec [term 1 FOLLOWER]: Leader election vote request: Granting yes vote for candidate 92497525c2ff45f796dc8790e6d8a66b in term 1.
I20260709 14:47:32.112986  1748 consensus_queue.cc:260] T b21a1a1f43ee4d2aa52ab5eee2c6aba5 P 92497525c2ff45f796dc8790e6d8a66b [NON_LEADER]: Queue going to NON_LEADER mode. State: All replicated index: 0, Majority replicated index: 0, Committed index: 0, Last appended: 0.0, Last appended by leader: 0, Current term: 0, Majority size: -1, State: 0, Mode: NON_LEADER, active raft config: opid_index: -1 OBSOLETE_local: false peers { permanent_uuid: "92497525c2ff45f796dc8790e6d8a66b" member_type: VOTER last_known_addr { host: "127.0.107.193" port: 38483 } } peers { permanent_uuid: "292f5f7474fc438b9a2cf5625e302aec" member_type: VOTER last_known_addr { host: "127.0.107.194" port: 43893 } } peers { permanent_uuid: "64f6f54725314f0eb835454f1a0d5128" member_type: VOTER last_known_addr { host: "127.0.107.195" port: 39469 } }
I20260709 14:47:32.114811  1832 leader_election.cc:290] T 628f4303a3044f60b4161530abce32e1 P 92497525c2ff45f796dc8790e6d8a66b [CANDIDATE]: Term 1 election: Requested vote from peers 292f5f7474fc438b9a2cf5625e302aec (127.0.107.194:43893), 64f6f54725314f0eb835454f1a0d5128 (127.0.107.195:39469)
I20260709 14:47:32.115145  1708 tablet_service.cc:1917] Received RequestConsensusVote() RPC: tablet_id: "628f4303a3044f60b4161530abce32e1" candidate_uuid: "92497525c2ff45f796dc8790e6d8a66b" candidate_term: 1 candidate_status { last_received { term: 0 index: 0 } } ignore_live_leader: false dest_uuid: "64f6f54725314f0eb835454f1a0d5128"
W20260709 14:47:32.116384  1525 leader_election.cc:343] T 628f4303a3044f60b4161530abce32e1 P 92497525c2ff45f796dc8790e6d8a66b [CANDIDATE]: Term 1 election: Tablet error from VoteRequest() call to peer 64f6f54725314f0eb835454f1a0d5128 (127.0.107.195:39469): Illegal state: must be running to vote when last-logged opid is not known
I20260709 14:47:32.117705  1748 ts_tablet_manager.cc:1434] T b21a1a1f43ee4d2aa52ab5eee2c6aba5 P 92497525c2ff45f796dc8790e6d8a66b: Time spent starting tablet: real 0.020s	user 0.008s	sys 0.000s
I20260709 14:47:32.119144  1525 leader_election.cc:304] T 628f4303a3044f60b4161530abce32e1 P 92497525c2ff45f796dc8790e6d8a66b [CANDIDATE]: Term 1 election: Election decided. Result: candidate won. Election summary: received 3 responses out of 3 voters: 2 yes votes; 1 no votes. yes voters: 292f5f7474fc438b9a2cf5625e302aec, 92497525c2ff45f796dc8790e6d8a66b; no voters: 64f6f54725314f0eb835454f1a0d5128
I20260709 14:47:32.120189  1832 raft_consensus.cc:2804] T 628f4303a3044f60b4161530abce32e1 P 92497525c2ff45f796dc8790e6d8a66b [term 1 FOLLOWER]: Leader election won for term 1
I20260709 14:47:32.113885  1750 raft_consensus.cc:359] T 9aaa29a02b4d4656a05c5ebc3891fb85 P 292f5f7474fc438b9a2cf5625e302aec [term 0 FOLLOWER]: Replica starting. Triggering 0 pending ops. Active config: opid_index: -1 OBSOLETE_local: false peers { permanent_uuid: "92497525c2ff45f796dc8790e6d8a66b" member_type: VOTER last_known_addr { host: "127.0.107.193" port: 38483 } } peers { permanent_uuid: "292f5f7474fc438b9a2cf5625e302aec" member_type: VOTER last_known_addr { host: "127.0.107.194" port: 43893 } } peers { permanent_uuid: "64f6f54725314f0eb835454f1a0d5128" member_type: VOTER last_known_addr { host: "127.0.107.195" port: 39469 } }
I20260709 14:47:32.118829  1748 tablet_bootstrap.cc:492] T 9aaa29a02b4d4656a05c5ebc3891fb85 P 92497525c2ff45f796dc8790e6d8a66b: Bootstrap starting.
I20260709 14:47:32.120926  1750 raft_consensus.cc:385] T 9aaa29a02b4d4656a05c5ebc3891fb85 P 292f5f7474fc438b9a2cf5625e302aec [term 0 FOLLOWER]: Consensus starting up: Expiring failure detector timer to make a prompt election more likely
I20260709 14:47:32.120950  1832 raft_consensus.cc:697] T 628f4303a3044f60b4161530abce32e1 P 92497525c2ff45f796dc8790e6d8a66b [term 1 LEADER]: Becoming Leader. State: Replica: 92497525c2ff45f796dc8790e6d8a66b, State: Running, Role: LEADER
I20260709 14:47:32.121364  1750 raft_consensus.cc:740] T 9aaa29a02b4d4656a05c5ebc3891fb85 P 292f5f7474fc438b9a2cf5625e302aec [term 0 FOLLOWER]: Becoming Follower/Learner. State: Replica: 292f5f7474fc438b9a2cf5625e302aec, State: Initialized, Role: FOLLOWER
I20260709 14:47:32.122035  1750 consensus_queue.cc:260] T 9aaa29a02b4d4656a05c5ebc3891fb85 P 292f5f7474fc438b9a2cf5625e302aec [NON_LEADER]: Queue going to NON_LEADER mode. State: All replicated index: 0, Majority replicated index: 0, Committed index: 0, Last appended: 0.0, Last appended by leader: 0, Current term: 0, Majority size: -1, State: 0, Mode: NON_LEADER, active raft config: opid_index: -1 OBSOLETE_local: false peers { permanent_uuid: "92497525c2ff45f796dc8790e6d8a66b" member_type: VOTER last_known_addr { host: "127.0.107.193" port: 38483 } } peers { permanent_uuid: "292f5f7474fc438b9a2cf5625e302aec" member_type: VOTER last_known_addr { host: "127.0.107.194" port: 43893 } } peers { permanent_uuid: "64f6f54725314f0eb835454f1a0d5128" member_type: VOTER last_known_addr { host: "127.0.107.195" port: 39469 } }
I20260709 14:47:32.122058  1832 consensus_queue.cc:237] T 628f4303a3044f60b4161530abce32e1 P 92497525c2ff45f796dc8790e6d8a66b [LEADER]: Queue going to LEADER mode. State: All replicated index: 0, Majority replicated index: 0, Committed index: 0, Last appended: 0.0, Last appended by leader: 0, Current term: 1, Majority size: 2, State: 0, Mode: LEADER, active raft config: opid_index: -1 OBSOLETE_local: false peers { permanent_uuid: "92497525c2ff45f796dc8790e6d8a66b" member_type: VOTER last_known_addr { host: "127.0.107.193" port: 38483 } } peers { permanent_uuid: "292f5f7474fc438b9a2cf5625e302aec" member_type: VOTER last_known_addr { host: "127.0.107.194" port: 43893 } } peers { permanent_uuid: "64f6f54725314f0eb835454f1a0d5128" member_type: VOTER last_known_addr { host: "127.0.107.195" port: 39469 } }
I20260709 14:47:32.124450  1750 ts_tablet_manager.cc:1434] T 9aaa29a02b4d4656a05c5ebc3891fb85 P 292f5f7474fc438b9a2cf5625e302aec: Time spent starting tablet: real 0.014s	user 0.008s	sys 0.000s
I20260709 14:47:32.112726  1751 ts_tablet_manager.cc:1434] T bd51c64ee0214049aca21e001e5bcb62 P 64f6f54725314f0eb835454f1a0d5128: Time spent starting tablet: real 0.006s	user 0.004s	sys 0.000s
I20260709 14:47:32.125909  1751 tablet_bootstrap.cc:492] T 95d4844bcb514f1b8f233b223e237977 P 64f6f54725314f0eb835454f1a0d5128: Bootstrap starting.
I20260709 14:47:32.127867  1750 tablet_bootstrap.cc:492] T 6478d7c3a2d745299a423ee6ac9b27b1 P 292f5f7474fc438b9a2cf5625e302aec: Bootstrap starting.
I20260709 14:47:32.134148  1751 tablet_bootstrap.cc:654] T 95d4844bcb514f1b8f233b223e237977 P 64f6f54725314f0eb835454f1a0d5128: Neither blocks nor log segments found. Creating new log.
I20260709 14:47:32.136416  1750 tablet_bootstrap.cc:654] T 6478d7c3a2d745299a423ee6ac9b27b1 P 292f5f7474fc438b9a2cf5625e302aec: Neither blocks nor log segments found. Creating new log.
I20260709 14:47:32.142089  1748 tablet_bootstrap.cc:654] T 9aaa29a02b4d4656a05c5ebc3891fb85 P 92497525c2ff45f796dc8790e6d8a66b: Neither blocks nor log segments found. Creating new log.
I20260709 14:47:32.152230  1748 tablet_bootstrap.cc:492] T 9aaa29a02b4d4656a05c5ebc3891fb85 P 92497525c2ff45f796dc8790e6d8a66b: No bootstrap required, opened a new log
I20260709 14:47:32.152724  1748 ts_tablet_manager.cc:1403] T 9aaa29a02b4d4656a05c5ebc3891fb85 P 92497525c2ff45f796dc8790e6d8a66b: Time spent bootstrapping tablet: real 0.034s	user 0.013s	sys 0.000s
I20260709 14:47:32.154537  1751 tablet_bootstrap.cc:492] T 95d4844bcb514f1b8f233b223e237977 P 64f6f54725314f0eb835454f1a0d5128: No bootstrap required, opened a new log
I20260709 14:47:32.155885  1751 ts_tablet_manager.cc:1403] T 95d4844bcb514f1b8f233b223e237977 P 64f6f54725314f0eb835454f1a0d5128: Time spent bootstrapping tablet: real 0.030s	user 0.007s	sys 0.006s
I20260709 14:47:32.161752  1751 raft_consensus.cc:359] T 95d4844bcb514f1b8f233b223e237977 P 64f6f54725314f0eb835454f1a0d5128 [term 0 FOLLOWER]: Replica starting. Triggering 0 pending ops. Active config: opid_index: -1 OBSOLETE_local: false peers { permanent_uuid: "92497525c2ff45f796dc8790e6d8a66b" member_type: VOTER last_known_addr { host: "127.0.107.193" port: 38483 } } peers { permanent_uuid: "292f5f7474fc438b9a2cf5625e302aec" member_type: VOTER last_known_addr { host: "127.0.107.194" port: 43893 } } peers { permanent_uuid: "64f6f54725314f0eb835454f1a0d5128" member_type: VOTER last_known_addr { host: "127.0.107.195" port: 39469 } }
I20260709 14:47:32.162786  1751 raft_consensus.cc:385] T 95d4844bcb514f1b8f233b223e237977 P 64f6f54725314f0eb835454f1a0d5128 [term 0 FOLLOWER]: Consensus starting up: Expiring failure detector timer to make a prompt election more likely
I20260709 14:47:32.163159  1751 raft_consensus.cc:740] T 95d4844bcb514f1b8f233b223e237977 P 64f6f54725314f0eb835454f1a0d5128 [term 0 FOLLOWER]: Becoming Follower/Learner. State: Replica: 64f6f54725314f0eb835454f1a0d5128, State: Initialized, Role: FOLLOWER
I20260709 14:47:32.168141  1455 catalog_manager.cc:5697] T 628f4303a3044f60b4161530abce32e1 P 92497525c2ff45f796dc8790e6d8a66b reported cstate change: term changed from 0 to 1, leader changed from <none> to 92497525c2ff45f796dc8790e6d8a66b (127.0.107.193). New cstate: current_term: 1 leader_uuid: "92497525c2ff45f796dc8790e6d8a66b" committed_config { opid_index: -1 OBSOLETE_local: false peers { permanent_uuid: "92497525c2ff45f796dc8790e6d8a66b" member_type: VOTER last_known_addr { host: "127.0.107.193" port: 38483 } health_report { overall_health: HEALTHY } } peers { permanent_uuid: "292f5f7474fc438b9a2cf5625e302aec" member_type: VOTER last_known_addr { host: "127.0.107.194" port: 43893 } health_report { overall_health: UNKNOWN } } peers { permanent_uuid: "64f6f54725314f0eb835454f1a0d5128" member_type: VOTER last_known_addr { host: "127.0.107.195" port: 39469 } health_report { overall_health: UNKNOWN } } }
I20260709 14:47:32.169664  1748 raft_consensus.cc:359] T 9aaa29a02b4d4656a05c5ebc3891fb85 P 92497525c2ff45f796dc8790e6d8a66b [term 0 FOLLOWER]: Replica starting. Triggering 0 pending ops. Active config: opid_index: -1 OBSOLETE_local: false peers { permanent_uuid: "92497525c2ff45f796dc8790e6d8a66b" member_type: VOTER last_known_addr { host: "127.0.107.193" port: 38483 } } peers { permanent_uuid: "292f5f7474fc438b9a2cf5625e302aec" member_type: VOTER last_known_addr { host: "127.0.107.194" port: 43893 } } peers { permanent_uuid: "64f6f54725314f0eb835454f1a0d5128" member_type: VOTER last_known_addr { host: "127.0.107.195" port: 39469 } }
I20260709 14:47:32.170656  1748 raft_consensus.cc:385] T 9aaa29a02b4d4656a05c5ebc3891fb85 P 92497525c2ff45f796dc8790e6d8a66b [term 0 FOLLOWER]: Consensus starting up: Expiring failure detector timer to make a prompt election more likely
I20260709 14:47:32.171000  1748 raft_consensus.cc:740] T 9aaa29a02b4d4656a05c5ebc3891fb85 P 92497525c2ff45f796dc8790e6d8a66b [term 0 FOLLOWER]: Becoming Follower/Learner. State: Replica: 92497525c2ff45f796dc8790e6d8a66b, State: Initialized, Role: FOLLOWER
I20260709 14:47:32.171686  1748 consensus_queue.cc:260] T 9aaa29a02b4d4656a05c5ebc3891fb85 P 92497525c2ff45f796dc8790e6d8a66b [NON_LEADER]: Queue going to NON_LEADER mode. State: All replicated index: 0, Majority replicated index: 0, Committed index: 0, Last appended: 0.0, Last appended by leader: 0, Current term: 0, Majority size: -1, State: 0, Mode: NON_LEADER, active raft config: opid_index: -1 OBSOLETE_local: false peers { permanent_uuid: "92497525c2ff45f796dc8790e6d8a66b" member_type: VOTER last_known_addr { host: "127.0.107.193" port: 38483 } } peers { permanent_uuid: "292f5f7474fc438b9a2cf5625e302aec" member_type: VOTER last_known_addr { host: "127.0.107.194" port: 43893 } } peers { permanent_uuid: "64f6f54725314f0eb835454f1a0d5128" member_type: VOTER last_known_addr { host: "127.0.107.195" port: 39469 } }
I20260709 14:47:32.164067  1751 consensus_queue.cc:260] T 95d4844bcb514f1b8f233b223e237977 P 64f6f54725314f0eb835454f1a0d5128 [NON_LEADER]: Queue going to NON_LEADER mode. State: All replicated index: 0, Majority replicated index: 0, Committed index: 0, Last appended: 0.0, Last appended by leader: 0, Current term: 0, Majority size: -1, State: 0, Mode: NON_LEADER, active raft config: opid_index: -1 OBSOLETE_local: false peers { permanent_uuid: "92497525c2ff45f796dc8790e6d8a66b" member_type: VOTER last_known_addr { host: "127.0.107.193" port: 38483 } } peers { permanent_uuid: "292f5f7474fc438b9a2cf5625e302aec" member_type: VOTER last_known_addr { host: "127.0.107.194" port: 43893 } } peers { permanent_uuid: "64f6f54725314f0eb835454f1a0d5128" member_type: VOTER last_known_addr { host: "127.0.107.195" port: 39469 } }
I20260709 14:47:32.178776  1751 ts_tablet_manager.cc:1434] T 95d4844bcb514f1b8f233b223e237977 P 64f6f54725314f0eb835454f1a0d5128: Time spent starting tablet: real 0.023s	user 0.002s	sys 0.006s
I20260709 14:47:32.179190  1750 tablet_bootstrap.cc:492] T 6478d7c3a2d745299a423ee6ac9b27b1 P 292f5f7474fc438b9a2cf5625e302aec: No bootstrap required, opened a new log
I20260709 14:47:32.180089  1750 ts_tablet_manager.cc:1403] T 6478d7c3a2d745299a423ee6ac9b27b1 P 292f5f7474fc438b9a2cf5625e302aec: Time spent bootstrapping tablet: real 0.053s	user 0.019s	sys 0.016s
I20260709 14:47:32.180218  1751 tablet_bootstrap.cc:492] T 5498d98db0264066be7d7ed86f99e754 P 64f6f54725314f0eb835454f1a0d5128: Bootstrap starting.
I20260709 14:47:32.181780  1748 ts_tablet_manager.cc:1434] T 9aaa29a02b4d4656a05c5ebc3891fb85 P 92497525c2ff45f796dc8790e6d8a66b: Time spent starting tablet: real 0.015s	user 0.007s	sys 0.000s
I20260709 14:47:32.182915  1748 tablet_bootstrap.cc:492] T 8101a6b5bbb84043b1016323c406cba9 P 92497525c2ff45f796dc8790e6d8a66b: Bootstrap starting.
I20260709 14:47:32.183501  1750 raft_consensus.cc:359] T 6478d7c3a2d745299a423ee6ac9b27b1 P 292f5f7474fc438b9a2cf5625e302aec [term 0 FOLLOWER]: Replica starting. Triggering 0 pending ops. Active config: opid_index: -1 OBSOLETE_local: false peers { permanent_uuid: "92497525c2ff45f796dc8790e6d8a66b" member_type: VOTER last_known_addr { host: "127.0.107.193" port: 38483 } } peers { permanent_uuid: "292f5f7474fc438b9a2cf5625e302aec" member_type: VOTER last_known_addr { host: "127.0.107.194" port: 43893 } } peers { permanent_uuid: "64f6f54725314f0eb835454f1a0d5128" member_type: VOTER last_known_addr { host: "127.0.107.195" port: 39469 } }
I20260709 14:47:32.184262  1750 raft_consensus.cc:385] T 6478d7c3a2d745299a423ee6ac9b27b1 P 292f5f7474fc438b9a2cf5625e302aec [term 0 FOLLOWER]: Consensus starting up: Expiring failure detector timer to make a prompt election more likely
I20260709 14:47:32.184594  1750 raft_consensus.cc:740] T 6478d7c3a2d745299a423ee6ac9b27b1 P 292f5f7474fc438b9a2cf5625e302aec [term 0 FOLLOWER]: Becoming Follower/Learner. State: Replica: 292f5f7474fc438b9a2cf5625e302aec, State: Initialized, Role: FOLLOWER
I20260709 14:47:32.185578  1750 consensus_queue.cc:260] T 6478d7c3a2d745299a423ee6ac9b27b1 P 292f5f7474fc438b9a2cf5625e302aec [NON_LEADER]: Queue going to NON_LEADER mode. State: All replicated index: 0, Majority replicated index: 0, Committed index: 0, Last appended: 0.0, Last appended by leader: 0, Current term: 0, Majority size: -1, State: 0, Mode: NON_LEADER, active raft config: opid_index: -1 OBSOLETE_local: false peers { permanent_uuid: "92497525c2ff45f796dc8790e6d8a66b" member_type: VOTER last_known_addr { host: "127.0.107.193" port: 38483 } } peers { permanent_uuid: "292f5f7474fc438b9a2cf5625e302aec" member_type: VOTER last_known_addr { host: "127.0.107.194" port: 43893 } } peers { permanent_uuid: "64f6f54725314f0eb835454f1a0d5128" member_type: VOTER last_known_addr { host: "127.0.107.195" port: 39469 } }
I20260709 14:47:32.188433  1750 ts_tablet_manager.cc:1434] T 6478d7c3a2d745299a423ee6ac9b27b1 P 292f5f7474fc438b9a2cf5625e302aec: Time spent starting tablet: real 0.008s	user 0.007s	sys 0.000s
I20260709 14:47:32.193435  1750 tablet_bootstrap.cc:492] T 37f5409b26e5415abb44569d3ee88179 P 292f5f7474fc438b9a2cf5625e302aec: Bootstrap starting.
I20260709 14:47:32.196684  1748 tablet_bootstrap.cc:654] T 8101a6b5bbb84043b1016323c406cba9 P 92497525c2ff45f796dc8790e6d8a66b: Neither blocks nor log segments found. Creating new log.
I20260709 14:47:32.196522  1832 raft_consensus.cc:493] T 9aaa29a02b4d4656a05c5ebc3891fb85 P 92497525c2ff45f796dc8790e6d8a66b [term 0 FOLLOWER]: Starting pre-election (no leader contacted us within the election timeout)
I20260709 14:47:32.197355  1832 raft_consensus.cc:515] T 9aaa29a02b4d4656a05c5ebc3891fb85 P 92497525c2ff45f796dc8790e6d8a66b [term 0 FOLLOWER]: Starting pre-election with config: opid_index: -1 OBSOLETE_local: false peers { permanent_uuid: "92497525c2ff45f796dc8790e6d8a66b" member_type: VOTER last_known_addr { host: "127.0.107.193" port: 38483 } } peers { permanent_uuid: "292f5f7474fc438b9a2cf5625e302aec" member_type: VOTER last_known_addr { host: "127.0.107.194" port: 43893 } } peers { permanent_uuid: "64f6f54725314f0eb835454f1a0d5128" member_type: VOTER last_known_addr { host: "127.0.107.195" port: 39469 } }
