I20260709 14:47:08.495586  1953 raft_consensus.cc:515] T 54ee989330324ef897bd43b7876f75d6 P 2bcdcfa6a5f9462a80c4161b0eaf168e [term 0 FOLLOWER]: Starting pre-election with config: opid_index: -1 OBSOLETE_local: false peers { permanent_uuid: "996dc1a0171d45e3929422b8bc1a8d5f" member_type: VOTER last_known_addr { host: "127.0.107.193" port: 45707 } } peers { permanent_uuid: "d1507a1ac0504ca2921ec3d2f6125d8a" member_type: VOTER last_known_addr { host: "127.0.107.194" port: 39913 } } peers { permanent_uuid: "2bcdcfa6a5f9462a80c4161b0eaf168e" member_type: VOTER last_known_addr { host: "127.0.107.195" port: 41803 } }
I20260709 14:47:08.498090  1953 leader_election.cc:290] T 54ee989330324ef897bd43b7876f75d6 P 2bcdcfa6a5f9462a80c4161b0eaf168e [CANDIDATE]: Term 1 pre-election: Requested pre-vote from peers 996dc1a0171d45e3929422b8bc1a8d5f (127.0.107.193:45707), d1507a1ac0504ca2921ec3d2f6125d8a (127.0.107.194:39913)
I20260709 14:47:08.499626  1526 tablet_service.cc:1917] Received RequestConsensusVote() RPC: tablet_id: "54ee989330324ef897bd43b7876f75d6" candidate_uuid: "2bcdcfa6a5f9462a80c4161b0eaf168e" candidate_term: 1 candidate_status { last_received { term: 0 index: 0 } } ignore_live_leader: false dest_uuid: "996dc1a0171d45e3929422b8bc1a8d5f" is_pre_election: true
W20260709 14:47:08.506740  1642 leader_election.cc:343] T 54ee989330324ef897bd43b7876f75d6 P 2bcdcfa6a5f9462a80c4161b0eaf168e [CANDIDATE]: Term 1 pre-election: Tablet error from VoteRequest() call to peer 996dc1a0171d45e3929422b8bc1a8d5f (127.0.107.193:45707): Illegal state: must be running to vote when last-logged opid is not known
I20260709 14:47:08.505998  1717 raft_consensus.cc:359] T a8e253c6b7a840d5b2532256cb04936d P 996dc1a0171d45e3929422b8bc1a8d5f [term 0 FOLLOWER]: Replica starting. Triggering 0 pending ops. Active config: opid_index: -1 OBSOLETE_local: false peers { permanent_uuid: "996dc1a0171d45e3929422b8bc1a8d5f" member_type: VOTER last_known_addr { host: "127.0.107.193" port: 45707 } } peers { permanent_uuid: "d1507a1ac0504ca2921ec3d2f6125d8a" member_type: VOTER last_known_addr { host: "127.0.107.194" port: 39913 } } peers { permanent_uuid: "2bcdcfa6a5f9462a80c4161b0eaf168e" member_type: VOTER last_known_addr { host: "127.0.107.195" port: 41803 } }
I20260709 14:47:08.508426  1717 raft_consensus.cc:385] T a8e253c6b7a840d5b2532256cb04936d P 996dc1a0171d45e3929422b8bc1a8d5f [term 0 FOLLOWER]: Consensus starting up: Expiring failure detector timer to make a prompt election more likely
I20260709 14:47:08.508227  1788 consensus_queue.cc:1048] T 7907ee1eb84a453ba84df97ab00b6c82 P 996dc1a0171d45e3929422b8bc1a8d5f [LEADER]: Connected to new peer: Peer: permanent_uuid: "2bcdcfa6a5f9462a80c4161b0eaf168e" member_type: VOTER last_known_addr { host: "127.0.107.195" port: 41803 }, Status: LMP_MISMATCH, Last received: 0.0, Next index: 1, Last known committed idx: 0, Time since last communication: 0.001s
I20260709 14:47:08.508811  1717 raft_consensus.cc:740] T a8e253c6b7a840d5b2532256cb04936d P 996dc1a0171d45e3929422b8bc1a8d5f [term 0 FOLLOWER]: Becoming Follower/Learner. State: Replica: 996dc1a0171d45e3929422b8bc1a8d5f, State: Initialized, Role: FOLLOWER
I20260709 14:47:08.509560  1717 consensus_queue.cc:260] T a8e253c6b7a840d5b2532256cb04936d P 996dc1a0171d45e3929422b8bc1a8d5f [NON_LEADER]: Queue going to NON_LEADER mode. State: All replicated index: 0, Majority replicated index: 0, Committed index: 0, Last appended: 0.0, Last appended by leader: 0, Current term: 0, Majority size: -1, State: 0, Mode: NON_LEADER, active raft config: opid_index: -1 OBSOLETE_local: false peers { permanent_uuid: "996dc1a0171d45e3929422b8bc1a8d5f" member_type: VOTER last_known_addr { host: "127.0.107.193" port: 45707 } } peers { permanent_uuid: "d1507a1ac0504ca2921ec3d2f6125d8a" member_type: VOTER last_known_addr { host: "127.0.107.194" port: 39913 } } peers { permanent_uuid: "2bcdcfa6a5f9462a80c4161b0eaf168e" member_type: VOTER last_known_addr { host: "127.0.107.195" port: 41803 } }
I20260709 14:47:08.511241  1717 ts_tablet_manager.cc:1434] T a8e253c6b7a840d5b2532256cb04936d P 996dc1a0171d45e3929422b8bc1a8d5f: Time spent starting tablet: real 0.019s	user 0.005s	sys 0.000s
I20260709 14:47:08.511880  1603 tablet_service.cc:1917] Received RequestConsensusVote() RPC: tablet_id: "54ee989330324ef897bd43b7876f75d6" candidate_uuid: "2bcdcfa6a5f9462a80c4161b0eaf168e" candidate_term: 1 candidate_status { last_received { term: 0 index: 0 } } ignore_live_leader: false dest_uuid: "d1507a1ac0504ca2921ec3d2f6125d8a" is_pre_election: true
I20260709 14:47:08.512270  1953 consensus_queue.cc:1048] T 9dd31939f0fb491aa251df49098f9328 P 2bcdcfa6a5f9462a80c4161b0eaf168e [LEADER]: Connected to new peer: Peer: permanent_uuid: "d1507a1ac0504ca2921ec3d2f6125d8a" member_type: VOTER last_known_addr { host: "127.0.107.194" port: 39913 }, Status: LMP_MISMATCH, Last received: 0.0, Next index: 1, Last known committed idx: 0, Time since last communication: 0.000s
I20260709 14:47:08.512544  1598 tablet_service.cc:1917] Received RequestConsensusVote() RPC: tablet_id: "c851cc0ef7934759b10aa57b8b27eed5" candidate_uuid: "2bcdcfa6a5f9462a80c4161b0eaf168e" candidate_term: 1 candidate_status { last_received { term: 0 index: 0 } } ignore_live_leader: false dest_uuid: "d1507a1ac0504ca2921ec3d2f6125d8a" is_pre_election: true
I20260709 14:47:08.516652  1855 raft_consensus.cc:515] T 24ddd30c682d4593be5dc24e2c8b9f39 P 2bcdcfa6a5f9462a80c4161b0eaf168e [term 1 FOLLOWER]: Starting leader election with config: opid_index: -1 OBSOLETE_local: false peers { permanent_uuid: "996dc1a0171d45e3929422b8bc1a8d5f" member_type: VOTER last_known_addr { host: "127.0.107.193" port: 45707 } } peers { permanent_uuid: "d1507a1ac0504ca2921ec3d2f6125d8a" member_type: VOTER last_known_addr { host: "127.0.107.194" port: 39913 } } peers { permanent_uuid: "2bcdcfa6a5f9462a80c4161b0eaf168e" member_type: VOTER last_known_addr { host: "127.0.107.195" port: 41803 } }
I20260709 14:47:08.519543  1526 tablet_service.cc:1917] Received RequestConsensusVote() RPC: tablet_id: "24ddd30c682d4593be5dc24e2c8b9f39" candidate_uuid: "2bcdcfa6a5f9462a80c4161b0eaf168e" candidate_term: 1 candidate_status { last_received { term: 0 index: 0 } } ignore_live_leader: false dest_uuid: "996dc1a0171d45e3929422b8bc1a8d5f"
W20260709 14:47:08.521126  1642 leader_election.cc:343] T 24ddd30c682d4593be5dc24e2c8b9f39 P 2bcdcfa6a5f9462a80c4161b0eaf168e [CANDIDATE]: Term 1 election: Tablet error from VoteRequest() call to peer 996dc1a0171d45e3929422b8bc1a8d5f (127.0.107.193:45707): Illegal state: must be running to vote when last-logged opid is not known
I20260709 14:47:08.525143  1717 tablet_bootstrap.cc:492] T b83968f1a9904d5299e36ab743090432 P 996dc1a0171d45e3929422b8bc1a8d5f: Bootstrap starting.
I20260709 14:47:08.525398  1568 leader_election.cc:304] T 9dd31939f0fb491aa251df49098f9328 P d1507a1ac0504ca2921ec3d2f6125d8a [CANDIDATE]: Term 1 pre-election: Election decided. Result: candidate lost. Election summary: received 3 responses out of 3 voters: 1 yes votes; 2 no votes. yes voters: d1507a1ac0504ca2921ec3d2f6125d8a; no voters: 2bcdcfa6a5f9462a80c4161b0eaf168e, 996dc1a0171d45e3929422b8bc1a8d5f
I20260709 14:47:08.526372  1425 catalog_manager.cc:5697] T e8046916b6b2464f9f80ffc41057f295 P d1507a1ac0504ca2921ec3d2f6125d8a reported cstate change: term changed from 0 to 1, leader changed from <none> to d1507a1ac0504ca2921ec3d2f6125d8a (127.0.107.194). New cstate: current_term: 1 leader_uuid: "d1507a1ac0504ca2921ec3d2f6125d8a" committed_config { opid_index: -1 OBSOLETE_local: false peers { permanent_uuid: "996dc1a0171d45e3929422b8bc1a8d5f" member_type: VOTER last_known_addr { host: "127.0.107.193" port: 45707 } health_report { overall_health: UNKNOWN } } peers { permanent_uuid: "d1507a1ac0504ca2921ec3d2f6125d8a" member_type: VOTER last_known_addr { host: "127.0.107.194" port: 39913 } health_report { overall_health: HEALTHY } } peers { permanent_uuid: "2bcdcfa6a5f9462a80c4161b0eaf168e" member_type: VOTER last_known_addr { host: "127.0.107.195" port: 41803 } health_report { overall_health: UNKNOWN } } }
I20260709 14:47:08.531390  1726 tablet_bootstrap.cc:492] T e8046916b6b2464f9f80ffc41057f295 P 2bcdcfa6a5f9462a80c4161b0eaf168e: No bootstrap required, opened a new log
I20260709 14:47:08.531949  1726 ts_tablet_manager.cc:1403] T e8046916b6b2464f9f80ffc41057f295 P 2bcdcfa6a5f9462a80c4161b0eaf168e: Time spent bootstrapping tablet: real 0.128s	user 0.010s	sys 0.003s
I20260709 14:47:08.530153  1855 leader_election.cc:290] T 24ddd30c682d4593be5dc24e2c8b9f39 P 2bcdcfa6a5f9462a80c4161b0eaf168e [CANDIDATE]: Term 1 election: Requested vote from peers 996dc1a0171d45e3929422b8bc1a8d5f (127.0.107.193:45707), d1507a1ac0504ca2921ec3d2f6125d8a (127.0.107.194:39913)
I20260709 14:47:08.529232  1740 raft_consensus.cc:2749] T 9dd31939f0fb491aa251df49098f9328 P d1507a1ac0504ca2921ec3d2f6125d8a [term 1 FOLLOWER]: Leader pre-election lost for term 1. Reason: could not achieve majority
I20260709 14:47:08.537164  1603 tablet_service.cc:1917] Received RequestConsensusVote() RPC: tablet_id: "24ddd30c682d4593be5dc24e2c8b9f39" candidate_uuid: "2bcdcfa6a5f9462a80c4161b0eaf168e" candidate_term: 1 candidate_status { last_received { term: 0 index: 0 } } ignore_live_leader: false dest_uuid: "d1507a1ac0504ca2921ec3d2f6125d8a"
I20260709 14:47:08.537688  1603 raft_consensus.cc:3060] T 24ddd30c682d4593be5dc24e2c8b9f39 P d1507a1ac0504ca2921ec3d2f6125d8a [term 0 FOLLOWER]: Advancing to term 1
W20260709 14:47:08.542586  1640 leader_election.cc:343] T 54ee989330324ef897bd43b7876f75d6 P 2bcdcfa6a5f9462a80c4161b0eaf168e [CANDIDATE]: Term 1 pre-election: Tablet error from VoteRequest() call to peer d1507a1ac0504ca2921ec3d2f6125d8a (127.0.107.194:39913): Illegal state: must be running to vote when last-logged opid is not known
I20260709 14:47:08.543031  1640 leader_election.cc:304] T 54ee989330324ef897bd43b7876f75d6 P 2bcdcfa6a5f9462a80c4161b0eaf168e [CANDIDATE]: Term 1 pre-election: Election decided. Result: candidate lost. Election summary: received 3 responses out of 3 voters: 1 yes votes; 2 no votes. yes voters: 2bcdcfa6a5f9462a80c4161b0eaf168e; no voters: 996dc1a0171d45e3929422b8bc1a8d5f, d1507a1ac0504ca2921ec3d2f6125d8a
W20260709 14:47:08.544080  1640 leader_election.cc:343] T c851cc0ef7934759b10aa57b8b27eed5 P 2bcdcfa6a5f9462a80c4161b0eaf168e [CANDIDATE]: Term 1 pre-election: Tablet error from VoteRequest() call to peer d1507a1ac0504ca2921ec3d2f6125d8a (127.0.107.194:39913): Illegal state: must be running to vote when last-logged opid is not known
I20260709 14:47:08.544483  1640 leader_election.cc:304] T c851cc0ef7934759b10aa57b8b27eed5 P 2bcdcfa6a5f9462a80c4161b0eaf168e [CANDIDATE]: Term 1 pre-election: Election decided. Result: candidate lost. Election summary: received 3 responses out of 3 voters: 1 yes votes; 2 no votes. yes voters: 2bcdcfa6a5f9462a80c4161b0eaf168e; no voters: 996dc1a0171d45e3929422b8bc1a8d5f, d1507a1ac0504ca2921ec3d2f6125d8a
I20260709 14:47:08.548797  1729 consensus_queue.cc:1048] T 7907ee1eb84a453ba84df97ab00b6c82 P 996dc1a0171d45e3929422b8bc1a8d5f [LEADER]: Connected to new peer: Peer: permanent_uuid: "d1507a1ac0504ca2921ec3d2f6125d8a" member_type: VOTER last_known_addr { host: "127.0.107.194" port: 39913 }, Status: LMP_MISMATCH, Last received: 0.0, Next index: 1, Last known committed idx: 0, Time since last communication: 0.000s
I20260709 14:47:08.550154  1720 tablet_bootstrap.cc:492] T 16d55b73bc3745378bc77fb6829dc571 P d1507a1ac0504ca2921ec3d2f6125d8a: No bootstrap required, opened a new log
I20260709 14:47:08.550536  1720 ts_tablet_manager.cc:1403] T 16d55b73bc3745378bc77fb6829dc571 P d1507a1ac0504ca2921ec3d2f6125d8a: Time spent bootstrapping tablet: real 0.133s	user 0.013s	sys 0.008s
I20260709 14:47:08.551765  1953 raft_consensus.cc:2749] T c851cc0ef7934759b10aa57b8b27eed5 P 2bcdcfa6a5f9462a80c4161b0eaf168e [term 0 FOLLOWER]: Leader pre-election lost for term 1. Reason: could not achieve majority
I20260709 14:47:08.551234  1855 raft_consensus.cc:2749] T 54ee989330324ef897bd43b7876f75d6 P 2bcdcfa6a5f9462a80c4161b0eaf168e [term 0 FOLLOWER]: Leader pre-election lost for term 1. Reason: could not achieve majority
I20260709 14:47:08.564824  1603 raft_consensus.cc:2468] T 24ddd30c682d4593be5dc24e2c8b9f39 P d1507a1ac0504ca2921ec3d2f6125d8a [term 1 FOLLOWER]: Leader election vote request: Granting yes vote for candidate 2bcdcfa6a5f9462a80c4161b0eaf168e in term 1.
I20260709 14:47:08.571081  1640 leader_election.cc:304] T 24ddd30c682d4593be5dc24e2c8b9f39 P 2bcdcfa6a5f9462a80c4161b0eaf168e [CANDIDATE]: Term 1 election: Election decided. Result: candidate won. Election summary: received 3 responses out of 3 voters: 2 yes votes; 1 no votes. yes voters: 2bcdcfa6a5f9462a80c4161b0eaf168e, d1507a1ac0504ca2921ec3d2f6125d8a; no voters: 996dc1a0171d45e3929422b8bc1a8d5f
I20260709 14:47:08.572202  1959 raft_consensus.cc:2804] T 24ddd30c682d4593be5dc24e2c8b9f39 P 2bcdcfa6a5f9462a80c4161b0eaf168e [term 1 FOLLOWER]: Leader election won for term 1
I20260709 14:47:08.572713  1959 raft_consensus.cc:697] T 24ddd30c682d4593be5dc24e2c8b9f39 P 2bcdcfa6a5f9462a80c4161b0eaf168e [term 1 LEADER]: Becoming Leader. State: Replica: 2bcdcfa6a5f9462a80c4161b0eaf168e, State: Running, Role: LEADER
I20260709 14:47:08.574122  1959 consensus_queue.cc:237] T 24ddd30c682d4593be5dc24e2c8b9f39 P 2bcdcfa6a5f9462a80c4161b0eaf168e [LEADER]: Queue going to LEADER mode. State: All replicated index: 0, Majority replicated index: 0, Committed index: 0, Last appended: 0.0, Last appended by leader: 0, Current term: 1, Majority size: 2, State: 0, Mode: LEADER, active raft config: opid_index: -1 OBSOLETE_local: false peers { permanent_uuid: "996dc1a0171d45e3929422b8bc1a8d5f" member_type: VOTER last_known_addr { host: "127.0.107.193" port: 45707 } } peers { permanent_uuid: "d1507a1ac0504ca2921ec3d2f6125d8a" member_type: VOTER last_known_addr { host: "127.0.107.194" port: 39913 } } peers { permanent_uuid: "2bcdcfa6a5f9462a80c4161b0eaf168e" member_type: VOTER last_known_addr { host: "127.0.107.195" port: 41803 } }
I20260709 14:47:08.579334  1720 raft_consensus.cc:359] T 16d55b73bc3745378bc77fb6829dc571 P d1507a1ac0504ca2921ec3d2f6125d8a [term 0 FOLLOWER]: Replica starting. Triggering 0 pending ops. Active config: opid_index: -1 OBSOLETE_local: false peers { permanent_uuid: "996dc1a0171d45e3929422b8bc1a8d5f" member_type: VOTER last_known_addr { host: "127.0.107.193" port: 45707 } } peers { permanent_uuid: "d1507a1ac0504ca2921ec3d2f6125d8a" member_type: VOTER last_known_addr { host: "127.0.107.194" port: 39913 } } peers { permanent_uuid: "2bcdcfa6a5f9462a80c4161b0eaf168e" member_type: VOTER last_known_addr { host: "127.0.107.195" port: 41803 } }
I20260709 14:47:08.581169  1720 raft_consensus.cc:385] T 16d55b73bc3745378bc77fb6829dc571 P d1507a1ac0504ca2921ec3d2f6125d8a [term 0 FOLLOWER]: Consensus starting up: Expiring failure detector timer to make a prompt election more likely
I20260709 14:47:08.581502  1720 raft_consensus.cc:740] T 16d55b73bc3745378bc77fb6829dc571 P d1507a1ac0504ca2921ec3d2f6125d8a [term 0 FOLLOWER]: Becoming Follower/Learner. State: Replica: d1507a1ac0504ca2921ec3d2f6125d8a, State: Initialized, Role: FOLLOWER
I20260709 14:47:08.582329  1720 consensus_queue.cc:260] T 16d55b73bc3745378bc77fb6829dc571 P d1507a1ac0504ca2921ec3d2f6125d8a [NON_LEADER]: Queue going to NON_LEADER mode. State: All replicated index: 0, Majority replicated index: 0, Committed index: 0, Last appended: 0.0, Last appended by leader: 0, Current term: 0, Majority size: -1, State: 0, Mode: NON_LEADER, active raft config: opid_index: -1 OBSOLETE_local: false peers { permanent_uuid: "996dc1a0171d45e3929422b8bc1a8d5f" member_type: VOTER last_known_addr { host: "127.0.107.193" port: 45707 } } peers { permanent_uuid: "d1507a1ac0504ca2921ec3d2f6125d8a" member_type: VOTER last_known_addr { host: "127.0.107.194" port: 39913 } } peers { permanent_uuid: "2bcdcfa6a5f9462a80c4161b0eaf168e" member_type: VOTER last_known_addr { host: "127.0.107.195" port: 41803 } }
I20260709 14:47:08.567504  1726 raft_consensus.cc:359] T e8046916b6b2464f9f80ffc41057f295 P 2bcdcfa6a5f9462a80c4161b0eaf168e [term 0 FOLLOWER]: Replica starting. Triggering 0 pending ops. Active config: opid_index: -1 OBSOLETE_local: false peers { permanent_uuid: "996dc1a0171d45e3929422b8bc1a8d5f" member_type: VOTER last_known_addr { host: "127.0.107.193" port: 45707 } } peers { permanent_uuid: "d1507a1ac0504ca2921ec3d2f6125d8a" member_type: VOTER last_known_addr { host: "127.0.107.194" port: 39913 } } peers { permanent_uuid: "2bcdcfa6a5f9462a80c4161b0eaf168e" member_type: VOTER last_known_addr { host: "127.0.107.195" port: 41803 } }
I20260709 14:47:08.586125  1726 raft_consensus.cc:385] T e8046916b6b2464f9f80ffc41057f295 P 2bcdcfa6a5f9462a80c4161b0eaf168e [term 0 FOLLOWER]: Consensus starting up: Expiring failure detector timer to make a prompt election more likely
I20260709 14:47:08.586480  1726 raft_consensus.cc:740] T e8046916b6b2464f9f80ffc41057f295 P 2bcdcfa6a5f9462a80c4161b0eaf168e [term 0 FOLLOWER]: Becoming Follower/Learner. State: Replica: 2bcdcfa6a5f9462a80c4161b0eaf168e, State: Initialized, Role: FOLLOWER
I20260709 14:47:08.592986  1720 ts_tablet_manager.cc:1434] T 16d55b73bc3745378bc77fb6829dc571 P d1507a1ac0504ca2921ec3d2f6125d8a: Time spent starting tablet: real 0.042s	user 0.007s	sys 0.000s
I20260709 14:47:08.594158  1726 consensus_queue.cc:260] T e8046916b6b2464f9f80ffc41057f295 P 2bcdcfa6a5f9462a80c4161b0eaf168e [NON_LEADER]: Queue going to NON_LEADER mode. State: All replicated index: 0, Majority replicated index: 0, Committed index: 0, Last appended: 0.0, Last appended by leader: 0, Current term: 0, Majority size: -1, State: 0, Mode: NON_LEADER, active raft config: opid_index: -1 OBSOLETE_local: false peers { permanent_uuid: "996dc1a0171d45e3929422b8bc1a8d5f" member_type: VOTER last_known_addr { host: "127.0.107.193" port: 45707 } } peers { permanent_uuid: "d1507a1ac0504ca2921ec3d2f6125d8a" member_type: VOTER last_known_addr { host: "127.0.107.194" port: 39913 } } peers { permanent_uuid: "2bcdcfa6a5f9462a80c4161b0eaf168e" member_type: VOTER last_known_addr { host: "127.0.107.195" port: 41803 } }
I20260709 14:47:08.594162  1720 tablet_bootstrap.cc:492] T b83968f1a9904d5299e36ab743090432 P d1507a1ac0504ca2921ec3d2f6125d8a: Bootstrap starting.
I20260709 14:47:08.601606  1726 ts_tablet_manager.cc:1434] T e8046916b6b2464f9f80ffc41057f295 P 2bcdcfa6a5f9462a80c4161b0eaf168e: Time spent starting tablet: real 0.069s	user 0.001s	sys 0.004s
I20260709 14:47:08.650740  1726 tablet_bootstrap.cc:492] T ff66b6848ce24d98905c5f7b75ab6732 P 2bcdcfa6a5f9462a80c4161b0eaf168e: Bootstrap starting.
I20260709 14:47:08.652344  1855 raft_consensus.cc:493] T e8046916b6b2464f9f80ffc41057f295 P 2bcdcfa6a5f9462a80c4161b0eaf168e [term 0 FOLLOWER]: Starting pre-election (no leader contacted us within the election timeout)
I20260709 14:47:08.659118  1855 raft_consensus.cc:515] T e8046916b6b2464f9f80ffc41057f295 P 2bcdcfa6a5f9462a80c4161b0eaf168e [term 0 FOLLOWER]: Starting pre-election with config: opid_index: -1 OBSOLETE_local: false peers { permanent_uuid: "996dc1a0171d45e3929422b8bc1a8d5f" member_type: VOTER last_known_addr { host: "127.0.107.193" port: 45707 } } peers { permanent_uuid: "d1507a1ac0504ca2921ec3d2f6125d8a" member_type: VOTER last_known_addr { host: "127.0.107.194" port: 39913 } } peers { permanent_uuid: "2bcdcfa6a5f9462a80c4161b0eaf168e" member_type: VOTER last_known_addr { host: "127.0.107.195" port: 41803 } }
I20260709 14:47:08.660830  1855 leader_election.cc:290] T e8046916b6b2464f9f80ffc41057f295 P 2bcdcfa6a5f9462a80c4161b0eaf168e [CANDIDATE]: Term 1 pre-election: Requested pre-vote from peers 996dc1a0171d45e3929422b8bc1a8d5f (127.0.107.193:45707), d1507a1ac0504ca2921ec3d2f6125d8a (127.0.107.194:39913)
I20260709 14:47:08.661929  1422 catalog_manager.cc:5697] T ff66b6848ce24d98905c5f7b75ab6732 P 996dc1a0171d45e3929422b8bc1a8d5f reported cstate change: term changed from 0 to 1, leader changed from <none> to 996dc1a0171d45e3929422b8bc1a8d5f (127.0.107.193). New cstate: current_term: 1 leader_uuid: "996dc1a0171d45e3929422b8bc1a8d5f" committed_config { opid_index: -1 OBSOLETE_local: false peers { permanent_uuid: "996dc1a0171d45e3929422b8bc1a8d5f" member_type: VOTER last_known_addr { host: "127.0.107.193" port: 45707 } health_report { overall_health: HEALTHY } } peers { permanent_uuid: "d1507a1ac0504ca2921ec3d2f6125d8a" member_type: VOTER last_known_addr { host: "127.0.107.194" port: 39913 } health_report { overall_health: UNKNOWN } } peers { permanent_uuid: "2bcdcfa6a5f9462a80c4161b0eaf168e" member_type: VOTER last_known_addr { host: "127.0.107.195" port: 41803 } health_report { overall_health: UNKNOWN } } }
I20260709 14:47:08.662902  1423 catalog_manager.cc:5697] T 24ddd30c682d4593be5dc24e2c8b9f39 P 2bcdcfa6a5f9462a80c4161b0eaf168e reported cstate change: term changed from 0 to 1, leader changed from <none> to 2bcdcfa6a5f9462a80c4161b0eaf168e (127.0.107.195). New cstate: current_term: 1 leader_uuid: "2bcdcfa6a5f9462a80c4161b0eaf168e" committed_config { opid_index: -1 OBSOLETE_local: false peers { permanent_uuid: "996dc1a0171d45e3929422b8bc1a8d5f" member_type: VOTER last_known_addr { host: "127.0.107.193" port: 45707 } health_report { overall_health: UNKNOWN } } peers { permanent_uuid: "d1507a1ac0504ca2921ec3d2f6125d8a" member_type: VOTER last_known_addr { host: "127.0.107.194" port: 39913 } health_report { overall_health: UNKNOWN } } peers { permanent_uuid: "2bcdcfa6a5f9462a80c4161b0eaf168e" member_type: VOTER last_known_addr { host: "127.0.107.195" port: 41803 } health_report { overall_health: HEALTHY } } }
I20260709 14:47:08.665037  1836 raft_consensus.cc:493] T 3275e28b5b98481387de26b4c16d552a P 996dc1a0171d45e3929422b8bc1a8d5f [term 1 FOLLOWER]: Starting pre-election (no leader contacted us within the election timeout)
I20260709 14:47:08.665931  1836 raft_consensus.cc:515] T 3275e28b5b98481387de26b4c16d552a P 996dc1a0171d45e3929422b8bc1a8d5f [term 1 FOLLOWER]: Starting pre-election with config: opid_index: -1 OBSOLETE_local: false peers { permanent_uuid: "996dc1a0171d45e3929422b8bc1a8d5f" member_type: VOTER last_known_addr { host: "127.0.107.193" port: 45707 } } peers { permanent_uuid: "d1507a1ac0504ca2921ec3d2f6125d8a" member_type: VOTER last_known_addr { host: "127.0.107.194" port: 39913 } } peers { permanent_uuid: "2bcdcfa6a5f9462a80c4161b0eaf168e" member_type: VOTER last_known_addr { host: "127.0.107.195" port: 41803 } }
I20260709 14:47:08.667719  1836 leader_election.cc:290] T 3275e28b5b98481387de26b4c16d552a P 996dc1a0171d45e3929422b8bc1a8d5f [CANDIDATE]: Term 2 pre-election: Requested pre-vote from peers d1507a1ac0504ca2921ec3d2f6125d8a (127.0.107.194:39913), 2bcdcfa6a5f9462a80c4161b0eaf168e (127.0.107.195:41803)
I20260709 14:47:08.670123  1717 tablet_bootstrap.cc:654] T b83968f1a9904d5299e36ab743090432 P 996dc1a0171d45e3929422b8bc1a8d5f: Neither blocks nor log segments found. Creating new log.
I20260709 14:47:08.672351  1603 tablet_service.cc:1917] Received RequestConsensusVote() RPC: tablet_id: "e8046916b6b2464f9f80ffc41057f295" candidate_uuid: "2bcdcfa6a5f9462a80c4161b0eaf168e" candidate_term: 1 candidate_status { last_received { term: 0 index: 0 } } ignore_live_leader: false dest_uuid: "d1507a1ac0504ca2921ec3d2f6125d8a" is_pre_election: true
I20260709 14:47:08.675210  1672 tablet_service.cc:1917] Received RequestConsensusVote() RPC: tablet_id: "3275e28b5b98481387de26b4c16d552a" candidate_uuid: "996dc1a0171d45e3929422b8bc1a8d5f" candidate_term: 2 candidate_status { last_received { term: 0 index: 0 } } ignore_live_leader: false dest_uuid: "2bcdcfa6a5f9462a80c4161b0eaf168e" is_pre_election: true
I20260709 14:47:08.675830  1672 raft_consensus.cc:2468] T 3275e28b5b98481387de26b4c16d552a P 2bcdcfa6a5f9462a80c4161b0eaf168e [term 1 FOLLOWER]: Leader pre-election vote request: Granting yes vote for candidate 996dc1a0171d45e3929422b8bc1a8d5f in term 1.
I20260709 14:47:08.669425  1771 raft_consensus.cc:493] T f3761c1f850d42af83545bd905d220a0 P d1507a1ac0504ca2921ec3d2f6125d8a [term 0 FOLLOWER]: Starting pre-election (no leader contacted us within the election timeout)
I20260709 14:47:08.677335  1771 raft_consensus.cc:515] T f3761c1f850d42af83545bd905d220a0 P d1507a1ac0504ca2921ec3d2f6125d8a [term 0 FOLLOWER]: Starting pre-election with config: opid_index: -1 OBSOLETE_local: false peers { permanent_uuid: "996dc1a0171d45e3929422b8bc1a8d5f" member_type: VOTER last_known_addr { host: "127.0.107.193" port: 45707 } } peers { permanent_uuid: "d1507a1ac0504ca2921ec3d2f6125d8a" member_type: VOTER last_known_addr { host: "127.0.107.194" port: 39913 } } peers { permanent_uuid: "2bcdcfa6a5f9462a80c4161b0eaf168e" member_type: VOTER last_known_addr { host: "127.0.107.195" port: 41803 } }
I20260709 14:47:08.677498  1493 leader_election.cc:304] T 3275e28b5b98481387de26b4c16d552a P 996dc1a0171d45e3929422b8bc1a8d5f [CANDIDATE]: Term 2 pre-election: Election decided. Result: candidate won. Election summary: received 2 responses out of 3 voters: 2 yes votes; 0 no votes. yes voters: 2bcdcfa6a5f9462a80c4161b0eaf168e, 996dc1a0171d45e3929422b8bc1a8d5f; no voters: 
I20260709 14:47:08.679160  1836 raft_consensus.cc:2804] T 3275e28b5b98481387de26b4c16d552a P 996dc1a0171d45e3929422b8bc1a8d5f [term 1 FOLLOWER]: Leader pre-election won for term 2
I20260709 14:47:08.679335  1771 leader_election.cc:290] T f3761c1f850d42af83545bd905d220a0 P d1507a1ac0504ca2921ec3d2f6125d8a [CANDIDATE]: Term 1 pre-election: Requested pre-vote from peers 996dc1a0171d45e3929422b8bc1a8d5f (127.0.107.193:45707), 2bcdcfa6a5f9462a80c4161b0eaf168e (127.0.107.195:41803)
I20260709 14:47:08.679539  1836 raft_consensus.cc:493] T 3275e28b5b98481387de26b4c16d552a P 996dc1a0171d45e3929422b8bc1a8d5f [term 1 FOLLOWER]: Starting leader election (no leader contacted us within the election timeout)
I20260709 14:47:08.679957  1836 raft_consensus.cc:3060] T 3275e28b5b98481387de26b4c16d552a P 996dc1a0171d45e3929422b8bc1a8d5f [term 1 FOLLOWER]: Advancing to term 2
I20260709 14:47:08.681823  1524 tablet_service.cc:1917] Received RequestConsensusVote() RPC: tablet_id: "e8046916b6b2464f9f80ffc41057f295" candidate_uuid: "2bcdcfa6a5f9462a80c4161b0eaf168e" candidate_term: 1 candidate_status { last_received { term: 0 index: 0 } } ignore_live_leader: false dest_uuid: "996dc1a0171d45e3929422b8bc1a8d5f" is_pre_election: true
I20260709 14:47:08.685410  1524 raft_consensus.cc:2393] T e8046916b6b2464f9f80ffc41057f295 P 996dc1a0171d45e3929422b8bc1a8d5f [term 1 FOLLOWER]: Leader pre-election vote request: Denying vote to candidate 2bcdcfa6a5f9462a80c4161b0eaf168e in current term 1: Already voted for candidate d1507a1ac0504ca2921ec3d2f6125d8a in this term.
I20260709 14:47:08.693674  1599 tablet_service.cc:1917] Received RequestConsensusVote() RPC: tablet_id: "3275e28b5b98481387de26b4c16d552a" candidate_uuid: "996dc1a0171d45e3929422b8bc1a8d5f" candidate_term: 2 candidate_status { last_received { term: 0 index: 0 } } ignore_live_leader: false dest_uuid: "d1507a1ac0504ca2921ec3d2f6125d8a" is_pre_election: true
I20260709 14:47:08.695683  1599 raft_consensus.cc:2468] T 3275e28b5b98481387de26b4c16d552a P d1507a1ac0504ca2921ec3d2f6125d8a [term 1 FOLLOWER]: Leader pre-election vote request: Granting yes vote for candidate 996dc1a0171d45e3929422b8bc1a8d5f in term 1.
I20260709 14:47:08.698374  1720 tablet_bootstrap.cc:654] T b83968f1a9904d5299e36ab743090432 P d1507a1ac0504ca2921ec3d2f6125d8a: Neither blocks nor log segments found. Creating new log.
I20260709 14:47:08.698617  1528 tablet_service.cc:1917] Received RequestConsensusVote() RPC: tablet_id: "f3761c1f850d42af83545bd905d220a0" candidate_uuid: "d1507a1ac0504ca2921ec3d2f6125d8a" candidate_term: 1 candidate_status { last_received { term: 0 index: 0 } } ignore_live_leader: false dest_uuid: "996dc1a0171d45e3929422b8bc1a8d5f" is_pre_election: true
I20260709 14:47:08.703936  1642 leader_election.cc:304] T e8046916b6b2464f9f80ffc41057f295 P 2bcdcfa6a5f9462a80c4161b0eaf168e [CANDIDATE]: Term 1 pre-election: Election decided. Result: candidate lost. Election summary: received 3 responses out of 3 voters: 1 yes votes; 2 no votes. yes voters: 2bcdcfa6a5f9462a80c4161b0eaf168e; no voters: 996dc1a0171d45e3929422b8bc1a8d5f, d1507a1ac0504ca2921ec3d2f6125d8a
I20260709 14:47:08.712921  1855 raft_consensus.cc:3060] T e8046916b6b2464f9f80ffc41057f295 P 2bcdcfa6a5f9462a80c4161b0eaf168e [term 0 FOLLOWER]: Advancing to term 1
I20260709 14:47:08.714110  1671 tablet_service.cc:1917] Received RequestConsensusVote() RPC: tablet_id: "f3761c1f850d42af83545bd905d220a0" candidate_uuid: "d1507a1ac0504ca2921ec3d2f6125d8a" candidate_term: 1 candidate_status { last_received { term: 0 index: 0 } } ignore_live_leader: false dest_uuid: "2bcdcfa6a5f9462a80c4161b0eaf168e" is_pre_election: true
I20260709 14:47:08.721709  1855 raft_consensus.cc:2749] T e8046916b6b2464f9f80ffc41057f295 P 2bcdcfa6a5f9462a80c4161b0eaf168e [term 1 FOLLOWER]: Leader pre-election lost for term 1. Reason: could not achieve majority
I20260709 14:47:08.722293  1855 raft_consensus.cc:493] T 35d26dbc545d4b6a988b3a988dc80610 P 2bcdcfa6a5f9462a80c4161b0eaf168e [term 0 FOLLOWER]: Starting pre-election (no leader contacted us within the election timeout)
I20260709 14:47:08.722681  1855 raft_consensus.cc:515] T 35d26dbc545d4b6a988b3a988dc80610 P 2bcdcfa6a5f9462a80c4161b0eaf168e [term 0 FOLLOWER]: Starting pre-election with config: opid_index: -1 OBSOLETE_local: false peers { permanent_uuid: "996dc1a0171d45e3929422b8bc1a8d5f" member_type: VOTER last_known_addr { host: "127.0.107.193" port: 45707 } } peers { permanent_uuid: "d1507a1ac0504ca2921ec3d2f6125d8a" member_type: VOTER last_known_addr { host: "127.0.107.194" port: 39913 } } peers { permanent_uuid: "2bcdcfa6a5f9462a80c4161b0eaf168e" member_type: VOTER last_known_addr { host: "127.0.107.195" port: 41803 } }
W20260709 14:47:08.727345  1568 leader_election.cc:343] T f3761c1f850d42af83545bd905d220a0 P d1507a1ac0504ca2921ec3d2f6125d8a [CANDIDATE]: Term 1 pre-election: Tablet error from VoteRequest() call to peer 996dc1a0171d45e3929422b8bc1a8d5f (127.0.107.193:45707): Illegal state: must be running to vote when last-logged opid is not known
I20260709 14:47:08.729111  1890 raft_consensus.cc:493] T 16d55b73bc3745378bc77fb6829dc571 P d1507a1ac0504ca2921ec3d2f6125d8a [term 0 FOLLOWER]: Starting pre-election (no leader contacted us within the election timeout)
I20260709 14:47:08.730108  1890 raft_consensus.cc:515] T 16d55b73bc3745378bc77fb6829dc571 P d1507a1ac0504ca2921ec3d2f6125d8a [term 0 FOLLOWER]: Starting pre-election with config: opid_index: -1 OBSOLETE_local: false peers { permanent_uuid: "996dc1a0171d45e3929422b8bc1a8d5f" member_type: VOTER last_known_addr { host: "127.0.107.193" port: 45707 } } peers { permanent_uuid: "d1507a1ac0504ca2921ec3d2f6125d8a" member_type: VOTER last_known_addr { host: "127.0.107.194" port: 39913 } } peers { permanent_uuid: "2bcdcfa6a5f9462a80c4161b0eaf168e" member_type: VOTER last_known_addr { host: "127.0.107.195" port: 41803 } }
I20260709 14:47:08.732092  1890 leader_election.cc:290] T 16d55b73bc3745378bc77fb6829dc571 P d1507a1ac0504ca2921ec3d2f6125d8a [CANDIDATE]: Term 1 pre-election: Requested pre-vote from peers 996dc1a0171d45e3929422b8bc1a8d5f (127.0.107.193:45707), 2bcdcfa6a5f9462a80c4161b0eaf168e (127.0.107.195:41803)
I20260709 14:47:08.733004  1672 tablet_service.cc:1917] Received RequestConsensusVote() RPC: tablet_id: "16d55b73bc3745378bc77fb6829dc571" candidate_uuid: "d1507a1ac0504ca2921ec3d2f6125d8a" candidate_term: 1 candidate_status { last_received { term: 0 index: 0 } } ignore_live_leader: false dest_uuid: "2bcdcfa6a5f9462a80c4161b0eaf168e" is_pre_election: true
W20260709 14:47:08.735637  1568 leader_election.cc:343] T 16d55b73bc3745378bc77fb6829dc571 P d1507a1ac0504ca2921ec3d2f6125d8a [CANDIDATE]: Term 1 pre-election: Tablet error from VoteRequest() call to peer 2bcdcfa6a5f9462a80c4161b0eaf168e (127.0.107.195:41803): Illegal state: must be running to vote when last-logged opid is not known
I20260709 14:47:08.736455  1527 tablet_service.cc:1917] Received RequestConsensusVote() RPC: tablet_id: "35d26dbc545d4b6a988b3a988dc80610" candidate_uuid: "2bcdcfa6a5f9462a80c4161b0eaf168e" candidate_term: 1 candidate_status { last_received { term: 0 index: 0 } } ignore_live_leader: false dest_uuid: "996dc1a0171d45e3929422b8bc1a8d5f" is_pre_election: true
W20260709 14:47:08.737793  1642 leader_election.cc:343] T 35d26dbc545d4b6a988b3a988dc80610 P 2bcdcfa6a5f9462a80c4161b0eaf168e [CANDIDATE]: Term 1 pre-election: Tablet error from VoteRequest() call to peer 996dc1a0171d45e3929422b8bc1a8d5f (127.0.107.193:45707): Illegal state: must be running to vote when last-logged opid is not known
I20260709 14:47:08.740566  1836 raft_consensus.cc:515] T 3275e28b5b98481387de26b4c16d552a P 996dc1a0171d45e3929422b8bc1a8d5f [term 2 FOLLOWER]: Starting leader election with config: opid_index: -1 OBSOLETE_local: false peers { permanent_uuid: "996dc1a0171d45e3929422b8bc1a8d5f" member_type: VOTER last_known_addr { host: "127.0.107.193" port: 45707 } } peers { permanent_uuid: "d1507a1ac0504ca2921ec3d2f6125d8a" member_type: VOTER last_known_addr { host: "127.0.107.194" port: 39913 } } peers { permanent_uuid: "2bcdcfa6a5f9462a80c4161b0eaf168e" member_type: VOTER last_known_addr { host: "127.0.107.195" port: 41803 } }
I20260709 14:47:08.742715  1836 leader_election.cc:290] T 3275e28b5b98481387de26b4c16d552a P 996dc1a0171d45e3929422b8bc1a8d5f [CANDIDATE]: Term 2 election: Requested vote from peers d1507a1ac0504ca2921ec3d2f6125d8a (127.0.107.194:39913), 2bcdcfa6a5f9462a80c4161b0eaf168e (127.0.107.195:41803)
I20260709 14:47:08.738793  1851 consensus_queue.cc:1048] T 2d7421d11a6c4df0b2e6a928b72007a6 P 2bcdcfa6a5f9462a80c4161b0eaf168e [LEADER]: Connected to new peer: Peer: permanent_uuid: "996dc1a0171d45e3929422b8bc1a8d5f" member_type: VOTER last_known_addr { host: "127.0.107.193" port: 45707 }, Status: LMP_MISMATCH, Last received: 0.0, Next index: 1, Last known committed idx: 0, Time since last communication: 0.005s
I20260709 14:47:08.743696  1672 tablet_service.cc:1917] Received RequestConsensusVote() RPC: tablet_id: "3275e28b5b98481387de26b4c16d552a" candidate_uuid: "996dc1a0171d45e3929422b8bc1a8d5f" candidate_term: 2 candidate_status { last_received { term: 0 index: 0 } } ignore_live_leader: false dest_uuid: "2bcdcfa6a5f9462a80c4161b0eaf168e"
I20260709 14:47:08.744635  1672 raft_consensus.cc:3060] T 3275e28b5b98481387de26b4c16d552a P 2bcdcfa6a5f9462a80c4161b0eaf168e [term 1 FOLLOWER]: Advancing to term 2
I20260709 14:47:08.715771  1671 raft_consensus.cc:2468] T f3761c1f850d42af83545bd905d220a0 P 2bcdcfa6a5f9462a80c4161b0eaf168e [term 0 FOLLOWER]: Leader pre-election vote request: Granting yes vote for candidate d1507a1ac0504ca2921ec3d2f6125d8a in term 0.
I20260709 14:47:08.753535  1672 raft_consensus.cc:2468] T 3275e28b5b98481387de26b4c16d552a P 2bcdcfa6a5f9462a80c4161b0eaf168e [term 2 FOLLOWER]: Leader election vote request: Granting yes vote for candidate 996dc1a0171d45e3929422b8bc1a8d5f in term 2.
I20260709 14:47:08.755084  1493 leader_election.cc:304] T 3275e28b5b98481387de26b4c16d552a P 996dc1a0171d45e3929422b8bc1a8d5f [CANDIDATE]: Term 2 election: Election decided. Result: candidate won. Election summary: received 2 responses out of 3 voters: 2 yes votes; 0 no votes. yes voters: 2bcdcfa6a5f9462a80c4161b0eaf168e, 996dc1a0171d45e3929422b8bc1a8d5f; no voters: 
I20260709 14:47:08.756042  1568 leader_election.cc:304] T f3761c1f850d42af83545bd905d220a0 P d1507a1ac0504ca2921ec3d2f6125d8a [CANDIDATE]: Term 1 pre-election: Election decided. Result: candidate won. Election summary: received 3 responses out of 3 voters: 2 yes votes; 1 no votes. yes voters: 2bcdcfa6a5f9462a80c4161b0eaf168e, d1507a1ac0504ca2921ec3d2f6125d8a; no voters: 996dc1a0171d45e3929422b8bc1a8d5f
I20260709 14:47:08.756745  1771 raft_consensus.cc:2804] T f3761c1f850d42af83545bd905d220a0 P d1507a1ac0504ca2921ec3d2f6125d8a [term 0 FOLLOWER]: Leader pre-election won for term 1
I20260709 14:47:08.757169  1771 raft_consensus.cc:493] T f3761c1f850d42af83545bd905d220a0 P d1507a1ac0504ca2921ec3d2f6125d8a [term 0 FOLLOWER]: Starting leader election (no leader contacted us within the election timeout)
I20260709 14:47:08.757490  1771 raft_consensus.cc:3060] T f3761c1f850d42af83545bd905d220a0 P d1507a1ac0504ca2921ec3d2f6125d8a [term 0 FOLLOWER]: Advancing to term 1
I20260709 14:47:08.759471  1836 raft_consensus.cc:2804] T 3275e28b5b98481387de26b4c16d552a P 996dc1a0171d45e3929422b8bc1a8d5f [term 2 FOLLOWER]: Leader election won for term 2
I20260709 14:47:08.759999  1836 raft_consensus.cc:697] T 3275e28b5b98481387de26b4c16d552a P 996dc1a0171d45e3929422b8bc1a8d5f [term 2 LEADER]: Becoming Leader. State: Replica: 996dc1a0171d45e3929422b8bc1a8d5f, State: Running, Role: LEADER
I20260709 14:47:08.761124  1836 consensus_queue.cc:237] T 3275e28b5b98481387de26b4c16d552a P 996dc1a0171d45e3929422b8bc1a8d5f [LEADER]: Queue going to LEADER mode. State: All replicated index: 0, Majority replicated index: 0, Committed index: 0, Last appended: 0.0, Last appended by leader: 0, Current term: 2, Majority size: 2, State: 0, Mode: LEADER, active raft config: opid_index: -1 OBSOLETE_local: false peers { permanent_uuid: "996dc1a0171d45e3929422b8bc1a8d5f" member_type: VOTER last_known_addr { host: "127.0.107.193" port: 45707 } } peers { permanent_uuid: "d1507a1ac0504ca2921ec3d2f6125d8a" member_type: VOTER last_known_addr { host: "127.0.107.194" port: 39913 } } peers { permanent_uuid: "2bcdcfa6a5f9462a80c4161b0eaf168e" member_type: VOTER last_known_addr { host: "127.0.107.195" port: 41803 } }
I20260709 14:47:08.756042  1726 tablet_bootstrap.cc:654] T ff66b6848ce24d98905c5f7b75ab6732 P 2bcdcfa6a5f9462a80c4161b0eaf168e: Neither blocks nor log segments found. Creating new log.
I20260709 14:47:08.766999  1599 tablet_service.cc:1917] Received RequestConsensusVote() RPC: tablet_id: "35d26dbc545d4b6a988b3a988dc80610" candidate_uuid: "2bcdcfa6a5f9462a80c4161b0eaf168e" candidate_term: 1 candidate_status { last_received { term: 0 index: 0 } } ignore_live_leader: false dest_uuid: "d1507a1ac0504ca2921ec3d2f6125d8a" is_pre_election: true
I20260709 14:47:08.767585  1599 raft_consensus.cc:2468] T 35d26dbc545d4b6a988b3a988dc80610 P d1507a1ac0504ca2921ec3d2f6125d8a [term 0 FOLLOWER]: Leader pre-election vote request: Granting yes vote for candidate 2bcdcfa6a5f9462a80c4161b0eaf168e in term 0.
I20260709 14:47:08.764325  1855 leader_election.cc:290] T 35d26dbc545d4b6a988b3a988dc80610 P 2bcdcfa6a5f9462a80c4161b0eaf168e [CANDIDATE]: Term 1 pre-election: Requested pre-vote from peers 996dc1a0171d45e3929422b8bc1a8d5f (127.0.107.193:45707), d1507a1ac0504ca2921ec3d2f6125d8a (127.0.107.194:39913)
I20260709 14:47:08.769309  1640 leader_election.cc:304] T 35d26dbc545d4b6a988b3a988dc80610 P 2bcdcfa6a5f9462a80c4161b0eaf168e [CANDIDATE]: Term 1 pre-election: Election decided. Result: candidate won. Election summary: received 3 responses out of 3 voters: 2 yes votes; 1 no votes. yes voters: 2bcdcfa6a5f9462a80c4161b0eaf168e, d1507a1ac0504ca2921ec3d2f6125d8a; no voters: 996dc1a0171d45e3929422b8bc1a8d5f
I20260709 14:47:08.770346  1855 raft_consensus.cc:2804] T 35d26dbc545d4b6a988b3a988dc80610 P 2bcdcfa6a5f9462a80c4161b0eaf168e [term 0 FOLLOWER]: Leader pre-election won for term 1
I20260709 14:47:08.770007  1771 raft_consensus.cc:515] T f3761c1f850d42af83545bd905d220a0 P d1507a1ac0504ca2921ec3d2f6125d8a [term 1 FOLLOWER]: Starting leader election with config: opid_index: -1 OBSOLETE_local: false peers { permanent_uuid: "996dc1a0171d45e3929422b8bc1a8d5f" member_type: VOTER last_known_addr { host: "127.0.107.193" port: 45707 } } peers { permanent_uuid: "d1507a1ac0504ca2921ec3d2f6125d8a" member_type: VOTER last_known_addr { host: "127.0.107.194" port: 39913 } } peers { permanent_uuid: "2bcdcfa6a5f9462a80c4161b0eaf168e" member_type: VOTER last_known_addr { host: "127.0.107.195" port: 41803 } }
I20260709 14:47:08.770787  1855 raft_consensus.cc:493] T 35d26dbc545d4b6a988b3a988dc80610 P 2bcdcfa6a5f9462a80c4161b0eaf168e [term 0 FOLLOWER]: Starting leader election (no leader contacted us within the election timeout)
I20260709 14:47:08.771369  1855 raft_consensus.cc:3060] T 35d26dbc545d4b6a988b3a988dc80610 P 2bcdcfa6a5f9462a80c4161b0eaf168e [term 0 FOLLOWER]: Advancing to term 1
I20260709 14:47:08.771533  1717 tablet_bootstrap.cc:492] T b83968f1a9904d5299e36ab743090432 P 996dc1a0171d45e3929422b8bc1a8d5f: No bootstrap required, opened a new log
I20260709 14:47:08.772002  1717 ts_tablet_manager.cc:1403] T b83968f1a9904d5299e36ab743090432 P 996dc1a0171d45e3929422b8bc1a8d5f: Time spent bootstrapping tablet: real 0.248s	user 0.015s	sys 0.000s
I20260709 14:47:08.772120  1771 leader_election.cc:290] T f3761c1f850d42af83545bd905d220a0 P d1507a1ac0504ca2921ec3d2f6125d8a [CANDIDATE]: Term 1 election: Requested vote from peers 996dc1a0171d45e3929422b8bc1a8d5f (127.0.107.193:45707), 2bcdcfa6a5f9462a80c4161b0eaf168e (127.0.107.195:41803)
I20260709 14:47:08.773983  1672 tablet_service.cc:1917] Received RequestConsensusVote() RPC: tablet_id: "f3761c1f850d42af83545bd905d220a0" candidate_uuid: "d1507a1ac0504ca2921ec3d2f6125d8a" candidate_term: 1 candidate_status { last_received { term: 0 index: 0 } } ignore_live_leader: false dest_uuid: "2bcdcfa6a5f9462a80c4161b0eaf168e"
I20260709 14:47:08.774897  1672 raft_consensus.cc:3060] T f3761c1f850d42af83545bd905d220a0 P 2bcdcfa6a5f9462a80c4161b0eaf168e [term 0 FOLLOWER]: Advancing to term 1
I20260709 14:47:08.774959  1717 raft_consensus.cc:359] T b83968f1a9904d5299e36ab743090432 P 996dc1a0171d45e3929422b8bc1a8d5f [term 0 FOLLOWER]: Replica starting. Triggering 0 pending ops. Active config: opid_index: -1 OBSOLETE_local: false peers { permanent_uuid: "996dc1a0171d45e3929422b8bc1a8d5f" member_type: VOTER last_known_addr { host: "127.0.107.193" port: 45707 } } peers { permanent_uuid: "d1507a1ac0504ca2921ec3d2f6125d8a" member_type: VOTER last_known_addr { host: "127.0.107.194" port: 39913 } } peers { permanent_uuid: "2bcdcfa6a5f9462a80c4161b0eaf168e" member_type: VOTER last_known_addr { host: "127.0.107.195" port: 41803 } }
I20260709 14:47:08.775629  1717 raft_consensus.cc:385] T b83968f1a9904d5299e36ab743090432 P 996dc1a0171d45e3929422b8bc1a8d5f [term 0 FOLLOWER]: Consensus starting up: Expiring failure detector timer to make a prompt election more likely
I20260709 14:47:08.775911  1717 raft_consensus.cc:740] T b83968f1a9904d5299e36ab743090432 P 996dc1a0171d45e3929422b8bc1a8d5f [term 0 FOLLOWER]: Becoming Follower/Learner. State: Replica: 996dc1a0171d45e3929422b8bc1a8d5f, State: Initialized, Role: FOLLOWER
I20260709 14:47:08.776544  1717 consensus_queue.cc:260] T b83968f1a9904d5299e36ab743090432 P 996dc1a0171d45e3929422b8bc1a8d5f [NON_LEADER]: Queue going to NON_LEADER mode. State: All replicated index: 0, Majority replicated index: 0, Committed index: 0, Last appended: 0.0, Last appended by leader: 0, Current term: 0, Majority size: -1, State: 0, Mode: NON_LEADER, active raft config: opid_index: -1 OBSOLETE_local: false peers { permanent_uuid: "996dc1a0171d45e3929422b8bc1a8d5f" member_type: VOTER last_known_addr { host: "127.0.107.193" port: 45707 } } peers { permanent_uuid: "d1507a1ac0504ca2921ec3d2f6125d8a" member_type: VOTER last_known_addr { host: "127.0.107.194" port: 39913 } } peers { permanent_uuid: "2bcdcfa6a5f9462a80c4161b0eaf168e" member_type: VOTER last_known_addr { host: "127.0.107.195" port: 41803 } }
I20260709 14:47:08.778800  1717 ts_tablet_manager.cc:1434] T b83968f1a9904d5299e36ab743090432 P 996dc1a0171d45e3929422b8bc1a8d5f: Time spent starting tablet: real 0.007s	user 0.006s	sys 0.000s
I20260709 14:47:08.780589  1526 tablet_service.cc:1917] Received RequestConsensusVote() RPC: tablet_id: "16d55b73bc3745378bc77fb6829dc571" candidate_uuid: "d1507a1ac0504ca2921ec3d2f6125d8a" candidate_term: 1 candidate_status { last_received { term: 0 index: 0 } } ignore_live_leader: false dest_uuid: "996dc1a0171d45e3929422b8bc1a8d5f" is_pre_election: true
I20260709 14:47:08.779633  1717 tablet_bootstrap.cc:492] T 35d26dbc545d4b6a988b3a988dc80610 P 996dc1a0171d45e3929422b8bc1a8d5f: Bootstrap starting.
W20260709 14:47:08.804073  1568 leader_election.cc:343] T 16d55b73bc3745378bc77fb6829dc571 P d1507a1ac0504ca2921ec3d2f6125d8a [CANDIDATE]: Term 1 pre-election: Tablet error from VoteRequest() call to peer 996dc1a0171d45e3929422b8bc1a8d5f (127.0.107.193:45707): Illegal state: must be running to vote when last-logged opid is not known
I20260709 14:47:08.804315  1528 tablet_service.cc:1917] Received RequestConsensusVote() RPC: tablet_id: "f3761c1f850d42af83545bd905d220a0" candidate_uuid: "d1507a1ac0504ca2921ec3d2f6125d8a" candidate_term: 1 candidate_status { last_received { term: 0 index: 0 } } ignore_live_leader: false dest_uuid: "996dc1a0171d45e3929422b8bc1a8d5f"
I20260709 14:47:08.804682  1568 leader_election.cc:304] T 16d55b73bc3745378bc77fb6829dc571 P d1507a1ac0504ca2921ec3d2f6125d8a [CANDIDATE]: Term 1 pre-election: Election decided. Result: candidate lost. Election summary: received 3 responses out of 3 voters: 1 yes votes; 2 no votes. yes voters: d1507a1ac0504ca2921ec3d2f6125d8a; no voters: 2bcdcfa6a5f9462a80c4161b0eaf168e, 996dc1a0171d45e3929422b8bc1a8d5f
I20260709 14:47:08.805625  1890 raft_consensus.cc:2749] T 16d55b73bc3745378bc77fb6829dc571 P d1507a1ac0504ca2921ec3d2f6125d8a [term 0 FOLLOWER]: Leader pre-election lost for term 1. Reason: could not achieve majority
W20260709 14:47:08.807963  1568 leader_election.cc:343] T f3761c1f850d42af83545bd905d220a0 P d1507a1ac0504ca2921ec3d2f6125d8a [CANDIDATE]: Term 1 election: Tablet error from VoteRequest() call to peer 996dc1a0171d45e3929422b8bc1a8d5f (127.0.107.193:45707): Illegal state: must be running to vote when last-logged opid is not known
I20260709 14:47:08.787156  1599 tablet_service.cc:1917] Received RequestConsensusVote() RPC: tablet_id: "3275e28b5b98481387de26b4c16d552a" candidate_uuid: "996dc1a0171d45e3929422b8bc1a8d5f" candidate_term: 2 candidate_status { last_received { term: 0 index: 0 } } ignore_live_leader: false dest_uuid: "d1507a1ac0504ca2921ec3d2f6125d8a"
I20260709 14:47:08.808084  1895 consensus_queue.cc:1048] T fded9c5496154d779d97d9c3123b58cf P 996dc1a0171d45e3929422b8bc1a8d5f [LEADER]: Connected to new peer: Peer: permanent_uuid: "2bcdcfa6a5f9462a80c4161b0eaf168e" member_type: VOTER last_known_addr { host: "127.0.107.195" port: 41803 }, Status: LMP_MISMATCH, Last received: 0.0, Next index: 1, Last known committed idx: 0, Time since last communication: 0.002s
I20260709 14:47:08.820699  1672 raft_consensus.cc:2468] T f3761c1f850d42af83545bd905d220a0 P 2bcdcfa6a5f9462a80c4161b0eaf168e [term 1 FOLLOWER]: Leader election vote request: Granting yes vote for candidate d1507a1ac0504ca2921ec3d2f6125d8a in term 1.
I20260709 14:47:08.823407  1855 raft_consensus.cc:515] T 35d26dbc545d4b6a988b3a988dc80610 P 2bcdcfa6a5f9462a80c4161b0eaf168e [term 1 FOLLOWER]: Starting leader election with config: opid_index: -1 OBSOLETE_local: false peers { permanent_uuid: "996dc1a0171d45e3929422b8bc1a8d5f" member_type: VOTER last_known_addr { host: "127.0.107.193" port: 45707 } } peers { permanent_uuid: "d1507a1ac0504ca2921ec3d2f6125d8a" member_type: VOTER last_known_addr { host: "127.0.107.194" port: 39913 } } peers { permanent_uuid: "2bcdcfa6a5f9462a80c4161b0eaf168e" member_type: VOTER last_known_addr { host: "127.0.107.195" port: 41803 } }
I20260709 14:47:08.825281  1855 leader_election.cc:290] T 35d26dbc545d4b6a988b3a988dc80610 P 2bcdcfa6a5f9462a80c4161b0eaf168e [CANDIDATE]: Term 1 election: Requested vote from peers 996dc1a0171d45e3929422b8bc1a8d5f (127.0.107.193:45707), d1507a1ac0504ca2921ec3d2f6125d8a (127.0.107.194:39913)
I20260709 14:47:08.816162  1599 raft_consensus.cc:3060] T 3275e28b5b98481387de26b4c16d552a P d1507a1ac0504ca2921ec3d2f6125d8a [term 1 FOLLOWER]: Advancing to term 2
I20260709 14:47:08.866253  1598 raft_consensus.cc:3060] T 97b2953617f64d29a8334f1652ccef8a P d1507a1ac0504ca2921ec3d2f6125d8a [term 0 FOLLOWER]: Advancing to term 1
I20260709 14:47:08.875545  1599 raft_consensus.cc:2468] T 3275e28b5b98481387de26b4c16d552a P d1507a1ac0504ca2921ec3d2f6125d8a [term 2 FOLLOWER]: Leader election vote request: Granting yes vote for candidate 996dc1a0171d45e3929422b8bc1a8d5f in term 2.
I20260709 14:47:08.885823  1851 consensus_queue.cc:1048] T 97b2953617f64d29a8334f1652ccef8a P 2bcdcfa6a5f9462a80c4161b0eaf168e [LEADER]: Connected to new peer: Peer: permanent_uuid: "996dc1a0171d45e3929422b8bc1a8d5f" member_type: VOTER last_known_addr { host: "127.0.107.193" port: 45707 }, Status: LMP_MISMATCH, Last received: 0.0, Next index: 1, Last known committed idx: 0, Time since last communication: 0.002s
I20260709 14:47:08.887046  1717 tablet_bootstrap.cc:654] T 35d26dbc545d4b6a988b3a988dc80610 P 996dc1a0171d45e3929422b8bc1a8d5f: Neither blocks nor log segments found. Creating new log.
I20260709 14:47:08.891378  1568 leader_election.cc:304] T f3761c1f850d42af83545bd905d220a0 P d1507a1ac0504ca2921ec3d2f6125d8a [CANDIDATE]: Term 1 election: Election decided. Result: candidate won. Election summary: received 3 responses out of 3 voters: 2 yes votes; 1 no votes. yes voters: 2bcdcfa6a5f9462a80c4161b0eaf168e, d1507a1ac0504ca2921ec3d2f6125d8a; no voters: 996dc1a0171d45e3929422b8bc1a8d5f
I20260709 14:47:08.892766  1726 tablet_bootstrap.cc:492] T ff66b6848ce24d98905c5f7b75ab6732 P 2bcdcfa6a5f9462a80c4161b0eaf168e: No bootstrap required, opened a new log
I20260709 14:47:08.894640  1726 ts_tablet_manager.cc:1403] T ff66b6848ce24d98905c5f7b75ab6732 P 2bcdcfa6a5f9462a80c4161b0eaf168e: Time spent bootstrapping tablet: real 0.244s	user 0.008s	sys 0.011s
I20260709 14:47:08.894318  1526 tablet_service.cc:1917] Received RequestConsensusVote() RPC: tablet_id: "35d26dbc545d4b6a988b3a988dc80610" candidate_uuid: "2bcdcfa6a5f9462a80c4161b0eaf168e" candidate_term: 1 candidate_status { last_received { term: 0 index: 0 } } ignore_live_leader: false dest_uuid: "996dc1a0171d45e3929422b8bc1a8d5f"
