W20260709 14:46:50.925374  1108 leader_election.cc:343] T 2d3ebdb3d943423c94c1b6e624cc4788 P 61e7bf9b1d284a5dabf970843cd6c190 [CANDIDATE]: Term 1 election: Tablet error from VoteRequest() call to peer 121c68eb58b741098f579013c21a6a87 (127.0.107.193:42441): Illegal state: must be running to vote when last-logged opid is not known
I20260709 14:46:50.928556  1218 tablet_service.cc:1917] Received RequestConsensusVote() RPC: tablet_id: "2d3ebdb3d943423c94c1b6e624cc4788" candidate_uuid: "61e7bf9b1d284a5dabf970843cd6c190" candidate_term: 1 candidate_status { last_received { term: 0 index: 0 } } ignore_live_leader: false dest_uuid: "eb69d2e3fec64c6fb552bae51f1f79c5"
I20260709 14:46:50.929431  1218 raft_consensus.cc:3060] T 2d3ebdb3d943423c94c1b6e624cc4788 P eb69d2e3fec64c6fb552bae51f1f79c5 [term 0 FOLLOWER]: Advancing to term 1
I20260709 14:46:50.937469  1258 tablet_bootstrap.cc:654] T 44b67bdcec2043809c04f28453dc8207 P 61e7bf9b1d284a5dabf970843cd6c190: Neither blocks nor log segments found. Creating new log.
I20260709 14:46:50.938014  1264 leader_election.cc:290] T 2d3ebdb3d943423c94c1b6e624cc4788 P 61e7bf9b1d284a5dabf970843cd6c190 [CANDIDATE]: Term 1 election: Requested vote from peers 121c68eb58b741098f579013c21a6a87 (127.0.107.193:42441), eb69d2e3fec64c6fb552bae51f1f79c5 (127.0.107.195:40899)
I20260709 14:46:50.940474  1218 raft_consensus.cc:2468] T 2d3ebdb3d943423c94c1b6e624cc4788 P eb69d2e3fec64c6fb552bae51f1f79c5 [term 1 FOLLOWER]: Leader election vote request: Granting yes vote for candidate 61e7bf9b1d284a5dabf970843cd6c190 in term 1.
I20260709 14:46:50.945703  1260 tablet_bootstrap.cc:492] T 2d3ebdb3d943423c94c1b6e624cc4788 P 121c68eb58b741098f579013c21a6a87: No bootstrap required, opened a new log
I20260709 14:46:50.946208  1260 ts_tablet_manager.cc:1403] T 2d3ebdb3d943423c94c1b6e624cc4788 P 121c68eb58b741098f579013c21a6a87: Time spent bootstrapping tablet: real 0.109s	user 0.026s	sys 0.035s
I20260709 14:46:50.946448  1108 leader_election.cc:304] T 2d3ebdb3d943423c94c1b6e624cc4788 P 61e7bf9b1d284a5dabf970843cd6c190 [CANDIDATE]: Term 1 election: Election decided. Result: candidate won. Election summary: received 3 responses out of 3 voters: 2 yes votes; 1 no votes. yes voters: 61e7bf9b1d284a5dabf970843cd6c190, eb69d2e3fec64c6fb552bae51f1f79c5; no voters: 121c68eb58b741098f579013c21a6a87
I20260709 14:46:50.947685  1264 raft_consensus.cc:2804] T 2d3ebdb3d943423c94c1b6e624cc4788 P 61e7bf9b1d284a5dabf970843cd6c190 [term 1 FOLLOWER]: Leader election won for term 1
I20260709 14:46:50.948221  1264 raft_consensus.cc:697] T 2d3ebdb3d943423c94c1b6e624cc4788 P 61e7bf9b1d284a5dabf970843cd6c190 [term 1 LEADER]: Becoming Leader. State: Replica: 61e7bf9b1d284a5dabf970843cd6c190, State: Running, Role: LEADER
I20260709 14:46:50.949059  1260 raft_consensus.cc:359] T 2d3ebdb3d943423c94c1b6e624cc4788 P 121c68eb58b741098f579013c21a6a87 [term 0 FOLLOWER]: Replica starting. Triggering 0 pending ops. Active config: opid_index: -1 OBSOLETE_local: false peers { permanent_uuid: "121c68eb58b741098f579013c21a6a87" member_type: VOTER last_known_addr { host: "127.0.107.193" port: 42441 } } peers { permanent_uuid: "61e7bf9b1d284a5dabf970843cd6c190" member_type: VOTER last_known_addr { host: "127.0.107.194" port: 44793 } } peers { permanent_uuid: "eb69d2e3fec64c6fb552bae51f1f79c5" member_type: VOTER last_known_addr { host: "127.0.107.195" port: 40899 } }
I20260709 14:46:50.949115  1264 consensus_queue.cc:237] T 2d3ebdb3d943423c94c1b6e624cc4788 P 61e7bf9b1d284a5dabf970843cd6c190 [LEADER]: Queue going to LEADER mode. State: All replicated index: 0, Majority replicated index: 0, Committed index: 0, Last appended: 0.0, Last appended by leader: 0, Current term: 1, Majority size: 2, State: 0, Mode: LEADER, active raft config: opid_index: -1 OBSOLETE_local: false peers { permanent_uuid: "121c68eb58b741098f579013c21a6a87" member_type: VOTER last_known_addr { host: "127.0.107.193" port: 42441 } } peers { permanent_uuid: "61e7bf9b1d284a5dabf970843cd6c190" member_type: VOTER last_known_addr { host: "127.0.107.194" port: 44793 } } peers { permanent_uuid: "eb69d2e3fec64c6fb552bae51f1f79c5" member_type: VOTER last_known_addr { host: "127.0.107.195" port: 40899 } }
I20260709 14:46:50.949923  1260 raft_consensus.cc:385] T 2d3ebdb3d943423c94c1b6e624cc4788 P 121c68eb58b741098f579013c21a6a87 [term 0 FOLLOWER]: Consensus starting up: Expiring failure detector timer to make a prompt election more likely
I20260709 14:46:50.950245  1260 raft_consensus.cc:740] T 2d3ebdb3d943423c94c1b6e624cc4788 P 121c68eb58b741098f579013c21a6a87 [term 0 FOLLOWER]: Becoming Follower/Learner. State: Replica: 121c68eb58b741098f579013c21a6a87, State: Initialized, Role: FOLLOWER
I20260709 14:46:50.950431  1144 tablet_service.cc:1917] Received RequestConsensusVote() RPC: tablet_id: "8506d80d64484a1497ef197307762eb3" candidate_uuid: "121c68eb58b741098f579013c21a6a87" candidate_term: 1 candidate_status { last_received { term: 0 index: 0 } } ignore_live_leader: false dest_uuid: "61e7bf9b1d284a5dabf970843cd6c190" is_pre_election: true
I20260709 14:46:50.951061  1144 raft_consensus.cc:2468] T 8506d80d64484a1497ef197307762eb3 P 61e7bf9b1d284a5dabf970843cd6c190 [term 0 FOLLOWER]: Leader pre-election vote request: Granting yes vote for candidate 121c68eb58b741098f579013c21a6a87 in term 0.
I20260709 14:46:50.951102  1260 consensus_queue.cc:260] T 2d3ebdb3d943423c94c1b6e624cc4788 P 121c68eb58b741098f579013c21a6a87 [NON_LEADER]: Queue going to NON_LEADER mode. State: All replicated index: 0, Majority replicated index: 0, Committed index: 0, Last appended: 0.0, Last appended by leader: 0, Current term: 0, Majority size: -1, State: 0, Mode: NON_LEADER, active raft config: opid_index: -1 OBSOLETE_local: false peers { permanent_uuid: "121c68eb58b741098f579013c21a6a87" member_type: VOTER last_known_addr { host: "127.0.107.193" port: 42441 } } peers { permanent_uuid: "61e7bf9b1d284a5dabf970843cd6c190" member_type: VOTER last_known_addr { host: "127.0.107.194" port: 44793 } } peers { permanent_uuid: "eb69d2e3fec64c6fb552bae51f1f79c5" member_type: VOTER last_known_addr { host: "127.0.107.195" port: 40899 } }
I20260709 14:46:50.953130  1034 leader_election.cc:304] T 8506d80d64484a1497ef197307762eb3 P 121c68eb58b741098f579013c21a6a87 [CANDIDATE]: Term 1 pre-election: Election decided. Result: candidate won. Election summary: received 2 responses out of 3 voters: 2 yes votes; 0 no votes. yes voters: 121c68eb58b741098f579013c21a6a87, 61e7bf9b1d284a5dabf970843cd6c190; no voters: 
I20260709 14:46:50.952365   965 catalog_manager.cc:5697] T 5454b38cc9644afea30a245473234bfc P eb69d2e3fec64c6fb552bae51f1f79c5 reported cstate change: term changed from 0 to 1, leader changed from <none> to eb69d2e3fec64c6fb552bae51f1f79c5 (127.0.107.195). New cstate: current_term: 1 leader_uuid: "eb69d2e3fec64c6fb552bae51f1f79c5" committed_config { opid_index: -1 OBSOLETE_local: false peers { permanent_uuid: "121c68eb58b741098f579013c21a6a87" member_type: VOTER last_known_addr { host: "127.0.107.193" port: 42441 } health_report { overall_health: UNKNOWN } } peers { permanent_uuid: "61e7bf9b1d284a5dabf970843cd6c190" member_type: VOTER last_known_addr { host: "127.0.107.194" port: 44793 } health_report { overall_health: UNKNOWN } } peers { permanent_uuid: "eb69d2e3fec64c6fb552bae51f1f79c5" member_type: VOTER last_known_addr { host: "127.0.107.195" port: 40899 } health_report { overall_health: HEALTHY } } }
I20260709 14:46:50.955363  1266 raft_consensus.cc:2804] T 8506d80d64484a1497ef197307762eb3 P 121c68eb58b741098f579013c21a6a87 [term 0 FOLLOWER]: Leader pre-election won for term 1
I20260709 14:46:50.955740  1266 raft_consensus.cc:493] T 8506d80d64484a1497ef197307762eb3 P 121c68eb58b741098f579013c21a6a87 [term 0 FOLLOWER]: Starting leader election (no leader contacted us within the election timeout)
I20260709 14:46:50.956092  1266 raft_consensus.cc:3060] T 8506d80d64484a1497ef197307762eb3 P 121c68eb58b741098f579013c21a6a87 [term 0 FOLLOWER]: Advancing to term 1
I20260709 14:46:50.967548  1260 ts_tablet_manager.cc:1434] T 2d3ebdb3d943423c94c1b6e624cc4788 P 121c68eb58b741098f579013c21a6a87: Time spent starting tablet: real 0.021s	user 0.000s	sys 0.007s
I20260709 14:46:50.968577  1260 tablet_bootstrap.cc:492] T 80cfd421ca7f4e87bd76e128628563ae P 121c68eb58b741098f579013c21a6a87: Bootstrap starting.
I20260709 14:46:50.968950  1262 tablet_bootstrap.cc:492] T 6d8875906dd34a4994ea79750110dda4 P eb69d2e3fec64c6fb552bae51f1f79c5: No bootstrap required, opened a new log
I20260709 14:46:50.969440  1262 ts_tablet_manager.cc:1403] T 6d8875906dd34a4994ea79750110dda4 P eb69d2e3fec64c6fb552bae51f1f79c5: Time spent bootstrapping tablet: real 0.126s	user 0.009s	sys 0.005s
I20260709 14:46:50.977959  1262 raft_consensus.cc:359] T 6d8875906dd34a4994ea79750110dda4 P eb69d2e3fec64c6fb552bae51f1f79c5 [term 0 FOLLOWER]: Replica starting. Triggering 0 pending ops. Active config: opid_index: -1 OBSOLETE_local: false peers { permanent_uuid: "61e7bf9b1d284a5dabf970843cd6c190" member_type: VOTER last_known_addr { host: "127.0.107.194" port: 44793 } } peers { permanent_uuid: "121c68eb58b741098f579013c21a6a87" member_type: VOTER last_known_addr { host: "127.0.107.193" port: 42441 } } peers { permanent_uuid: "eb69d2e3fec64c6fb552bae51f1f79c5" member_type: VOTER last_known_addr { host: "127.0.107.195" port: 40899 } }
I20260709 14:46:50.978791  1262 raft_consensus.cc:385] T 6d8875906dd34a4994ea79750110dda4 P eb69d2e3fec64c6fb552bae51f1f79c5 [term 0 FOLLOWER]: Consensus starting up: Expiring failure detector timer to make a prompt election more likely
I20260709 14:46:50.979104  1262 raft_consensus.cc:740] T 6d8875906dd34a4994ea79750110dda4 P eb69d2e3fec64c6fb552bae51f1f79c5 [term 0 FOLLOWER]: Becoming Follower/Learner. State: Replica: eb69d2e3fec64c6fb552bae51f1f79c5, State: Initialized, Role: FOLLOWER
I20260709 14:46:50.963994  1266 raft_consensus.cc:515] T 8506d80d64484a1497ef197307762eb3 P 121c68eb58b741098f579013c21a6a87 [term 1 FOLLOWER]: Starting leader election with config: opid_index: -1 OBSOLETE_local: false peers { permanent_uuid: "121c68eb58b741098f579013c21a6a87" member_type: VOTER last_known_addr { host: "127.0.107.193" port: 42441 } } peers { permanent_uuid: "61e7bf9b1d284a5dabf970843cd6c190" member_type: VOTER last_known_addr { host: "127.0.107.194" port: 44793 } } peers { permanent_uuid: "eb69d2e3fec64c6fb552bae51f1f79c5" member_type: VOTER last_known_addr { host: "127.0.107.195" port: 40899 } }
I20260709 14:46:50.980743  1218 tablet_service.cc:1917] Received RequestConsensusVote() RPC: tablet_id: "8506d80d64484a1497ef197307762eb3" candidate_uuid: "121c68eb58b741098f579013c21a6a87" candidate_term: 1 candidate_status { last_received { term: 0 index: 0 } } ignore_live_leader: false dest_uuid: "eb69d2e3fec64c6fb552bae51f1f79c5" is_pre_election: true
W20260709 14:46:50.982322  1033 leader_election.cc:343] T 8506d80d64484a1497ef197307762eb3 P 121c68eb58b741098f579013c21a6a87 [CANDIDATE]: Term 1 pre-election: Tablet error from VoteRequest() call to peer eb69d2e3fec64c6fb552bae51f1f79c5 (127.0.107.195:40899): Illegal state: must be running to vote when last-logged opid is not known
I20260709 14:46:50.982522  1144 tablet_service.cc:1917] Received RequestConsensusVote() RPC: tablet_id: "8506d80d64484a1497ef197307762eb3" candidate_uuid: "121c68eb58b741098f579013c21a6a87" candidate_term: 1 candidate_status { last_received { term: 0 index: 0 } } ignore_live_leader: false dest_uuid: "61e7bf9b1d284a5dabf970843cd6c190"
I20260709 14:46:50.983069  1144 raft_consensus.cc:3060] T 8506d80d64484a1497ef197307762eb3 P 61e7bf9b1d284a5dabf970843cd6c190 [term 0 FOLLOWER]: Advancing to term 1
I20260709 14:46:50.986047  1262 consensus_queue.cc:260] T 6d8875906dd34a4994ea79750110dda4 P eb69d2e3fec64c6fb552bae51f1f79c5 [NON_LEADER]: Queue going to NON_LEADER mode. State: All replicated index: 0, Majority replicated index: 0, Committed index: 0, Last appended: 0.0, Last appended by leader: 0, Current term: 0, Majority size: -1, State: 0, Mode: NON_LEADER, active raft config: opid_index: -1 OBSOLETE_local: false peers { permanent_uuid: "61e7bf9b1d284a5dabf970843cd6c190" member_type: VOTER last_known_addr { host: "127.0.107.194" port: 44793 } } peers { permanent_uuid: "121c68eb58b741098f579013c21a6a87" member_type: VOTER last_known_addr { host: "127.0.107.193" port: 42441 } } peers { permanent_uuid: "eb69d2e3fec64c6fb552bae51f1f79c5" member_type: VOTER last_known_addr { host: "127.0.107.195" port: 40899 } }
I20260709 14:46:50.989807  1262 ts_tablet_manager.cc:1434] T 6d8875906dd34a4994ea79750110dda4 P eb69d2e3fec64c6fb552bae51f1f79c5: Time spent starting tablet: real 0.020s	user 0.007s	sys 0.000s
I20260709 14:46:50.990249  1144 raft_consensus.cc:2468] T 8506d80d64484a1497ef197307762eb3 P 61e7bf9b1d284a5dabf970843cd6c190 [term 1 FOLLOWER]: Leader election vote request: Granting yes vote for candidate 121c68eb58b741098f579013c21a6a87 in term 1.
I20260709 14:46:50.990772  1262 tablet_bootstrap.cc:492] T 6674d4976da54d3f987a385f5abfaf5c P eb69d2e3fec64c6fb552bae51f1f79c5: Bootstrap starting.
I20260709 14:46:50.991528  1034 leader_election.cc:304] T 8506d80d64484a1497ef197307762eb3 P 121c68eb58b741098f579013c21a6a87 [CANDIDATE]: Term 1 election: Election decided. Result: candidate won. Election summary: received 2 responses out of 3 voters: 2 yes votes; 0 no votes. yes voters: 121c68eb58b741098f579013c21a6a87, 61e7bf9b1d284a5dabf970843cd6c190; no voters: 
I20260709 14:46:50.996564  1258 tablet_bootstrap.cc:492] T 44b67bdcec2043809c04f28453dc8207 P 61e7bf9b1d284a5dabf970843cd6c190: No bootstrap required, opened a new log
I20260709 14:46:50.997124  1258 ts_tablet_manager.cc:1403] T 44b67bdcec2043809c04f28453dc8207 P 61e7bf9b1d284a5dabf970843cd6c190: Time spent bootstrapping tablet: real 0.114s	user 0.014s	sys 0.001s
I20260709 14:46:50.998435  1218 tablet_service.cc:1917] Received RequestConsensusVote() RPC: tablet_id: "8506d80d64484a1497ef197307762eb3" candidate_uuid: "121c68eb58b741098f579013c21a6a87" candidate_term: 1 candidate_status { last_received { term: 0 index: 0 } } ignore_live_leader: false dest_uuid: "eb69d2e3fec64c6fb552bae51f1f79c5"
W20260709 14:46:50.999938  1033 leader_election.cc:343] T 8506d80d64484a1497ef197307762eb3 P 121c68eb58b741098f579013c21a6a87 [CANDIDATE]: Term 1 election: Tablet error from VoteRequest() call to peer eb69d2e3fec64c6fb552bae51f1f79c5 (127.0.107.195:40899): Illegal state: must be running to vote when last-logged opid is not known
I20260709 14:46:50.999732  1258 raft_consensus.cc:359] T 44b67bdcec2043809c04f28453dc8207 P 61e7bf9b1d284a5dabf970843cd6c190 [term 0 FOLLOWER]: Replica starting. Triggering 0 pending ops. Active config: opid_index: -1 OBSOLETE_local: false peers { permanent_uuid: "121c68eb58b741098f579013c21a6a87" member_type: VOTER last_known_addr { host: "127.0.107.193" port: 42441 } } peers { permanent_uuid: "61e7bf9b1d284a5dabf970843cd6c190" member_type: VOTER last_known_addr { host: "127.0.107.194" port: 44793 } } peers { permanent_uuid: "eb69d2e3fec64c6fb552bae51f1f79c5" member_type: VOTER last_known_addr { host: "127.0.107.195" port: 40899 } }
I20260709 14:46:51.000936  1266 leader_election.cc:290] T 8506d80d64484a1497ef197307762eb3 P 121c68eb58b741098f579013c21a6a87 [CANDIDATE]: Term 1 election: Requested vote from peers 61e7bf9b1d284a5dabf970843cd6c190 (127.0.107.194:44793), eb69d2e3fec64c6fb552bae51f1f79c5 (127.0.107.195:40899)
I20260709 14:46:51.000396  1258 raft_consensus.cc:385] T 44b67bdcec2043809c04f28453dc8207 P 61e7bf9b1d284a5dabf970843cd6c190 [term 0 FOLLOWER]: Consensus starting up: Expiring failure detector timer to make a prompt election more likely
I20260709 14:46:51.001514  1258 raft_consensus.cc:740] T 44b67bdcec2043809c04f28453dc8207 P 61e7bf9b1d284a5dabf970843cd6c190 [term 0 FOLLOWER]: Becoming Follower/Learner. State: Replica: 61e7bf9b1d284a5dabf970843cd6c190, State: Initialized, Role: FOLLOWER
I20260709 14:46:51.002391  1258 consensus_queue.cc:260] T 44b67bdcec2043809c04f28453dc8207 P 61e7bf9b1d284a5dabf970843cd6c190 [NON_LEADER]: Queue going to NON_LEADER mode. State: All replicated index: 0, Majority replicated index: 0, Committed index: 0, Last appended: 0.0, Last appended by leader: 0, Current term: 0, Majority size: -1, State: 0, Mode: NON_LEADER, active raft config: opid_index: -1 OBSOLETE_local: false peers { permanent_uuid: "121c68eb58b741098f579013c21a6a87" member_type: VOTER last_known_addr { host: "127.0.107.193" port: 42441 } } peers { permanent_uuid: "61e7bf9b1d284a5dabf970843cd6c190" member_type: VOTER last_known_addr { host: "127.0.107.194" port: 44793 } } peers { permanent_uuid: "eb69d2e3fec64c6fb552bae51f1f79c5" member_type: VOTER last_known_addr { host: "127.0.107.195" port: 40899 } }
I20260709 14:46:51.004556  1258 ts_tablet_manager.cc:1434] T 44b67bdcec2043809c04f28453dc8207 P 61e7bf9b1d284a5dabf970843cd6c190: Time spent starting tablet: real 0.007s	user 0.007s	sys 0.000s
I20260709 14:46:51.005502  1258 tablet_bootstrap.cc:492] T 80cfd421ca7f4e87bd76e128628563ae P 61e7bf9b1d284a5dabf970843cd6c190: Bootstrap starting.
I20260709 14:46:51.005745  1262 tablet_bootstrap.cc:654] T 6674d4976da54d3f987a385f5abfaf5c P eb69d2e3fec64c6fb552bae51f1f79c5: Neither blocks nor log segments found. Creating new log.
I20260709 14:46:51.008044   964 catalog_manager.cc:5697] T 12adb638530e4db6a9f3e896d2bd4e6f P eb69d2e3fec64c6fb552bae51f1f79c5 reported cstate change: term changed from 0 to 1, leader changed from <none> to eb69d2e3fec64c6fb552bae51f1f79c5 (127.0.107.195). New cstate: current_term: 1 leader_uuid: "eb69d2e3fec64c6fb552bae51f1f79c5" committed_config { opid_index: -1 OBSOLETE_local: false peers { permanent_uuid: "121c68eb58b741098f579013c21a6a87" member_type: VOTER last_known_addr { host: "127.0.107.193" port: 42441 } health_report { overall_health: UNKNOWN } } peers { permanent_uuid: "61e7bf9b1d284a5dabf970843cd6c190" member_type: VOTER last_known_addr { host: "127.0.107.194" port: 44793 } health_report { overall_health: UNKNOWN } } peers { permanent_uuid: "eb69d2e3fec64c6fb552bae51f1f79c5" member_type: VOTER last_known_addr { host: "127.0.107.195" port: 40899 } health_report { overall_health: HEALTHY } } }
I20260709 14:46:51.015744  1262 tablet_bootstrap.cc:492] T 6674d4976da54d3f987a385f5abfaf5c P eb69d2e3fec64c6fb552bae51f1f79c5: No bootstrap required, opened a new log
I20260709 14:46:51.016016  1258 tablet_bootstrap.cc:654] T 80cfd421ca7f4e87bd76e128628563ae P 61e7bf9b1d284a5dabf970843cd6c190: Neither blocks nor log segments found. Creating new log.
I20260709 14:46:51.016255  1262 ts_tablet_manager.cc:1403] T 6674d4976da54d3f987a385f5abfaf5c P eb69d2e3fec64c6fb552bae51f1f79c5: Time spent bootstrapping tablet: real 0.026s	user 0.011s	sys 0.001s
I20260709 14:46:50.975610  1260 tablet_bootstrap.cc:654] T 80cfd421ca7f4e87bd76e128628563ae P 121c68eb58b741098f579013c21a6a87: Neither blocks nor log segments found. Creating new log.
I20260709 14:46:51.018904  1270 raft_consensus.cc:493] T 6d8875906dd34a4994ea79750110dda4 P eb69d2e3fec64c6fb552bae51f1f79c5 [term 0 FOLLOWER]: Starting pre-election (no leader contacted us within the election timeout)
I20260709 14:46:51.019353  1270 raft_consensus.cc:515] T 6d8875906dd34a4994ea79750110dda4 P eb69d2e3fec64c6fb552bae51f1f79c5 [term 0 FOLLOWER]: Starting pre-election with config: opid_index: -1 OBSOLETE_local: false peers { permanent_uuid: "61e7bf9b1d284a5dabf970843cd6c190" member_type: VOTER last_known_addr { host: "127.0.107.194" port: 44793 } } peers { permanent_uuid: "121c68eb58b741098f579013c21a6a87" member_type: VOTER last_known_addr { host: "127.0.107.193" port: 42441 } } peers { permanent_uuid: "eb69d2e3fec64c6fb552bae51f1f79c5" member_type: VOTER last_known_addr { host: "127.0.107.195" port: 40899 } }
I20260709 14:46:51.021451  1270 leader_election.cc:290] T 6d8875906dd34a4994ea79750110dda4 P eb69d2e3fec64c6fb552bae51f1f79c5 [CANDIDATE]: Term 1 pre-election: Requested pre-vote from peers 61e7bf9b1d284a5dabf970843cd6c190 (127.0.107.194:44793), 121c68eb58b741098f579013c21a6a87 (127.0.107.193:42441)
I20260709 14:46:51.022328  1262 raft_consensus.cc:359] T 6674d4976da54d3f987a385f5abfaf5c P eb69d2e3fec64c6fb552bae51f1f79c5 [term 0 FOLLOWER]: Replica starting. Triggering 0 pending ops. Active config: opid_index: -1 OBSOLETE_local: false peers { permanent_uuid: "121c68eb58b741098f579013c21a6a87" member_type: VOTER last_known_addr { host: "127.0.107.193" port: 42441 } } peers { permanent_uuid: "61e7bf9b1d284a5dabf970843cd6c190" member_type: VOTER last_known_addr { host: "127.0.107.194" port: 44793 } } peers { permanent_uuid: "eb69d2e3fec64c6fb552bae51f1f79c5" member_type: VOTER last_known_addr { host: "127.0.107.195" port: 40899 } }
I20260709 14:46:51.022961  1262 raft_consensus.cc:385] T 6674d4976da54d3f987a385f5abfaf5c P eb69d2e3fec64c6fb552bae51f1f79c5 [term 0 FOLLOWER]: Consensus starting up: Expiring failure detector timer to make a prompt election more likely
I20260709 14:46:51.023208  1262 raft_consensus.cc:740] T 6674d4976da54d3f987a385f5abfaf5c P eb69d2e3fec64c6fb552bae51f1f79c5 [term 0 FOLLOWER]: Becoming Follower/Learner. State: Replica: eb69d2e3fec64c6fb552bae51f1f79c5, State: Initialized, Role: FOLLOWER
I20260709 14:46:51.023497  1068 tablet_service.cc:1917] Received RequestConsensusVote() RPC: tablet_id: "6d8875906dd34a4994ea79750110dda4" candidate_uuid: "eb69d2e3fec64c6fb552bae51f1f79c5" candidate_term: 1 candidate_status { last_received { term: 0 index: 0 } } ignore_live_leader: false dest_uuid: "121c68eb58b741098f579013c21a6a87" is_pre_election: true
I20260709 14:46:51.023854  1262 consensus_queue.cc:260] T 6674d4976da54d3f987a385f5abfaf5c P eb69d2e3fec64c6fb552bae51f1f79c5 [NON_LEADER]: Queue going to NON_LEADER mode. State: All replicated index: 0, Majority replicated index: 0, Committed index: 0, Last appended: 0.0, Last appended by leader: 0, Current term: 0, Majority size: -1, State: 0, Mode: NON_LEADER, active raft config: opid_index: -1 OBSOLETE_local: false peers { permanent_uuid: "121c68eb58b741098f579013c21a6a87" member_type: VOTER last_known_addr { host: "127.0.107.193" port: 42441 } } peers { permanent_uuid: "61e7bf9b1d284a5dabf970843cd6c190" member_type: VOTER last_known_addr { host: "127.0.107.194" port: 44793 } } peers { permanent_uuid: "eb69d2e3fec64c6fb552bae51f1f79c5" member_type: VOTER last_known_addr { host: "127.0.107.195" port: 40899 } }
I20260709 14:46:51.024696  1068 raft_consensus.cc:2393] T 6d8875906dd34a4994ea79750110dda4 P 121c68eb58b741098f579013c21a6a87 [term 1 FOLLOWER]: Leader pre-election vote request: Denying vote to candidate eb69d2e3fec64c6fb552bae51f1f79c5 in current term 1: Already voted for candidate 61e7bf9b1d284a5dabf970843cd6c190 in this term.
I20260709 14:46:51.026506  1262 ts_tablet_manager.cc:1434] T 6674d4976da54d3f987a385f5abfaf5c P eb69d2e3fec64c6fb552bae51f1f79c5: Time spent starting tablet: real 0.010s	user 0.005s	sys 0.000s
I20260709 14:46:51.027547  1262 tablet_bootstrap.cc:492] T 44b67bdcec2043809c04f28453dc8207 P eb69d2e3fec64c6fb552bae51f1f79c5: Bootstrap starting.
I20260709 14:46:51.026770   967 catalog_manager.cc:5697] T 6d8875906dd34a4994ea79750110dda4 P 61e7bf9b1d284a5dabf970843cd6c190 reported cstate change: term changed from 0 to 1, leader changed from <none> to 61e7bf9b1d284a5dabf970843cd6c190 (127.0.107.194). New cstate: current_term: 1 leader_uuid: "61e7bf9b1d284a5dabf970843cd6c190" committed_config { opid_index: -1 OBSOLETE_local: false peers { permanent_uuid: "61e7bf9b1d284a5dabf970843cd6c190" member_type: VOTER last_known_addr { host: "127.0.107.194" port: 44793 } health_report { overall_health: HEALTHY } } peers { permanent_uuid: "121c68eb58b741098f579013c21a6a87" member_type: VOTER last_known_addr { host: "127.0.107.193" port: 42441 } health_report { overall_health: UNKNOWN } } peers { permanent_uuid: "eb69d2e3fec64c6fb552bae51f1f79c5" member_type: VOTER last_known_addr { host: "127.0.107.195" port: 40899 } health_report { overall_health: UNKNOWN } } }
I20260709 14:46:51.028406  1144 tablet_service.cc:1917] Received RequestConsensusVote() RPC: tablet_id: "6d8875906dd34a4994ea79750110dda4" candidate_uuid: "eb69d2e3fec64c6fb552bae51f1f79c5" candidate_term: 1 candidate_status { last_received { term: 0 index: 0 } } ignore_live_leader: false dest_uuid: "61e7bf9b1d284a5dabf970843cd6c190" is_pre_election: true
I20260709 14:46:51.029373   967 catalog_manager.cc:5697] T e61334d98d614abb9b7e859f5f443fe1 P 61e7bf9b1d284a5dabf970843cd6c190 reported cstate change: term changed from 0 to 1, leader changed from <none> to 61e7bf9b1d284a5dabf970843cd6c190 (127.0.107.194). New cstate: current_term: 1 leader_uuid: "61e7bf9b1d284a5dabf970843cd6c190" committed_config { opid_index: -1 OBSOLETE_local: false peers { permanent_uuid: "121c68eb58b741098f579013c21a6a87" member_type: VOTER last_known_addr { host: "127.0.107.193" port: 42441 } health_report { overall_health: UNKNOWN } } peers { permanent_uuid: "61e7bf9b1d284a5dabf970843cd6c190" member_type: VOTER last_known_addr { host: "127.0.107.194" port: 44793 } health_report { overall_health: HEALTHY } } peers { permanent_uuid: "eb69d2e3fec64c6fb552bae51f1f79c5" member_type: VOTER last_known_addr { host: "127.0.107.195" port: 40899 } health_report { overall_health: UNKNOWN } } }
I20260709 14:46:51.030874   967 catalog_manager.cc:5697] T 2d3ebdb3d943423c94c1b6e624cc4788 P 61e7bf9b1d284a5dabf970843cd6c190 reported cstate change: term changed from 0 to 1, leader changed from <none> to 61e7bf9b1d284a5dabf970843cd6c190 (127.0.107.194). New cstate: current_term: 1 leader_uuid: "61e7bf9b1d284a5dabf970843cd6c190" committed_config { opid_index: -1 OBSOLETE_local: false peers { permanent_uuid: "121c68eb58b741098f579013c21a6a87" member_type: VOTER last_known_addr { host: "127.0.107.193" port: 42441 } health_report { overall_health: UNKNOWN } } peers { permanent_uuid: "61e7bf9b1d284a5dabf970843cd6c190" member_type: VOTER last_known_addr { host: "127.0.107.194" port: 44793 } health_report { overall_health: HEALTHY } } peers { permanent_uuid: "eb69d2e3fec64c6fb552bae51f1f79c5" member_type: VOTER last_known_addr { host: "127.0.107.195" port: 40899 } health_report { overall_health: UNKNOWN } } }
I20260709 14:46:51.038177  1262 tablet_bootstrap.cc:654] T 44b67bdcec2043809c04f28453dc8207 P eb69d2e3fec64c6fb552bae51f1f79c5: Neither blocks nor log segments found. Creating new log.
I20260709 14:46:51.040757  1183 leader_election.cc:304] T 6d8875906dd34a4994ea79750110dda4 P eb69d2e3fec64c6fb552bae51f1f79c5 [CANDIDATE]: Term 1 pre-election: Election decided. Result: candidate lost. Election summary: received 3 responses out of 3 voters: 1 yes votes; 2 no votes. yes voters: eb69d2e3fec64c6fb552bae51f1f79c5; no voters: 121c68eb58b741098f579013c21a6a87, 61e7bf9b1d284a5dabf970843cd6c190
I20260709 14:46:51.001510  1266 raft_consensus.cc:2804] T 8506d80d64484a1497ef197307762eb3 P 121c68eb58b741098f579013c21a6a87 [term 1 FOLLOWER]: Leader election won for term 1
I20260709 14:46:51.042081  1266 raft_consensus.cc:697] T 8506d80d64484a1497ef197307762eb3 P 121c68eb58b741098f579013c21a6a87 [term 1 LEADER]: Becoming Leader. State: Replica: 121c68eb58b741098f579013c21a6a87, State: Running, Role: LEADER
I20260709 14:46:51.042160  1270 raft_consensus.cc:3060] T 6d8875906dd34a4994ea79750110dda4 P eb69d2e3fec64c6fb552bae51f1f79c5 [term 0 FOLLOWER]: Advancing to term 1
I20260709 14:46:51.043051  1266 consensus_queue.cc:237] T 8506d80d64484a1497ef197307762eb3 P 121c68eb58b741098f579013c21a6a87 [LEADER]: Queue going to LEADER mode. State: All replicated index: 0, Majority replicated index: 0, Committed index: 0, Last appended: 0.0, Last appended by leader: 0, Current term: 1, Majority size: 2, State: 0, Mode: LEADER, active raft config: opid_index: -1 OBSOLETE_local: false peers { permanent_uuid: "121c68eb58b741098f579013c21a6a87" member_type: VOTER last_known_addr { host: "127.0.107.193" port: 42441 } } peers { permanent_uuid: "61e7bf9b1d284a5dabf970843cd6c190" member_type: VOTER last_known_addr { host: "127.0.107.194" port: 44793 } } peers { permanent_uuid: "eb69d2e3fec64c6fb552bae51f1f79c5" member_type: VOTER last_known_addr { host: "127.0.107.195" port: 40899 } }
I20260709 14:46:51.044023  1258 tablet_bootstrap.cc:492] T 80cfd421ca7f4e87bd76e128628563ae P 61e7bf9b1d284a5dabf970843cd6c190: No bootstrap required, opened a new log
I20260709 14:46:51.044561  1258 ts_tablet_manager.cc:1403] T 80cfd421ca7f4e87bd76e128628563ae P 61e7bf9b1d284a5dabf970843cd6c190: Time spent bootstrapping tablet: real 0.039s	user 0.012s	sys 0.021s
I20260709 14:46:51.047257  1258 raft_consensus.cc:359] T 80cfd421ca7f4e87bd76e128628563ae P 61e7bf9b1d284a5dabf970843cd6c190 [term 0 FOLLOWER]: Replica starting. Triggering 0 pending ops. Active config: opid_index: -1 OBSOLETE_local: false peers { permanent_uuid: "121c68eb58b741098f579013c21a6a87" member_type: VOTER last_known_addr { host: "127.0.107.193" port: 42441 } } peers { permanent_uuid: "61e7bf9b1d284a5dabf970843cd6c190" member_type: VOTER last_known_addr { host: "127.0.107.194" port: 44793 } } peers { permanent_uuid: "eb69d2e3fec64c6fb552bae51f1f79c5" member_type: VOTER last_known_addr { host: "127.0.107.195" port: 40899 } }
I20260709 14:46:51.050477  1258 raft_consensus.cc:385] T 80cfd421ca7f4e87bd76e128628563ae P 61e7bf9b1d284a5dabf970843cd6c190 [term 0 FOLLOWER]: Consensus starting up: Expiring failure detector timer to make a prompt election more likely
I20260709 14:46:51.051069  1270 raft_consensus.cc:2749] T 6d8875906dd34a4994ea79750110dda4 P eb69d2e3fec64c6fb552bae51f1f79c5 [term 1 FOLLOWER]: Leader pre-election lost for term 1. Reason: could not achieve majority
I20260709 14:46:51.051244  1258 raft_consensus.cc:740] T 80cfd421ca7f4e87bd76e128628563ae P 61e7bf9b1d284a5dabf970843cd6c190 [term 0 FOLLOWER]: Becoming Follower/Learner. State: Replica: 61e7bf9b1d284a5dabf970843cd6c190, State: Initialized, Role: FOLLOWER
I20260709 14:46:51.052973  1258 consensus_queue.cc:260] T 80cfd421ca7f4e87bd76e128628563ae P 61e7bf9b1d284a5dabf970843cd6c190 [NON_LEADER]: Queue going to NON_LEADER mode. State: All replicated index: 0, Majority replicated index: 0, Committed index: 0, Last appended: 0.0, Last appended by leader: 0, Current term: 0, Majority size: -1, State: 0, Mode: NON_LEADER, active raft config: opid_index: -1 OBSOLETE_local: false peers { permanent_uuid: "121c68eb58b741098f579013c21a6a87" member_type: VOTER last_known_addr { host: "127.0.107.193" port: 42441 } } peers { permanent_uuid: "61e7bf9b1d284a5dabf970843cd6c190" member_type: VOTER last_known_addr { host: "127.0.107.194" port: 44793 } } peers { permanent_uuid: "eb69d2e3fec64c6fb552bae51f1f79c5" member_type: VOTER last_known_addr { host: "127.0.107.195" port: 40899 } }
I20260709 14:46:51.054805  1260 tablet_bootstrap.cc:492] T 80cfd421ca7f4e87bd76e128628563ae P 121c68eb58b741098f579013c21a6a87: No bootstrap required, opened a new log
I20260709 14:46:51.055261  1260 ts_tablet_manager.cc:1403] T 80cfd421ca7f4e87bd76e128628563ae P 121c68eb58b741098f579013c21a6a87: Time spent bootstrapping tablet: real 0.087s	user 0.010s	sys 0.005s
I20260709 14:46:51.055733  1258 ts_tablet_manager.cc:1434] T 80cfd421ca7f4e87bd76e128628563ae P 61e7bf9b1d284a5dabf970843cd6c190: Time spent starting tablet: real 0.011s	user 0.004s	sys 0.002s
I20260709 14:46:51.056118  1262 tablet_bootstrap.cc:492] T 44b67bdcec2043809c04f28453dc8207 P eb69d2e3fec64c6fb552bae51f1f79c5: No bootstrap required, opened a new log
I20260709 14:46:51.056581  1262 ts_tablet_manager.cc:1403] T 44b67bdcec2043809c04f28453dc8207 P eb69d2e3fec64c6fb552bae51f1f79c5: Time spent bootstrapping tablet: real 0.029s	user 0.007s	sys 0.008s
I20260709 14:46:51.056897  1258 tablet_bootstrap.cc:492] T a31c6a7e1e8542ca9f40fb40d1a01916 P 61e7bf9b1d284a5dabf970843cd6c190: Bootstrap starting.
I20260709 14:46:51.058734   967 catalog_manager.cc:5697] T 8506d80d64484a1497ef197307762eb3 P 121c68eb58b741098f579013c21a6a87 reported cstate change: term changed from 0 to 1, leader changed from <none> to 121c68eb58b741098f579013c21a6a87 (127.0.107.193). New cstate: current_term: 1 leader_uuid: "121c68eb58b741098f579013c21a6a87" committed_config { opid_index: -1 OBSOLETE_local: false peers { permanent_uuid: "121c68eb58b741098f579013c21a6a87" member_type: VOTER last_known_addr { host: "127.0.107.193" port: 42441 } health_report { overall_health: HEALTHY } } peers { permanent_uuid: "61e7bf9b1d284a5dabf970843cd6c190" member_type: VOTER last_known_addr { host: "127.0.107.194" port: 44793 } health_report { overall_health: UNKNOWN } } peers { permanent_uuid: "eb69d2e3fec64c6fb552bae51f1f79c5" member_type: VOTER last_known_addr { host: "127.0.107.195" port: 40899 } health_report { overall_health: UNKNOWN } } }
I20260709 14:46:51.059249  1262 raft_consensus.cc:359] T 44b67bdcec2043809c04f28453dc8207 P eb69d2e3fec64c6fb552bae51f1f79c5 [term 0 FOLLOWER]: Replica starting. Triggering 0 pending ops. Active config: opid_index: -1 OBSOLETE_local: false peers { permanent_uuid: "121c68eb58b741098f579013c21a6a87" member_type: VOTER last_known_addr { host: "127.0.107.193" port: 42441 } } peers { permanent_uuid: "61e7bf9b1d284a5dabf970843cd6c190" member_type: VOTER last_known_addr { host: "127.0.107.194" port: 44793 } } peers { permanent_uuid: "eb69d2e3fec64c6fb552bae51f1f79c5" member_type: VOTER last_known_addr { host: "127.0.107.195" port: 40899 } }
I20260709 14:46:51.060081  1262 raft_consensus.cc:385] T 44b67bdcec2043809c04f28453dc8207 P eb69d2e3fec64c6fb552bae51f1f79c5 [term 0 FOLLOWER]: Consensus starting up: Expiring failure detector timer to make a prompt election more likely
I20260709 14:46:51.060420  1262 raft_consensus.cc:740] T 44b67bdcec2043809c04f28453dc8207 P eb69d2e3fec64c6fb552bae51f1f79c5 [term 0 FOLLOWER]: Becoming Follower/Learner. State: Replica: eb69d2e3fec64c6fb552bae51f1f79c5, State: Initialized, Role: FOLLOWER
I20260709 14:46:51.061424  1262 consensus_queue.cc:260] T 44b67bdcec2043809c04f28453dc8207 P eb69d2e3fec64c6fb552bae51f1f79c5 [NON_LEADER]: Queue going to NON_LEADER mode. State: All replicated index: 0, Majority replicated index: 0, Committed index: 0, Last appended: 0.0, Last appended by leader: 0, Current term: 0, Majority size: -1, State: 0, Mode: NON_LEADER, active raft config: opid_index: -1 OBSOLETE_local: false peers { permanent_uuid: "121c68eb58b741098f579013c21a6a87" member_type: VOTER last_known_addr { host: "127.0.107.193" port: 42441 } } peers { permanent_uuid: "61e7bf9b1d284a5dabf970843cd6c190" member_type: VOTER last_known_addr { host: "127.0.107.194" port: 44793 } } peers { permanent_uuid: "eb69d2e3fec64c6fb552bae51f1f79c5" member_type: VOTER last_known_addr { host: "127.0.107.195" port: 40899 } }
I20260709 14:46:51.062856  1258 tablet_bootstrap.cc:654] T a31c6a7e1e8542ca9f40fb40d1a01916 P 61e7bf9b1d284a5dabf970843cd6c190: Neither blocks nor log segments found. Creating new log.
I20260709 14:46:51.062798  1260 raft_consensus.cc:359] T 80cfd421ca7f4e87bd76e128628563ae P 121c68eb58b741098f579013c21a6a87 [term 0 FOLLOWER]: Replica starting. Triggering 0 pending ops. Active config: opid_index: -1 OBSOLETE_local: false peers { permanent_uuid: "121c68eb58b741098f579013c21a6a87" member_type: VOTER last_known_addr { host: "127.0.107.193" port: 42441 } } peers { permanent_uuid: "61e7bf9b1d284a5dabf970843cd6c190" member_type: VOTER last_known_addr { host: "127.0.107.194" port: 44793 } } peers { permanent_uuid: "eb69d2e3fec64c6fb552bae51f1f79c5" member_type: VOTER last_known_addr { host: "127.0.107.195" port: 40899 } }
I20260709 14:46:51.063604  1260 raft_consensus.cc:385] T 80cfd421ca7f4e87bd76e128628563ae P 121c68eb58b741098f579013c21a6a87 [term 0 FOLLOWER]: Consensus starting up: Expiring failure detector timer to make a prompt election more likely
I20260709 14:46:51.063917  1260 raft_consensus.cc:740] T 80cfd421ca7f4e87bd76e128628563ae P 121c68eb58b741098f579013c21a6a87 [term 0 FOLLOWER]: Becoming Follower/Learner. State: Replica: 121c68eb58b741098f579013c21a6a87, State: Initialized, Role: FOLLOWER
I20260709 14:46:51.064579  1260 consensus_queue.cc:260] T 80cfd421ca7f4e87bd76e128628563ae P 121c68eb58b741098f579013c21a6a87 [NON_LEADER]: Queue going to NON_LEADER mode. State: All replicated index: 0, Majority replicated index: 0, Committed index: 0, Last appended: 0.0, Last appended by leader: 0, Current term: 0, Majority size: -1, State: 0, Mode: NON_LEADER, active raft config: opid_index: -1 OBSOLETE_local: false peers { permanent_uuid: "121c68eb58b741098f579013c21a6a87" member_type: VOTER last_known_addr { host: "127.0.107.193" port: 42441 } } peers { permanent_uuid: "61e7bf9b1d284a5dabf970843cd6c190" member_type: VOTER last_known_addr { host: "127.0.107.194" port: 44793 } } peers { permanent_uuid: "eb69d2e3fec64c6fb552bae51f1f79c5" member_type: VOTER last_known_addr { host: "127.0.107.195" port: 40899 } }
I20260709 14:46:51.067350  1262 ts_tablet_manager.cc:1434] T 44b67bdcec2043809c04f28453dc8207 P eb69d2e3fec64c6fb552bae51f1f79c5: Time spent starting tablet: real 0.010s	user 0.002s	sys 0.004s
I20260709 14:46:51.068665  1262 tablet_bootstrap.cc:492] T 8506d80d64484a1497ef197307762eb3 P eb69d2e3fec64c6fb552bae51f1f79c5: Bootstrap starting.
I20260709 14:46:51.068764  1260 ts_tablet_manager.cc:1434] T 80cfd421ca7f4e87bd76e128628563ae P 121c68eb58b741098f579013c21a6a87: Time spent starting tablet: real 0.013s	user 0.007s	sys 0.000s
I20260709 14:46:51.069779  1260 tablet_bootstrap.cc:492] T 44b67bdcec2043809c04f28453dc8207 P 121c68eb58b741098f579013c21a6a87: Bootstrap starting.
I20260709 14:46:51.074934  1258 tablet_bootstrap.cc:492] T a31c6a7e1e8542ca9f40fb40d1a01916 P 61e7bf9b1d284a5dabf970843cd6c190: No bootstrap required, opened a new log
I20260709 14:46:51.075474  1260 tablet_bootstrap.cc:654] T 44b67bdcec2043809c04f28453dc8207 P 121c68eb58b741098f579013c21a6a87: Neither blocks nor log segments found. Creating new log.
I20260709 14:46:51.075519  1258 ts_tablet_manager.cc:1403] T a31c6a7e1e8542ca9f40fb40d1a01916 P 61e7bf9b1d284a5dabf970843cd6c190: Time spent bootstrapping tablet: real 0.019s	user 0.014s	sys 0.002s
I20260709 14:46:51.076088  1262 tablet_bootstrap.cc:654] T 8506d80d64484a1497ef197307762eb3 P eb69d2e3fec64c6fb552bae51f1f79c5: Neither blocks nor log segments found. Creating new log.
I20260709 14:46:51.078764  1258 raft_consensus.cc:359] T a31c6a7e1e8542ca9f40fb40d1a01916 P 61e7bf9b1d284a5dabf970843cd6c190 [term 0 FOLLOWER]: Replica starting. Triggering 0 pending ops. Active config: opid_index: -1 OBSOLETE_local: false peers { permanent_uuid: "121c68eb58b741098f579013c21a6a87" member_type: VOTER last_known_addr { host: "127.0.107.193" port: 42441 } } peers { permanent_uuid: "61e7bf9b1d284a5dabf970843cd6c190" member_type: VOTER last_known_addr { host: "127.0.107.194" port: 44793 } } peers { permanent_uuid: "eb69d2e3fec64c6fb552bae51f1f79c5" member_type: VOTER last_known_addr { host: "127.0.107.195" port: 40899 } }
I20260709 14:46:51.079933  1258 raft_consensus.cc:385] T a31c6a7e1e8542ca9f40fb40d1a01916 P 61e7bf9b1d284a5dabf970843cd6c190 [term 0 FOLLOWER]: Consensus starting up: Expiring failure detector timer to make a prompt election more likely
I20260709 14:46:51.080379  1258 raft_consensus.cc:740] T a31c6a7e1e8542ca9f40fb40d1a01916 P 61e7bf9b1d284a5dabf970843cd6c190 [term 0 FOLLOWER]: Becoming Follower/Learner. State: Replica: 61e7bf9b1d284a5dabf970843cd6c190, State: Initialized, Role: FOLLOWER
I20260709 14:46:51.081548  1258 consensus_queue.cc:260] T a31c6a7e1e8542ca9f40fb40d1a01916 P 61e7bf9b1d284a5dabf970843cd6c190 [NON_LEADER]: Queue going to NON_LEADER mode. State: All replicated index: 0, Majority replicated index: 0, Committed index: 0, Last appended: 0.0, Last appended by leader: 0, Current term: 0, Majority size: -1, State: 0, Mode: NON_LEADER, active raft config: opid_index: -1 OBSOLETE_local: false peers { permanent_uuid: "121c68eb58b741098f579013c21a6a87" member_type: VOTER last_known_addr { host: "127.0.107.193" port: 42441 } } peers { permanent_uuid: "61e7bf9b1d284a5dabf970843cd6c190" member_type: VOTER last_known_addr { host: "127.0.107.194" port: 44793 } } peers { permanent_uuid: "eb69d2e3fec64c6fb552bae51f1f79c5" member_type: VOTER last_known_addr { host: "127.0.107.195" port: 40899 } }
I20260709 14:46:51.085337  1258 ts_tablet_manager.cc:1434] T a31c6a7e1e8542ca9f40fb40d1a01916 P 61e7bf9b1d284a5dabf970843cd6c190: Time spent starting tablet: real 0.009s	user 0.004s	sys 0.003s
I20260709 14:46:51.090926  1262 tablet_bootstrap.cc:492] T 8506d80d64484a1497ef197307762eb3 P eb69d2e3fec64c6fb552bae51f1f79c5: No bootstrap required, opened a new log
I20260709 14:46:51.090993  1260 tablet_bootstrap.cc:492] T 44b67bdcec2043809c04f28453dc8207 P 121c68eb58b741098f579013c21a6a87: No bootstrap required, opened a new log
I20260709 14:46:51.091562  1262 ts_tablet_manager.cc:1403] T 8506d80d64484a1497ef197307762eb3 P eb69d2e3fec64c6fb552bae51f1f79c5: Time spent bootstrapping tablet: real 0.023s	user 0.007s	sys 0.007s
I20260709 14:46:51.091631  1260 ts_tablet_manager.cc:1403] T 44b67bdcec2043809c04f28453dc8207 P 121c68eb58b741098f579013c21a6a87: Time spent bootstrapping tablet: real 0.022s	user 0.014s	sys 0.007s
I20260709 14:46:51.094390  1260 raft_consensus.cc:359] T 44b67bdcec2043809c04f28453dc8207 P 121c68eb58b741098f579013c21a6a87 [term 0 FOLLOWER]: Replica starting. Triggering 0 pending ops. Active config: opid_index: -1 OBSOLETE_local: false peers { permanent_uuid: "121c68eb58b741098f579013c21a6a87" member_type: VOTER last_known_addr { host: "127.0.107.193" port: 42441 } } peers { permanent_uuid: "61e7bf9b1d284a5dabf970843cd6c190" member_type: VOTER last_known_addr { host: "127.0.107.194" port: 44793 } } peers { permanent_uuid: "eb69d2e3fec64c6fb552bae51f1f79c5" member_type: VOTER last_known_addr { host: "127.0.107.195" port: 40899 } }
I20260709 14:46:51.095070  1260 raft_consensus.cc:385] T 44b67bdcec2043809c04f28453dc8207 P 121c68eb58b741098f579013c21a6a87 [term 0 FOLLOWER]: Consensus starting up: Expiring failure detector timer to make a prompt election more likely
I20260709 14:46:51.095346  1260 raft_consensus.cc:740] T 44b67bdcec2043809c04f28453dc8207 P 121c68eb58b741098f579013c21a6a87 [term 0 FOLLOWER]: Becoming Follower/Learner. State: Replica: 121c68eb58b741098f579013c21a6a87, State: Initialized, Role: FOLLOWER
I20260709 14:46:51.095980  1260 consensus_queue.cc:260] T 44b67bdcec2043809c04f28453dc8207 P 121c68eb58b741098f579013c21a6a87 [NON_LEADER]: Queue going to NON_LEADER mode. State: All replicated index: 0, Majority replicated index: 0, Committed index: 0, Last appended: 0.0, Last appended by leader: 0, Current term: 0, Majority size: -1, State: 0, Mode: NON_LEADER, active raft config: opid_index: -1 OBSOLETE_local: false peers { permanent_uuid: "121c68eb58b741098f579013c21a6a87" member_type: VOTER last_known_addr { host: "127.0.107.193" port: 42441 } } peers { permanent_uuid: "61e7bf9b1d284a5dabf970843cd6c190" member_type: VOTER last_known_addr { host: "127.0.107.194" port: 44793 } } peers { permanent_uuid: "eb69d2e3fec64c6fb552bae51f1f79c5" member_type: VOTER last_known_addr { host: "127.0.107.195" port: 40899 } }
I20260709 14:46:51.096009  1262 raft_consensus.cc:359] T 8506d80d64484a1497ef197307762eb3 P eb69d2e3fec64c6fb552bae51f1f79c5 [term 0 FOLLOWER]: Replica starting. Triggering 0 pending ops. Active config: opid_index: -1 OBSOLETE_local: false peers { permanent_uuid: "121c68eb58b741098f579013c21a6a87" member_type: VOTER last_known_addr { host: "127.0.107.193" port: 42441 } } peers { permanent_uuid: "61e7bf9b1d284a5dabf970843cd6c190" member_type: VOTER last_known_addr { host: "127.0.107.194" port: 44793 } } peers { permanent_uuid: "eb69d2e3fec64c6fb552bae51f1f79c5" member_type: VOTER last_known_addr { host: "127.0.107.195" port: 40899 } }
I20260709 14:46:51.096810  1262 raft_consensus.cc:385] T 8506d80d64484a1497ef197307762eb3 P eb69d2e3fec64c6fb552bae51f1f79c5 [term 0 FOLLOWER]: Consensus starting up: Expiring failure detector timer to make a prompt election more likely
I20260709 14:46:51.097101  1262 raft_consensus.cc:740] T 8506d80d64484a1497ef197307762eb3 P eb69d2e3fec64c6fb552bae51f1f79c5 [term 0 FOLLOWER]: Becoming Follower/Learner. State: Replica: eb69d2e3fec64c6fb552bae51f1f79c5, State: Initialized, Role: FOLLOWER
I20260709 14:46:51.098016  1260 ts_tablet_manager.cc:1434] T 44b67bdcec2043809c04f28453dc8207 P 121c68eb58b741098f579013c21a6a87: Time spent starting tablet: real 0.006s	user 0.002s	sys 0.003s
I20260709 14:46:51.097779  1262 consensus_queue.cc:260] T 8506d80d64484a1497ef197307762eb3 P eb69d2e3fec64c6fb552bae51f1f79c5 [NON_LEADER]: Queue going to NON_LEADER mode. State: All replicated index: 0, Majority replicated index: 0, Committed index: 0, Last appended: 0.0, Last appended by leader: 0, Current term: 0, Majority size: -1, State: 0, Mode: NON_LEADER, active raft config: opid_index: -1 OBSOLETE_local: false peers { permanent_uuid: "121c68eb58b741098f579013c21a6a87" member_type: VOTER last_known_addr { host: "127.0.107.193" port: 42441 } } peers { permanent_uuid: "61e7bf9b1d284a5dabf970843cd6c190" member_type: VOTER last_known_addr { host: "127.0.107.194" port: 44793 } } peers { permanent_uuid: "eb69d2e3fec64c6fb552bae51f1f79c5" member_type: VOTER last_known_addr { host: "127.0.107.195" port: 40899 } }
I20260709 14:46:51.099202  1260 tablet_bootstrap.cc:492] T a31c6a7e1e8542ca9f40fb40d1a01916 P 121c68eb58b741098f579013c21a6a87: Bootstrap starting.
I20260709 14:46:51.099776  1262 ts_tablet_manager.cc:1434] T 8506d80d64484a1497ef197307762eb3 P eb69d2e3fec64c6fb552bae51f1f79c5: Time spent starting tablet: real 0.008s	user 0.006s	sys 0.000s
I20260709 14:46:51.100673  1262 tablet_bootstrap.cc:492] T 80cfd421ca7f4e87bd76e128628563ae P eb69d2e3fec64c6fb552bae51f1f79c5: Bootstrap starting.
I20260709 14:46:51.105563  1260 tablet_bootstrap.cc:654] T a31c6a7e1e8542ca9f40fb40d1a01916 P 121c68eb58b741098f579013c21a6a87: Neither blocks nor log segments found. Creating new log.
I20260709 14:46:51.106438  1262 tablet_bootstrap.cc:654] T 80cfd421ca7f4e87bd76e128628563ae P eb69d2e3fec64c6fb552bae51f1f79c5: Neither blocks nor log segments found. Creating new log.
I20260709 14:46:51.116586  1260 tablet_bootstrap.cc:492] T a31c6a7e1e8542ca9f40fb40d1a01916 P 121c68eb58b741098f579013c21a6a87: No bootstrap required, opened a new log
I20260709 14:46:51.116998  1260 ts_tablet_manager.cc:1403] T a31c6a7e1e8542ca9f40fb40d1a01916 P 121c68eb58b741098f579013c21a6a87: Time spent bootstrapping tablet: real 0.018s	user 0.009s	sys 0.008s
I20260709 14:46:51.117019  1262 tablet_bootstrap.cc:492] T 80cfd421ca7f4e87bd76e128628563ae P eb69d2e3fec64c6fb552bae51f1f79c5: No bootstrap required, opened a new log
I20260709 14:46:51.117555  1262 ts_tablet_manager.cc:1403] T 80cfd421ca7f4e87bd76e128628563ae P eb69d2e3fec64c6fb552bae51f1f79c5: Time spent bootstrapping tablet: real 0.017s	user 0.015s	sys 0.001s
I20260709 14:46:51.119156  1260 raft_consensus.cc:359] T a31c6a7e1e8542ca9f40fb40d1a01916 P 121c68eb58b741098f579013c21a6a87 [term 0 FOLLOWER]: Replica starting. Triggering 0 pending ops. Active config: opid_index: -1 OBSOLETE_local: false peers { permanent_uuid: "121c68eb58b741098f579013c21a6a87" member_type: VOTER last_known_addr { host: "127.0.107.193" port: 42441 } } peers { permanent_uuid: "61e7bf9b1d284a5dabf970843cd6c190" member_type: VOTER last_known_addr { host: "127.0.107.194" port: 44793 } } peers { permanent_uuid: "eb69d2e3fec64c6fb552bae51f1f79c5" member_type: VOTER last_known_addr { host: "127.0.107.195" port: 40899 } }
I20260709 14:46:51.119678  1260 raft_consensus.cc:385] T a31c6a7e1e8542ca9f40fb40d1a01916 P 121c68eb58b741098f579013c21a6a87 [term 0 FOLLOWER]: Consensus starting up: Expiring failure detector timer to make a prompt election more likely
I20260709 14:46:51.119449  1262 raft_consensus.cc:359] T 80cfd421ca7f4e87bd76e128628563ae P eb69d2e3fec64c6fb552bae51f1f79c5 [term 0 FOLLOWER]: Replica starting. Triggering 0 pending ops. Active config: opid_index: -1 OBSOLETE_local: false peers { permanent_uuid: "121c68eb58b741098f579013c21a6a87" member_type: VOTER last_known_addr { host: "127.0.107.193" port: 42441 } } peers { permanent_uuid: "61e7bf9b1d284a5dabf970843cd6c190" member_type: VOTER last_known_addr { host: "127.0.107.194" port: 44793 } } peers { permanent_uuid: "eb69d2e3fec64c6fb552bae51f1f79c5" member_type: VOTER last_known_addr { host: "127.0.107.195" port: 40899 } }
I20260709 14:46:51.119917  1260 raft_consensus.cc:740] T a31c6a7e1e8542ca9f40fb40d1a01916 P 121c68eb58b741098f579013c21a6a87 [term 0 FOLLOWER]: Becoming Follower/Learner. State: Replica: 121c68eb58b741098f579013c21a6a87, State: Initialized, Role: FOLLOWER
I20260709 14:46:51.120038  1262 raft_consensus.cc:385] T 80cfd421ca7f4e87bd76e128628563ae P eb69d2e3fec64c6fb552bae51f1f79c5 [term 0 FOLLOWER]: Consensus starting up: Expiring failure detector timer to make a prompt election more likely
I20260709 14:46:51.120350  1262 raft_consensus.cc:740] T 80cfd421ca7f4e87bd76e128628563ae P eb69d2e3fec64c6fb552bae51f1f79c5 [term 0 FOLLOWER]: Becoming Follower/Learner. State: Replica: eb69d2e3fec64c6fb552bae51f1f79c5, State: Initialized, Role: FOLLOWER
I20260709 14:46:51.120595  1260 consensus_queue.cc:260] T a31c6a7e1e8542ca9f40fb40d1a01916 P 121c68eb58b741098f579013c21a6a87 [NON_LEADER]: Queue going to NON_LEADER mode. State: All replicated index: 0, Majority replicated index: 0, Committed index: 0, Last appended: 0.0, Last appended by leader: 0, Current term: 0, Majority size: -1, State: 0, Mode: NON_LEADER, active raft config: opid_index: -1 OBSOLETE_local: false peers { permanent_uuid: "121c68eb58b741098f579013c21a6a87" member_type: VOTER last_known_addr { host: "127.0.107.193" port: 42441 } } peers { permanent_uuid: "61e7bf9b1d284a5dabf970843cd6c190" member_type: VOTER last_known_addr { host: "127.0.107.194" port: 44793 } } peers { permanent_uuid: "eb69d2e3fec64c6fb552bae51f1f79c5" member_type: VOTER last_known_addr { host: "127.0.107.195" port: 40899 } }
