I20260709 14:46:30.037695   765 consensus_queue.cc:237] T 856871b76d3c44f79520eb2026565815 P 10d5978546534a678cbbf93a68543283 [LEADER]: Queue going to LEADER mode. State: All replicated index: 0, Majority replicated index: 0, Committed index: 0, Last appended: 0.0, Last appended by leader: 0, Current term: 1, Majority size: 2, State: 0, Mode: LEADER, active raft config: opid_index: -1 OBSOLETE_local: false peers { permanent_uuid: "10d5978546534a678cbbf93a68543283" member_type: VOTER last_known_addr { host: "127.0.107.194" port: 46439 } } peers { permanent_uuid: "80587e1886d0445bbcc369ac39e194f2" member_type: VOTER last_known_addr { host: "127.0.107.193" port: 46047 } } peers { permanent_uuid: "e6209d6076f44cdfa3337f1d216b61d6" member_type: VOTER last_known_addr { host: "127.0.107.195" port: 45005 } }
I20260709 14:46:30.040553   760 ts_tablet_manager.cc:1403] T dc07e9810cec40049f06618777ee984b P 80587e1886d0445bbcc369ac39e194f2: Time spent bootstrapping tablet: real 0.192s	user 0.014s	sys 0.005s
I20260709 14:46:30.041917   788 raft_consensus.cc:2804] T b3a8f3787be0418b84e2e43d8c6108ce P 10d5978546534a678cbbf93a68543283 [term 1 FOLLOWER]: Leader election won for term 1
I20260709 14:46:30.049585   760 raft_consensus.cc:359] T dc07e9810cec40049f06618777ee984b P 80587e1886d0445bbcc369ac39e194f2 [term 0 FOLLOWER]: Replica starting. Triggering 0 pending ops. Active config: opid_index: -1 OBSOLETE_local: false peers { permanent_uuid: "80587e1886d0445bbcc369ac39e194f2" member_type: VOTER last_known_addr { host: "127.0.107.193" port: 46047 } } peers { permanent_uuid: "10d5978546534a678cbbf93a68543283" member_type: VOTER last_known_addr { host: "127.0.107.194" port: 46439 } } peers { permanent_uuid: "e6209d6076f44cdfa3337f1d216b61d6" member_type: VOTER last_known_addr { host: "127.0.107.195" port: 45005 } }
I20260709 14:46:30.050611   760 raft_consensus.cc:385] T dc07e9810cec40049f06618777ee984b P 80587e1886d0445bbcc369ac39e194f2 [term 0 FOLLOWER]: Consensus starting up: Expiring failure detector timer to make a prompt election more likely
I20260709 14:46:30.050994   760 raft_consensus.cc:740] T dc07e9810cec40049f06618777ee984b P 80587e1886d0445bbcc369ac39e194f2 [term 0 FOLLOWER]: Becoming Follower/Learner. State: Replica: 80587e1886d0445bbcc369ac39e194f2, State: Initialized, Role: FOLLOWER
I20260709 14:46:30.053524   788 raft_consensus.cc:697] T b3a8f3787be0418b84e2e43d8c6108ce P 10d5978546534a678cbbf93a68543283 [term 1 LEADER]: Becoming Leader. State: Replica: 10d5978546534a678cbbf93a68543283, State: Running, Role: LEADER
I20260709 14:46:30.052453   758 raft_consensus.cc:359] T 14a678d0f96a4ca88433ddfb1b2bc0e5 P e6209d6076f44cdfa3337f1d216b61d6 [term 0 FOLLOWER]: Replica starting. Triggering 0 pending ops. Active config: opid_index: -1 OBSOLETE_local: false peers { permanent_uuid: "80587e1886d0445bbcc369ac39e194f2" member_type: VOTER last_known_addr { host: "127.0.107.193" port: 46047 } } peers { permanent_uuid: "10d5978546534a678cbbf93a68543283" member_type: VOTER last_known_addr { host: "127.0.107.194" port: 46439 } } peers { permanent_uuid: "e6209d6076f44cdfa3337f1d216b61d6" member_type: VOTER last_known_addr { host: "127.0.107.195" port: 45005 } }
I20260709 14:46:30.053045   760 consensus_queue.cc:260] T dc07e9810cec40049f06618777ee984b P 80587e1886d0445bbcc369ac39e194f2 [NON_LEADER]: Queue going to NON_LEADER mode. State: All replicated index: 0, Majority replicated index: 0, Committed index: 0, Last appended: 0.0, Last appended by leader: 0, Current term: 0, Majority size: -1, State: 0, Mode: NON_LEADER, active raft config: opid_index: -1 OBSOLETE_local: false peers { permanent_uuid: "80587e1886d0445bbcc369ac39e194f2" member_type: VOTER last_known_addr { host: "127.0.107.193" port: 46047 } } peers { permanent_uuid: "10d5978546534a678cbbf93a68543283" member_type: VOTER last_known_addr { host: "127.0.107.194" port: 46439 } } peers { permanent_uuid: "e6209d6076f44cdfa3337f1d216b61d6" member_type: VOTER last_known_addr { host: "127.0.107.195" port: 45005 } }
I20260709 14:46:30.057823   796 raft_consensus.cc:493] T dc07e9810cec40049f06618777ee984b P 80587e1886d0445bbcc369ac39e194f2 [term 0 FOLLOWER]: Starting pre-election (no leader contacted us within the election timeout)
I20260709 14:46:30.058490   796 raft_consensus.cc:515] T dc07e9810cec40049f06618777ee984b P 80587e1886d0445bbcc369ac39e194f2 [term 0 FOLLOWER]: Starting pre-election with config: opid_index: -1 OBSOLETE_local: false peers { permanent_uuid: "80587e1886d0445bbcc369ac39e194f2" member_type: VOTER last_known_addr { host: "127.0.107.193" port: 46047 } } peers { permanent_uuid: "10d5978546534a678cbbf93a68543283" member_type: VOTER last_known_addr { host: "127.0.107.194" port: 46439 } } peers { permanent_uuid: "e6209d6076f44cdfa3337f1d216b61d6" member_type: VOTER last_known_addr { host: "127.0.107.195" port: 45005 } }
I20260709 14:46:30.056950   759 tablet_bootstrap.cc:654] T dc07e9810cec40049f06618777ee984b P 10d5978546534a678cbbf93a68543283: Neither blocks nor log segments found. Creating new log.
I20260709 14:46:30.057328   758 raft_consensus.cc:385] T 14a678d0f96a4ca88433ddfb1b2bc0e5 P e6209d6076f44cdfa3337f1d216b61d6 [term 0 FOLLOWER]: Consensus starting up: Expiring failure detector timer to make a prompt election more likely
I20260709 14:46:30.057868   788 consensus_queue.cc:237] T b3a8f3787be0418b84e2e43d8c6108ce P 10d5978546534a678cbbf93a68543283 [LEADER]: Queue going to LEADER mode. State: All replicated index: 0, Majority replicated index: 0, Committed index: 0, Last appended: 0.0, Last appended by leader: 0, Current term: 1, Majority size: 2, State: 0, Mode: LEADER, active raft config: opid_index: -1 OBSOLETE_local: false peers { permanent_uuid: "80587e1886d0445bbcc369ac39e194f2" member_type: VOTER last_known_addr { host: "127.0.107.193" port: 46047 } } peers { permanent_uuid: "10d5978546534a678cbbf93a68543283" member_type: VOTER last_known_addr { host: "127.0.107.194" port: 46439 } } peers { permanent_uuid: "e6209d6076f44cdfa3337f1d216b61d6" member_type: VOTER last_known_addr { host: "127.0.107.195" port: 45005 } }
I20260709 14:46:30.059753   758 raft_consensus.cc:740] T 14a678d0f96a4ca88433ddfb1b2bc0e5 P e6209d6076f44cdfa3337f1d216b61d6 [term 0 FOLLOWER]: Becoming Follower/Learner. State: Replica: e6209d6076f44cdfa3337f1d216b61d6, State: Initialized, Role: FOLLOWER
I20260709 14:46:30.062127   760 ts_tablet_manager.cc:1434] T dc07e9810cec40049f06618777ee984b P 80587e1886d0445bbcc369ac39e194f2: Time spent starting tablet: real 0.020s	user 0.005s	sys 0.004s
I20260709 14:46:30.062868   758 consensus_queue.cc:260] T 14a678d0f96a4ca88433ddfb1b2bc0e5 P e6209d6076f44cdfa3337f1d216b61d6 [NON_LEADER]: Queue going to NON_LEADER mode. State: All replicated index: 0, Majority replicated index: 0, Committed index: 0, Last appended: 0.0, Last appended by leader: 0, Current term: 0, Majority size: -1, State: 0, Mode: NON_LEADER, active raft config: opid_index: -1 OBSOLETE_local: false peers { permanent_uuid: "80587e1886d0445bbcc369ac39e194f2" member_type: VOTER last_known_addr { host: "127.0.107.193" port: 46047 } } peers { permanent_uuid: "10d5978546534a678cbbf93a68543283" member_type: VOTER last_known_addr { host: "127.0.107.194" port: 46439 } } peers { permanent_uuid: "e6209d6076f44cdfa3337f1d216b61d6" member_type: VOTER last_known_addr { host: "127.0.107.195" port: 45005 } }
I20260709 14:46:30.065567   760 tablet_bootstrap.cc:492] T 14a678d0f96a4ca88433ddfb1b2bc0e5 P 80587e1886d0445bbcc369ac39e194f2: Bootstrap starting.
I20260709 14:46:30.069367   565 raft_consensus.cc:2468] T e0487f73c3ce4101acb3c460d0d25e87 P 80587e1886d0445bbcc369ac39e194f2 [term 1 FOLLOWER]: Leader election vote request: Granting yes vote for candidate e6209d6076f44cdfa3337f1d216b61d6 in term 1.
I20260709 14:46:30.072031   678 leader_election.cc:304] T e0487f73c3ce4101acb3c460d0d25e87 P e6209d6076f44cdfa3337f1d216b61d6 [CANDIDATE]: Term 1 election: Election decided. Result: candidate won. Election summary: received 2 responses out of 3 voters: 2 yes votes; 0 no votes. yes voters: 80587e1886d0445bbcc369ac39e194f2, e6209d6076f44cdfa3337f1d216b61d6; no voters: 
I20260709 14:46:30.072930   787 raft_consensus.cc:2804] T e0487f73c3ce4101acb3c460d0d25e87 P e6209d6076f44cdfa3337f1d216b61d6 [term 1 FOLLOWER]: Leader election won for term 1
I20260709 14:46:30.073752   787 raft_consensus.cc:697] T e0487f73c3ce4101acb3c460d0d25e87 P e6209d6076f44cdfa3337f1d216b61d6 [term 1 LEADER]: Becoming Leader. State: Replica: e6209d6076f44cdfa3337f1d216b61d6, State: Running, Role: LEADER
I20260709 14:46:30.074664   758 ts_tablet_manager.cc:1434] T 14a678d0f96a4ca88433ddfb1b2bc0e5 P e6209d6076f44cdfa3337f1d216b61d6: Time spent starting tablet: real 0.048s	user 0.009s	sys 0.001s
I20260709 14:46:30.076090   787 consensus_queue.cc:237] T e0487f73c3ce4101acb3c460d0d25e87 P e6209d6076f44cdfa3337f1d216b61d6 [LEADER]: Queue going to LEADER mode. State: All replicated index: 0, Majority replicated index: 0, Committed index: 0, Last appended: 0.0, Last appended by leader: 0, Current term: 1, Majority size: 2, State: 0, Mode: LEADER, active raft config: opid_index: -1 OBSOLETE_local: false peers { permanent_uuid: "80587e1886d0445bbcc369ac39e194f2" member_type: VOTER last_known_addr { host: "127.0.107.193" port: 46047 } } peers { permanent_uuid: "10d5978546534a678cbbf93a68543283" member_type: VOTER last_known_addr { host: "127.0.107.194" port: 46439 } } peers { permanent_uuid: "e6209d6076f44cdfa3337f1d216b61d6" member_type: VOTER last_known_addr { host: "127.0.107.195" port: 45005 } }
I20260709 14:46:30.077195   758 tablet_bootstrap.cc:492] T 0f65854479d74920885f39fa62a75e1e P e6209d6076f44cdfa3337f1d216b61d6: Bootstrap starting.
I20260709 14:46:30.081998   640 raft_consensus.cc:2468] T e0487f73c3ce4101acb3c460d0d25e87 P 10d5978546534a678cbbf93a68543283 [term 1 FOLLOWER]: Leader election vote request: Granting yes vote for candidate e6209d6076f44cdfa3337f1d216b61d6 in term 1.
I20260709 14:46:30.085455   759 tablet_bootstrap.cc:492] T dc07e9810cec40049f06618777ee984b P 10d5978546534a678cbbf93a68543283: No bootstrap required, opened a new log
I20260709 14:46:30.086805   759 ts_tablet_manager.cc:1403] T dc07e9810cec40049f06618777ee984b P 10d5978546534a678cbbf93a68543283: Time spent bootstrapping tablet: real 0.143s	user 0.010s	sys 0.014s
I20260709 14:46:30.094069   760 tablet_bootstrap.cc:654] T 14a678d0f96a4ca88433ddfb1b2bc0e5 P 80587e1886d0445bbcc369ac39e194f2: Neither blocks nor log segments found. Creating new log.
I20260709 14:46:30.094723   641 raft_consensus.cc:2376] T e0487f73c3ce4101acb3c460d0d25e87 P 10d5978546534a678cbbf93a68543283 [term 1 FOLLOWER]: Leader pre-election vote request: Already granted yes vote for candidate e6209d6076f44cdfa3337f1d216b61d6 in term 1. Re-sending same reply.
I20260709 14:46:30.094668   759 raft_consensus.cc:359] T dc07e9810cec40049f06618777ee984b P 10d5978546534a678cbbf93a68543283 [term 0 FOLLOWER]: Replica starting. Triggering 0 pending ops. Active config: opid_index: -1 OBSOLETE_local: false peers { permanent_uuid: "80587e1886d0445bbcc369ac39e194f2" member_type: VOTER last_known_addr { host: "127.0.107.193" port: 46047 } } peers { permanent_uuid: "10d5978546534a678cbbf93a68543283" member_type: VOTER last_known_addr { host: "127.0.107.194" port: 46439 } } peers { permanent_uuid: "e6209d6076f44cdfa3337f1d216b61d6" member_type: VOTER last_known_addr { host: "127.0.107.195" port: 45005 } }
I20260709 14:46:30.095508   759 raft_consensus.cc:385] T dc07e9810cec40049f06618777ee984b P 10d5978546534a678cbbf93a68543283 [term 0 FOLLOWER]: Consensus starting up: Expiring failure detector timer to make a prompt election more likely
I20260709 14:46:30.095832   759 raft_consensus.cc:740] T dc07e9810cec40049f06618777ee984b P 10d5978546534a678cbbf93a68543283 [term 0 FOLLOWER]: Becoming Follower/Learner. State: Replica: 10d5978546534a678cbbf93a68543283, State: Initialized, Role: FOLLOWER
I20260709 14:46:30.096514   759 consensus_queue.cc:260] T dc07e9810cec40049f06618777ee984b P 10d5978546534a678cbbf93a68543283 [NON_LEADER]: Queue going to NON_LEADER mode. State: All replicated index: 0, Majority replicated index: 0, Committed index: 0, Last appended: 0.0, Last appended by leader: 0, Current term: 0, Majority size: -1, State: 0, Mode: NON_LEADER, active raft config: opid_index: -1 OBSOLETE_local: false peers { permanent_uuid: "80587e1886d0445bbcc369ac39e194f2" member_type: VOTER last_known_addr { host: "127.0.107.193" port: 46047 } } peers { permanent_uuid: "10d5978546534a678cbbf93a68543283" member_type: VOTER last_known_addr { host: "127.0.107.194" port: 46439 } } peers { permanent_uuid: "e6209d6076f44cdfa3337f1d216b61d6" member_type: VOTER last_known_addr { host: "127.0.107.195" port: 45005 } }
I20260709 14:46:30.099694   759 ts_tablet_manager.cc:1434] T dc07e9810cec40049f06618777ee984b P 10d5978546534a678cbbf93a68543283: Time spent starting tablet: real 0.012s	user 0.006s	sys 0.000s
I20260709 14:46:30.100639   759 tablet_bootstrap.cc:492] T 0f65854479d74920885f39fa62a75e1e P 10d5978546534a678cbbf93a68543283: Bootstrap starting.
I20260709 14:46:30.101655   641 tablet_service.cc:1917] Received RequestConsensusVote() RPC: tablet_id: "dc07e9810cec40049f06618777ee984b" candidate_uuid: "80587e1886d0445bbcc369ac39e194f2" candidate_term: 1 candidate_status { last_received { term: 0 index: 0 } } ignore_live_leader: false dest_uuid: "10d5978546534a678cbbf93a68543283" is_pre_election: true
I20260709 14:46:30.102633   641 raft_consensus.cc:2468] T dc07e9810cec40049f06618777ee984b P 10d5978546534a678cbbf93a68543283 [term 0 FOLLOWER]: Leader pre-election vote request: Granting yes vote for candidate 80587e1886d0445bbcc369ac39e194f2 in term 0.
I20260709 14:46:30.103765   532 leader_election.cc:304] T dc07e9810cec40049f06618777ee984b P 80587e1886d0445bbcc369ac39e194f2 [CANDIDATE]: Term 1 pre-election: Election decided. Result: candidate won. Election summary: received 2 responses out of 3 voters: 2 yes votes; 0 no votes. yes voters: 10d5978546534a678cbbf93a68543283, 80587e1886d0445bbcc369ac39e194f2; no voters: 
I20260709 14:46:30.105319   766 raft_consensus.cc:2804] T dc07e9810cec40049f06618777ee984b P 80587e1886d0445bbcc369ac39e194f2 [term 0 FOLLOWER]: Leader pre-election won for term 1
I20260709 14:46:30.105680   766 raft_consensus.cc:493] T dc07e9810cec40049f06618777ee984b P 80587e1886d0445bbcc369ac39e194f2 [term 0 FOLLOWER]: Starting leader election (no leader contacted us within the election timeout)
I20260709 14:46:30.106009   766 raft_consensus.cc:3060] T dc07e9810cec40049f06618777ee984b P 80587e1886d0445bbcc369ac39e194f2 [term 0 FOLLOWER]: Advancing to term 1
I20260709 14:46:30.106890   760 tablet_bootstrap.cc:492] T 14a678d0f96a4ca88433ddfb1b2bc0e5 P 80587e1886d0445bbcc369ac39e194f2: No bootstrap required, opened a new log
I20260709 14:46:30.107743   760 ts_tablet_manager.cc:1403] T 14a678d0f96a4ca88433ddfb1b2bc0e5 P 80587e1886d0445bbcc369ac39e194f2: Time spent bootstrapping tablet: real 0.043s	user 0.012s	sys 0.008s
I20260709 14:46:30.101971   714 tablet_service.cc:1917] Received RequestConsensusVote() RPC: tablet_id: "dc07e9810cec40049f06618777ee984b" candidate_uuid: "80587e1886d0445bbcc369ac39e194f2" candidate_term: 1 candidate_status { last_received { term: 0 index: 0 } } ignore_live_leader: false dest_uuid: "e6209d6076f44cdfa3337f1d216b61d6" is_pre_election: true
W20260709 14:46:30.110033   530 leader_election.cc:343] T dc07e9810cec40049f06618777ee984b P 80587e1886d0445bbcc369ac39e194f2 [CANDIDATE]: Term 1 pre-election: Tablet error from VoteRequest() call to peer e6209d6076f44cdfa3337f1d216b61d6 (127.0.107.195:45005): Illegal state: must be running to vote when last-logged opid is not known
I20260709 14:46:30.110596   760 raft_consensus.cc:359] T 14a678d0f96a4ca88433ddfb1b2bc0e5 P 80587e1886d0445bbcc369ac39e194f2 [term 0 FOLLOWER]: Replica starting. Triggering 0 pending ops. Active config: opid_index: -1 OBSOLETE_local: false peers { permanent_uuid: "80587e1886d0445bbcc369ac39e194f2" member_type: VOTER last_known_addr { host: "127.0.107.193" port: 46047 } } peers { permanent_uuid: "10d5978546534a678cbbf93a68543283" member_type: VOTER last_known_addr { host: "127.0.107.194" port: 46439 } } peers { permanent_uuid: "e6209d6076f44cdfa3337f1d216b61d6" member_type: VOTER last_known_addr { host: "127.0.107.195" port: 45005 } }
I20260709 14:46:30.111249   760 raft_consensus.cc:385] T 14a678d0f96a4ca88433ddfb1b2bc0e5 P 80587e1886d0445bbcc369ac39e194f2 [term 0 FOLLOWER]: Consensus starting up: Expiring failure detector timer to make a prompt election more likely
I20260709 14:46:30.111507   760 raft_consensus.cc:740] T 14a678d0f96a4ca88433ddfb1b2bc0e5 P 80587e1886d0445bbcc369ac39e194f2 [term 0 FOLLOWER]: Becoming Follower/Learner. State: Replica: 80587e1886d0445bbcc369ac39e194f2, State: Initialized, Role: FOLLOWER
I20260709 14:46:30.112147   760 consensus_queue.cc:260] T 14a678d0f96a4ca88433ddfb1b2bc0e5 P 80587e1886d0445bbcc369ac39e194f2 [NON_LEADER]: Queue going to NON_LEADER mode. State: All replicated index: 0, Majority replicated index: 0, Committed index: 0, Last appended: 0.0, Last appended by leader: 0, Current term: 0, Majority size: -1, State: 0, Mode: NON_LEADER, active raft config: opid_index: -1 OBSOLETE_local: false peers { permanent_uuid: "80587e1886d0445bbcc369ac39e194f2" member_type: VOTER last_known_addr { host: "127.0.107.193" port: 46047 } } peers { permanent_uuid: "10d5978546534a678cbbf93a68543283" member_type: VOTER last_known_addr { host: "127.0.107.194" port: 46439 } } peers { permanent_uuid: "e6209d6076f44cdfa3337f1d216b61d6" member_type: VOTER last_known_addr { host: "127.0.107.195" port: 45005 } }
I20260709 14:46:30.113978   795 raft_consensus.cc:493] T 0f65854479d74920885f39fa62a75e1e P 80587e1886d0445bbcc369ac39e194f2 [term 0 FOLLOWER]: Starting pre-election (no leader contacted us within the election timeout)
I20260709 14:46:30.114415   795 raft_consensus.cc:515] T 0f65854479d74920885f39fa62a75e1e P 80587e1886d0445bbcc369ac39e194f2 [term 0 FOLLOWER]: Starting pre-election with config: opid_index: -1 OBSOLETE_local: false peers { permanent_uuid: "80587e1886d0445bbcc369ac39e194f2" member_type: VOTER last_known_addr { host: "127.0.107.193" port: 46047 } } peers { permanent_uuid: "10d5978546534a678cbbf93a68543283" member_type: VOTER last_known_addr { host: "127.0.107.194" port: 46439 } } peers { permanent_uuid: "e6209d6076f44cdfa3337f1d216b61d6" member_type: VOTER last_known_addr { host: "127.0.107.195" port: 45005 } }
I20260709 14:46:30.115540   760 ts_tablet_manager.cc:1434] T 14a678d0f96a4ca88433ddfb1b2bc0e5 P 80587e1886d0445bbcc369ac39e194f2: Time spent starting tablet: real 0.008s	user 0.007s	sys 0.000s
I20260709 14:46:30.116392   795 leader_election.cc:290] T 0f65854479d74920885f39fa62a75e1e P 80587e1886d0445bbcc369ac39e194f2 [CANDIDATE]: Term 1 pre-election: Requested pre-vote from peers 10d5978546534a678cbbf93a68543283 (127.0.107.194:46439), e6209d6076f44cdfa3337f1d216b61d6 (127.0.107.195:45005)
I20260709 14:46:30.116606   760 tablet_bootstrap.cc:492] T 856871b76d3c44f79520eb2026565815 P 80587e1886d0445bbcc369ac39e194f2: Bootstrap starting.
I20260709 14:46:30.117550   714 tablet_service.cc:1917] Received RequestConsensusVote() RPC: tablet_id: "0f65854479d74920885f39fa62a75e1e" candidate_uuid: "80587e1886d0445bbcc369ac39e194f2" candidate_term: 1 candidate_status { last_received { term: 0 index: 0 } } ignore_live_leader: false dest_uuid: "e6209d6076f44cdfa3337f1d216b61d6" is_pre_election: true
I20260709 14:46:30.122918   760 tablet_bootstrap.cc:654] T 856871b76d3c44f79520eb2026565815 P 80587e1886d0445bbcc369ac39e194f2: Neither blocks nor log segments found. Creating new log.
W20260709 14:46:30.123138   530 leader_election.cc:343] T 0f65854479d74920885f39fa62a75e1e P 80587e1886d0445bbcc369ac39e194f2 [CANDIDATE]: Term 1 pre-election: Tablet error from VoteRequest() call to peer e6209d6076f44cdfa3337f1d216b61d6 (127.0.107.195:45005): Illegal state: must be running to vote when last-logged opid is not known
I20260709 14:46:30.123991   641 tablet_service.cc:1917] Received RequestConsensusVote() RPC: tablet_id: "0f65854479d74920885f39fa62a75e1e" candidate_uuid: "80587e1886d0445bbcc369ac39e194f2" candidate_term: 1 candidate_status { last_received { term: 0 index: 0 } } ignore_live_leader: false dest_uuid: "10d5978546534a678cbbf93a68543283" is_pre_election: true
I20260709 14:46:30.100895   796 leader_election.cc:290] T dc07e9810cec40049f06618777ee984b P 80587e1886d0445bbcc369ac39e194f2 [CANDIDATE]: Term 1 pre-election: Requested pre-vote from peers 10d5978546534a678cbbf93a68543283 (127.0.107.194:46439), e6209d6076f44cdfa3337f1d216b61d6 (127.0.107.195:45005)
W20260709 14:46:30.126271   532 leader_election.cc:343] T 0f65854479d74920885f39fa62a75e1e P 80587e1886d0445bbcc369ac39e194f2 [CANDIDATE]: Term 1 pre-election: Tablet error from VoteRequest() call to peer 10d5978546534a678cbbf93a68543283 (127.0.107.194:46439): Illegal state: must be running to vote when last-logged opid is not known
I20260709 14:46:30.126770   532 leader_election.cc:304] T 0f65854479d74920885f39fa62a75e1e P 80587e1886d0445bbcc369ac39e194f2 [CANDIDATE]: Term 1 pre-election: Election decided. Result: candidate lost. Election summary: received 3 responses out of 3 voters: 1 yes votes; 2 no votes. yes voters: 80587e1886d0445bbcc369ac39e194f2; no voters: 10d5978546534a678cbbf93a68543283, e6209d6076f44cdfa3337f1d216b61d6
I20260709 14:46:30.127862   796 raft_consensus.cc:2749] T 0f65854479d74920885f39fa62a75e1e P 80587e1886d0445bbcc369ac39e194f2 [term 0 FOLLOWER]: Leader pre-election lost for term 1. Reason: could not achieve majority
I20260709 14:46:30.129670   462 catalog_manager.cc:5697] T 39a252ca15d04e648d1d103ac4e1bfbd P 80587e1886d0445bbcc369ac39e194f2 reported cstate change: term changed from 0 to 1, leader changed from <none> to 80587e1886d0445bbcc369ac39e194f2 (127.0.107.193). New cstate: current_term: 1 leader_uuid: "80587e1886d0445bbcc369ac39e194f2" committed_config { opid_index: -1 OBSOLETE_local: false peers { permanent_uuid: "80587e1886d0445bbcc369ac39e194f2" member_type: VOTER last_known_addr { host: "127.0.107.193" port: 46047 } health_report { overall_health: HEALTHY } } peers { permanent_uuid: "10d5978546534a678cbbf93a68543283" member_type: VOTER last_known_addr { host: "127.0.107.194" port: 46439 } health_report { overall_health: UNKNOWN } } peers { permanent_uuid: "e6209d6076f44cdfa3337f1d216b61d6" member_type: VOTER last_known_addr { host: "127.0.107.195" port: 45005 } health_report { overall_health: UNKNOWN } } }
I20260709 14:46:30.131479   460 catalog_manager.cc:5697] T 856871b76d3c44f79520eb2026565815 P 10d5978546534a678cbbf93a68543283 reported cstate change: term changed from 0 to 1, leader changed from <none> to 10d5978546534a678cbbf93a68543283 (127.0.107.194). New cstate: current_term: 1 leader_uuid: "10d5978546534a678cbbf93a68543283" committed_config { opid_index: -1 OBSOLETE_local: false peers { permanent_uuid: "10d5978546534a678cbbf93a68543283" member_type: VOTER last_known_addr { host: "127.0.107.194" port: 46439 } health_report { overall_health: HEALTHY } } peers { permanent_uuid: "80587e1886d0445bbcc369ac39e194f2" member_type: VOTER last_known_addr { host: "127.0.107.193" port: 46047 } health_report { overall_health: UNKNOWN } } peers { permanent_uuid: "e6209d6076f44cdfa3337f1d216b61d6" member_type: VOTER last_known_addr { host: "127.0.107.195" port: 45005 } health_report { overall_health: UNKNOWN } } }
I20260709 14:46:30.115576   766 raft_consensus.cc:515] T dc07e9810cec40049f06618777ee984b P 80587e1886d0445bbcc369ac39e194f2 [term 1 FOLLOWER]: Starting leader election with config: opid_index: -1 OBSOLETE_local: false peers { permanent_uuid: "80587e1886d0445bbcc369ac39e194f2" member_type: VOTER last_known_addr { host: "127.0.107.193" port: 46047 } } peers { permanent_uuid: "10d5978546534a678cbbf93a68543283" member_type: VOTER last_known_addr { host: "127.0.107.194" port: 46439 } } peers { permanent_uuid: "e6209d6076f44cdfa3337f1d216b61d6" member_type: VOTER last_known_addr { host: "127.0.107.195" port: 45005 } }
I20260709 14:46:30.138459   758 tablet_bootstrap.cc:654] T 0f65854479d74920885f39fa62a75e1e P e6209d6076f44cdfa3337f1d216b61d6: Neither blocks nor log segments found. Creating new log.
I20260709 14:46:30.142320   460 catalog_manager.cc:5697] T b3a8f3787be0418b84e2e43d8c6108ce P 10d5978546534a678cbbf93a68543283 reported cstate change: term changed from 0 to 1, leader changed from <none> to 10d5978546534a678cbbf93a68543283 (127.0.107.194). New cstate: current_term: 1 leader_uuid: "10d5978546534a678cbbf93a68543283" committed_config { opid_index: -1 OBSOLETE_local: false peers { permanent_uuid: "80587e1886d0445bbcc369ac39e194f2" member_type: VOTER last_known_addr { host: "127.0.107.193" port: 46047 } health_report { overall_health: UNKNOWN } } peers { permanent_uuid: "10d5978546534a678cbbf93a68543283" member_type: VOTER last_known_addr { host: "127.0.107.194" port: 46439 } health_report { overall_health: HEALTHY } } peers { permanent_uuid: "e6209d6076f44cdfa3337f1d216b61d6" member_type: VOTER last_known_addr { host: "127.0.107.195" port: 45005 } health_report { overall_health: UNKNOWN } } }
I20260709 14:46:30.145963   787 consensus_queue.cc:1048] T 7f83650853ca43ed8e6e29d95260512a P e6209d6076f44cdfa3337f1d216b61d6 [LEADER]: Connected to new peer: Peer: permanent_uuid: "10d5978546534a678cbbf93a68543283" member_type: VOTER last_known_addr { host: "127.0.107.194" port: 46439 }, Status: LMP_MISMATCH, Last received: 0.0, Next index: 1, Last known committed idx: 0, Time since last communication: 0.001s
I20260709 14:46:30.146596   641 tablet_service.cc:1917] Received RequestConsensusVote() RPC: tablet_id: "dc07e9810cec40049f06618777ee984b" candidate_uuid: "80587e1886d0445bbcc369ac39e194f2" candidate_term: 1 candidate_status { last_received { term: 0 index: 0 } } ignore_live_leader: false dest_uuid: "10d5978546534a678cbbf93a68543283"
I20260709 14:46:30.147154   641 raft_consensus.cc:3060] T dc07e9810cec40049f06618777ee984b P 10d5978546534a678cbbf93a68543283 [term 0 FOLLOWER]: Advancing to term 1
I20260709 14:46:30.154464   714 tablet_service.cc:1917] Received RequestConsensusVote() RPC: tablet_id: "dc07e9810cec40049f06618777ee984b" candidate_uuid: "80587e1886d0445bbcc369ac39e194f2" candidate_term: 1 candidate_status { last_received { term: 0 index: 0 } } ignore_live_leader: false dest_uuid: "e6209d6076f44cdfa3337f1d216b61d6"
I20260709 14:46:30.155758   787 consensus_queue.cc:1048] T 7f83650853ca43ed8e6e29d95260512a P e6209d6076f44cdfa3337f1d216b61d6 [LEADER]: Connected to new peer: Peer: permanent_uuid: "80587e1886d0445bbcc369ac39e194f2" member_type: VOTER last_known_addr { host: "127.0.107.193" port: 46047 }, Status: LMP_MISMATCH, Last received: 0.0, Next index: 1, Last known committed idx: 0, Time since last communication: 0.000s
W20260709 14:46:30.156754   530 leader_election.cc:343] T dc07e9810cec40049f06618777ee984b P 80587e1886d0445bbcc369ac39e194f2 [CANDIDATE]: Term 1 election: Tablet error from VoteRequest() call to peer e6209d6076f44cdfa3337f1d216b61d6 (127.0.107.195:45005): Illegal state: must be running to vote when last-logged opid is not known
I20260709 14:46:30.158130   758 tablet_bootstrap.cc:492] T 0f65854479d74920885f39fa62a75e1e P e6209d6076f44cdfa3337f1d216b61d6: No bootstrap required, opened a new log
I20260709 14:46:30.157351   463 catalog_manager.cc:5697] T 54e7a90fbe7b48ebb166e0ec64d0e0b9 P e6209d6076f44cdfa3337f1d216b61d6 reported cstate change: term changed from 0 to 1, leader changed from <none> to e6209d6076f44cdfa3337f1d216b61d6 (127.0.107.195). New cstate: current_term: 1 leader_uuid: "e6209d6076f44cdfa3337f1d216b61d6" committed_config { opid_index: -1 OBSOLETE_local: false peers { permanent_uuid: "80587e1886d0445bbcc369ac39e194f2" member_type: VOTER last_known_addr { host: "127.0.107.193" port: 46047 } health_report { overall_health: UNKNOWN } } peers { permanent_uuid: "10d5978546534a678cbbf93a68543283" member_type: VOTER last_known_addr { host: "127.0.107.194" port: 46439 } health_report { overall_health: UNKNOWN } } peers { permanent_uuid: "e6209d6076f44cdfa3337f1d216b61d6" member_type: VOTER last_known_addr { host: "127.0.107.195" port: 45005 } health_report { overall_health: HEALTHY } } }
I20260709 14:46:30.158643   758 ts_tablet_manager.cc:1403] T 0f65854479d74920885f39fa62a75e1e P e6209d6076f44cdfa3337f1d216b61d6: Time spent bootstrapping tablet: real 0.082s	user 0.013s	sys 0.002s
I20260709 14:46:30.159721   463 catalog_manager.cc:5697] T e0487f73c3ce4101acb3c460d0d25e87 P e6209d6076f44cdfa3337f1d216b61d6 reported cstate change: term changed from 0 to 1, leader changed from <none> to e6209d6076f44cdfa3337f1d216b61d6 (127.0.107.195). New cstate: current_term: 1 leader_uuid: "e6209d6076f44cdfa3337f1d216b61d6" committed_config { opid_index: -1 OBSOLETE_local: false peers { permanent_uuid: "80587e1886d0445bbcc369ac39e194f2" member_type: VOTER last_known_addr { host: "127.0.107.193" port: 46047 } health_report { overall_health: UNKNOWN } } peers { permanent_uuid: "10d5978546534a678cbbf93a68543283" member_type: VOTER last_known_addr { host: "127.0.107.194" port: 46439 } health_report { overall_health: UNKNOWN } } peers { permanent_uuid: "e6209d6076f44cdfa3337f1d216b61d6" member_type: VOTER last_known_addr { host: "127.0.107.195" port: 45005 } health_report { overall_health: HEALTHY } } }
I20260709 14:46:30.162063   758 raft_consensus.cc:359] T 0f65854479d74920885f39fa62a75e1e P e6209d6076f44cdfa3337f1d216b61d6 [term 0 FOLLOWER]: Replica starting. Triggering 0 pending ops. Active config: opid_index: -1 OBSOLETE_local: false peers { permanent_uuid: "80587e1886d0445bbcc369ac39e194f2" member_type: VOTER last_known_addr { host: "127.0.107.193" port: 46047 } } peers { permanent_uuid: "10d5978546534a678cbbf93a68543283" member_type: VOTER last_known_addr { host: "127.0.107.194" port: 46439 } } peers { permanent_uuid: "e6209d6076f44cdfa3337f1d216b61d6" member_type: VOTER last_known_addr { host: "127.0.107.195" port: 45005 } }
I20260709 14:46:30.162709   758 raft_consensus.cc:385] T 0f65854479d74920885f39fa62a75e1e P e6209d6076f44cdfa3337f1d216b61d6 [term 0 FOLLOWER]: Consensus starting up: Expiring failure detector timer to make a prompt election more likely
I20260709 14:46:30.162982   758 raft_consensus.cc:740] T 0f65854479d74920885f39fa62a75e1e P e6209d6076f44cdfa3337f1d216b61d6 [term 0 FOLLOWER]: Becoming Follower/Learner. State: Replica: e6209d6076f44cdfa3337f1d216b61d6, State: Initialized, Role: FOLLOWER
I20260709 14:46:30.163749   758 consensus_queue.cc:260] T 0f65854479d74920885f39fa62a75e1e P e6209d6076f44cdfa3337f1d216b61d6 [NON_LEADER]: Queue going to NON_LEADER mode. State: All replicated index: 0, Majority replicated index: 0, Committed index: 0, Last appended: 0.0, Last appended by leader: 0, Current term: 0, Majority size: -1, State: 0, Mode: NON_LEADER, active raft config: opid_index: -1 OBSOLETE_local: false peers { permanent_uuid: "80587e1886d0445bbcc369ac39e194f2" member_type: VOTER last_known_addr { host: "127.0.107.193" port: 46047 } } peers { permanent_uuid: "10d5978546534a678cbbf93a68543283" member_type: VOTER last_known_addr { host: "127.0.107.194" port: 46439 } } peers { permanent_uuid: "e6209d6076f44cdfa3337f1d216b61d6" member_type: VOTER last_known_addr { host: "127.0.107.195" port: 45005 } }
I20260709 14:46:30.165231   760 tablet_bootstrap.cc:492] T 856871b76d3c44f79520eb2026565815 P 80587e1886d0445bbcc369ac39e194f2: No bootstrap required, opened a new log
I20260709 14:46:30.165782   760 ts_tablet_manager.cc:1403] T 856871b76d3c44f79520eb2026565815 P 80587e1886d0445bbcc369ac39e194f2: Time spent bootstrapping tablet: real 0.049s	user 0.019s	sys 0.020s
I20260709 14:46:30.166448   758 ts_tablet_manager.cc:1434] T 0f65854479d74920885f39fa62a75e1e P e6209d6076f44cdfa3337f1d216b61d6: Time spent starting tablet: real 0.008s	user 0.006s	sys 0.000s
I20260709 14:46:30.166800   766 leader_election.cc:290] T dc07e9810cec40049f06618777ee984b P 80587e1886d0445bbcc369ac39e194f2 [CANDIDATE]: Term 1 election: Requested vote from peers 10d5978546534a678cbbf93a68543283 (127.0.107.194:46439), e6209d6076f44cdfa3337f1d216b61d6 (127.0.107.195:45005)
I20260709 14:46:30.172209   758 tablet_bootstrap.cc:492] T dc07e9810cec40049f06618777ee984b P e6209d6076f44cdfa3337f1d216b61d6: Bootstrap starting.
I20260709 14:46:30.168836   760 raft_consensus.cc:359] T 856871b76d3c44f79520eb2026565815 P 80587e1886d0445bbcc369ac39e194f2 [term 0 FOLLOWER]: Replica starting. Triggering 0 pending ops. Active config: opid_index: -1 OBSOLETE_local: false peers { permanent_uuid: "10d5978546534a678cbbf93a68543283" member_type: VOTER last_known_addr { host: "127.0.107.194" port: 46439 } } peers { permanent_uuid: "80587e1886d0445bbcc369ac39e194f2" member_type: VOTER last_known_addr { host: "127.0.107.193" port: 46047 } } peers { permanent_uuid: "e6209d6076f44cdfa3337f1d216b61d6" member_type: VOTER last_known_addr { host: "127.0.107.195" port: 45005 } }
I20260709 14:46:30.180970   760 raft_consensus.cc:385] T 856871b76d3c44f79520eb2026565815 P 80587e1886d0445bbcc369ac39e194f2 [term 0 FOLLOWER]: Consensus starting up: Expiring failure detector timer to make a prompt election more likely
I20260709 14:46:30.181318   760 raft_consensus.cc:740] T 856871b76d3c44f79520eb2026565815 P 80587e1886d0445bbcc369ac39e194f2 [term 0 FOLLOWER]: Becoming Follower/Learner. State: Replica: 80587e1886d0445bbcc369ac39e194f2, State: Initialized, Role: FOLLOWER
I20260709 14:46:30.182112   760 consensus_queue.cc:260] T 856871b76d3c44f79520eb2026565815 P 80587e1886d0445bbcc369ac39e194f2 [NON_LEADER]: Queue going to NON_LEADER mode. State: All replicated index: 0, Majority replicated index: 0, Committed index: 0, Last appended: 0.0, Last appended by leader: 0, Current term: 0, Majority size: -1, State: 0, Mode: NON_LEADER, active raft config: opid_index: -1 OBSOLETE_local: false peers { permanent_uuid: "10d5978546534a678cbbf93a68543283" member_type: VOTER last_known_addr { host: "127.0.107.194" port: 46439 } } peers { permanent_uuid: "80587e1886d0445bbcc369ac39e194f2" member_type: VOTER last_known_addr { host: "127.0.107.193" port: 46047 } } peers { permanent_uuid: "e6209d6076f44cdfa3337f1d216b61d6" member_type: VOTER last_known_addr { host: "127.0.107.195" port: 45005 } }
I20260709 14:46:30.185055   766 raft_consensus.cc:493] T 856871b76d3c44f79520eb2026565815 P 80587e1886d0445bbcc369ac39e194f2 [term 0 FOLLOWER]: Starting pre-election (no leader contacted us within the election timeout)
I20260709 14:46:30.185514   766 raft_consensus.cc:515] T 856871b76d3c44f79520eb2026565815 P 80587e1886d0445bbcc369ac39e194f2 [term 0 FOLLOWER]: Starting pre-election with config: opid_index: -1 OBSOLETE_local: false peers { permanent_uuid: "10d5978546534a678cbbf93a68543283" member_type: VOTER last_known_addr { host: "127.0.107.194" port: 46439 } } peers { permanent_uuid: "80587e1886d0445bbcc369ac39e194f2" member_type: VOTER last_known_addr { host: "127.0.107.193" port: 46047 } } peers { permanent_uuid: "e6209d6076f44cdfa3337f1d216b61d6" member_type: VOTER last_known_addr { host: "127.0.107.195" port: 45005 } }
I20260709 14:46:30.188265   760 ts_tablet_manager.cc:1434] T 856871b76d3c44f79520eb2026565815 P 80587e1886d0445bbcc369ac39e194f2: Time spent starting tablet: real 0.022s	user 0.008s	sys 0.000s
I20260709 14:46:30.191332   758 tablet_bootstrap.cc:654] T dc07e9810cec40049f06618777ee984b P e6209d6076f44cdfa3337f1d216b61d6: Neither blocks nor log segments found. Creating new log.
I20260709 14:46:30.186487   641 raft_consensus.cc:2468] T dc07e9810cec40049f06618777ee984b P 10d5978546534a678cbbf93a68543283 [term 1 FOLLOWER]: Leader election vote request: Granting yes vote for candidate 80587e1886d0445bbcc369ac39e194f2 in term 1.
I20260709 14:46:30.196226   532 leader_election.cc:304] T dc07e9810cec40049f06618777ee984b P 80587e1886d0445bbcc369ac39e194f2 [CANDIDATE]: Term 1 election: Election decided. Result: candidate won. Election summary: received 3 responses out of 3 voters: 2 yes votes; 1 no votes. yes voters: 10d5978546534a678cbbf93a68543283, 80587e1886d0445bbcc369ac39e194f2; no voters: e6209d6076f44cdfa3337f1d216b61d6
I20260709 14:46:30.197618   766 leader_election.cc:290] T 856871b76d3c44f79520eb2026565815 P 80587e1886d0445bbcc369ac39e194f2 [CANDIDATE]: Term 1 pre-election: Requested pre-vote from peers 10d5978546534a678cbbf93a68543283 (127.0.107.194:46439), e6209d6076f44cdfa3337f1d216b61d6 (127.0.107.195:45005)
I20260709 14:46:30.197731   796 raft_consensus.cc:2804] T dc07e9810cec40049f06618777ee984b P 80587e1886d0445bbcc369ac39e194f2 [term 1 FOLLOWER]: Leader election won for term 1
I20260709 14:46:30.198669   714 tablet_service.cc:1917] Received RequestConsensusVote() RPC: tablet_id: "856871b76d3c44f79520eb2026565815" candidate_uuid: "80587e1886d0445bbcc369ac39e194f2" candidate_term: 1 candidate_status { last_received { term: 0 index: 0 } } ignore_live_leader: false dest_uuid: "e6209d6076f44cdfa3337f1d216b61d6" is_pre_election: true
I20260709 14:46:30.199234   796 raft_consensus.cc:697] T dc07e9810cec40049f06618777ee984b P 80587e1886d0445bbcc369ac39e194f2 [term 1 LEADER]: Becoming Leader. State: Replica: 80587e1886d0445bbcc369ac39e194f2, State: Running, Role: LEADER
I20260709 14:46:30.201282   714 raft_consensus.cc:2393] T 856871b76d3c44f79520eb2026565815 P e6209d6076f44cdfa3337f1d216b61d6 [term 1 FOLLOWER]: Leader pre-election vote request: Denying vote to candidate 80587e1886d0445bbcc369ac39e194f2 in current term 1: Already voted for candidate 10d5978546534a678cbbf93a68543283 in this term.
I20260709 14:46:30.202093   796 consensus_queue.cc:237] T dc07e9810cec40049f06618777ee984b P 80587e1886d0445bbcc369ac39e194f2 [LEADER]: Queue going to LEADER mode. State: All replicated index: 0, Majority replicated index: 0, Committed index: 0, Last appended: 0.0, Last appended by leader: 0, Current term: 1, Majority size: 2, State: 0, Mode: LEADER, active raft config: opid_index: -1 OBSOLETE_local: false peers { permanent_uuid: "80587e1886d0445bbcc369ac39e194f2" member_type: VOTER last_known_addr { host: "127.0.107.193" port: 46047 } } peers { permanent_uuid: "10d5978546534a678cbbf93a68543283" member_type: VOTER last_known_addr { host: "127.0.107.194" port: 46439 } } peers { permanent_uuid: "e6209d6076f44cdfa3337f1d216b61d6" member_type: VOTER last_known_addr { host: "127.0.107.195" port: 45005 } }
I20260709 14:46:30.203437   641 tablet_service.cc:1917] Received RequestConsensusVote() RPC: tablet_id: "856871b76d3c44f79520eb2026565815" candidate_uuid: "80587e1886d0445bbcc369ac39e194f2" candidate_term: 1 candidate_status { last_received { term: 0 index: 0 } } ignore_live_leader: false dest_uuid: "10d5978546534a678cbbf93a68543283" is_pre_election: true
I20260709 14:46:30.203876   764 raft_consensus.cc:493] T 14a678d0f96a4ca88433ddfb1b2bc0e5 P e6209d6076f44cdfa3337f1d216b61d6 [term 0 FOLLOWER]: Starting pre-election (no leader contacted us within the election timeout)
I20260709 14:46:30.204306   764 raft_consensus.cc:515] T 14a678d0f96a4ca88433ddfb1b2bc0e5 P e6209d6076f44cdfa3337f1d216b61d6 [term 0 FOLLOWER]: Starting pre-election with config: opid_index: -1 OBSOLETE_local: false peers { permanent_uuid: "80587e1886d0445bbcc369ac39e194f2" member_type: VOTER last_known_addr { host: "127.0.107.193" port: 46047 } } peers { permanent_uuid: "10d5978546534a678cbbf93a68543283" member_type: VOTER last_known_addr { host: "127.0.107.194" port: 46439 } } peers { permanent_uuid: "e6209d6076f44cdfa3337f1d216b61d6" member_type: VOTER last_known_addr { host: "127.0.107.195" port: 45005 } }
I20260709 14:46:30.205499   532 leader_election.cc:304] T 856871b76d3c44f79520eb2026565815 P 80587e1886d0445bbcc369ac39e194f2 [CANDIDATE]: Term 1 pre-election: Election decided. Result: candidate lost. Election summary: received 3 responses out of 3 voters: 1 yes votes; 2 no votes. yes voters: 80587e1886d0445bbcc369ac39e194f2; no voters: 10d5978546534a678cbbf93a68543283, e6209d6076f44cdfa3337f1d216b61d6
I20260709 14:46:30.206326   764 leader_election.cc:290] T 14a678d0f96a4ca88433ddfb1b2bc0e5 P e6209d6076f44cdfa3337f1d216b61d6 [CANDIDATE]: Term 1 pre-election: Requested pre-vote from peers 80587e1886d0445bbcc369ac39e194f2 (127.0.107.193:46047), 10d5978546534a678cbbf93a68543283 (127.0.107.194:46439)
I20260709 14:46:30.208285   641 tablet_service.cc:1917] Received RequestConsensusVote() RPC: tablet_id: "14a678d0f96a4ca88433ddfb1b2bc0e5" candidate_uuid: "e6209d6076f44cdfa3337f1d216b61d6" candidate_term: 1 candidate_status { last_received { term: 0 index: 0 } } ignore_live_leader: false dest_uuid: "10d5978546534a678cbbf93a68543283" is_pre_election: true
I20260709 14:46:30.209533   795 raft_consensus.cc:3060] T 856871b76d3c44f79520eb2026565815 P 80587e1886d0445bbcc369ac39e194f2 [term 0 FOLLOWER]: Advancing to term 1
I20260709 14:46:30.209935   641 raft_consensus.cc:2468] T 14a678d0f96a4ca88433ddfb1b2bc0e5 P 10d5978546534a678cbbf93a68543283 [term 0 FOLLOWER]: Leader pre-election vote request: Granting yes vote for candidate e6209d6076f44cdfa3337f1d216b61d6 in term 0.
I20260709 14:46:30.213553   565 tablet_service.cc:1917] Received RequestConsensusVote() RPC: tablet_id: "14a678d0f96a4ca88433ddfb1b2bc0e5" candidate_uuid: "e6209d6076f44cdfa3337f1d216b61d6" candidate_term: 1 candidate_status { last_received { term: 0 index: 0 } } ignore_live_leader: false dest_uuid: "80587e1886d0445bbcc369ac39e194f2" is_pre_election: true
I20260709 14:46:30.213917   681 leader_election.cc:304] T 14a678d0f96a4ca88433ddfb1b2bc0e5 P e6209d6076f44cdfa3337f1d216b61d6 [CANDIDATE]: Term 1 pre-election: Election decided. Result: candidate won. Election summary: received 2 responses out of 3 voters: 2 yes votes; 0 no votes. yes voters: 10d5978546534a678cbbf93a68543283, e6209d6076f44cdfa3337f1d216b61d6; no voters: 
I20260709 14:46:30.214619   565 raft_consensus.cc:2468] T 14a678d0f96a4ca88433ddfb1b2bc0e5 P 80587e1886d0445bbcc369ac39e194f2 [term 0 FOLLOWER]: Leader pre-election vote request: Granting yes vote for candidate e6209d6076f44cdfa3337f1d216b61d6 in term 0.
I20260709 14:46:30.215072   764 raft_consensus.cc:2804] T 14a678d0f96a4ca88433ddfb1b2bc0e5 P e6209d6076f44cdfa3337f1d216b61d6 [term 0 FOLLOWER]: Leader pre-election won for term 1
I20260709 14:46:30.215447   764 raft_consensus.cc:493] T 14a678d0f96a4ca88433ddfb1b2bc0e5 P e6209d6076f44cdfa3337f1d216b61d6 [term 0 FOLLOWER]: Starting leader election (no leader contacted us within the election timeout)
I20260709 14:46:30.215777   764 raft_consensus.cc:3060] T 14a678d0f96a4ca88433ddfb1b2bc0e5 P e6209d6076f44cdfa3337f1d216b61d6 [term 0 FOLLOWER]: Advancing to term 1
I20260709 14:46:30.218302   759 tablet_bootstrap.cc:654] T 0f65854479d74920885f39fa62a75e1e P 10d5978546534a678cbbf93a68543283: Neither blocks nor log segments found. Creating new log.
I20260709 14:46:30.221504   795 raft_consensus.cc:2749] T 856871b76d3c44f79520eb2026565815 P 80587e1886d0445bbcc369ac39e194f2 [term 1 FOLLOWER]: Leader pre-election lost for term 1. Reason: could not achieve majority
I20260709 14:46:30.255651   785 consensus_queue.cc:1048] T 54e7a90fbe7b48ebb166e0ec64d0e0b9 P e6209d6076f44cdfa3337f1d216b61d6 [LEADER]: Connected to new peer: Peer: permanent_uuid: "10d5978546534a678cbbf93a68543283" member_type: VOTER last_known_addr { host: "127.0.107.194" port: 46439 }, Status: LMP_MISMATCH, Last received: 0.0, Next index: 1, Last known committed idx: 0, Time since last communication: 0.004s
I20260709 14:46:30.239759   764 raft_consensus.cc:515] T 14a678d0f96a4ca88433ddfb1b2bc0e5 P e6209d6076f44cdfa3337f1d216b61d6 [term 1 FOLLOWER]: Starting leader election with config: opid_index: -1 OBSOLETE_local: false peers { permanent_uuid: "80587e1886d0445bbcc369ac39e194f2" member_type: VOTER last_known_addr { host: "127.0.107.193" port: 46047 } } peers { permanent_uuid: "10d5978546534a678cbbf93a68543283" member_type: VOTER last_known_addr { host: "127.0.107.194" port: 46439 } } peers { permanent_uuid: "e6209d6076f44cdfa3337f1d216b61d6" member_type: VOTER last_known_addr { host: "127.0.107.195" port: 45005 } }
I20260709 14:46:30.264266   566 tablet_service.cc:1917] Received RequestConsensusVote() RPC: tablet_id: "14a678d0f96a4ca88433ddfb1b2bc0e5" candidate_uuid: "e6209d6076f44cdfa3337f1d216b61d6" candidate_term: 1 candidate_status { last_received { term: 0 index: 0 } } ignore_live_leader: false dest_uuid: "80587e1886d0445bbcc369ac39e194f2"
I20260709 14:46:30.264901   566 raft_consensus.cc:3060] T 14a678d0f96a4ca88433ddfb1b2bc0e5 P 80587e1886d0445bbcc369ac39e194f2 [term 0 FOLLOWER]: Advancing to term 1
I20260709 14:46:30.265060   764 leader_election.cc:290] T 14a678d0f96a4ca88433ddfb1b2bc0e5 P e6209d6076f44cdfa3337f1d216b61d6 [CANDIDATE]: Term 1 election: Requested vote from peers 80587e1886d0445bbcc369ac39e194f2 (127.0.107.193:46047), 10d5978546534a678cbbf93a68543283 (127.0.107.194:46439)
I20260709 14:46:30.266062   641 tablet_service.cc:1917] Received RequestConsensusVote() RPC: tablet_id: "14a678d0f96a4ca88433ddfb1b2bc0e5" candidate_uuid: "e6209d6076f44cdfa3337f1d216b61d6" candidate_term: 1 candidate_status { last_received { term: 0 index: 0 } } ignore_live_leader: false dest_uuid: "10d5978546534a678cbbf93a68543283"
I20260709 14:46:30.266551   641 raft_consensus.cc:3060] T 14a678d0f96a4ca88433ddfb1b2bc0e5 P 10d5978546534a678cbbf93a68543283 [term 0 FOLLOWER]: Advancing to term 1
I20260709 14:46:30.271297   641 raft_consensus.cc:2468] T 14a678d0f96a4ca88433ddfb1b2bc0e5 P 10d5978546534a678cbbf93a68543283 [term 1 FOLLOWER]: Leader election vote request: Granting yes vote for candidate e6209d6076f44cdfa3337f1d216b61d6 in term 1.
I20260709 14:46:30.273543   681 leader_election.cc:304] T 14a678d0f96a4ca88433ddfb1b2bc0e5 P e6209d6076f44cdfa3337f1d216b61d6 [CANDIDATE]: Term 1 election: Election decided. Result: candidate won. Election summary: received 2 responses out of 3 voters: 2 yes votes; 0 no votes. yes voters: 10d5978546534a678cbbf93a68543283, e6209d6076f44cdfa3337f1d216b61d6; no voters: 
I20260709 14:46:30.279593   764 raft_consensus.cc:2804] T 14a678d0f96a4ca88433ddfb1b2bc0e5 P e6209d6076f44cdfa3337f1d216b61d6 [term 1 FOLLOWER]: Leader election won for term 1
I20260709 14:46:30.285163   764 raft_consensus.cc:697] T 14a678d0f96a4ca88433ddfb1b2bc0e5 P e6209d6076f44cdfa3337f1d216b61d6 [term 1 LEADER]: Becoming Leader. State: Replica: e6209d6076f44cdfa3337f1d216b61d6, State: Running, Role: LEADER
I20260709 14:46:30.288486   758 tablet_bootstrap.cc:492] T dc07e9810cec40049f06618777ee984b P e6209d6076f44cdfa3337f1d216b61d6: No bootstrap required, opened a new log
I20260709 14:46:30.290094   758 ts_tablet_manager.cc:1403] T dc07e9810cec40049f06618777ee984b P e6209d6076f44cdfa3337f1d216b61d6: Time spent bootstrapping tablet: real 0.118s	user 0.014s	sys 0.009s
I20260709 14:46:30.293234   759 tablet_bootstrap.cc:492] T 0f65854479d74920885f39fa62a75e1e P 10d5978546534a678cbbf93a68543283: No bootstrap required, opened a new log
I20260709 14:46:30.293696   759 ts_tablet_manager.cc:1403] T 0f65854479d74920885f39fa62a75e1e P 10d5978546534a678cbbf93a68543283: Time spent bootstrapping tablet: real 0.193s	user 0.043s	sys 0.014s
I20260709 14:46:30.294966   461 catalog_manager.cc:5697] T dc07e9810cec40049f06618777ee984b P 80587e1886d0445bbcc369ac39e194f2 reported cstate change: term changed from 0 to 1, leader changed from <none> to 80587e1886d0445bbcc369ac39e194f2 (127.0.107.193). New cstate: current_term: 1 leader_uuid: "80587e1886d0445bbcc369ac39e194f2" committed_config { opid_index: -1 OBSOLETE_local: false peers { permanent_uuid: "80587e1886d0445bbcc369ac39e194f2" member_type: VOTER last_known_addr { host: "127.0.107.193" port: 46047 } health_report { overall_health: HEALTHY } } peers { permanent_uuid: "10d5978546534a678cbbf93a68543283" member_type: VOTER last_known_addr { host: "127.0.107.194" port: 46439 } health_report { overall_health: UNKNOWN } } peers { permanent_uuid: "e6209d6076f44cdfa3337f1d216b61d6" member_type: VOTER last_known_addr { host: "127.0.107.195" port: 45005 } health_report { overall_health: UNKNOWN } } }
I20260709 14:46:30.300678   758 raft_consensus.cc:359] T dc07e9810cec40049f06618777ee984b P e6209d6076f44cdfa3337f1d216b61d6 [term 0 FOLLOWER]: Replica starting. Triggering 0 pending ops. Active config: opid_index: -1 OBSOLETE_local: false peers { permanent_uuid: "80587e1886d0445bbcc369ac39e194f2" member_type: VOTER last_known_addr { host: "127.0.107.193" port: 46047 } } peers { permanent_uuid: "10d5978546534a678cbbf93a68543283" member_type: VOTER last_known_addr { host: "127.0.107.194" port: 46439 } } peers { permanent_uuid: "e6209d6076f44cdfa3337f1d216b61d6" member_type: VOTER last_known_addr { host: "127.0.107.195" port: 45005 } }
I20260709 14:46:30.301378   758 raft_consensus.cc:385] T dc07e9810cec40049f06618777ee984b P e6209d6076f44cdfa3337f1d216b61d6 [term 0 FOLLOWER]: Consensus starting up: Expiring failure detector timer to make a prompt election more likely
I20260709 14:46:30.301652   758 raft_consensus.cc:740] T dc07e9810cec40049f06618777ee984b P e6209d6076f44cdfa3337f1d216b61d6 [term 0 FOLLOWER]: Becoming Follower/Learner. State: Replica: e6209d6076f44cdfa3337f1d216b61d6, State: Initialized, Role: FOLLOWER
