I20260709 14:46:52.593279  1082 raft_consensus.cc:740] T f5d9f21586424c16a4c91709015aaecd P 78417878c564477f9beb01f339613da3 [term 4 LEADER]: Becoming Follower/Learner. State: Replica: 78417878c564477f9beb01f339613da3, State: Running, Role: LEADER
I20260709 14:46:52.593924  1081 consensus_queue.cc:260] T 0638fc5d51804bd0aeb2510dc3fc6f23 P 78417878c564477f9beb01f339613da3 [NON_LEADER]: Queue going to NON_LEADER mode. State: All replicated index: 0, Majority replicated index: 3, Committed index: 3, Last appended: 3.3, Last appended by leader: 3, Current term: 3, Majority size: -1, State: 0, Mode: NON_LEADER, active raft config: opid_index: -1 OBSOLETE_local: false peers { permanent_uuid: "78417878c564477f9beb01f339613da3" member_type: VOTER last_known_addr { host: "127.0.107.193" port: 36655 } } peers { permanent_uuid: "e566faa245fc4e198238b3cec7d6c869" member_type: VOTER last_known_addr { host: "127.0.107.194" port: 41293 } } peers { permanent_uuid: "fc835a03fad942b894dde5bad1a4230e" member_type: VOTER last_known_addr { host: "127.0.107.195" port: 41111 } }
I20260709 14:46:52.594216  1082 consensus_queue.cc:260] T f5d9f21586424c16a4c91709015aaecd P 78417878c564477f9beb01f339613da3 [NON_LEADER]: Queue going to NON_LEADER mode. State: All replicated index: 0, Majority replicated index: 4, Committed index: 4, Last appended: 4.4, Last appended by leader: 4, Current term: 4, Majority size: -1, State: 0, Mode: NON_LEADER, active raft config: opid_index: -1 OBSOLETE_local: false peers { permanent_uuid: "e566faa245fc4e198238b3cec7d6c869" member_type: VOTER last_known_addr { host: "127.0.107.194" port: 41293 } } peers { permanent_uuid: "78417878c564477f9beb01f339613da3" member_type: VOTER last_known_addr { host: "127.0.107.193" port: 36655 } } peers { permanent_uuid: "fc835a03fad942b894dde5bad1a4230e" member_type: VOTER last_known_addr { host: "127.0.107.195" port: 41111 } }
I20260709 14:46:52.595026  1081 raft_consensus.cc:3060] T 0638fc5d51804bd0aeb2510dc3fc6f23 P 78417878c564477f9beb01f339613da3 [term 3 FOLLOWER]: Advancing to term 4
I20260709 14:46:52.595317  1082 raft_consensus.cc:3060] T f5d9f21586424c16a4c91709015aaecd P 78417878c564477f9beb01f339613da3 [term 4 FOLLOWER]: Advancing to term 5
I20260709 14:46:52.670303  1230 raft_consensus.cc:1275] T d167adb501384bdf98bc2861d95af49a P fc835a03fad942b894dde5bad1a4230e [term 3 FOLLOWER]: Refusing update from remote peer e566faa245fc4e198238b3cec7d6c869: Log matching property violated. Preceding OpId in replica: term: 2 index: 2. Preceding OpId from leader: term: 3 index: 3. (index mismatch)
I20260709 14:46:52.671536  1394 consensus_queue.cc:1048] T d167adb501384bdf98bc2861d95af49a P e566faa245fc4e198238b3cec7d6c869 [LEADER]: Connected to new peer: Peer: permanent_uuid: "fc835a03fad942b894dde5bad1a4230e" member_type: VOTER last_known_addr { host: "127.0.107.195" port: 41111 }, Status: LMP_MISMATCH, Last received: 0.0, Next index: 3, Last known committed idx: 2, Time since last communication: 0.000s
I20260709 14:46:52.684270  1080 raft_consensus.cc:1275] T d167adb501384bdf98bc2861d95af49a P 78417878c564477f9beb01f339613da3 [term 3 FOLLOWER]: Refusing update from remote peer e566faa245fc4e198238b3cec7d6c869: Log matching property violated. Preceding OpId in replica: term: 2 index: 2. Preceding OpId from leader: term: 3 index: 3. (index mismatch)
I20260709 14:46:52.685647  1437 consensus_queue.cc:1048] T d167adb501384bdf98bc2861d95af49a P e566faa245fc4e198238b3cec7d6c869 [LEADER]: Connected to new peer: Peer: permanent_uuid: "78417878c564477f9beb01f339613da3" member_type: VOTER last_known_addr { host: "127.0.107.193" port: 36655 }, Status: LMP_MISMATCH, Last received: 0.0, Next index: 3, Last known committed idx: 2, Time since last communication: 0.000s
I20260709 14:46:52.686515  1231 raft_consensus.cc:2468] T 0638fc5d51804bd0aeb2510dc3fc6f23 P fc835a03fad942b894dde5bad1a4230e [term 4 FOLLOWER]: Leader election vote request: Granting yes vote for candidate e566faa245fc4e198238b3cec7d6c869 in term 4.
I20260709 14:46:52.687970  1156 raft_consensus.cc:2468] T f5d9f21586424c16a4c91709015aaecd P e566faa245fc4e198238b3cec7d6c869 [term 5 FOLLOWER]: Leader election vote request: Granting yes vote for candidate fc835a03fad942b894dde5bad1a4230e in term 5.
I20260709 14:46:52.689491  1081 raft_consensus.cc:2468] T 0638fc5d51804bd0aeb2510dc3fc6f23 P 78417878c564477f9beb01f339613da3 [term 4 FOLLOWER]: Leader election vote request: Granting yes vote for candidate e566faa245fc4e198238b3cec7d6c869 in term 4.
I20260709 14:46:52.690548  1082 raft_consensus.cc:2468] T f5d9f21586424c16a4c91709015aaecd P 78417878c564477f9beb01f339613da3 [term 5 FOLLOWER]: Leader election vote request: Granting yes vote for candidate fc835a03fad942b894dde5bad1a4230e in term 5.
I20260709 14:46:52.691002  1194 leader_election.cc:304] T f5d9f21586424c16a4c91709015aaecd P fc835a03fad942b894dde5bad1a4230e [CANDIDATE]: Term 5 election: Election decided. Result: candidate won. Election summary: received 2 responses out of 3 voters: 2 yes votes; 0 no votes. yes voters: e566faa245fc4e198238b3cec7d6c869, fc835a03fad942b894dde5bad1a4230e; no voters: 
I20260709 14:46:52.691978  1397 raft_consensus.cc:2804] T f5d9f21586424c16a4c91709015aaecd P fc835a03fad942b894dde5bad1a4230e [term 5 FOLLOWER]: Leader election won for term 5
I20260709 14:46:52.692431  1122 leader_election.cc:304] T 0638fc5d51804bd0aeb2510dc3fc6f23 P e566faa245fc4e198238b3cec7d6c869 [CANDIDATE]: Term 4 election: Election decided. Result: candidate won. Election summary: received 2 responses out of 3 voters: 2 yes votes; 0 no votes. yes voters: 78417878c564477f9beb01f339613da3, e566faa245fc4e198238b3cec7d6c869; no voters: 
I20260709 14:46:52.692561  1397 raft_consensus.cc:697] T f5d9f21586424c16a4c91709015aaecd P fc835a03fad942b894dde5bad1a4230e [term 5 LEADER]: Becoming Leader. State: Replica: fc835a03fad942b894dde5bad1a4230e, State: Running, Role: LEADER
I20260709 14:46:52.693259  1394 raft_consensus.cc:2804] T 0638fc5d51804bd0aeb2510dc3fc6f23 P e566faa245fc4e198238b3cec7d6c869 [term 4 FOLLOWER]: Leader election won for term 4
I20260709 14:46:52.693778  1394 raft_consensus.cc:697] T 0638fc5d51804bd0aeb2510dc3fc6f23 P e566faa245fc4e198238b3cec7d6c869 [term 4 LEADER]: Becoming Leader. State: Replica: e566faa245fc4e198238b3cec7d6c869, State: Running, Role: LEADER
I20260709 14:46:52.693668  1397 consensus_queue.cc:237] T f5d9f21586424c16a4c91709015aaecd P fc835a03fad942b894dde5bad1a4230e [LEADER]: Queue going to LEADER mode. State: All replicated index: 0, Majority replicated index: 4, Committed index: 4, Last appended: 4.4, Last appended by leader: 4, Current term: 5, Majority size: 2, State: 0, Mode: LEADER, active raft config: opid_index: -1 OBSOLETE_local: false peers { permanent_uuid: "e566faa245fc4e198238b3cec7d6c869" member_type: VOTER last_known_addr { host: "127.0.107.194" port: 41293 } } peers { permanent_uuid: "78417878c564477f9beb01f339613da3" member_type: VOTER last_known_addr { host: "127.0.107.193" port: 36655 } } peers { permanent_uuid: "fc835a03fad942b894dde5bad1a4230e" member_type: VOTER last_known_addr { host: "127.0.107.195" port: 41111 } }
I20260709 14:46:52.694634  1394 consensus_queue.cc:237] T 0638fc5d51804bd0aeb2510dc3fc6f23 P e566faa245fc4e198238b3cec7d6c869 [LEADER]: Queue going to LEADER mode. State: All replicated index: 0, Majority replicated index: 3, Committed index: 3, Last appended: 3.3, Last appended by leader: 3, Current term: 4, Majority size: 2, State: 0, Mode: LEADER, active raft config: opid_index: -1 OBSOLETE_local: false peers { permanent_uuid: "78417878c564477f9beb01f339613da3" member_type: VOTER last_known_addr { host: "127.0.107.193" port: 36655 } } peers { permanent_uuid: "e566faa245fc4e198238b3cec7d6c869" member_type: VOTER last_known_addr { host: "127.0.107.194" port: 41293 } } peers { permanent_uuid: "fc835a03fad942b894dde5bad1a4230e" member_type: VOTER last_known_addr { host: "127.0.107.195" port: 41111 } }
I20260709 14:46:52.704216   980 catalog_manager.cc:5697] T f5d9f21586424c16a4c91709015aaecd P fc835a03fad942b894dde5bad1a4230e reported cstate change: term changed from 4 to 5, leader changed from 78417878c564477f9beb01f339613da3 (127.0.107.193) to fc835a03fad942b894dde5bad1a4230e (127.0.107.195). New cstate: current_term: 5 leader_uuid: "fc835a03fad942b894dde5bad1a4230e" committed_config { opid_index: -1 OBSOLETE_local: false peers { permanent_uuid: "e566faa245fc4e198238b3cec7d6c869" member_type: VOTER last_known_addr { host: "127.0.107.194" port: 41293 } health_report { overall_health: UNKNOWN } } peers { permanent_uuid: "78417878c564477f9beb01f339613da3" member_type: VOTER last_known_addr { host: "127.0.107.193" port: 36655 } health_report { overall_health: UNKNOWN } } peers { permanent_uuid: "fc835a03fad942b894dde5bad1a4230e" member_type: VOTER last_known_addr { host: "127.0.107.195" port: 41111 } health_report { overall_health: HEALTHY } } }
I20260709 14:46:52.707237   978 catalog_manager.cc:5697] T 0638fc5d51804bd0aeb2510dc3fc6f23 P e566faa245fc4e198238b3cec7d6c869 reported cstate change: term changed from 3 to 4, leader changed from 78417878c564477f9beb01f339613da3 (127.0.107.193) to e566faa245fc4e198238b3cec7d6c869 (127.0.107.194). New cstate: current_term: 4 leader_uuid: "e566faa245fc4e198238b3cec7d6c869" committed_config { opid_index: -1 OBSOLETE_local: false peers { permanent_uuid: "78417878c564477f9beb01f339613da3" member_type: VOTER last_known_addr { host: "127.0.107.193" port: 36655 } health_report { overall_health: UNKNOWN } } peers { permanent_uuid: "e566faa245fc4e198238b3cec7d6c869" member_type: VOTER last_known_addr { host: "127.0.107.194" port: 41293 } health_report { overall_health: HEALTHY } } peers { permanent_uuid: "fc835a03fad942b894dde5bad1a4230e" member_type: VOTER last_known_addr { host: "127.0.107.195" port: 41111 } health_report { overall_health: UNKNOWN } } }
I20260709 14:46:52.727345  1080 raft_consensus.cc:1275] T 66550483797b4b87813096466815a016 P 78417878c564477f9beb01f339613da3 [term 3 FOLLOWER]: Refusing update from remote peer fc835a03fad942b894dde5bad1a4230e: Log matching property violated. Preceding OpId in replica: term: 2 index: 2. Preceding OpId from leader: term: 3 index: 3. (index mismatch)
I20260709 14:46:52.728682  1397 consensus_queue.cc:1048] T 66550483797b4b87813096466815a016 P fc835a03fad942b894dde5bad1a4230e [LEADER]: Connected to new peer: Peer: permanent_uuid: "78417878c564477f9beb01f339613da3" member_type: VOTER last_known_addr { host: "127.0.107.193" port: 36655 }, Status: LMP_MISMATCH, Last received: 0.0, Next index: 3, Last known committed idx: 2, Time since last communication: 0.000s
I20260709 14:46:52.737735  1156 raft_consensus.cc:1275] T 66550483797b4b87813096466815a016 P e566faa245fc4e198238b3cec7d6c869 [term 3 FOLLOWER]: Refusing update from remote peer fc835a03fad942b894dde5bad1a4230e: Log matching property violated. Preceding OpId in replica: term: 2 index: 2. Preceding OpId from leader: term: 3 index: 3. (index mismatch)
I20260709 14:46:52.739461  1397 consensus_queue.cc:1048] T 66550483797b4b87813096466815a016 P fc835a03fad942b894dde5bad1a4230e [LEADER]: Connected to new peer: Peer: permanent_uuid: "e566faa245fc4e198238b3cec7d6c869" member_type: VOTER last_known_addr { host: "127.0.107.194" port: 41293 }, Status: LMP_MISMATCH, Last received: 0.0, Next index: 3, Last known committed idx: 2, Time since last communication: 0.000s
I20260709 14:46:53.110730   431 auto_leader_rebalancer.cc:141] leader rebalance for table test-workload
I20260709 14:46:53.118337   431 tablet_server.cc:179] TabletServer@127.0.107.193:0 shutting down...
I20260709 14:46:53.142988   431 ts_tablet_manager.cc:1507] Shutting down tablet manager...
I20260709 14:46:53.143687   431 tablet_replica.cc:333] T 48c5f6218ec74359aec5a6ff9a3734af P 78417878c564477f9beb01f339613da3: stopping tablet replica
I20260709 14:46:53.144317   431 raft_consensus.cc:2243] T 48c5f6218ec74359aec5a6ff9a3734af P 78417878c564477f9beb01f339613da3 [term 2 FOLLOWER]: Raft consensus shutting down.
I20260709 14:46:53.144783   431 raft_consensus.cc:2272] T 48c5f6218ec74359aec5a6ff9a3734af P 78417878c564477f9beb01f339613da3 [term 2 FOLLOWER]: Raft consensus is shut down!
I20260709 14:46:53.146767   431 tablet_replica.cc:333] T 294682c95ba143a58aa9935aa1ef037e P 78417878c564477f9beb01f339613da3: stopping tablet replica
I20260709 14:46:53.147311   431 raft_consensus.cc:2243] T 294682c95ba143a58aa9935aa1ef037e P 78417878c564477f9beb01f339613da3 [term 1 FOLLOWER]: Raft consensus shutting down.
I20260709 14:46:53.147724   431 raft_consensus.cc:2272] T 294682c95ba143a58aa9935aa1ef037e P 78417878c564477f9beb01f339613da3 [term 1 FOLLOWER]: Raft consensus is shut down!
I20260709 14:46:53.149371   431 tablet_replica.cc:333] T 69d4c4814b3e469caeaf0c910865b0b1 P 78417878c564477f9beb01f339613da3: stopping tablet replica
I20260709 14:46:53.149873   431 raft_consensus.cc:2243] T 69d4c4814b3e469caeaf0c910865b0b1 P 78417878c564477f9beb01f339613da3 [term 2 LEADER]: Raft consensus shutting down.
I20260709 14:46:53.150550   431 raft_consensus.cc:2272] T 69d4c4814b3e469caeaf0c910865b0b1 P 78417878c564477f9beb01f339613da3 [term 2 FOLLOWER]: Raft consensus is shut down!
I20260709 14:46:53.152158   431 tablet_replica.cc:333] T c188b944d82241cfb452ef08c5e517ba P 78417878c564477f9beb01f339613da3: stopping tablet replica
I20260709 14:46:53.152644   431 raft_consensus.cc:2243] T c188b944d82241cfb452ef08c5e517ba P 78417878c564477f9beb01f339613da3 [term 2 LEADER]: Raft consensus shutting down.
I20260709 14:46:53.153379   431 raft_consensus.cc:2272] T c188b944d82241cfb452ef08c5e517ba P 78417878c564477f9beb01f339613da3 [term 2 FOLLOWER]: Raft consensus is shut down!
I20260709 14:46:53.155414   431 tablet_replica.cc:333] T 0638fc5d51804bd0aeb2510dc3fc6f23 P 78417878c564477f9beb01f339613da3: stopping tablet replica
I20260709 14:46:53.155897   431 raft_consensus.cc:2243] T 0638fc5d51804bd0aeb2510dc3fc6f23 P 78417878c564477f9beb01f339613da3 [term 4 FOLLOWER]: Raft consensus shutting down.
I20260709 14:46:53.156248   431 raft_consensus.cc:2272] T 0638fc5d51804bd0aeb2510dc3fc6f23 P 78417878c564477f9beb01f339613da3 [term 4 FOLLOWER]: Raft consensus is shut down!
I20260709 14:46:53.157966   431 tablet_replica.cc:333] T d167adb501384bdf98bc2861d95af49a P 78417878c564477f9beb01f339613da3: stopping tablet replica
I20260709 14:46:53.158442   431 raft_consensus.cc:2243] T d167adb501384bdf98bc2861d95af49a P 78417878c564477f9beb01f339613da3 [term 3 FOLLOWER]: Raft consensus shutting down.
I20260709 14:46:53.158819   431 raft_consensus.cc:2272] T d167adb501384bdf98bc2861d95af49a P 78417878c564477f9beb01f339613da3 [term 3 FOLLOWER]: Raft consensus is shut down!
I20260709 14:46:53.160797   431 tablet_replica.cc:333] T 66550483797b4b87813096466815a016 P 78417878c564477f9beb01f339613da3: stopping tablet replica
I20260709 14:46:53.161355   431 raft_consensus.cc:2243] T 66550483797b4b87813096466815a016 P 78417878c564477f9beb01f339613da3 [term 3 FOLLOWER]: Raft consensus shutting down.
I20260709 14:46:53.161752   431 raft_consensus.cc:2272] T 66550483797b4b87813096466815a016 P 78417878c564477f9beb01f339613da3 [term 3 FOLLOWER]: Raft consensus is shut down!
I20260709 14:46:53.163621   431 tablet_replica.cc:333] T f5d9f21586424c16a4c91709015aaecd P 78417878c564477f9beb01f339613da3: stopping tablet replica
I20260709 14:46:53.164155   431 raft_consensus.cc:2243] T f5d9f21586424c16a4c91709015aaecd P 78417878c564477f9beb01f339613da3 [term 5 FOLLOWER]: Raft consensus shutting down.
I20260709 14:46:53.164526   431 raft_consensus.cc:2272] T f5d9f21586424c16a4c91709015aaecd P 78417878c564477f9beb01f339613da3 [term 5 FOLLOWER]: Raft consensus is shut down!
I20260709 14:46:53.166199   431 tablet_replica.cc:333] T d971ec70b7e8439eb9e661340bc61c28 P 78417878c564477f9beb01f339613da3: stopping tablet replica
I20260709 14:46:53.166658   431 raft_consensus.cc:2243] T d971ec70b7e8439eb9e661340bc61c28 P 78417878c564477f9beb01f339613da3 [term 1 LEADER]: Raft consensus shutting down.
I20260709 14:46:53.167337   431 raft_consensus.cc:2272] T d971ec70b7e8439eb9e661340bc61c28 P 78417878c564477f9beb01f339613da3 [term 1 FOLLOWER]: Raft consensus is shut down!
I20260709 14:46:53.169028   431 tablet_replica.cc:333] T d7b34696362a4778af11ccfbbf46a52e P 78417878c564477f9beb01f339613da3: stopping tablet replica
I20260709 14:46:53.169462   431 raft_consensus.cc:2243] T d7b34696362a4778af11ccfbbf46a52e P 78417878c564477f9beb01f339613da3 [term 4 LEADER]: Raft consensus shutting down.
I20260709 14:46:53.170186   431 raft_consensus.cc:2272] T d7b34696362a4778af11ccfbbf46a52e P 78417878c564477f9beb01f339613da3 [term 4 FOLLOWER]: Raft consensus is shut down!
W20260709 14:46:53.175554  1122 proxy.cc:239] Call had error, refreshing address and retrying: Remote error: Service unavailable: service kudu.consensus.ConsensusService not registered on TabletServer [suppressed 60 similar messages]
W20260709 14:46:53.178544  1122 consensus_peers.cc:597] T 294682c95ba143a58aa9935aa1ef037e P e566faa245fc4e198238b3cec7d6c869 -> Peer 78417878c564477f9beb01f339613da3 (127.0.107.193:36655): Couldn't send request to peer 78417878c564477f9beb01f339613da3. Status: Remote error: Service unavailable: service kudu.consensus.ConsensusService not registered on TabletServer. This is attempt 1: this message will repeat every 5th retry.
I20260709 14:46:53.189649   431 tablet_server.cc:196] TabletServer@127.0.107.193:0 shutdown complete.
I20260709 14:46:53.211683   431 tablet_server.cc:179] TabletServer@127.0.107.194:0 shutting down...
W20260709 14:46:53.231913  1196 consensus_peers.cc:597] T f5d9f21586424c16a4c91709015aaecd P fc835a03fad942b894dde5bad1a4230e -> Peer 78417878c564477f9beb01f339613da3 (127.0.107.193:36655): Couldn't send request to peer 78417878c564477f9beb01f339613da3. Status: Network error: Client connection negotiation failed: client connection to 127.0.107.193:36655: connect: Connection refused (error 111). This is attempt 1: this message will repeat every 5th retry.
W20260709 14:46:53.247365  1196 consensus_peers.cc:597] T 66550483797b4b87813096466815a016 P fc835a03fad942b894dde5bad1a4230e -> Peer 78417878c564477f9beb01f339613da3 (127.0.107.193:36655): Couldn't send request to peer 78417878c564477f9beb01f339613da3. Status: Network error: Client connection negotiation failed: client connection to 127.0.107.193:36655: connect: Connection refused (error 111). This is attempt 1: this message will repeat every 5th retry.
I20260709 14:46:53.249624   431 ts_tablet_manager.cc:1507] Shutting down tablet manager...
I20260709 14:46:53.250314   431 tablet_replica.cc:333] T 48c5f6218ec74359aec5a6ff9a3734af P e566faa245fc4e198238b3cec7d6c869: stopping tablet replica
I20260709 14:46:53.250926   431 raft_consensus.cc:2243] T 48c5f6218ec74359aec5a6ff9a3734af P e566faa245fc4e198238b3cec7d6c869 [term 2 FOLLOWER]: Raft consensus shutting down.
I20260709 14:46:53.251421   431 raft_consensus.cc:2272] T 48c5f6218ec74359aec5a6ff9a3734af P e566faa245fc4e198238b3cec7d6c869 [term 2 FOLLOWER]: Raft consensus is shut down!
I20260709 14:46:53.253355   431 tablet_replica.cc:333] T d7b34696362a4778af11ccfbbf46a52e P e566faa245fc4e198238b3cec7d6c869: stopping tablet replica
I20260709 14:46:53.253888   431 raft_consensus.cc:2243] T d7b34696362a4778af11ccfbbf46a52e P e566faa245fc4e198238b3cec7d6c869 [term 4 FOLLOWER]: Raft consensus shutting down.
I20260709 14:46:53.254367   431 raft_consensus.cc:2272] T d7b34696362a4778af11ccfbbf46a52e P e566faa245fc4e198238b3cec7d6c869 [term 4 FOLLOWER]: Raft consensus is shut down!
I20260709 14:46:53.256156   431 tablet_replica.cc:333] T d167adb501384bdf98bc2861d95af49a P e566faa245fc4e198238b3cec7d6c869: stopping tablet replica
I20260709 14:46:53.256652   431 raft_consensus.cc:2243] T d167adb501384bdf98bc2861d95af49a P e566faa245fc4e198238b3cec7d6c869 [term 3 LEADER]: Raft consensus shutting down.
I20260709 14:46:53.257478   431 raft_consensus.cc:2272] T d167adb501384bdf98bc2861d95af49a P e566faa245fc4e198238b3cec7d6c869 [term 3 FOLLOWER]: Raft consensus is shut down!
I20260709 14:46:53.259955   431 tablet_replica.cc:333] T 0638fc5d51804bd0aeb2510dc3fc6f23 P e566faa245fc4e198238b3cec7d6c869: stopping tablet replica
I20260709 14:46:53.260565   431 raft_consensus.cc:2243] T 0638fc5d51804bd0aeb2510dc3fc6f23 P e566faa245fc4e198238b3cec7d6c869 [term 4 LEADER]: Raft consensus shutting down.
I20260709 14:46:53.261301   431 pending_rounds.cc:70] T 0638fc5d51804bd0aeb2510dc3fc6f23 P e566faa245fc4e198238b3cec7d6c869: Trying to abort 1 pending ops.
I20260709 14:46:53.261528   431 pending_rounds.cc:77] T 0638fc5d51804bd0aeb2510dc3fc6f23 P e566faa245fc4e198238b3cec7d6c869: Aborting op as it isn't in flight: id { term: 4 index: 4 } timestamp: 7305660058409406464 op_type: NO_OP noop_request { }
I20260709 14:46:53.261935   431 raft_consensus.cc:2889] T 0638fc5d51804bd0aeb2510dc3fc6f23 P e566faa245fc4e198238b3cec7d6c869 [term 4 LEADER]: NO_OP replication failed: Aborted: Op aborted
I20260709 14:46:53.262244   431 raft_consensus.cc:2272] T 0638fc5d51804bd0aeb2510dc3fc6f23 P e566faa245fc4e198238b3cec7d6c869 [term 4 FOLLOWER]: Raft consensus is shut down!
I20260709 14:46:53.264691   431 tablet_replica.cc:333] T c188b944d82241cfb452ef08c5e517ba P e566faa245fc4e198238b3cec7d6c869: stopping tablet replica
I20260709 14:46:53.265384   431 raft_consensus.cc:2243] T c188b944d82241cfb452ef08c5e517ba P e566faa245fc4e198238b3cec7d6c869 [term 2 FOLLOWER]: Raft consensus shutting down.
I20260709 14:46:53.265831   431 raft_consensus.cc:2272] T c188b944d82241cfb452ef08c5e517ba P e566faa245fc4e198238b3cec7d6c869 [term 2 FOLLOWER]: Raft consensus is shut down!
I20260709 14:46:53.267560   431 tablet_replica.cc:333] T 69d4c4814b3e469caeaf0c910865b0b1 P e566faa245fc4e198238b3cec7d6c869: stopping tablet replica
I20260709 14:46:53.268065   431 raft_consensus.cc:2243] T 69d4c4814b3e469caeaf0c910865b0b1 P e566faa245fc4e198238b3cec7d6c869 [term 2 FOLLOWER]: Raft consensus shutting down.
I20260709 14:46:53.268498   431 raft_consensus.cc:2272] T 69d4c4814b3e469caeaf0c910865b0b1 P e566faa245fc4e198238b3cec7d6c869 [term 2 FOLLOWER]: Raft consensus is shut down!
I20260709 14:46:53.270243   431 tablet_replica.cc:333] T d971ec70b7e8439eb9e661340bc61c28 P e566faa245fc4e198238b3cec7d6c869: stopping tablet replica
I20260709 14:46:53.270771   431 raft_consensus.cc:2243] T d971ec70b7e8439eb9e661340bc61c28 P e566faa245fc4e198238b3cec7d6c869 [term 1 FOLLOWER]: Raft consensus shutting down.
I20260709 14:46:53.271170   431 raft_consensus.cc:2272] T d971ec70b7e8439eb9e661340bc61c28 P e566faa245fc4e198238b3cec7d6c869 [term 1 FOLLOWER]: Raft consensus is shut down!
I20260709 14:46:53.272871   431 tablet_replica.cc:333] T 294682c95ba143a58aa9935aa1ef037e P e566faa245fc4e198238b3cec7d6c869: stopping tablet replica
I20260709 14:46:53.273398   431 raft_consensus.cc:2243] T 294682c95ba143a58aa9935aa1ef037e P e566faa245fc4e198238b3cec7d6c869 [term 1 LEADER]: Raft consensus shutting down.
I20260709 14:46:53.274107   431 raft_consensus.cc:2272] T 294682c95ba143a58aa9935aa1ef037e P e566faa245fc4e198238b3cec7d6c869 [term 1 FOLLOWER]: Raft consensus is shut down!
I20260709 14:46:53.276041   431 tablet_replica.cc:333] T f5d9f21586424c16a4c91709015aaecd P e566faa245fc4e198238b3cec7d6c869: stopping tablet replica
I20260709 14:46:53.276594   431 raft_consensus.cc:2243] T f5d9f21586424c16a4c91709015aaecd P e566faa245fc4e198238b3cec7d6c869 [term 5 FOLLOWER]: Raft consensus shutting down.
I20260709 14:46:53.277074   431 raft_consensus.cc:2272] T f5d9f21586424c16a4c91709015aaecd P e566faa245fc4e198238b3cec7d6c869 [term 5 FOLLOWER]: Raft consensus is shut down!
I20260709 14:46:53.278712   431 tablet_replica.cc:333] T 66550483797b4b87813096466815a016 P e566faa245fc4e198238b3cec7d6c869: stopping tablet replica
I20260709 14:46:53.279157   431 raft_consensus.cc:2243] T 66550483797b4b87813096466815a016 P e566faa245fc4e198238b3cec7d6c869 [term 3 FOLLOWER]: Raft consensus shutting down.
I20260709 14:46:53.279598   431 raft_consensus.cc:2272] T 66550483797b4b87813096466815a016 P e566faa245fc4e198238b3cec7d6c869 [term 3 FOLLOWER]: Raft consensus is shut down!
W20260709 14:46:53.291049  1194 consensus_peers.cc:597] T 66550483797b4b87813096466815a016 P fc835a03fad942b894dde5bad1a4230e -> Peer e566faa245fc4e198238b3cec7d6c869 (127.0.107.194:41293): Couldn't send request to peer e566faa245fc4e198238b3cec7d6c869. Status: Remote error: Service unavailable: service kudu.consensus.ConsensusService not registered on TabletServer. This is attempt 1: this message will repeat every 5th retry.
W20260709 14:46:53.300951  1196 consensus_peers.cc:597] T 48c5f6218ec74359aec5a6ff9a3734af P fc835a03fad942b894dde5bad1a4230e -> Peer 78417878c564477f9beb01f339613da3 (127.0.107.193:36655): Couldn't send request to peer 78417878c564477f9beb01f339613da3. Status: Network error: Client connection negotiation failed: client connection to 127.0.107.193:36655: connect: Connection refused (error 111). This is attempt 1: this message will repeat every 5th retry.
I20260709 14:46:53.303141   431 tablet_server.cc:196] TabletServer@127.0.107.194:0 shutdown complete.
W20260709 14:46:53.321478  1194 consensus_peers.cc:597] T f5d9f21586424c16a4c91709015aaecd P fc835a03fad942b894dde5bad1a4230e -> Peer e566faa245fc4e198238b3cec7d6c869 (127.0.107.194:41293): Couldn't send request to peer e566faa245fc4e198238b3cec7d6c869. Status: Network error: Client connection negotiation failed: client connection to 127.0.107.194:41293: connect: Connection refused (error 111). This is attempt 1: this message will repeat every 5th retry.
I20260709 14:46:53.324569   431 tablet_server.cc:179] TabletServer@127.0.107.195:0 shutting down...
I20260709 14:46:53.346101   431 ts_tablet_manager.cc:1507] Shutting down tablet manager...
I20260709 14:46:53.346776   431 tablet_replica.cc:333] T d971ec70b7e8439eb9e661340bc61c28 P fc835a03fad942b894dde5bad1a4230e: stopping tablet replica
I20260709 14:46:53.347400   431 raft_consensus.cc:2243] T d971ec70b7e8439eb9e661340bc61c28 P fc835a03fad942b894dde5bad1a4230e [term 1 FOLLOWER]: Raft consensus shutting down.
I20260709 14:46:53.347868   431 raft_consensus.cc:2272] T d971ec70b7e8439eb9e661340bc61c28 P fc835a03fad942b894dde5bad1a4230e [term 1 FOLLOWER]: Raft consensus is shut down!
I20260709 14:46:53.349787   431 tablet_replica.cc:333] T c188b944d82241cfb452ef08c5e517ba P fc835a03fad942b894dde5bad1a4230e: stopping tablet replica
I20260709 14:46:53.350322   431 raft_consensus.cc:2243] T c188b944d82241cfb452ef08c5e517ba P fc835a03fad942b894dde5bad1a4230e [term 2 FOLLOWER]: Raft consensus shutting down.
I20260709 14:46:53.350757   431 raft_consensus.cc:2272] T c188b944d82241cfb452ef08c5e517ba P fc835a03fad942b894dde5bad1a4230e [term 2 FOLLOWER]: Raft consensus is shut down!
I20260709 14:46:53.352463   431 tablet_replica.cc:333] T d167adb501384bdf98bc2861d95af49a P fc835a03fad942b894dde5bad1a4230e: stopping tablet replica
I20260709 14:46:53.353078   431 raft_consensus.cc:2243] T d167adb501384bdf98bc2861d95af49a P fc835a03fad942b894dde5bad1a4230e [term 3 FOLLOWER]: Raft consensus shutting down.
I20260709 14:46:53.353509   431 raft_consensus.cc:2272] T d167adb501384bdf98bc2861d95af49a P fc835a03fad942b894dde5bad1a4230e [term 3 FOLLOWER]: Raft consensus is shut down!
I20260709 14:46:53.356040   431 tablet_replica.cc:333] T 0638fc5d51804bd0aeb2510dc3fc6f23 P fc835a03fad942b894dde5bad1a4230e: stopping tablet replica
I20260709 14:46:53.356735   431 raft_consensus.cc:2243] T 0638fc5d51804bd0aeb2510dc3fc6f23 P fc835a03fad942b894dde5bad1a4230e [term 4 FOLLOWER]: Raft consensus shutting down.
I20260709 14:46:53.357230   431 raft_consensus.cc:2272] T 0638fc5d51804bd0aeb2510dc3fc6f23 P fc835a03fad942b894dde5bad1a4230e [term 4 FOLLOWER]: Raft consensus is shut down!
I20260709 14:46:53.358906   431 tablet_replica.cc:333] T 48c5f6218ec74359aec5a6ff9a3734af P fc835a03fad942b894dde5bad1a4230e: stopping tablet replica
I20260709 14:46:53.359386   431 raft_consensus.cc:2243] T 48c5f6218ec74359aec5a6ff9a3734af P fc835a03fad942b894dde5bad1a4230e [term 2 LEADER]: Raft consensus shutting down.
I20260709 14:46:53.360110   431 raft_consensus.cc:2272] T 48c5f6218ec74359aec5a6ff9a3734af P fc835a03fad942b894dde5bad1a4230e [term 2 FOLLOWER]: Raft consensus is shut down!
I20260709 14:46:53.361945   431 tablet_replica.cc:333] T d7b34696362a4778af11ccfbbf46a52e P fc835a03fad942b894dde5bad1a4230e: stopping tablet replica
I20260709 14:46:53.362480   431 raft_consensus.cc:2243] T d7b34696362a4778af11ccfbbf46a52e P fc835a03fad942b894dde5bad1a4230e [term 4 FOLLOWER]: Raft consensus shutting down.
I20260709 14:46:53.362886   431 raft_consensus.cc:2272] T d7b34696362a4778af11ccfbbf46a52e P fc835a03fad942b894dde5bad1a4230e [term 4 FOLLOWER]: Raft consensus is shut down!
I20260709 14:46:53.364589   431 tablet_replica.cc:333] T 294682c95ba143a58aa9935aa1ef037e P fc835a03fad942b894dde5bad1a4230e: stopping tablet replica
I20260709 14:46:53.365149   431 raft_consensus.cc:2243] T 294682c95ba143a58aa9935aa1ef037e P fc835a03fad942b894dde5bad1a4230e [term 1 FOLLOWER]: Raft consensus shutting down.
I20260709 14:46:53.365531   431 raft_consensus.cc:2272] T 294682c95ba143a58aa9935aa1ef037e P fc835a03fad942b894dde5bad1a4230e [term 1 FOLLOWER]: Raft consensus is shut down!
I20260709 14:46:53.367281   431 tablet_replica.cc:333] T 69d4c4814b3e469caeaf0c910865b0b1 P fc835a03fad942b894dde5bad1a4230e: stopping tablet replica
I20260709 14:46:53.367775   431 raft_consensus.cc:2243] T 69d4c4814b3e469caeaf0c910865b0b1 P fc835a03fad942b894dde5bad1a4230e [term 2 FOLLOWER]: Raft consensus shutting down.
I20260709 14:46:53.368180   431 raft_consensus.cc:2272] T 69d4c4814b3e469caeaf0c910865b0b1 P fc835a03fad942b894dde5bad1a4230e [term 2 FOLLOWER]: Raft consensus is shut down!
I20260709 14:46:53.370215   431 tablet_replica.cc:333] T f5d9f21586424c16a4c91709015aaecd P fc835a03fad942b894dde5bad1a4230e: stopping tablet replica
I20260709 14:46:53.370702   431 raft_consensus.cc:2243] T f5d9f21586424c16a4c91709015aaecd P fc835a03fad942b894dde5bad1a4230e [term 5 LEADER]: Raft consensus shutting down.
I20260709 14:46:53.371364   431 pending_rounds.cc:70] T f5d9f21586424c16a4c91709015aaecd P fc835a03fad942b894dde5bad1a4230e: Trying to abort 1 pending ops.
I20260709 14:46:53.371579   431 pending_rounds.cc:77] T f5d9f21586424c16a4c91709015aaecd P fc835a03fad942b894dde5bad1a4230e: Aborting op as it isn't in flight: id { term: 5 index: 5 } timestamp: 7305660058408955904 op_type: NO_OP noop_request { }
I20260709 14:46:53.371819   431 raft_consensus.cc:2889] T f5d9f21586424c16a4c91709015aaecd P fc835a03fad942b894dde5bad1a4230e [term 5 LEADER]: NO_OP replication failed: Aborted: Op aborted
I20260709 14:46:53.372123   431 raft_consensus.cc:2272] T f5d9f21586424c16a4c91709015aaecd P fc835a03fad942b894dde5bad1a4230e [term 5 FOLLOWER]: Raft consensus is shut down!
I20260709 14:46:53.374136   431 tablet_replica.cc:333] T 66550483797b4b87813096466815a016 P fc835a03fad942b894dde5bad1a4230e: stopping tablet replica
I20260709 14:46:53.374629   431 raft_consensus.cc:2243] T 66550483797b4b87813096466815a016 P fc835a03fad942b894dde5bad1a4230e [term 3 LEADER]: Raft consensus shutting down.
I20260709 14:46:53.375401   431 raft_consensus.cc:2272] T 66550483797b4b87813096466815a016 P fc835a03fad942b894dde5bad1a4230e [term 3 FOLLOWER]: Raft consensus is shut down!
I20260709 14:46:53.405210   431 tablet_server.cc:196] TabletServer@127.0.107.195:0 shutdown complete.
I20260709 14:46:53.423149   431 master.cc:562] Master@127.0.107.254:33371 shutting down...
I20260709 14:46:53.442299   431 raft_consensus.cc:2243] T 00000000000000000000000000000000 P 5814463b0c1a4fb49b3d8acf5e06045e [term 1 LEADER]: Raft consensus shutting down.
I20260709 14:46:53.442802   431 raft_consensus.cc:2272] T 00000000000000000000000000000000 P 5814463b0c1a4fb49b3d8acf5e06045e [term 1 FOLLOWER]: Raft consensus is shut down!
I20260709 14:46:53.443112   431 tablet_replica.cc:333] T 00000000000000000000000000000000 P 5814463b0c1a4fb49b3d8acf5e06045e: stopping tablet replica
I20260709 14:46:53.463425   431 master.cc:584] Master@127.0.107.254:33371 shutdown complete.
78417878c564477f9beb01f339613da3  5
e566faa245fc4e198238b3cec7d6c869  4
fc835a03fad942b894dde5bad1a4230e  1
[       OK ] LeaderRebalancerTest.FunctionalTestForNotDivided (10650 ms)
[ RUN      ] LeaderRebalancerTest.AddTserver
I20260709 14:46:53.506785   431 internal_mini_cluster.cc:156] Creating distributed mini masters. Addrs: 127.0.107.254:34935
I20260709 14:46:53.507920   431 file_cache.cc:504] Constructed file cache file cache with capacity 419430
W20260709 14:46:53.513862  1451 instance_detector.cc:116] could not retrieve Azure instance metadata: Network error: curl error: HTTP response code said error: The requested URL returned error: 404
W20260709 14:46:53.513933  1450 instance_detector.cc:116] could not retrieve AWS instance metadata: Network error: curl error: HTTP response code said error: The requested URL returned error: 404
W20260709 14:46:53.514725  1453 instance_detector.cc:116] could not retrieve OpenStack instance metadata: Network error: curl error: HTTP response code said error: The requested URL returned error: 404
I20260709 14:46:53.516083   431 server_base.cc:1061] running on GCE node
I20260709 14:46:53.517273   431 hybrid_clock.cc:584] initializing the hybrid clock with 'system_unsync' time source
W20260709 14:46:53.517493   431 system_unsync_time.cc:38] NTP support is disabled. Clock error bounds will not be accurate. This configuration is not suitable for distributed clusters.
I20260709 14:46:53.517657   431 hybrid_clock.cc:648] HybridClock initialized: now 1783608413517622 us; error 0 us; skew 500 ppm
I20260709 14:46:53.518229   431 server_base.cc:861] Flag tcmalloc_max_total_thread_cache_bytes is not working since tcmalloc is not enabled.
I20260709 14:46:53.536811   431 webserver.cc:533] Webserver started at http://127.0.107.254:41801/ using document root <none> and password file <none>
I20260709 14:46:53.537498   431 fs_manager.cc:362] Metadata directory not provided
I20260709 14:46:53.537698   431 fs_manager.cc:368] Using write-ahead log directory (fs_wal_dir) as metadata directory
I20260709 14:46:53.538009   431 server_base.cc:909] This appears to be a new deployment of Kudu; creating new FS layout
I20260709 14:46:53.539255   431 fs_manager.cc:1068] Generated new instance metadata in path /tmp/dist-test-task8x31j7/test-tmp/auto_leader_rebalancer-test.0.LeaderRebalancerTest.AddTserver.1783608386332764-431-0/minicluster-data/master-0-root/instance:
uuid: "571f55f4e2804369aaa12d5119b51a7b"
format_stamp: "Formatted at 2026-07-09 14:46:53 on dist-test-slave-bwcs"
I20260709 14:46:53.543902   431 fs_manager.cc:696] Time spent creating directory manager: real 0.004s	user 0.004s	sys 0.002s
I20260709 14:46:53.547395  1458 log_block_manager.cc:4127] Time spent loading block containers with low live blocks: real 0.000s	user 0.000s	sys 0.000s
I20260709 14:46:53.548250   431 fs_manager.cc:730] Time spent opening block manager: real 0.002s	user 0.002s	sys 0.000s
I20260709 14:46:53.548589   431 fs_manager.cc:647] Opened local filesystem: /tmp/dist-test-task8x31j7/test-tmp/auto_leader_rebalancer-test.0.LeaderRebalancerTest.AddTserver.1783608386332764-431-0/minicluster-data/master-0-root
uuid: "571f55f4e2804369aaa12d5119b51a7b"
format_stamp: "Formatted at 2026-07-09 14:46:53 on dist-test-slave-bwcs"
I20260709 14:46:53.548919   431 fs_report.cc:389] FS layout report
--------------------
wal directory: /tmp/dist-test-task8x31j7/test-tmp/auto_leader_rebalancer-test.0.LeaderRebalancerTest.AddTserver.1783608386332764-431-0/minicluster-data/master-0-root
metadata directory: /tmp/dist-test-task8x31j7/test-tmp/auto_leader_rebalancer-test.0.LeaderRebalancerTest.AddTserver.1783608386332764-431-0/minicluster-data/master-0-root
1 data directories: /tmp/dist-test-task8x31j7/test-tmp/auto_leader_rebalancer-test.0.LeaderRebalancerTest.AddTserver.1783608386332764-431-0/minicluster-data/master-0-root/data
Total live blocks: 0
Total live bytes: 0
Total live bytes (after alignment): 0
Total number of LBM containers: 0 (0 full)
Did not check for missing blocks
Did not check for orphaned blocks
Total full LBM containers with extra space: 0 (0 repaired)
Total full LBM container extra space in bytes: 0 (0 repaired)
Total incomplete LBM containers: 0 (0 repaired)
Total LBM partial records: 0 (0 repaired)
Total corrupted LBM metadata records in RocksDB: 0 (0 repaired)
I20260709 14:46:53.586014   431 rpc_server.cc:225] running with OpenSSL 1.1.1  11 Sep 2018
I20260709 14:46:53.588197   431 kserver.cc:163] Server-wide thread pool size limit: 3276
I20260709 14:46:53.644939   431 rpc_server.cc:307] RPC server started. Bound to: 127.0.107.254:34935
I20260709 14:46:53.645097  1509 acceptor_pool.cc:272] collecting diagnostics on the listening RPC socket 127.0.107.254:34935 every 8 connection(s)
I20260709 14:46:53.649333  1510 data_dirs.cc:400] Could only allocate 1 dirs of requested 3 for tablet 00000000000000000000000000000000. 1 dirs total, 0 dirs full, 0 dirs failed
I20260709 14:46:53.659797  1510 tablet_bootstrap.cc:492] T 00000000000000000000000000000000 P 571f55f4e2804369aaa12d5119b51a7b: Bootstrap starting.
I20260709 14:46:53.664541  1510 tablet_bootstrap.cc:654] T 00000000000000000000000000000000 P 571f55f4e2804369aaa12d5119b51a7b: Neither blocks nor log segments found. Creating new log.
I20260709 14:46:53.668816  1510 tablet_bootstrap.cc:492] T 00000000000000000000000000000000 P 571f55f4e2804369aaa12d5119b51a7b: No bootstrap required, opened a new log
I20260709 14:46:53.670992  1510 raft_consensus.cc:359] T 00000000000000000000000000000000 P 571f55f4e2804369aaa12d5119b51a7b [term 0 FOLLOWER]: Replica starting. Triggering 0 pending ops. Active config: opid_index: -1 OBSOLETE_local: true peers { permanent_uuid: "571f55f4e2804369aaa12d5119b51a7b" member_type: VOTER }
I20260709 14:46:53.671392  1510 raft_consensus.cc:385] T 00000000000000000000000000000000 P 571f55f4e2804369aaa12d5119b51a7b [term 0 FOLLOWER]: Consensus starting up: Expiring failure detector timer to make a prompt election more likely
I20260709 14:46:53.671571  1510 raft_consensus.cc:740] T 00000000000000000000000000000000 P 571f55f4e2804369aaa12d5119b51a7b [term 0 FOLLOWER]: Becoming Follower/Learner. State: Replica: 571f55f4e2804369aaa12d5119b51a7b, State: Initialized, Role: FOLLOWER
I20260709 14:46:53.672055  1510 consensus_queue.cc:260] T 00000000000000000000000000000000 P 571f55f4e2804369aaa12d5119b51a7b [NON_LEADER]: Queue going to NON_LEADER mode. State: All replicated index: 0, Majority replicated index: 0, Committed index: 0, Last appended: 0.0, Last appended by leader: 0, Current term: 0, Majority size: -1, State: 0, Mode: NON_LEADER, active raft config: opid_index: -1 OBSOLETE_local: true peers { permanent_uuid: "571f55f4e2804369aaa12d5119b51a7b" member_type: VOTER }
I20260709 14:46:53.672466  1510 raft_consensus.cc:399] T 00000000000000000000000000000000 P 571f55f4e2804369aaa12d5119b51a7b [term 0 FOLLOWER]: Only one voter in the Raft config. Triggering election immediately
I20260709 14:46:53.672650  1510 raft_consensus.cc:493] T 00000000000000000000000000000000 P 571f55f4e2804369aaa12d5119b51a7b [term 0 FOLLOWER]: Starting leader election (initial election of a single-replica configuration)
I20260709 14:46:53.672853  1510 raft_consensus.cc:3060] T 00000000000000000000000000000000 P 571f55f4e2804369aaa12d5119b51a7b [term 0 FOLLOWER]: Advancing to term 1
I20260709 14:46:53.710577  1510 raft_consensus.cc:515] T 00000000000000000000000000000000 P 571f55f4e2804369aaa12d5119b51a7b [term 1 FOLLOWER]: Starting leader election with config: opid_index: -1 OBSOLETE_local: true peers { permanent_uuid: "571f55f4e2804369aaa12d5119b51a7b" member_type: VOTER }
I20260709 14:46:53.711416  1510 leader_election.cc:304] T 00000000000000000000000000000000 P 571f55f4e2804369aaa12d5119b51a7b [CANDIDATE]: Term 1 election: Election decided. Result: candidate won. Election summary: received 1 responses out of 1 voters: 1 yes votes; 0 no votes. yes voters: 571f55f4e2804369aaa12d5119b51a7b; no voters: 
I20260709 14:46:53.712975  1510 leader_election.cc:290] T 00000000000000000000000000000000 P 571f55f4e2804369aaa12d5119b51a7b [CANDIDATE]: Term 1 election: Requested vote from peers 
I20260709 14:46:53.713400  1513 raft_consensus.cc:2804] T 00000000000000000000000000000000 P 571f55f4e2804369aaa12d5119b51a7b [term 1 FOLLOWER]: Leader election won for term 1
I20260709 14:46:53.715346  1513 raft_consensus.cc:697] T 00000000000000000000000000000000 P 571f55f4e2804369aaa12d5119b51a7b [term 1 LEADER]: Becoming Leader. State: Replica: 571f55f4e2804369aaa12d5119b51a7b, State: Running, Role: LEADER
I20260709 14:46:53.716140  1513 consensus_queue.cc:237] T 00000000000000000000000000000000 P 571f55f4e2804369aaa12d5119b51a7b [LEADER]: Queue going to LEADER mode. State: All replicated index: 0, Majority replicated index: 0, Committed index: 0, Last appended: 0.0, Last appended by leader: 0, Current term: 1, Majority size: 1, State: 0, Mode: LEADER, active raft config: opid_index: -1 OBSOLETE_local: true peers { permanent_uuid: "571f55f4e2804369aaa12d5119b51a7b" member_type: VOTER }
I20260709 14:46:53.717808  1510 sys_catalog.cc:565] T 00000000000000000000000000000000 P 571f55f4e2804369aaa12d5119b51a7b [sys.catalog]: configured and running, proceeding with master startup.
I20260709 14:46:53.720939  1515 sys_catalog.cc:455] T 00000000000000000000000000000000 P 571f55f4e2804369aaa12d5119b51a7b [sys.catalog]: SysCatalogTable state changed. Reason: RaftConsensus started. Latest consensus state: current_term: 1 leader_uuid: "571f55f4e2804369aaa12d5119b51a7b" committed_config { opid_index: -1 OBSOLETE_local: true peers { permanent_uuid: "571f55f4e2804369aaa12d5119b51a7b" member_type: VOTER } }
I20260709 14:46:53.721293  1514 sys_catalog.cc:455] T 00000000000000000000000000000000 P 571f55f4e2804369aaa12d5119b51a7b [sys.catalog]: SysCatalogTable state changed. Reason: New leader 571f55f4e2804369aaa12d5119b51a7b. Latest consensus state: current_term: 1 leader_uuid: "571f55f4e2804369aaa12d5119b51a7b" committed_config { opid_index: -1 OBSOLETE_local: true peers { permanent_uuid: "571f55f4e2804369aaa12d5119b51a7b" member_type: VOTER } }
I20260709 14:46:53.721670  1515 sys_catalog.cc:458] T 00000000000000000000000000000000 P 571f55f4e2804369aaa12d5119b51a7b [sys.catalog]: This master's current role is: LEADER
I20260709 14:46:53.722019  1514 sys_catalog.cc:458] T 00000000000000000000000000000000 P 571f55f4e2804369aaa12d5119b51a7b [sys.catalog]: This master's current role is: LEADER
I20260709 14:46:53.725786  1519 catalog_manager.cc:1511] Loading table and tablet metadata into memory...
I20260709 14:46:53.730736  1519 catalog_manager.cc:1520] Initializing Kudu cluster ID...
I20260709 14:46:53.735143   431 internal_mini_cluster.cc:184] Waiting to initialize catalog manager on master 0
I20260709 14:46:53.739676  1519 catalog_manager.cc:1383] Generated new cluster ID: 08b9c40caa44462c87368a6d5ad54a0e
I20260709 14:46:53.739960  1519 catalog_manager.cc:1531] Initializing Kudu internal certificate authority...
I20260709 14:46:53.753909  1519 catalog_manager.cc:1406] Generated new certificate authority record
I20260709 14:46:53.755208  1519 catalog_manager.cc:1540] Loading token signing keys...
I20260709 14:46:53.773878  1519 catalog_manager.cc:6070] T 00000000000000000000000000000000 P 571f55f4e2804369aaa12d5119b51a7b: Generated new TSK 0
I20260709 14:46:53.774499  1519 catalog_manager.cc:1550] Initializing in-progress tserver states...
I20260709 14:46:53.801642   431 file_cache.cc:504] Constructed file cache file cache with capacity 419430
W20260709 14:46:53.807744  1531 instance_detector.cc:116] could not retrieve AWS instance metadata: Network error: curl error: HTTP response code said error: The requested URL returned error: 404
W20260709 14:46:53.809085  1532 instance_detector.cc:116] could not retrieve Azure instance metadata: Network error: curl error: HTTP response code said error: The requested URL returned error: 404
W20260709 14:46:53.812096  1534 instance_detector.cc:116] could not retrieve OpenStack instance metadata: Network error: curl error: HTTP response code said error: The requested URL returned error: 404
I20260709 14:46:53.812623   431 server_base.cc:1061] running on GCE node
I20260709 14:46:53.813889   431 hybrid_clock.cc:584] initializing the hybrid clock with 'system_unsync' time source
W20260709 14:46:53.814075   431 system_unsync_time.cc:38] NTP support is disabled. Clock error bounds will not be accurate. This configuration is not suitable for distributed clusters.
I20260709 14:46:53.814203   431 hybrid_clock.cc:648] HybridClock initialized: now 1783608413814191 us; error 0 us; skew 500 ppm
I20260709 14:46:53.814774   431 server_base.cc:861] Flag tcmalloc_max_total_thread_cache_bytes is not working since tcmalloc is not enabled.
I20260709 14:46:53.817808   431 webserver.cc:533] Webserver started at http://127.0.107.193:33965/ using document root <none> and password file <none>
I20260709 14:46:53.818531   431 fs_manager.cc:362] Metadata directory not provided
I20260709 14:46:53.818792   431 fs_manager.cc:368] Using write-ahead log directory (fs_wal_dir) as metadata directory
I20260709 14:46:53.819125   431 server_base.cc:909] This appears to be a new deployment of Kudu; creating new FS layout
I20260709 14:46:53.820282   431 fs_manager.cc:1068] Generated new instance metadata in path /tmp/dist-test-task8x31j7/test-tmp/auto_leader_rebalancer-test.0.LeaderRebalancerTest.AddTserver.1783608386332764-431-0/minicluster-data/ts-0-root/instance:
uuid: "60ff88bc8bb242489debd2cdd5f01227"
format_stamp: "Formatted at 2026-07-09 14:46:53 on dist-test-slave-bwcs"
I20260709 14:46:53.824913   431 fs_manager.cc:696] Time spent creating directory manager: real 0.004s	user 0.007s	sys 0.000s
I20260709 14:46:53.828404  1539 log_block_manager.cc:4127] Time spent loading block containers with low live blocks: real 0.000s	user 0.000s	sys 0.000s
I20260709 14:46:53.829356   431 fs_manager.cc:730] Time spent opening block manager: real 0.002s	user 0.003s	sys 0.000s
I20260709 14:46:53.829666   431 fs_manager.cc:647] Opened local filesystem: /tmp/dist-test-task8x31j7/test-tmp/auto_leader_rebalancer-test.0.LeaderRebalancerTest.AddTserver.1783608386332764-431-0/minicluster-data/ts-0-root
uuid: "60ff88bc8bb242489debd2cdd5f01227"
format_stamp: "Formatted at 2026-07-09 14:46:53 on dist-test-slave-bwcs"
I20260709 14:46:53.829969   431 fs_report.cc:389] FS layout report
--------------------
wal directory: /tmp/dist-test-task8x31j7/test-tmp/auto_leader_rebalancer-test.0.LeaderRebalancerTest.AddTserver.1783608386332764-431-0/minicluster-data/ts-0-root
metadata directory: /tmp/dist-test-task8x31j7/test-tmp/auto_leader_rebalancer-test.0.LeaderRebalancerTest.AddTserver.1783608386332764-431-0/minicluster-data/ts-0-root
1 data directories: /tmp/dist-test-task8x31j7/test-tmp/auto_leader_rebalancer-test.0.LeaderRebalancerTest.AddTserver.1783608386332764-431-0/minicluster-data/ts-0-root/data
Total live blocks: 0
Total live bytes: 0
Total live bytes (after alignment): 0
Total number of LBM containers: 0 (0 full)
Did not check for missing blocks
Did not check for orphaned blocks
Total full LBM containers with extra space: 0 (0 repaired)
Total full LBM container extra space in bytes: 0 (0 repaired)
Total incomplete LBM containers: 0 (0 repaired)
Total LBM partial records: 0 (0 repaired)
Total corrupted LBM metadata records in RocksDB: 0 (0 repaired)
I20260709 14:46:53.850657   431 rpc_server.cc:225] running with OpenSSL 1.1.1  11 Sep 2018
I20260709 14:46:53.852000   431 kserver.cc:163] Server-wide thread pool size limit: 3276
I20260709 14:46:53.853735   431 txn_system_client.cc:432] TxnSystemClient initialization is disabled...
I20260709 14:46:53.856132   431 ts_tablet_manager.cc:585] Loaded tablet metadata (0 total tablets, 0 live tablets)
I20260709 14:46:53.856379   431 ts_tablet_manager.cc:531] Time spent load tablet metadata: real 0.000s	user 0.000s	sys 0.000s
I20260709 14:46:53.856634   431 ts_tablet_manager.cc:616] Registered 0 tablets
I20260709 14:46:53.856837   431 ts_tablet_manager.cc:595] Time spent register tablets: real 0.000s	user 0.000s	sys 0.000s
I20260709 14:46:53.898965   431 rpc_server.cc:307] RPC server started. Bound to: 127.0.107.193:38515
I20260709 14:46:53.899061  1601 acceptor_pool.cc:272] collecting diagnostics on the listening RPC socket 127.0.107.193:38515 every 8 connection(s)
I20260709 14:46:53.903970   431 file_cache.cc:504] Constructed file cache file cache with capacity 419430
W20260709 14:46:53.911197  1606 instance_detector.cc:116] could not retrieve AWS instance metadata: Network error: curl error: HTTP response code said error: The requested URL returned error: 404
W20260709 14:46:53.912130  1607 instance_detector.cc:116] could not retrieve Azure instance metadata: Network error: curl error: HTTP response code said error: The requested URL returned error: 404
W20260709 14:46:53.915344  1609 instance_detector.cc:116] could not retrieve OpenStack instance metadata: Network error: curl error: HTTP response code said error: The requested URL returned error: 404
I20260709 14:46:53.915591   431 server_base.cc:1061] running on GCE node
I20260709 14:46:53.917006  1602 heartbeater.cc:344] Connected to a master server at 127.0.107.254:34935
I20260709 14:46:53.917110   431 hybrid_clock.cc:584] initializing the hybrid clock with 'system_unsync' time source
W20260709 14:46:53.917400   431 system_unsync_time.cc:38] NTP support is disabled. Clock error bounds will not be accurate. This configuration is not suitable for distributed clusters.
I20260709 14:46:53.917413  1602 heartbeater.cc:461] Registering TS with master...
I20260709 14:46:53.917666   431 hybrid_clock.cc:648] HybridClock initialized: now 1783608413917641 us; error 0 us; skew 500 ppm
