I20260709 14:46:09.941294  7582 consensus_queue.cc:260] T dc1588c1b32341feaeebd79e5ff5c429 P eed5f8caf7024ac49a502966962b06f4 [NON_LEADER]: Queue going to NON_LEADER mode. State: All replicated index: 0, Majority replicated index: 0, Committed index: 0, Last appended: 0.0, Last appended by leader: 0, Current term: 0, Majority size: -1, State: 0, Mode: NON_LEADER, active raft config: opid_index: -1 OBSOLETE_local: false peers { permanent_uuid: "0edfb1e6680a4c9189c50540c5a25ca2" member_type: VOTER last_known_addr { host: "127.6.32.193" port: 38007 } } peers { permanent_uuid: "7f355f4b8aae4c8d85e2e072c10a7883" member_type: VOTER last_known_addr { host: "127.6.32.194" port: 37527 } } peers { permanent_uuid: "eed5f8caf7024ac49a502966962b06f4" member_type: VOTER last_known_addr { host: "127.6.32.195" port: 42503 } }
I20260709 14:46:09.942720  7721 leader_election.cc:290] T e3000ead78e74d0d8ba4b052b80fc596 P 0edfb1e6680a4c9189c50540c5a25ca2 [CANDIDATE]: Term 1 pre-election: Requested pre-vote from peers 7f355f4b8aae4c8d85e2e072c10a7883 (127.6.32.194:37527), eed5f8caf7024ac49a502966962b06f4 (127.6.32.195:42503)
I20260709 14:46:09.944489  7466 tablet_service.cc:1917] Received RequestConsensusVote() RPC: tablet_id: "e3000ead78e74d0d8ba4b052b80fc596" candidate_uuid: "0edfb1e6680a4c9189c50540c5a25ca2" candidate_term: 1 candidate_status { last_received { term: 0 index: 0 } } ignore_live_leader: false dest_uuid: "7f355f4b8aae4c8d85e2e072c10a7883" is_pre_election: true
I20260709 14:46:09.944730  7537 tablet_service.cc:1917] Received RequestConsensusVote() RPC: tablet_id: "e3000ead78e74d0d8ba4b052b80fc596" candidate_uuid: "0edfb1e6680a4c9189c50540c5a25ca2" candidate_term: 1 candidate_status { last_received { term: 0 index: 0 } } ignore_live_leader: false dest_uuid: "eed5f8caf7024ac49a502966962b06f4" is_pre_election: true
I20260709 14:46:09.945218  7466 raft_consensus.cc:2468] T e3000ead78e74d0d8ba4b052b80fc596 P 7f355f4b8aae4c8d85e2e072c10a7883 [term 0 FOLLOWER]: Leader pre-election vote request: Granting yes vote for candidate 0edfb1e6680a4c9189c50540c5a25ca2 in term 0.
I20260709 14:46:09.945334  7537 raft_consensus.cc:2468] T e3000ead78e74d0d8ba4b052b80fc596 P eed5f8caf7024ac49a502966962b06f4 [term 0 FOLLOWER]: Leader pre-election vote request: Granting yes vote for candidate 0edfb1e6680a4c9189c50540c5a25ca2 in term 0.
I20260709 14:46:09.946972  7582 ts_tablet_manager.cc:1434] T dc1588c1b32341feaeebd79e5ff5c429 P eed5f8caf7024ac49a502966962b06f4: Time spent starting tablet: real 0.016s	user 0.007s	sys 0.000s
I20260709 14:46:09.947685  7356 leader_election.cc:304] T e3000ead78e74d0d8ba4b052b80fc596 P 0edfb1e6680a4c9189c50540c5a25ca2 [CANDIDATE]: Term 1 pre-election: Election decided. Result: candidate won. Election summary: received 2 responses out of 3 voters: 2 yes votes; 0 no votes. yes voters: 0edfb1e6680a4c9189c50540c5a25ca2, eed5f8caf7024ac49a502966962b06f4; no voters: 
I20260709 14:46:09.948520  7721 raft_consensus.cc:2804] T e3000ead78e74d0d8ba4b052b80fc596 P 0edfb1e6680a4c9189c50540c5a25ca2 [term 0 FOLLOWER]: Leader pre-election won for term 1
I20260709 14:46:09.949055  7721 raft_consensus.cc:493] T e3000ead78e74d0d8ba4b052b80fc596 P 0edfb1e6680a4c9189c50540c5a25ca2 [term 0 FOLLOWER]: Starting leader election (no leader contacted us within the election timeout)
I20260709 14:46:09.949540  7721 raft_consensus.cc:3060] T e3000ead78e74d0d8ba4b052b80fc596 P 0edfb1e6680a4c9189c50540c5a25ca2 [term 0 FOLLOWER]: Advancing to term 1
I20260709 14:46:09.951946  7582 tablet_bootstrap.cc:492] T 62d003dffae24ee9b3db884571357ef5 P eed5f8caf7024ac49a502966962b06f4: Bootstrap starting.
I20260709 14:46:09.957882  7581 tablet_bootstrap.cc:492] T 1923f40fc06e4cfd8ea5a365760d43de P 0edfb1e6680a4c9189c50540c5a25ca2: No bootstrap required, opened a new log
I20260709 14:46:09.958365  7581 ts_tablet_manager.cc:1403] T 1923f40fc06e4cfd8ea5a365760d43de P 0edfb1e6680a4c9189c50540c5a25ca2: Time spent bootstrapping tablet: real 0.040s	user 0.009s	sys 0.017s
I20260709 14:46:09.958659  7583 tablet_bootstrap.cc:492] T b8fecabbd09140a89e8738b3a7b43a43 P 7f355f4b8aae4c8d85e2e072c10a7883: No bootstrap required, opened a new log
I20260709 14:46:09.959153  7583 ts_tablet_manager.cc:1403] T b8fecabbd09140a89e8738b3a7b43a43 P 7f355f4b8aae4c8d85e2e072c10a7883: Time spent bootstrapping tablet: real 0.055s	user 0.005s	sys 0.017s
I20260709 14:46:09.960888  7763 raft_consensus.cc:515] T bb94b9e817c948429a27b1e27361703d P eed5f8caf7024ac49a502966962b06f4 [term 1 FOLLOWER]: Starting leader election with config: opid_index: -1 OBSOLETE_local: false peers { permanent_uuid: "0edfb1e6680a4c9189c50540c5a25ca2" member_type: VOTER last_known_addr { host: "127.6.32.193" port: 38007 } } peers { permanent_uuid: "7f355f4b8aae4c8d85e2e072c10a7883" member_type: VOTER last_known_addr { host: "127.6.32.194" port: 37527 } } peers { permanent_uuid: "eed5f8caf7024ac49a502966962b06f4" member_type: VOTER last_known_addr { host: "127.6.32.195" port: 42503 } }
I20260709 14:46:09.965898  7392 tablet_service.cc:1917] Received RequestConsensusVote() RPC: tablet_id: "bb94b9e817c948429a27b1e27361703d" candidate_uuid: "eed5f8caf7024ac49a502966962b06f4" candidate_term: 1 candidate_status { last_received { term: 0 index: 0 } } ignore_live_leader: false dest_uuid: "0edfb1e6680a4c9189c50540c5a25ca2"
I20260709 14:46:09.966478  7392 raft_consensus.cc:3060] T bb94b9e817c948429a27b1e27361703d P 0edfb1e6680a4c9189c50540c5a25ca2 [term 0 FOLLOWER]: Advancing to term 1
I20260709 14:46:09.966893  7466 tablet_service.cc:1917] Received RequestConsensusVote() RPC: tablet_id: "bb94b9e817c948429a27b1e27361703d" candidate_uuid: "eed5f8caf7024ac49a502966962b06f4" candidate_term: 1 candidate_status { last_received { term: 0 index: 0 } } ignore_live_leader: false dest_uuid: "7f355f4b8aae4c8d85e2e072c10a7883"
I20260709 14:46:09.967586  7466 raft_consensus.cc:3060] T bb94b9e817c948429a27b1e27361703d P 7f355f4b8aae4c8d85e2e072c10a7883 [term 0 FOLLOWER]: Advancing to term 1
I20260709 14:46:09.973112  7392 raft_consensus.cc:2468] T bb94b9e817c948429a27b1e27361703d P 0edfb1e6680a4c9189c50540c5a25ca2 [term 1 FOLLOWER]: Leader election vote request: Granting yes vote for candidate eed5f8caf7024ac49a502966962b06f4 in term 1.
I20260709 14:46:09.974597  7721 raft_consensus.cc:515] T e3000ead78e74d0d8ba4b052b80fc596 P 0edfb1e6680a4c9189c50540c5a25ca2 [term 1 FOLLOWER]: Starting leader election with config: opid_index: -1 OBSOLETE_local: false peers { permanent_uuid: "0edfb1e6680a4c9189c50540c5a25ca2" member_type: VOTER last_known_addr { host: "127.6.32.193" port: 38007 } } peers { permanent_uuid: "7f355f4b8aae4c8d85e2e072c10a7883" member_type: VOTER last_known_addr { host: "127.6.32.194" port: 37527 } } peers { permanent_uuid: "eed5f8caf7024ac49a502966962b06f4" member_type: VOTER last_known_addr { host: "127.6.32.195" port: 42503 } }
I20260709 14:46:09.976122  7582 tablet_bootstrap.cc:654] T 62d003dffae24ee9b3db884571357ef5 P eed5f8caf7024ac49a502966962b06f4: Neither blocks nor log segments found. Creating new log.
I20260709 14:46:09.976974  7506 leader_election.cc:304] T bb94b9e817c948429a27b1e27361703d P eed5f8caf7024ac49a502966962b06f4 [CANDIDATE]: Term 1 election: Election decided. Result: candidate won. Election summary: received 2 responses out of 3 voters: 2 yes votes; 0 no votes. yes voters: 0edfb1e6680a4c9189c50540c5a25ca2, eed5f8caf7024ac49a502966962b06f4; no voters: 
I20260709 14:46:09.977556  7467 tablet_service.cc:1917] Received RequestConsensusVote() RPC: tablet_id: "e3000ead78e74d0d8ba4b052b80fc596" candidate_uuid: "0edfb1e6680a4c9189c50540c5a25ca2" candidate_term: 1 candidate_status { last_received { term: 0 index: 0 } } ignore_live_leader: false dest_uuid: "7f355f4b8aae4c8d85e2e072c10a7883"
I20260709 14:46:09.978217  7467 raft_consensus.cc:3060] T e3000ead78e74d0d8ba4b052b80fc596 P 7f355f4b8aae4c8d85e2e072c10a7883 [term 0 FOLLOWER]: Advancing to term 1
I20260709 14:46:09.975131  7581 raft_consensus.cc:359] T 1923f40fc06e4cfd8ea5a365760d43de P 0edfb1e6680a4c9189c50540c5a25ca2 [term 0 FOLLOWER]: Replica starting. Triggering 0 pending ops. Active config: opid_index: -1 OBSOLETE_local: false peers { permanent_uuid: "0edfb1e6680a4c9189c50540c5a25ca2" member_type: VOTER last_known_addr { host: "127.6.32.193" port: 38007 } } peers { permanent_uuid: "7f355f4b8aae4c8d85e2e072c10a7883" member_type: VOTER last_known_addr { host: "127.6.32.194" port: 37527 } } peers { permanent_uuid: "eed5f8caf7024ac49a502966962b06f4" member_type: VOTER last_known_addr { host: "127.6.32.195" port: 42503 } }
I20260709 14:46:09.982021  7581 raft_consensus.cc:385] T 1923f40fc06e4cfd8ea5a365760d43de P 0edfb1e6680a4c9189c50540c5a25ca2 [term 0 FOLLOWER]: Consensus starting up: Expiring failure detector timer to make a prompt election more likely
I20260709 14:46:09.982571  7581 raft_consensus.cc:740] T 1923f40fc06e4cfd8ea5a365760d43de P 0edfb1e6680a4c9189c50540c5a25ca2 [term 0 FOLLOWER]: Becoming Follower/Learner. State: Replica: 0edfb1e6680a4c9189c50540c5a25ca2, State: Initialized, Role: FOLLOWER
I20260709 14:46:09.984634  7758 raft_consensus.cc:2804] T bb94b9e817c948429a27b1e27361703d P eed5f8caf7024ac49a502966962b06f4 [term 1 FOLLOWER]: Leader election won for term 1
I20260709 14:46:09.978148  7583 raft_consensus.cc:359] T b8fecabbd09140a89e8738b3a7b43a43 P 7f355f4b8aae4c8d85e2e072c10a7883 [term 0 FOLLOWER]: Replica starting. Triggering 0 pending ops. Active config: opid_index: -1 OBSOLETE_local: false peers { permanent_uuid: "0edfb1e6680a4c9189c50540c5a25ca2" member_type: VOTER last_known_addr { host: "127.6.32.193" port: 38007 } } peers { permanent_uuid: "7f355f4b8aae4c8d85e2e072c10a7883" member_type: VOTER last_known_addr { host: "127.6.32.194" port: 37527 } } peers { permanent_uuid: "eed5f8caf7024ac49a502966962b06f4" member_type: VOTER last_known_addr { host: "127.6.32.195" port: 42503 } }
I20260709 14:46:09.985215  7758 raft_consensus.cc:697] T bb94b9e817c948429a27b1e27361703d P eed5f8caf7024ac49a502966962b06f4 [term 1 LEADER]: Becoming Leader. State: Replica: eed5f8caf7024ac49a502966962b06f4, State: Running, Role: LEADER
I20260709 14:46:09.984603  7581 consensus_queue.cc:260] T 1923f40fc06e4cfd8ea5a365760d43de P 0edfb1e6680a4c9189c50540c5a25ca2 [NON_LEADER]: Queue going to NON_LEADER mode. State: All replicated index: 0, Majority replicated index: 0, Committed index: 0, Last appended: 0.0, Last appended by leader: 0, Current term: 0, Majority size: -1, State: 0, Mode: NON_LEADER, active raft config: opid_index: -1 OBSOLETE_local: false peers { permanent_uuid: "0edfb1e6680a4c9189c50540c5a25ca2" member_type: VOTER last_known_addr { host: "127.6.32.193" port: 38007 } } peers { permanent_uuid: "7f355f4b8aae4c8d85e2e072c10a7883" member_type: VOTER last_known_addr { host: "127.6.32.194" port: 37527 } } peers { permanent_uuid: "eed5f8caf7024ac49a502966962b06f4" member_type: VOTER last_known_addr { host: "127.6.32.195" port: 42503 } }
I20260709 14:46:09.986261  7758 consensus_queue.cc:237] T bb94b9e817c948429a27b1e27361703d P eed5f8caf7024ac49a502966962b06f4 [LEADER]: Queue going to LEADER mode. State: All replicated index: 0, Majority replicated index: 0, Committed index: 0, Last appended: 0.0, Last appended by leader: 0, Current term: 1, Majority size: 2, State: 0, Mode: LEADER, active raft config: opid_index: -1 OBSOLETE_local: false peers { permanent_uuid: "0edfb1e6680a4c9189c50540c5a25ca2" member_type: VOTER last_known_addr { host: "127.6.32.193" port: 38007 } } peers { permanent_uuid: "7f355f4b8aae4c8d85e2e072c10a7883" member_type: VOTER last_known_addr { host: "127.6.32.194" port: 37527 } } peers { permanent_uuid: "eed5f8caf7024ac49a502966962b06f4" member_type: VOTER last_known_addr { host: "127.6.32.195" port: 42503 } }
I20260709 14:46:09.987528  7581 ts_tablet_manager.cc:1434] T 1923f40fc06e4cfd8ea5a365760d43de P 0edfb1e6680a4c9189c50540c5a25ca2: Time spent starting tablet: real 0.029s	user 0.007s	sys 0.000s
I20260709 14:46:09.992230  7467 raft_consensus.cc:2468] T e3000ead78e74d0d8ba4b052b80fc596 P 7f355f4b8aae4c8d85e2e072c10a7883 [term 1 FOLLOWER]: Leader election vote request: Granting yes vote for candidate 0edfb1e6680a4c9189c50540c5a25ca2 in term 1.
I20260709 14:46:09.993330  7763 leader_election.cc:290] T bb94b9e817c948429a27b1e27361703d P eed5f8caf7024ac49a502966962b06f4 [CANDIDATE]: Term 1 election: Requested vote from peers 0edfb1e6680a4c9189c50540c5a25ca2 (127.6.32.193:38007), 7f355f4b8aae4c8d85e2e072c10a7883 (127.6.32.194:37527)
I20260709 14:46:09.994133  7466 raft_consensus.cc:2468] T bb94b9e817c948429a27b1e27361703d P 7f355f4b8aae4c8d85e2e072c10a7883 [term 1 FOLLOWER]: Leader election vote request: Granting yes vote for candidate eed5f8caf7024ac49a502966962b06f4 in term 1.
I20260709 14:46:09.994029  7356 leader_election.cc:304] T e3000ead78e74d0d8ba4b052b80fc596 P 0edfb1e6680a4c9189c50540c5a25ca2 [CANDIDATE]: Term 1 election: Election decided. Result: candidate won. Election summary: received 2 responses out of 3 voters: 2 yes votes; 0 no votes. yes voters: 0edfb1e6680a4c9189c50540c5a25ca2, 7f355f4b8aae4c8d85e2e072c10a7883; no voters: 
I20260709 14:46:09.995277  7734 raft_consensus.cc:2804] T e3000ead78e74d0d8ba4b052b80fc596 P 0edfb1e6680a4c9189c50540c5a25ca2 [term 1 FOLLOWER]: Leader election won for term 1
I20260709 14:46:09.995930  7734 raft_consensus.cc:697] T e3000ead78e74d0d8ba4b052b80fc596 P 0edfb1e6680a4c9189c50540c5a25ca2 [term 1 LEADER]: Becoming Leader. State: Replica: 0edfb1e6680a4c9189c50540c5a25ca2, State: Running, Role: LEADER
I20260709 14:46:09.996975  7734 consensus_queue.cc:237] T e3000ead78e74d0d8ba4b052b80fc596 P 0edfb1e6680a4c9189c50540c5a25ca2 [LEADER]: Queue going to LEADER mode. State: All replicated index: 0, Majority replicated index: 0, Committed index: 0, Last appended: 0.0, Last appended by leader: 0, Current term: 1, Majority size: 2, State: 0, Mode: LEADER, active raft config: opid_index: -1 OBSOLETE_local: false peers { permanent_uuid: "0edfb1e6680a4c9189c50540c5a25ca2" member_type: VOTER last_known_addr { host: "127.6.32.193" port: 38007 } } peers { permanent_uuid: "7f355f4b8aae4c8d85e2e072c10a7883" member_type: VOTER last_known_addr { host: "127.6.32.194" port: 37527 } } peers { permanent_uuid: "eed5f8caf7024ac49a502966962b06f4" member_type: VOTER last_known_addr { host: "127.6.32.195" port: 42503 } }
I20260709 14:46:09.999073  7581 tablet_bootstrap.cc:492] T 8e2397f43779420ba8c9c60a22151a00 P 0edfb1e6680a4c9189c50540c5a25ca2: Bootstrap starting.
I20260709 14:46:09.985215  7583 raft_consensus.cc:385] T b8fecabbd09140a89e8738b3a7b43a43 P 7f355f4b8aae4c8d85e2e072c10a7883 [term 0 FOLLOWER]: Consensus starting up: Expiring failure detector timer to make a prompt election more likely
I20260709 14:46:10.001945  7583 raft_consensus.cc:740] T b8fecabbd09140a89e8738b3a7b43a43 P 7f355f4b8aae4c8d85e2e072c10a7883 [term 0 FOLLOWER]: Becoming Follower/Learner. State: Replica: 7f355f4b8aae4c8d85e2e072c10a7883, State: Initialized, Role: FOLLOWER
I20260709 14:46:10.002887  7583 consensus_queue.cc:260] T b8fecabbd09140a89e8738b3a7b43a43 P 7f355f4b8aae4c8d85e2e072c10a7883 [NON_LEADER]: Queue going to NON_LEADER mode. State: All replicated index: 0, Majority replicated index: 0, Committed index: 0, Last appended: 0.0, Last appended by leader: 0, Current term: 0, Majority size: -1, State: 0, Mode: NON_LEADER, active raft config: opid_index: -1 OBSOLETE_local: false peers { permanent_uuid: "0edfb1e6680a4c9189c50540c5a25ca2" member_type: VOTER last_known_addr { host: "127.6.32.193" port: 38007 } } peers { permanent_uuid: "7f355f4b8aae4c8d85e2e072c10a7883" member_type: VOTER last_known_addr { host: "127.6.32.194" port: 37527 } } peers { permanent_uuid: "eed5f8caf7024ac49a502966962b06f4" member_type: VOTER last_known_addr { host: "127.6.32.195" port: 42503 } }
I20260709 14:46:10.005682  7537 tablet_service.cc:1917] Received RequestConsensusVote() RPC: tablet_id: "e3000ead78e74d0d8ba4b052b80fc596" candidate_uuid: "0edfb1e6680a4c9189c50540c5a25ca2" candidate_term: 1 candidate_status { last_received { term: 0 index: 0 } } ignore_live_leader: false dest_uuid: "eed5f8caf7024ac49a502966962b06f4"
I20260709 14:46:10.006371  7537 raft_consensus.cc:3060] T e3000ead78e74d0d8ba4b052b80fc596 P eed5f8caf7024ac49a502966962b06f4 [term 0 FOLLOWER]: Advancing to term 1
I20260709 14:46:10.007318  7763 raft_consensus.cc:493] T 6c0a2e919d46416986183423f702864a P eed5f8caf7024ac49a502966962b06f4 [term 0 FOLLOWER]: Starting pre-election (no leader contacted us within the election timeout)
I20260709 14:46:10.007992  7763 raft_consensus.cc:515] T 6c0a2e919d46416986183423f702864a P eed5f8caf7024ac49a502966962b06f4 [term 0 FOLLOWER]: Starting pre-election with config: opid_index: -1 OBSOLETE_local: false peers { permanent_uuid: "0edfb1e6680a4c9189c50540c5a25ca2" member_type: VOTER last_known_addr { host: "127.6.32.193" port: 38007 } } peers { permanent_uuid: "7f355f4b8aae4c8d85e2e072c10a7883" member_type: VOTER last_known_addr { host: "127.6.32.194" port: 37527 } } peers { permanent_uuid: "eed5f8caf7024ac49a502966962b06f4" member_type: VOTER last_known_addr { host: "127.6.32.195" port: 42503 } }
I20260709 14:46:10.011708  7466 tablet_service.cc:1917] Received RequestConsensusVote() RPC: tablet_id: "6c0a2e919d46416986183423f702864a" candidate_uuid: "eed5f8caf7024ac49a502966962b06f4" candidate_term: 1 candidate_status { last_received { term: 0 index: 0 } } ignore_live_leader: false dest_uuid: "7f355f4b8aae4c8d85e2e072c10a7883" is_pre_election: true
I20260709 14:46:10.012507  7466 raft_consensus.cc:2468] T 6c0a2e919d46416986183423f702864a P 7f355f4b8aae4c8d85e2e072c10a7883 [term 0 FOLLOWER]: Leader pre-election vote request: Granting yes vote for candidate eed5f8caf7024ac49a502966962b06f4 in term 0.
I20260709 14:46:10.013775  7505 leader_election.cc:304] T 6c0a2e919d46416986183423f702864a P eed5f8caf7024ac49a502966962b06f4 [CANDIDATE]: Term 1 pre-election: Election decided. Result: candidate won. Election summary: received 2 responses out of 3 voters: 2 yes votes; 0 no votes. yes voters: 7f355f4b8aae4c8d85e2e072c10a7883, eed5f8caf7024ac49a502966962b06f4; no voters: 
I20260709 14:46:10.014353  7392 tablet_service.cc:1917] Received RequestConsensusVote() RPC: tablet_id: "6c0a2e919d46416986183423f702864a" candidate_uuid: "eed5f8caf7024ac49a502966962b06f4" candidate_term: 1 candidate_status { last_received { term: 0 index: 0 } } ignore_live_leader: false dest_uuid: "0edfb1e6680a4c9189c50540c5a25ca2" is_pre_election: true
I20260709 14:46:10.014958  7590 raft_consensus.cc:2804] T 6c0a2e919d46416986183423f702864a P eed5f8caf7024ac49a502966962b06f4 [term 0 FOLLOWER]: Leader pre-election won for term 1
I20260709 14:46:10.015434  7590 raft_consensus.cc:493] T 6c0a2e919d46416986183423f702864a P eed5f8caf7024ac49a502966962b06f4 [term 0 FOLLOWER]: Starting leader election (no leader contacted us within the election timeout)
I20260709 14:46:10.015834  7590 raft_consensus.cc:3060] T 6c0a2e919d46416986183423f702864a P eed5f8caf7024ac49a502966962b06f4 [term 0 FOLLOWER]: Advancing to term 1
W20260709 14:46:10.016006  7506 leader_election.cc:343] T 6c0a2e919d46416986183423f702864a P eed5f8caf7024ac49a502966962b06f4 [CANDIDATE]: Term 1 pre-election: Tablet error from VoteRequest() call to peer 0edfb1e6680a4c9189c50540c5a25ca2 (127.6.32.193:38007): Illegal state: must be running to vote when last-logged opid is not known
I20260709 14:46:10.020412  7537 raft_consensus.cc:2468] T e3000ead78e74d0d8ba4b052b80fc596 P eed5f8caf7024ac49a502966962b06f4 [term 1 FOLLOWER]: Leader election vote request: Granting yes vote for candidate 0edfb1e6680a4c9189c50540c5a25ca2 in term 1.
I20260709 14:46:10.022429  7721 leader_election.cc:290] T e3000ead78e74d0d8ba4b052b80fc596 P 0edfb1e6680a4c9189c50540c5a25ca2 [CANDIDATE]: Term 1 election: Requested vote from peers 7f355f4b8aae4c8d85e2e072c10a7883 (127.6.32.194:37527), eed5f8caf7024ac49a502966962b06f4 (127.6.32.195:42503)
I20260709 14:46:10.023953  7763 leader_election.cc:290] T 6c0a2e919d46416986183423f702864a P eed5f8caf7024ac49a502966962b06f4 [CANDIDATE]: Term 1 pre-election: Requested pre-vote from peers 0edfb1e6680a4c9189c50540c5a25ca2 (127.6.32.193:38007), 7f355f4b8aae4c8d85e2e072c10a7883 (127.6.32.194:37527)
I20260709 14:46:10.024837  7583 ts_tablet_manager.cc:1434] T b8fecabbd09140a89e8738b3a7b43a43 P 7f355f4b8aae4c8d85e2e072c10a7883: Time spent starting tablet: real 0.065s	user 0.004s	sys 0.002s
I20260709 14:46:10.026379  7590 raft_consensus.cc:515] T 6c0a2e919d46416986183423f702864a P eed5f8caf7024ac49a502966962b06f4 [term 1 FOLLOWER]: Starting leader election with config: opid_index: -1 OBSOLETE_local: false peers { permanent_uuid: "0edfb1e6680a4c9189c50540c5a25ca2" member_type: VOTER last_known_addr { host: "127.6.32.193" port: 38007 } } peers { permanent_uuid: "7f355f4b8aae4c8d85e2e072c10a7883" member_type: VOTER last_known_addr { host: "127.6.32.194" port: 37527 } } peers { permanent_uuid: "eed5f8caf7024ac49a502966962b06f4" member_type: VOTER last_known_addr { host: "127.6.32.195" port: 42503 } }
I20260709 14:46:10.027731  7583 tablet_bootstrap.cc:492] T ddfdca668d0549cc82c1146d36f49e76 P 7f355f4b8aae4c8d85e2e072c10a7883: Bootstrap starting.
I20260709 14:46:10.034842  7392 tablet_service.cc:1917] Received RequestConsensusVote() RPC: tablet_id: "6c0a2e919d46416986183423f702864a" candidate_uuid: "eed5f8caf7024ac49a502966962b06f4" candidate_term: 1 candidate_status { last_received { term: 0 index: 0 } } ignore_live_leader: false dest_uuid: "0edfb1e6680a4c9189c50540c5a25ca2"
W20260709 14:46:10.036191  7506 leader_election.cc:343] T 6c0a2e919d46416986183423f702864a P eed5f8caf7024ac49a502966962b06f4 [CANDIDATE]: Term 1 election: Tablet error from VoteRequest() call to peer 0edfb1e6680a4c9189c50540c5a25ca2 (127.6.32.193:38007): Illegal state: must be running to vote when last-logged opid is not known
I20260709 14:46:10.036559  7581 tablet_bootstrap.cc:654] T 8e2397f43779420ba8c9c60a22151a00 P 0edfb1e6680a4c9189c50540c5a25ca2: Neither blocks nor log segments found. Creating new log.
I20260709 14:46:10.036949  7467 tablet_service.cc:1917] Received RequestConsensusVote() RPC: tablet_id: "6c0a2e919d46416986183423f702864a" candidate_uuid: "eed5f8caf7024ac49a502966962b06f4" candidate_term: 1 candidate_status { last_received { term: 0 index: 0 } } ignore_live_leader: false dest_uuid: "7f355f4b8aae4c8d85e2e072c10a7883"
I20260709 14:46:10.037501  7467 raft_consensus.cc:3060] T 6c0a2e919d46416986183423f702864a P 7f355f4b8aae4c8d85e2e072c10a7883 [term 0 FOLLOWER]: Advancing to term 1
I20260709 14:46:10.039718  7590 leader_election.cc:290] T 6c0a2e919d46416986183423f702864a P eed5f8caf7024ac49a502966962b06f4 [CANDIDATE]: Term 1 election: Requested vote from peers 0edfb1e6680a4c9189c50540c5a25ca2 (127.6.32.193:38007), 7f355f4b8aae4c8d85e2e072c10a7883 (127.6.32.194:37527)
I20260709 14:46:10.042490  7582 tablet_bootstrap.cc:492] T 62d003dffae24ee9b3db884571357ef5 P eed5f8caf7024ac49a502966962b06f4: No bootstrap required, opened a new log
I20260709 14:46:10.042979  7582 ts_tablet_manager.cc:1403] T 62d003dffae24ee9b3db884571357ef5 P eed5f8caf7024ac49a502966962b06f4: Time spent bootstrapping tablet: real 0.091s	user 0.040s	sys 0.007s
I20260709 14:46:10.045590  7582 raft_consensus.cc:359] T 62d003dffae24ee9b3db884571357ef5 P eed5f8caf7024ac49a502966962b06f4 [term 0 FOLLOWER]: Replica starting. Triggering 0 pending ops. Active config: opid_index: -1 OBSOLETE_local: false peers { permanent_uuid: "0edfb1e6680a4c9189c50540c5a25ca2" member_type: VOTER last_known_addr { host: "127.6.32.193" port: 38007 } } peers { permanent_uuid: "7f355f4b8aae4c8d85e2e072c10a7883" member_type: VOTER last_known_addr { host: "127.6.32.194" port: 37527 } } peers { permanent_uuid: "eed5f8caf7024ac49a502966962b06f4" member_type: VOTER last_known_addr { host: "127.6.32.195" port: 42503 } }
I20260709 14:46:10.046382  7582 raft_consensus.cc:385] T 62d003dffae24ee9b3db884571357ef5 P eed5f8caf7024ac49a502966962b06f4 [term 0 FOLLOWER]: Consensus starting up: Expiring failure detector timer to make a prompt election more likely
I20260709 14:46:10.046737  7582 raft_consensus.cc:740] T 62d003dffae24ee9b3db884571357ef5 P eed5f8caf7024ac49a502966962b06f4 [term 0 FOLLOWER]: Becoming Follower/Learner. State: Replica: eed5f8caf7024ac49a502966962b06f4, State: Initialized, Role: FOLLOWER
I20260709 14:46:10.047549  7582 consensus_queue.cc:260] T 62d003dffae24ee9b3db884571357ef5 P eed5f8caf7024ac49a502966962b06f4 [NON_LEADER]: Queue going to NON_LEADER mode. State: All replicated index: 0, Majority replicated index: 0, Committed index: 0, Last appended: 0.0, Last appended by leader: 0, Current term: 0, Majority size: -1, State: 0, Mode: NON_LEADER, active raft config: opid_index: -1 OBSOLETE_local: false peers { permanent_uuid: "0edfb1e6680a4c9189c50540c5a25ca2" member_type: VOTER last_known_addr { host: "127.6.32.193" port: 38007 } } peers { permanent_uuid: "7f355f4b8aae4c8d85e2e072c10a7883" member_type: VOTER last_known_addr { host: "127.6.32.194" port: 37527 } } peers { permanent_uuid: "eed5f8caf7024ac49a502966962b06f4" member_type: VOTER last_known_addr { host: "127.6.32.195" port: 42503 } }
I20260709 14:46:10.050094  7582 ts_tablet_manager.cc:1434] T 62d003dffae24ee9b3db884571357ef5 P eed5f8caf7024ac49a502966962b06f4: Time spent starting tablet: real 0.007s	user 0.006s	sys 0.000s
I20260709 14:46:10.052368  7582 tablet_bootstrap.cc:492] T 9203d158026c48199669d75b510e2739 P eed5f8caf7024ac49a502966962b06f4: Bootstrap starting.
I20260709 14:46:10.053001  7581 tablet_bootstrap.cc:492] T 8e2397f43779420ba8c9c60a22151a00 P 0edfb1e6680a4c9189c50540c5a25ca2: No bootstrap required, opened a new log
I20260709 14:46:10.053483  7581 ts_tablet_manager.cc:1403] T 8e2397f43779420ba8c9c60a22151a00 P 0edfb1e6680a4c9189c50540c5a25ca2: Time spent bootstrapping tablet: real 0.055s	user 0.006s	sys 0.008s
I20260709 14:46:10.053810  7583 tablet_bootstrap.cc:654] T ddfdca668d0549cc82c1146d36f49e76 P 7f355f4b8aae4c8d85e2e072c10a7883: Neither blocks nor log segments found. Creating new log.
I20260709 14:46:10.056659  7467 raft_consensus.cc:2468] T 6c0a2e919d46416986183423f702864a P 7f355f4b8aae4c8d85e2e072c10a7883 [term 1 FOLLOWER]: Leader election vote request: Granting yes vote for candidate eed5f8caf7024ac49a502966962b06f4 in term 1.
I20260709 14:46:10.056560  7581 raft_consensus.cc:359] T 8e2397f43779420ba8c9c60a22151a00 P 0edfb1e6680a4c9189c50540c5a25ca2 [term 0 FOLLOWER]: Replica starting. Triggering 0 pending ops. Active config: opid_index: -1 OBSOLETE_local: false peers { permanent_uuid: "0edfb1e6680a4c9189c50540c5a25ca2" member_type: VOTER last_known_addr { host: "127.6.32.193" port: 38007 } } peers { permanent_uuid: "7f355f4b8aae4c8d85e2e072c10a7883" member_type: VOTER last_known_addr { host: "127.6.32.194" port: 37527 } } peers { permanent_uuid: "eed5f8caf7024ac49a502966962b06f4" member_type: VOTER last_known_addr { host: "127.6.32.195" port: 42503 } }
I20260709 14:46:10.057534  7581 raft_consensus.cc:385] T 8e2397f43779420ba8c9c60a22151a00 P 0edfb1e6680a4c9189c50540c5a25ca2 [term 0 FOLLOWER]: Consensus starting up: Expiring failure detector timer to make a prompt election more likely
I20260709 14:46:10.057828  7581 raft_consensus.cc:740] T 8e2397f43779420ba8c9c60a22151a00 P 0edfb1e6680a4c9189c50540c5a25ca2 [term 0 FOLLOWER]: Becoming Follower/Learner. State: Replica: 0edfb1e6680a4c9189c50540c5a25ca2, State: Initialized, Role: FOLLOWER
I20260709 14:46:10.057977  7505 leader_election.cc:304] T 6c0a2e919d46416986183423f702864a P eed5f8caf7024ac49a502966962b06f4 [CANDIDATE]: Term 1 election: Election decided. Result: candidate won. Election summary: received 3 responses out of 3 voters: 2 yes votes; 1 no votes. yes voters: 7f355f4b8aae4c8d85e2e072c10a7883, eed5f8caf7024ac49a502966962b06f4; no voters: 0edfb1e6680a4c9189c50540c5a25ca2
I20260709 14:46:10.058777  7590 raft_consensus.cc:2804] T 6c0a2e919d46416986183423f702864a P eed5f8caf7024ac49a502966962b06f4 [term 1 FOLLOWER]: Leader election won for term 1
I20260709 14:46:10.058676  7581 consensus_queue.cc:260] T 8e2397f43779420ba8c9c60a22151a00 P 0edfb1e6680a4c9189c50540c5a25ca2 [NON_LEADER]: Queue going to NON_LEADER mode. State: All replicated index: 0, Majority replicated index: 0, Committed index: 0, Last appended: 0.0, Last appended by leader: 0, Current term: 0, Majority size: -1, State: 0, Mode: NON_LEADER, active raft config: opid_index: -1 OBSOLETE_local: false peers { permanent_uuid: "0edfb1e6680a4c9189c50540c5a25ca2" member_type: VOTER last_known_addr { host: "127.6.32.193" port: 38007 } } peers { permanent_uuid: "7f355f4b8aae4c8d85e2e072c10a7883" member_type: VOTER last_known_addr { host: "127.6.32.194" port: 37527 } } peers { permanent_uuid: "eed5f8caf7024ac49a502966962b06f4" member_type: VOTER last_known_addr { host: "127.6.32.195" port: 42503 } }
I20260709 14:46:10.059325  7590 raft_consensus.cc:697] T 6c0a2e919d46416986183423f702864a P eed5f8caf7024ac49a502966962b06f4 [term 1 LEADER]: Becoming Leader. State: Replica: eed5f8caf7024ac49a502966962b06f4, State: Running, Role: LEADER
I20260709 14:46:10.060205  7590 consensus_queue.cc:237] T 6c0a2e919d46416986183423f702864a P eed5f8caf7024ac49a502966962b06f4 [LEADER]: Queue going to LEADER mode. State: All replicated index: 0, Majority replicated index: 0, Committed index: 0, Last appended: 0.0, Last appended by leader: 0, Current term: 1, Majority size: 2, State: 0, Mode: LEADER, active raft config: opid_index: -1 OBSOLETE_local: false peers { permanent_uuid: "0edfb1e6680a4c9189c50540c5a25ca2" member_type: VOTER last_known_addr { host: "127.6.32.193" port: 38007 } } peers { permanent_uuid: "7f355f4b8aae4c8d85e2e072c10a7883" member_type: VOTER last_known_addr { host: "127.6.32.194" port: 37527 } } peers { permanent_uuid: "eed5f8caf7024ac49a502966962b06f4" member_type: VOTER last_known_addr { host: "127.6.32.195" port: 42503 } }
I20260709 14:46:10.061221  7581 ts_tablet_manager.cc:1434] T 8e2397f43779420ba8c9c60a22151a00 P 0edfb1e6680a4c9189c50540c5a25ca2: Time spent starting tablet: real 0.007s	user 0.004s	sys 0.004s
I20260709 14:46:10.061825  7583 tablet_bootstrap.cc:492] T ddfdca668d0549cc82c1146d36f49e76 P 7f355f4b8aae4c8d85e2e072c10a7883: No bootstrap required, opened a new log
I20260709 14:46:10.062304  7581 tablet_bootstrap.cc:492] T 9203d158026c48199669d75b510e2739 P 0edfb1e6680a4c9189c50540c5a25ca2: Bootstrap starting.
I20260709 14:46:10.062299  7583 ts_tablet_manager.cc:1403] T ddfdca668d0549cc82c1146d36f49e76 P 7f355f4b8aae4c8d85e2e072c10a7883: Time spent bootstrapping tablet: real 0.035s	user 0.009s	sys 0.002s
I20260709 14:46:10.063395  7290 catalog_manager.cc:5697] T bb94b9e817c948429a27b1e27361703d P eed5f8caf7024ac49a502966962b06f4 reported cstate change: term changed from 0 to 1, leader changed from <none> to eed5f8caf7024ac49a502966962b06f4 (127.6.32.195). New cstate: current_term: 1 leader_uuid: "eed5f8caf7024ac49a502966962b06f4" committed_config { opid_index: -1 OBSOLETE_local: false peers { permanent_uuid: "0edfb1e6680a4c9189c50540c5a25ca2" member_type: VOTER last_known_addr { host: "127.6.32.193" port: 38007 } health_report { overall_health: UNKNOWN } } peers { permanent_uuid: "7f355f4b8aae4c8d85e2e072c10a7883" member_type: VOTER last_known_addr { host: "127.6.32.194" port: 37527 } health_report { overall_health: UNKNOWN } } peers { permanent_uuid: "eed5f8caf7024ac49a502966962b06f4" member_type: VOTER last_known_addr { host: "127.6.32.195" port: 42503 } health_report { overall_health: HEALTHY } } }
I20260709 14:46:10.065398  7582 tablet_bootstrap.cc:654] T 9203d158026c48199669d75b510e2739 P eed5f8caf7024ac49a502966962b06f4: Neither blocks nor log segments found. Creating new log.
I20260709 14:46:10.065511  7583 raft_consensus.cc:359] T ddfdca668d0549cc82c1146d36f49e76 P 7f355f4b8aae4c8d85e2e072c10a7883 [term 0 FOLLOWER]: Replica starting. Triggering 0 pending ops. Active config: opid_index: -1 OBSOLETE_local: false peers { permanent_uuid: "0edfb1e6680a4c9189c50540c5a25ca2" member_type: VOTER last_known_addr { host: "127.6.32.193" port: 38007 } } peers { permanent_uuid: "7f355f4b8aae4c8d85e2e072c10a7883" member_type: VOTER last_known_addr { host: "127.6.32.194" port: 37527 } } peers { permanent_uuid: "eed5f8caf7024ac49a502966962b06f4" member_type: VOTER last_known_addr { host: "127.6.32.195" port: 42503 } }
I20260709 14:46:10.066395  7583 raft_consensus.cc:385] T ddfdca668d0549cc82c1146d36f49e76 P 7f355f4b8aae4c8d85e2e072c10a7883 [term 0 FOLLOWER]: Consensus starting up: Expiring failure detector timer to make a prompt election more likely
I20260709 14:46:10.066684  7583 raft_consensus.cc:740] T ddfdca668d0549cc82c1146d36f49e76 P 7f355f4b8aae4c8d85e2e072c10a7883 [term 0 FOLLOWER]: Becoming Follower/Learner. State: Replica: 7f355f4b8aae4c8d85e2e072c10a7883, State: Initialized, Role: FOLLOWER
I20260709 14:46:10.069666  7581 tablet_bootstrap.cc:654] T 9203d158026c48199669d75b510e2739 P 0edfb1e6680a4c9189c50540c5a25ca2: Neither blocks nor log segments found. Creating new log.
I20260709 14:46:10.072206  7583 consensus_queue.cc:260] T ddfdca668d0549cc82c1146d36f49e76 P 7f355f4b8aae4c8d85e2e072c10a7883 [NON_LEADER]: Queue going to NON_LEADER mode. State: All replicated index: 0, Majority replicated index: 0, Committed index: 0, Last appended: 0.0, Last appended by leader: 0, Current term: 0, Majority size: -1, State: 0, Mode: NON_LEADER, active raft config: opid_index: -1 OBSOLETE_local: false peers { permanent_uuid: "0edfb1e6680a4c9189c50540c5a25ca2" member_type: VOTER last_known_addr { host: "127.6.32.193" port: 38007 } } peers { permanent_uuid: "7f355f4b8aae4c8d85e2e072c10a7883" member_type: VOTER last_known_addr { host: "127.6.32.194" port: 37527 } } peers { permanent_uuid: "eed5f8caf7024ac49a502966962b06f4" member_type: VOTER last_known_addr { host: "127.6.32.195" port: 42503 } }
I20260709 14:46:10.069311  7289 catalog_manager.cc:5697] T e3000ead78e74d0d8ba4b052b80fc596 P 0edfb1e6680a4c9189c50540c5a25ca2 reported cstate change: term changed from 0 to 1, leader changed from <none> to 0edfb1e6680a4c9189c50540c5a25ca2 (127.6.32.193). New cstate: current_term: 1 leader_uuid: "0edfb1e6680a4c9189c50540c5a25ca2" committed_config { opid_index: -1 OBSOLETE_local: false peers { permanent_uuid: "0edfb1e6680a4c9189c50540c5a25ca2" member_type: VOTER last_known_addr { host: "127.6.32.193" port: 38007 } health_report { overall_health: HEALTHY } } peers { permanent_uuid: "7f355f4b8aae4c8d85e2e072c10a7883" member_type: VOTER last_known_addr { host: "127.6.32.194" port: 37527 } health_report { overall_health: UNKNOWN } } peers { permanent_uuid: "eed5f8caf7024ac49a502966962b06f4" member_type: VOTER last_known_addr { host: "127.6.32.195" port: 42503 } health_report { overall_health: UNKNOWN } } }
I20260709 14:46:10.077551  7583 ts_tablet_manager.cc:1434] T ddfdca668d0549cc82c1146d36f49e76 P 7f355f4b8aae4c8d85e2e072c10a7883: Time spent starting tablet: real 0.015s	user 0.004s	sys 0.002s
I20260709 14:46:10.079650  7583 tablet_bootstrap.cc:492] T d44c7917199f43e88f0255a10c0fdc19 P 7f355f4b8aae4c8d85e2e072c10a7883: Bootstrap starting.
I20260709 14:46:10.089701  7583 tablet_bootstrap.cc:654] T d44c7917199f43e88f0255a10c0fdc19 P 7f355f4b8aae4c8d85e2e072c10a7883: Neither blocks nor log segments found. Creating new log.
I20260709 14:46:10.099385  7290 catalog_manager.cc:5697] T 6c0a2e919d46416986183423f702864a P eed5f8caf7024ac49a502966962b06f4 reported cstate change: term changed from 0 to 1, leader changed from <none> to eed5f8caf7024ac49a502966962b06f4 (127.6.32.195). New cstate: current_term: 1 leader_uuid: "eed5f8caf7024ac49a502966962b06f4" committed_config { opid_index: -1 OBSOLETE_local: false peers { permanent_uuid: "0edfb1e6680a4c9189c50540c5a25ca2" member_type: VOTER last_known_addr { host: "127.6.32.193" port: 38007 } health_report { overall_health: UNKNOWN } } peers { permanent_uuid: "7f355f4b8aae4c8d85e2e072c10a7883" member_type: VOTER last_known_addr { host: "127.6.32.194" port: 37527 } health_report { overall_health: UNKNOWN } } peers { permanent_uuid: "eed5f8caf7024ac49a502966962b06f4" member_type: VOTER last_known_addr { host: "127.6.32.195" port: 42503 } health_report { overall_health: HEALTHY } } }
I20260709 14:46:10.123605  7582 tablet_bootstrap.cc:492] T 9203d158026c48199669d75b510e2739 P eed5f8caf7024ac49a502966962b06f4: No bootstrap required, opened a new log
I20260709 14:46:10.124142  7582 ts_tablet_manager.cc:1403] T 9203d158026c48199669d75b510e2739 P eed5f8caf7024ac49a502966962b06f4: Time spent bootstrapping tablet: real 0.072s	user 0.010s	sys 0.004s
I20260709 14:46:10.127324  7723 raft_consensus.cc:493] T 4f5794b507d94ad0b32858ecefcb7810 P 7f355f4b8aae4c8d85e2e072c10a7883 [term 0 FOLLOWER]: Starting pre-election (no leader contacted us within the election timeout)
I20260709 14:46:10.127832  7723 raft_consensus.cc:515] T 4f5794b507d94ad0b32858ecefcb7810 P 7f355f4b8aae4c8d85e2e072c10a7883 [term 0 FOLLOWER]: Starting pre-election with config: opid_index: -1 OBSOLETE_local: false peers { permanent_uuid: "0edfb1e6680a4c9189c50540c5a25ca2" member_type: VOTER last_known_addr { host: "127.6.32.193" port: 38007 } } peers { permanent_uuid: "7f355f4b8aae4c8d85e2e072c10a7883" member_type: VOTER last_known_addr { host: "127.6.32.194" port: 37527 } } peers { permanent_uuid: "eed5f8caf7024ac49a502966962b06f4" member_type: VOTER last_known_addr { host: "127.6.32.195" port: 42503 } }
I20260709 14:46:10.129117  7581 tablet_bootstrap.cc:492] T 9203d158026c48199669d75b510e2739 P 0edfb1e6680a4c9189c50540c5a25ca2: No bootstrap required, opened a new log
I20260709 14:46:10.129570  7581 ts_tablet_manager.cc:1403] T 9203d158026c48199669d75b510e2739 P 0edfb1e6680a4c9189c50540c5a25ca2: Time spent bootstrapping tablet: real 0.067s	user 0.013s	sys 0.019s
I20260709 14:46:10.150338  7721 raft_consensus.cc:493] T 943c24195e8e4287bfa36bee0a70ee84 P 0edfb1e6680a4c9189c50540c5a25ca2 [term 0 FOLLOWER]: Starting pre-election (no leader contacted us within the election timeout)
I20260709 14:46:10.151010  7721 raft_consensus.cc:515] T 943c24195e8e4287bfa36bee0a70ee84 P 0edfb1e6680a4c9189c50540c5a25ca2 [term 0 FOLLOWER]: Starting pre-election with config: opid_index: -1 OBSOLETE_local: false peers { permanent_uuid: "0edfb1e6680a4c9189c50540c5a25ca2" member_type: VOTER last_known_addr { host: "127.6.32.193" port: 38007 } } peers { permanent_uuid: "7f355f4b8aae4c8d85e2e072c10a7883" member_type: VOTER last_known_addr { host: "127.6.32.194" port: 37527 } } peers { permanent_uuid: "eed5f8caf7024ac49a502966962b06f4" member_type: VOTER last_known_addr { host: "127.6.32.195" port: 42503 } }
I20260709 14:46:10.153719  7721 leader_election.cc:290] T 943c24195e8e4287bfa36bee0a70ee84 P 0edfb1e6680a4c9189c50540c5a25ca2 [CANDIDATE]: Term 1 pre-election: Requested pre-vote from peers 7f355f4b8aae4c8d85e2e072c10a7883 (127.6.32.194:37527), eed5f8caf7024ac49a502966962b06f4 (127.6.32.195:42503)
I20260709 14:46:10.172539  7581 raft_consensus.cc:359] T 9203d158026c48199669d75b510e2739 P 0edfb1e6680a4c9189c50540c5a25ca2 [term 0 FOLLOWER]: Replica starting. Triggering 0 pending ops. Active config: opid_index: -1 OBSOLETE_local: false peers { permanent_uuid: "0edfb1e6680a4c9189c50540c5a25ca2" member_type: VOTER last_known_addr { host: "127.6.32.193" port: 38007 } } peers { permanent_uuid: "7f355f4b8aae4c8d85e2e072c10a7883" member_type: VOTER last_known_addr { host: "127.6.32.194" port: 37527 } } peers { permanent_uuid: "eed5f8caf7024ac49a502966962b06f4" member_type: VOTER last_known_addr { host: "127.6.32.195" port: 42503 } }
I20260709 14:46:10.173709  7581 raft_consensus.cc:385] T 9203d158026c48199669d75b510e2739 P 0edfb1e6680a4c9189c50540c5a25ca2 [term 0 FOLLOWER]: Consensus starting up: Expiring failure detector timer to make a prompt election more likely
I20260709 14:46:10.174054  7581 raft_consensus.cc:740] T 9203d158026c48199669d75b510e2739 P 0edfb1e6680a4c9189c50540c5a25ca2 [term 0 FOLLOWER]: Becoming Follower/Learner. State: Replica: 0edfb1e6680a4c9189c50540c5a25ca2, State: Initialized, Role: FOLLOWER
I20260709 14:46:10.174705  7581 consensus_queue.cc:260] T 9203d158026c48199669d75b510e2739 P 0edfb1e6680a4c9189c50540c5a25ca2 [NON_LEADER]: Queue going to NON_LEADER mode. State: All replicated index: 0, Majority replicated index: 0, Committed index: 0, Last appended: 0.0, Last appended by leader: 0, Current term: 0, Majority size: -1, State: 0, Mode: NON_LEADER, active raft config: opid_index: -1 OBSOLETE_local: false peers { permanent_uuid: "0edfb1e6680a4c9189c50540c5a25ca2" member_type: VOTER last_known_addr { host: "127.6.32.193" port: 38007 } } peers { permanent_uuid: "7f355f4b8aae4c8d85e2e072c10a7883" member_type: VOTER last_known_addr { host: "127.6.32.194" port: 37527 } } peers { permanent_uuid: "eed5f8caf7024ac49a502966962b06f4" member_type: VOTER last_known_addr { host: "127.6.32.195" port: 42503 } }
I20260709 14:46:10.176263  7583 tablet_bootstrap.cc:492] T d44c7917199f43e88f0255a10c0fdc19 P 7f355f4b8aae4c8d85e2e072c10a7883: No bootstrap required, opened a new log
I20260709 14:46:10.176712  7583 ts_tablet_manager.cc:1403] T d44c7917199f43e88f0255a10c0fdc19 P 7f355f4b8aae4c8d85e2e072c10a7883: Time spent bootstrapping tablet: real 0.097s	user 0.011s	sys 0.002s
I20260709 14:46:10.177273  7581 ts_tablet_manager.cc:1434] T 9203d158026c48199669d75b510e2739 P 0edfb1e6680a4c9189c50540c5a25ca2: Time spent starting tablet: real 0.047s	user 0.006s	sys 0.000s
I20260709 14:46:10.172983  7389 tablet_service.cc:1917] Received RequestConsensusVote() RPC: tablet_id: "4f5794b507d94ad0b32858ecefcb7810" candidate_uuid: "7f355f4b8aae4c8d85e2e072c10a7883" candidate_term: 1 candidate_status { last_received { term: 0 index: 0 } } ignore_live_leader: false dest_uuid: "0edfb1e6680a4c9189c50540c5a25ca2" is_pre_election: true
I20260709 14:46:10.179942  7582 raft_consensus.cc:359] T 9203d158026c48199669d75b510e2739 P eed5f8caf7024ac49a502966962b06f4 [term 0 FOLLOWER]: Replica starting. Triggering 0 pending ops. Active config: opid_index: -1 OBSOLETE_local: false peers { permanent_uuid: "0edfb1e6680a4c9189c50540c5a25ca2" member_type: VOTER last_known_addr { host: "127.6.32.193" port: 38007 } } peers { permanent_uuid: "7f355f4b8aae4c8d85e2e072c10a7883" member_type: VOTER last_known_addr { host: "127.6.32.194" port: 37527 } } peers { permanent_uuid: "eed5f8caf7024ac49a502966962b06f4" member_type: VOTER last_known_addr { host: "127.6.32.195" port: 42503 } }
I20260709 14:46:10.183815  7582 raft_consensus.cc:385] T 9203d158026c48199669d75b510e2739 P eed5f8caf7024ac49a502966962b06f4 [term 0 FOLLOWER]: Consensus starting up: Expiring failure detector timer to make a prompt election more likely
I20260709 14:46:10.184121  7582 raft_consensus.cc:740] T 9203d158026c48199669d75b510e2739 P eed5f8caf7024ac49a502966962b06f4 [term 0 FOLLOWER]: Becoming Follower/Learner. State: Replica: eed5f8caf7024ac49a502966962b06f4, State: Initialized, Role: FOLLOWER
I20260709 14:46:10.184762  7582 consensus_queue.cc:260] T 9203d158026c48199669d75b510e2739 P eed5f8caf7024ac49a502966962b06f4 [NON_LEADER]: Queue going to NON_LEADER mode. State: All replicated index: 0, Majority replicated index: 0, Committed index: 0, Last appended: 0.0, Last appended by leader: 0, Current term: 0, Majority size: -1, State: 0, Mode: NON_LEADER, active raft config: opid_index: -1 OBSOLETE_local: false peers { permanent_uuid: "0edfb1e6680a4c9189c50540c5a25ca2" member_type: VOTER last_known_addr { host: "127.6.32.193" port: 38007 } } peers { permanent_uuid: "7f355f4b8aae4c8d85e2e072c10a7883" member_type: VOTER last_known_addr { host: "127.6.32.194" port: 37527 } } peers { permanent_uuid: "eed5f8caf7024ac49a502966962b06f4" member_type: VOTER last_known_addr { host: "127.6.32.195" port: 42503 } }
I20260709 14:46:10.179206  7723 leader_election.cc:290] T 4f5794b507d94ad0b32858ecefcb7810 P 7f355f4b8aae4c8d85e2e072c10a7883 [CANDIDATE]: Term 1 pre-election: Requested pre-vote from peers 0edfb1e6680a4c9189c50540c5a25ca2 (127.6.32.193:38007), eed5f8caf7024ac49a502966962b06f4 (127.6.32.195:42503)
I20260709 14:46:10.190344  7581 tablet_bootstrap.cc:492] T 6c0a2e919d46416986183423f702864a P 0edfb1e6680a4c9189c50540c5a25ca2: Bootstrap starting.
I20260709 14:46:10.191486  7466 tablet_service.cc:1917] Received RequestConsensusVote() RPC: tablet_id: "943c24195e8e4287bfa36bee0a70ee84" candidate_uuid: "0edfb1e6680a4c9189c50540c5a25ca2" candidate_term: 1 candidate_status { last_received { term: 0 index: 0 } } ignore_live_leader: false dest_uuid: "7f355f4b8aae4c8d85e2e072c10a7883" is_pre_election: true
I20260709 14:46:10.185428  7537 tablet_service.cc:1917] Received RequestConsensusVote() RPC: tablet_id: "4f5794b507d94ad0b32858ecefcb7810" candidate_uuid: "7f355f4b8aae4c8d85e2e072c10a7883" candidate_term: 1 candidate_status { last_received { term: 0 index: 0 } } ignore_live_leader: false dest_uuid: "eed5f8caf7024ac49a502966962b06f4" is_pre_election: true
I20260709 14:46:10.193086  7583 raft_consensus.cc:359] T d44c7917199f43e88f0255a10c0fdc19 P 7f355f4b8aae4c8d85e2e072c10a7883 [term 0 FOLLOWER]: Replica starting. Triggering 0 pending ops. Active config: opid_index: -1 OBSOLETE_local: false peers { permanent_uuid: "0edfb1e6680a4c9189c50540c5a25ca2" member_type: VOTER last_known_addr { host: "127.6.32.193" port: 38007 } } peers { permanent_uuid: "7f355f4b8aae4c8d85e2e072c10a7883" member_type: VOTER last_known_addr { host: "127.6.32.194" port: 37527 } } peers { permanent_uuid: "eed5f8caf7024ac49a502966962b06f4" member_type: VOTER last_known_addr { host: "127.6.32.195" port: 42503 } }
I20260709 14:46:10.194126  7583 raft_consensus.cc:385] T d44c7917199f43e88f0255a10c0fdc19 P 7f355f4b8aae4c8d85e2e072c10a7883 [term 0 FOLLOWER]: Consensus starting up: Expiring failure detector timer to make a prompt election more likely
I20260709 14:46:10.194409  7583 raft_consensus.cc:740] T d44c7917199f43e88f0255a10c0fdc19 P 7f355f4b8aae4c8d85e2e072c10a7883 [term 0 FOLLOWER]: Becoming Follower/Learner. State: Replica: 7f355f4b8aae4c8d85e2e072c10a7883, State: Initialized, Role: FOLLOWER
I20260709 14:46:10.196591  7539 tablet_service.cc:1917] Received RequestConsensusVote() RPC: tablet_id: "943c24195e8e4287bfa36bee0a70ee84" candidate_uuid: "0edfb1e6680a4c9189c50540c5a25ca2" candidate_term: 1 candidate_status { last_received { term: 0 index: 0 } } ignore_live_leader: false dest_uuid: "eed5f8caf7024ac49a502966962b06f4" is_pre_election: true
I20260709 14:46:10.197333  7539 raft_consensus.cc:2393] T 943c24195e8e4287bfa36bee0a70ee84 P eed5f8caf7024ac49a502966962b06f4 [term 1 FOLLOWER]: Leader pre-election vote request: Denying vote to candidate 0edfb1e6680a4c9189c50540c5a25ca2 in current term 1: Already voted for candidate 7f355f4b8aae4c8d85e2e072c10a7883 in this term.
I20260709 14:46:10.195351  7583 consensus_queue.cc:260] T d44c7917199f43e88f0255a10c0fdc19 P 7f355f4b8aae4c8d85e2e072c10a7883 [NON_LEADER]: Queue going to NON_LEADER mode. State: All replicated index: 0, Majority replicated index: 0, Committed index: 0, Last appended: 0.0, Last appended by leader: 0, Current term: 0, Majority size: -1, State: 0, Mode: NON_LEADER, active raft config: opid_index: -1 OBSOLETE_local: false peers { permanent_uuid: "0edfb1e6680a4c9189c50540c5a25ca2" member_type: VOTER last_known_addr { host: "127.6.32.193" port: 38007 } } peers { permanent_uuid: "7f355f4b8aae4c8d85e2e072c10a7883" member_type: VOTER last_known_addr { host: "127.6.32.194" port: 37527 } } peers { permanent_uuid: "eed5f8caf7024ac49a502966962b06f4" member_type: VOTER last_known_addr { host: "127.6.32.195" port: 42503 } }
I20260709 14:46:10.201545  7583 ts_tablet_manager.cc:1434] T d44c7917199f43e88f0255a10c0fdc19 P 7f355f4b8aae4c8d85e2e072c10a7883: Time spent starting tablet: real 0.025s	user 0.005s	sys 0.002s
I20260709 14:46:10.202728  7356 leader_election.cc:304] T 943c24195e8e4287bfa36bee0a70ee84 P 0edfb1e6680a4c9189c50540c5a25ca2 [CANDIDATE]: Term 1 pre-election: Election decided. Result: candidate lost. Election summary: received 3 responses out of 3 voters: 1 yes votes; 2 no votes. yes voters: 0edfb1e6680a4c9189c50540c5a25ca2; no voters: 7f355f4b8aae4c8d85e2e072c10a7883, eed5f8caf7024ac49a502966962b06f4
W20260709 14:46:10.203375  7431 leader_election.cc:343] T 4f5794b507d94ad0b32858ecefcb7810 P 7f355f4b8aae4c8d85e2e072c10a7883 [CANDIDATE]: Term 1 pre-election: Tablet error from VoteRequest() call to peer eed5f8caf7024ac49a502966962b06f4 (127.6.32.195:42503): Illegal state: must be running to vote when last-logged opid is not known
I20260709 14:46:10.203933  7734 raft_consensus.cc:3060] T 943c24195e8e4287bfa36bee0a70ee84 P 0edfb1e6680a4c9189c50540c5a25ca2 [term 0 FOLLOWER]: Advancing to term 1
W20260709 14:46:10.205148  7432 leader_election.cc:343] T 4f5794b507d94ad0b32858ecefcb7810 P 7f355f4b8aae4c8d85e2e072c10a7883 [CANDIDATE]: Term 1 pre-election: Tablet error from VoteRequest() call to peer 0edfb1e6680a4c9189c50540c5a25ca2 (127.6.32.193:38007): Illegal state: must be running to vote when last-logged opid is not known
I20260709 14:46:10.205579  7432 leader_election.cc:304] T 4f5794b507d94ad0b32858ecefcb7810 P 7f355f4b8aae4c8d85e2e072c10a7883 [CANDIDATE]: Term 1 pre-election: Election decided. Result: candidate lost. Election summary: received 3 responses out of 3 voters: 1 yes votes; 2 no votes. yes voters: 7f355f4b8aae4c8d85e2e072c10a7883; no voters: 0edfb1e6680a4c9189c50540c5a25ca2, eed5f8caf7024ac49a502966962b06f4
I20260709 14:46:10.206633  7740 raft_consensus.cc:2749] T 4f5794b507d94ad0b32858ecefcb7810 P 7f355f4b8aae4c8d85e2e072c10a7883 [term 0 FOLLOWER]: Leader pre-election lost for term 1. Reason: could not achieve majority
I20260709 14:46:10.207101  7723 raft_consensus.cc:493] T 6213c8ef1b324500ad3d5fbfe462685e P 7f355f4b8aae4c8d85e2e072c10a7883 [term 0 FOLLOWER]: Starting pre-election (no leader contacted us within the election timeout)
I20260709 14:46:10.207398  7583 tablet_bootstrap.cc:492] T 721ad3f43c0645b1b742c1acfb0e8cc3 P 7f355f4b8aae4c8d85e2e072c10a7883: Bootstrap starting.
