I20260709 14:46:39.094635  1444 catalog_manager.cc:5697] T bd00c247f3e4451d9a08cb46e512e46f P 0e5ca8ce15204c858093f5ed64ad7348 reported cstate change: term changed from 0 to 1, leader changed from <none> to 0e5ca8ce15204c858093f5ed64ad7348 (127.0.107.195). New cstate: current_term: 1 leader_uuid: "0e5ca8ce15204c858093f5ed64ad7348" committed_config { opid_index: -1 OBSOLETE_local: false peers { permanent_uuid: "aff04baf0e914683858bafd64ed4322a" member_type: VOTER last_known_addr { host: "127.0.107.193" port: 38711 } health_report { overall_health: UNKNOWN } } peers { permanent_uuid: "72010551f5024995af9171dcad7990b7" member_type: VOTER last_known_addr { host: "127.0.107.194" port: 39721 } health_report { overall_health: UNKNOWN } } peers { permanent_uuid: "0e5ca8ce15204c858093f5ed64ad7348" member_type: VOTER last_known_addr { host: "127.0.107.195" port: 44771 } health_report { overall_health: HEALTHY } } }
I20260709 14:46:39.096347  1736 ts_tablet_manager.cc:1434] T dfb27a4c15dc4e0a8d465e42bfe47cab P 72010551f5024995af9171dcad7990b7: Time spent starting tablet: real 0.039s	user 0.006s	sys 0.000s
I20260709 14:46:39.097168  1736 tablet_bootstrap.cc:492] T 565cd8c5fe92451a897bbbf1ced468c8 P 72010551f5024995af9171dcad7990b7: Bootstrap starting.
I20260709 14:46:39.097146  1618 tablet_service.cc:1917] Received RequestConsensusVote() RPC: tablet_id: "a0fd98cecf9a4b4e841cda58bd24b940" candidate_uuid: "aff04baf0e914683858bafd64ed4322a" candidate_term: 1 candidate_status { last_received { term: 0 index: 0 } } ignore_live_leader: false dest_uuid: "72010551f5024995af9171dcad7990b7" is_pre_election: true
I20260709 14:46:39.097994  1618 raft_consensus.cc:2393] T a0fd98cecf9a4b4e841cda58bd24b940 P 72010551f5024995af9171dcad7990b7 [term 1 FOLLOWER]: Leader pre-election vote request: Denying vote to candidate aff04baf0e914683858bafd64ed4322a in current term 1: Already voted for candidate 0e5ca8ce15204c858093f5ed64ad7348 in this term.
I20260709 14:46:39.099705  1735 tablet_bootstrap.cc:492] T 1d56b26690dd4aeaa1ad7a2c767cbc34 P aff04baf0e914683858bafd64ed4322a: No bootstrap required, opened a new log
I20260709 14:46:39.100165  1735 ts_tablet_manager.cc:1403] T 1d56b26690dd4aeaa1ad7a2c767cbc34 P aff04baf0e914683858bafd64ed4322a: Time spent bootstrapping tablet: real 0.194s	user 0.041s	sys 0.025s
I20260709 14:46:39.105049  1510 leader_election.cc:304] T a0fd98cecf9a4b4e841cda58bd24b940 P aff04baf0e914683858bafd64ed4322a [CANDIDATE]: Term 1 pre-election: Election decided. Result: candidate lost. Election summary: received 3 responses out of 3 voters: 1 yes votes; 2 no votes. yes voters: aff04baf0e914683858bafd64ed4322a; no voters: 0e5ca8ce15204c858093f5ed64ad7348, 72010551f5024995af9171dcad7990b7
I20260709 14:46:39.105974  1938 raft_consensus.cc:3060] T a0fd98cecf9a4b4e841cda58bd24b940 P aff04baf0e914683858bafd64ed4322a [term 0 FOLLOWER]: Advancing to term 1
I20260709 14:46:39.111898  1443 catalog_manager.cc:5697] T dfb27a4c15dc4e0a8d465e42bfe47cab P aff04baf0e914683858bafd64ed4322a reported cstate change: term changed from 0 to 1, leader changed from <none> to aff04baf0e914683858bafd64ed4322a (127.0.107.193). New cstate: current_term: 1 leader_uuid: "aff04baf0e914683858bafd64ed4322a" committed_config { opid_index: -1 OBSOLETE_local: false peers { permanent_uuid: "aff04baf0e914683858bafd64ed4322a" member_type: VOTER last_known_addr { host: "127.0.107.193" port: 38711 } health_report { overall_health: HEALTHY } } peers { permanent_uuid: "72010551f5024995af9171dcad7990b7" member_type: VOTER last_known_addr { host: "127.0.107.194" port: 39721 } health_report { overall_health: UNKNOWN } } peers { permanent_uuid: "0e5ca8ce15204c858093f5ed64ad7348" member_type: VOTER last_known_addr { host: "127.0.107.195" port: 44771 } health_report { overall_health: UNKNOWN } } }
I20260709 14:46:39.108235  1999 raft_consensus.cc:515] T 565cd8c5fe92451a897bbbf1ced468c8 P aff04baf0e914683858bafd64ed4322a [term 1 FOLLOWER]: Starting leader election with config: opid_index: -1 OBSOLETE_local: false peers { permanent_uuid: "aff04baf0e914683858bafd64ed4322a" member_type: VOTER last_known_addr { host: "127.0.107.193" port: 38711 } } peers { permanent_uuid: "72010551f5024995af9171dcad7990b7" member_type: VOTER last_known_addr { host: "127.0.107.194" port: 39721 } } peers { permanent_uuid: "0e5ca8ce15204c858093f5ed64ad7348" member_type: VOTER last_known_addr { host: "127.0.107.195" port: 44771 } }
I20260709 14:46:39.113685  1938 raft_consensus.cc:2749] T a0fd98cecf9a4b4e841cda58bd24b940 P aff04baf0e914683858bafd64ed4322a [term 1 FOLLOWER]: Leader pre-election lost for term 1. Reason: could not achieve majority
I20260709 14:46:39.116783  1735 raft_consensus.cc:359] T 1d56b26690dd4aeaa1ad7a2c767cbc34 P aff04baf0e914683858bafd64ed4322a [term 0 FOLLOWER]: Replica starting. Triggering 0 pending ops. Active config: opid_index: -1 OBSOLETE_local: false peers { permanent_uuid: "aff04baf0e914683858bafd64ed4322a" member_type: VOTER last_known_addr { host: "127.0.107.193" port: 38711 } } peers { permanent_uuid: "72010551f5024995af9171dcad7990b7" member_type: VOTER last_known_addr { host: "127.0.107.194" port: 39721 } } peers { permanent_uuid: "0e5ca8ce15204c858093f5ed64ad7348" member_type: VOTER last_known_addr { host: "127.0.107.195" port: 44771 } }
I20260709 14:46:39.117470  1735 raft_consensus.cc:385] T 1d56b26690dd4aeaa1ad7a2c767cbc34 P aff04baf0e914683858bafd64ed4322a [term 0 FOLLOWER]: Consensus starting up: Expiring failure detector timer to make a prompt election more likely
W20260709 14:46:39.117574  1491 auto_rebalancer.cc:288] Could not retrieve cluster info: Service unavailable: Tablet not running
I20260709 14:46:39.117738  1735 raft_consensus.cc:740] T 1d56b26690dd4aeaa1ad7a2c767cbc34 P aff04baf0e914683858bafd64ed4322a [term 0 FOLLOWER]: Becoming Follower/Learner. State: Replica: aff04baf0e914683858bafd64ed4322a, State: Initialized, Role: FOLLOWER
I20260709 14:46:39.118352  1735 consensus_queue.cc:260] T 1d56b26690dd4aeaa1ad7a2c767cbc34 P aff04baf0e914683858bafd64ed4322a [NON_LEADER]: Queue going to NON_LEADER mode. State: All replicated index: 0, Majority replicated index: 0, Committed index: 0, Last appended: 0.0, Last appended by leader: 0, Current term: 0, Majority size: -1, State: 0, Mode: NON_LEADER, active raft config: opid_index: -1 OBSOLETE_local: false peers { permanent_uuid: "aff04baf0e914683858bafd64ed4322a" member_type: VOTER last_known_addr { host: "127.0.107.193" port: 38711 } } peers { permanent_uuid: "72010551f5024995af9171dcad7990b7" member_type: VOTER last_known_addr { host: "127.0.107.194" port: 39721 } } peers { permanent_uuid: "0e5ca8ce15204c858093f5ed64ad7348" member_type: VOTER last_known_addr { host: "127.0.107.195" port: 44771 } }
I20260709 14:46:39.120661  1736 tablet_bootstrap.cc:654] T 565cd8c5fe92451a897bbbf1ced468c8 P 72010551f5024995af9171dcad7990b7: Neither blocks nor log segments found. Creating new log.
I20260709 14:46:39.120877  1828 consensus_queue.cc:1048] T f3787e027b92467db66f1ca00febd88f P 0e5ca8ce15204c858093f5ed64ad7348 [LEADER]: Connected to new peer: Peer: permanent_uuid: "72010551f5024995af9171dcad7990b7" member_type: VOTER last_known_addr { host: "127.0.107.194" port: 39721 }, Status: LMP_MISMATCH, Last received: 0.0, Next index: 1, Last known committed idx: 0, Time since last communication: 0.001s
I20260709 14:46:39.122531  1999 leader_election.cc:290] T 565cd8c5fe92451a897bbbf1ced468c8 P aff04baf0e914683858bafd64ed4322a [CANDIDATE]: Term 1 election: Requested vote from peers 72010551f5024995af9171dcad7990b7 (127.0.107.194:39721), 0e5ca8ce15204c858093f5ed64ad7348 (127.0.107.195:44771)
I20260709 14:46:39.124591  1691 tablet_service.cc:1917] Received RequestConsensusVote() RPC: tablet_id: "565cd8c5fe92451a897bbbf1ced468c8" candidate_uuid: "aff04baf0e914683858bafd64ed4322a" candidate_term: 1 candidate_status { last_received { term: 0 index: 0 } } ignore_live_leader: false dest_uuid: "0e5ca8ce15204c858093f5ed64ad7348"
I20260709 14:46:39.125108  1691 raft_consensus.cc:3060] T 565cd8c5fe92451a897bbbf1ced468c8 P 0e5ca8ce15204c858093f5ed64ad7348 [term 0 FOLLOWER]: Advancing to term 1
I20260709 14:46:39.129820  1940 consensus_queue.cc:1048] T 3e333ec61ab243c3970915ad26c1cdad P aff04baf0e914683858bafd64ed4322a [LEADER]: Connected to new peer: Peer: permanent_uuid: "0e5ca8ce15204c858093f5ed64ad7348" member_type: VOTER last_known_addr { host: "127.0.107.195" port: 44771 }, Status: LMP_MISMATCH, Last received: 0.0, Next index: 1, Last known committed idx: 0, Time since last communication: 0.000s
I20260709 14:46:39.130651  1691 raft_consensus.cc:2468] T 565cd8c5fe92451a897bbbf1ced468c8 P 0e5ca8ce15204c858093f5ed64ad7348 [term 1 FOLLOWER]: Leader election vote request: Granting yes vote for candidate aff04baf0e914683858bafd64ed4322a in term 1.
I20260709 14:46:39.131613  1509 leader_election.cc:304] T 565cd8c5fe92451a897bbbf1ced468c8 P aff04baf0e914683858bafd64ed4322a [CANDIDATE]: Term 1 election: Election decided. Result: candidate won. Election summary: received 2 responses out of 3 voters: 2 yes votes; 0 no votes. yes voters: 0e5ca8ce15204c858093f5ed64ad7348, aff04baf0e914683858bafd64ed4322a; no voters: 
I20260709 14:46:39.132196  1735 ts_tablet_manager.cc:1434] T 1d56b26690dd4aeaa1ad7a2c767cbc34 P aff04baf0e914683858bafd64ed4322a: Time spent starting tablet: real 0.032s	user 0.005s	sys 0.001s
I20260709 14:46:39.132562  2007 raft_consensus.cc:2804] T 565cd8c5fe92451a897bbbf1ced468c8 P aff04baf0e914683858bafd64ed4322a [term 1 FOLLOWER]: Leader election won for term 1
I20260709 14:46:39.132993  2007 raft_consensus.cc:697] T 565cd8c5fe92451a897bbbf1ced468c8 P aff04baf0e914683858bafd64ed4322a [term 1 LEADER]: Becoming Leader. State: Replica: aff04baf0e914683858bafd64ed4322a, State: Running, Role: LEADER
I20260709 14:46:39.133735  2007 consensus_queue.cc:237] T 565cd8c5fe92451a897bbbf1ced468c8 P aff04baf0e914683858bafd64ed4322a [LEADER]: Queue going to LEADER mode. State: All replicated index: 0, Majority replicated index: 0, Committed index: 0, Last appended: 0.0, Last appended by leader: 0, Current term: 1, Majority size: 2, State: 0, Mode: LEADER, active raft config: opid_index: -1 OBSOLETE_local: false peers { permanent_uuid: "aff04baf0e914683858bafd64ed4322a" member_type: VOTER last_known_addr { host: "127.0.107.193" port: 38711 } } peers { permanent_uuid: "72010551f5024995af9171dcad7990b7" member_type: VOTER last_known_addr { host: "127.0.107.194" port: 39721 } } peers { permanent_uuid: "0e5ca8ce15204c858093f5ed64ad7348" member_type: VOTER last_known_addr { host: "127.0.107.195" port: 44771 } }
I20260709 14:46:39.135234  1735 tablet_bootstrap.cc:492] T 7c806e33c3a44a1d8efc09216dc9b8ef P aff04baf0e914683858bafd64ed4322a: Bootstrap starting.
W20260709 14:46:39.137063  1510 consensus_peers.cc:597] T 3e333ec61ab243c3970915ad26c1cdad P aff04baf0e914683858bafd64ed4322a -> Peer 72010551f5024995af9171dcad7990b7 (127.0.107.194:39721): Couldn't send request to peer 72010551f5024995af9171dcad7990b7. Error code: TABLET_NOT_RUNNING (12). Status: Illegal state: Tablet not RUNNING: INITIALIZED. This is attempt 1: this message will repeat every 5th retry.
I20260709 14:46:39.138911  1737 tablet_bootstrap.cc:654] T df69a88a12724d259eedc1384b7abcc8 P 0e5ca8ce15204c858093f5ed64ad7348: Neither blocks nor log segments found. Creating new log.
I20260709 14:46:39.138449  1619 tablet_service.cc:1917] Received RequestConsensusVote() RPC: tablet_id: "565cd8c5fe92451a897bbbf1ced468c8" candidate_uuid: "aff04baf0e914683858bafd64ed4322a" candidate_term: 1 candidate_status { last_received { term: 0 index: 0 } } ignore_live_leader: false dest_uuid: "72010551f5024995af9171dcad7990b7"
I20260709 14:46:39.142114  1441 catalog_manager.cc:5697] T a7e5986fa55b4bf5b3787e2456300001 P 0e5ca8ce15204c858093f5ed64ad7348 reported cstate change: term changed from 0 to 1, leader changed from <none> to 0e5ca8ce15204c858093f5ed64ad7348 (127.0.107.195). New cstate: current_term: 1 leader_uuid: "0e5ca8ce15204c858093f5ed64ad7348" committed_config { opid_index: -1 OBSOLETE_local: false peers { permanent_uuid: "aff04baf0e914683858bafd64ed4322a" member_type: VOTER last_known_addr { host: "127.0.107.193" port: 38711 } health_report { overall_health: UNKNOWN } } peers { permanent_uuid: "72010551f5024995af9171dcad7990b7" member_type: VOTER last_known_addr { host: "127.0.107.194" port: 39721 } health_report { overall_health: UNKNOWN } } peers { permanent_uuid: "0e5ca8ce15204c858093f5ed64ad7348" member_type: VOTER last_known_addr { host: "127.0.107.195" port: 44771 } health_report { overall_health: HEALTHY } } }
I20260709 14:46:39.140056  1828 consensus_queue.cc:1048] T a0fd98cecf9a4b4e841cda58bd24b940 P 0e5ca8ce15204c858093f5ed64ad7348 [LEADER]: Connected to new peer: Peer: permanent_uuid: "aff04baf0e914683858bafd64ed4322a" member_type: VOTER last_known_addr { host: "127.0.107.193" port: 38711 }, Status: LMP_MISMATCH, Last received: 0.0, Next index: 1, Last known committed idx: 0, Time since last communication: 0.006s
W20260709 14:46:39.146229  1510 leader_election.cc:343] T 565cd8c5fe92451a897bbbf1ced468c8 P aff04baf0e914683858bafd64ed4322a [CANDIDATE]: Term 1 election: Tablet error from VoteRequest() call to peer 72010551f5024995af9171dcad7990b7 (127.0.107.194:39721): Illegal state: must be running to vote when last-logged opid is not known
I20260709 14:46:39.162599  1828 raft_consensus.cc:493] T 1d56b26690dd4aeaa1ad7a2c767cbc34 P 0e5ca8ce15204c858093f5ed64ad7348 [term 0 FOLLOWER]: Starting pre-election (no leader contacted us within the election timeout)
I20260709 14:46:39.163090  1828 raft_consensus.cc:515] T 1d56b26690dd4aeaa1ad7a2c767cbc34 P 0e5ca8ce15204c858093f5ed64ad7348 [term 0 FOLLOWER]: Starting pre-election with config: opid_index: -1 OBSOLETE_local: false peers { permanent_uuid: "aff04baf0e914683858bafd64ed4322a" member_type: VOTER last_known_addr { host: "127.0.107.193" port: 38711 } } peers { permanent_uuid: "72010551f5024995af9171dcad7990b7" member_type: VOTER last_known_addr { host: "127.0.107.194" port: 39721 } } peers { permanent_uuid: "0e5ca8ce15204c858093f5ed64ad7348" member_type: VOTER last_known_addr { host: "127.0.107.195" port: 44771 } }
I20260709 14:46:39.167953  1619 tablet_service.cc:1917] Received RequestConsensusVote() RPC: tablet_id: "1d56b26690dd4aeaa1ad7a2c767cbc34" candidate_uuid: "0e5ca8ce15204c858093f5ed64ad7348" candidate_term: 1 candidate_status { last_received { term: 0 index: 0 } } ignore_live_leader: false dest_uuid: "72010551f5024995af9171dcad7990b7" is_pre_election: true
W20260709 14:46:39.169059  1659 leader_election.cc:343] T 1d56b26690dd4aeaa1ad7a2c767cbc34 P 0e5ca8ce15204c858093f5ed64ad7348 [CANDIDATE]: Term 1 pre-election: Tablet error from VoteRequest() call to peer 72010551f5024995af9171dcad7990b7 (127.0.107.194:39721): Illegal state: must be running to vote when last-logged opid is not known
I20260709 14:46:39.170892  1736 tablet_bootstrap.cc:492] T 565cd8c5fe92451a897bbbf1ced468c8 P 72010551f5024995af9171dcad7990b7: No bootstrap required, opened a new log
I20260709 14:46:39.171293  1736 ts_tablet_manager.cc:1403] T 565cd8c5fe92451a897bbbf1ced468c8 P 72010551f5024995af9171dcad7990b7: Time spent bootstrapping tablet: real 0.074s	user 0.017s	sys 0.004s
I20260709 14:46:39.167183  1828 leader_election.cc:290] T 1d56b26690dd4aeaa1ad7a2c767cbc34 P 0e5ca8ce15204c858093f5ed64ad7348 [CANDIDATE]: Term 1 pre-election: Requested pre-vote from peers aff04baf0e914683858bafd64ed4322a (127.0.107.193:38711), 72010551f5024995af9171dcad7990b7 (127.0.107.194:39721)
I20260709 14:46:39.169009  1543 tablet_service.cc:1917] Received RequestConsensusVote() RPC: tablet_id: "1d56b26690dd4aeaa1ad7a2c767cbc34" candidate_uuid: "0e5ca8ce15204c858093f5ed64ad7348" candidate_term: 1 candidate_status { last_received { term: 0 index: 0 } } ignore_live_leader: false dest_uuid: "aff04baf0e914683858bafd64ed4322a" is_pre_election: true
I20260709 14:46:39.172066  1543 raft_consensus.cc:2468] T 1d56b26690dd4aeaa1ad7a2c767cbc34 P aff04baf0e914683858bafd64ed4322a [term 0 FOLLOWER]: Leader pre-election vote request: Granting yes vote for candidate 0e5ca8ce15204c858093f5ed64ad7348 in term 0.
I20260709 14:46:39.173202  1661 leader_election.cc:304] T 1d56b26690dd4aeaa1ad7a2c767cbc34 P 0e5ca8ce15204c858093f5ed64ad7348 [CANDIDATE]: Term 1 pre-election: Election decided. Result: candidate won. Election summary: received 3 responses out of 3 voters: 2 yes votes; 1 no votes. yes voters: 0e5ca8ce15204c858093f5ed64ad7348, aff04baf0e914683858bafd64ed4322a; no voters: 72010551f5024995af9171dcad7990b7
I20260709 14:46:39.173874  1929 raft_consensus.cc:2804] T 1d56b26690dd4aeaa1ad7a2c767cbc34 P 0e5ca8ce15204c858093f5ed64ad7348 [term 0 FOLLOWER]: Leader pre-election won for term 1
I20260709 14:46:39.174221  1929 raft_consensus.cc:493] T 1d56b26690dd4aeaa1ad7a2c767cbc34 P 0e5ca8ce15204c858093f5ed64ad7348 [term 0 FOLLOWER]: Starting leader election (no leader contacted us within the election timeout)
I20260709 14:46:39.174573  1929 raft_consensus.cc:3060] T 1d56b26690dd4aeaa1ad7a2c767cbc34 P 0e5ca8ce15204c858093f5ed64ad7348 [term 0 FOLLOWER]: Advancing to term 1
I20260709 14:46:39.186771  1441 catalog_manager.cc:5697] T 565cd8c5fe92451a897bbbf1ced468c8 P aff04baf0e914683858bafd64ed4322a reported cstate change: term changed from 0 to 1, leader changed from <none> to aff04baf0e914683858bafd64ed4322a (127.0.107.193). New cstate: current_term: 1 leader_uuid: "aff04baf0e914683858bafd64ed4322a" committed_config { opid_index: -1 OBSOLETE_local: false peers { permanent_uuid: "aff04baf0e914683858bafd64ed4322a" member_type: VOTER last_known_addr { host: "127.0.107.193" port: 38711 } health_report { overall_health: HEALTHY } } peers { permanent_uuid: "72010551f5024995af9171dcad7990b7" member_type: VOTER last_known_addr { host: "127.0.107.194" port: 39721 } health_report { overall_health: UNKNOWN } } peers { permanent_uuid: "0e5ca8ce15204c858093f5ed64ad7348" member_type: VOTER last_known_addr { host: "127.0.107.195" port: 44771 } health_report { overall_health: UNKNOWN } } }
I20260709 14:46:39.189131  1929 raft_consensus.cc:515] T 1d56b26690dd4aeaa1ad7a2c767cbc34 P 0e5ca8ce15204c858093f5ed64ad7348 [term 1 FOLLOWER]: Starting leader election with config: opid_index: -1 OBSOLETE_local: false peers { permanent_uuid: "aff04baf0e914683858bafd64ed4322a" member_type: VOTER last_known_addr { host: "127.0.107.193" port: 38711 } } peers { permanent_uuid: "72010551f5024995af9171dcad7990b7" member_type: VOTER last_known_addr { host: "127.0.107.194" port: 39721 } } peers { permanent_uuid: "0e5ca8ce15204c858093f5ed64ad7348" member_type: VOTER last_known_addr { host: "127.0.107.195" port: 44771 } }
I20260709 14:46:39.194540  1735 tablet_bootstrap.cc:654] T 7c806e33c3a44a1d8efc09216dc9b8ef P aff04baf0e914683858bafd64ed4322a: Neither blocks nor log segments found. Creating new log.
I20260709 14:46:39.195761  1543 tablet_service.cc:1917] Received RequestConsensusVote() RPC: tablet_id: "1d56b26690dd4aeaa1ad7a2c767cbc34" candidate_uuid: "0e5ca8ce15204c858093f5ed64ad7348" candidate_term: 1 candidate_status { last_received { term: 0 index: 0 } } ignore_live_leader: false dest_uuid: "aff04baf0e914683858bafd64ed4322a"
I20260709 14:46:39.196271  1543 raft_consensus.cc:3060] T 1d56b26690dd4aeaa1ad7a2c767cbc34 P aff04baf0e914683858bafd64ed4322a [term 0 FOLLOWER]: Advancing to term 1
I20260709 14:46:39.196589  1929 leader_election.cc:290] T 1d56b26690dd4aeaa1ad7a2c767cbc34 P 0e5ca8ce15204c858093f5ed64ad7348 [CANDIDATE]: Term 1 election: Requested vote from peers aff04baf0e914683858bafd64ed4322a (127.0.107.193:38711), 72010551f5024995af9171dcad7990b7 (127.0.107.194:39721)
I20260709 14:46:39.195078  1736 raft_consensus.cc:359] T 565cd8c5fe92451a897bbbf1ced468c8 P 72010551f5024995af9171dcad7990b7 [term 0 FOLLOWER]: Replica starting. Triggering 0 pending ops. Active config: opid_index: -1 OBSOLETE_local: false peers { permanent_uuid: "aff04baf0e914683858bafd64ed4322a" member_type: VOTER last_known_addr { host: "127.0.107.193" port: 38711 } } peers { permanent_uuid: "72010551f5024995af9171dcad7990b7" member_type: VOTER last_known_addr { host: "127.0.107.194" port: 39721 } } peers { permanent_uuid: "0e5ca8ce15204c858093f5ed64ad7348" member_type: VOTER last_known_addr { host: "127.0.107.195" port: 44771 } }
I20260709 14:46:39.197726  1736 raft_consensus.cc:385] T 565cd8c5fe92451a897bbbf1ced468c8 P 72010551f5024995af9171dcad7990b7 [term 0 FOLLOWER]: Consensus starting up: Expiring failure detector timer to make a prompt election more likely
I20260709 14:46:39.197952  1621 tablet_service.cc:1917] Received RequestConsensusVote() RPC: tablet_id: "1d56b26690dd4aeaa1ad7a2c767cbc34" candidate_uuid: "0e5ca8ce15204c858093f5ed64ad7348" candidate_term: 1 candidate_status { last_received { term: 0 index: 0 } } ignore_live_leader: false dest_uuid: "72010551f5024995af9171dcad7990b7"
I20260709 14:46:39.198050  1736 raft_consensus.cc:740] T 565cd8c5fe92451a897bbbf1ced468c8 P 72010551f5024995af9171dcad7990b7 [term 0 FOLLOWER]: Becoming Follower/Learner. State: Replica: 72010551f5024995af9171dcad7990b7, State: Initialized, Role: FOLLOWER
I20260709 14:46:39.198861  1736 consensus_queue.cc:260] T 565cd8c5fe92451a897bbbf1ced468c8 P 72010551f5024995af9171dcad7990b7 [NON_LEADER]: Queue going to NON_LEADER mode. State: All replicated index: 0, Majority replicated index: 0, Committed index: 0, Last appended: 0.0, Last appended by leader: 0, Current term: 0, Majority size: -1, State: 0, Mode: NON_LEADER, active raft config: opid_index: -1 OBSOLETE_local: false peers { permanent_uuid: "aff04baf0e914683858bafd64ed4322a" member_type: VOTER last_known_addr { host: "127.0.107.193" port: 38711 } } peers { permanent_uuid: "72010551f5024995af9171dcad7990b7" member_type: VOTER last_known_addr { host: "127.0.107.194" port: 39721 } } peers { permanent_uuid: "0e5ca8ce15204c858093f5ed64ad7348" member_type: VOTER last_known_addr { host: "127.0.107.195" port: 44771 } }
W20260709 14:46:39.199736  1659 leader_election.cc:343] T 1d56b26690dd4aeaa1ad7a2c767cbc34 P 0e5ca8ce15204c858093f5ed64ad7348 [CANDIDATE]: Term 1 election: Tablet error from VoteRequest() call to peer 72010551f5024995af9171dcad7990b7 (127.0.107.194:39721): Illegal state: must be running to vote when last-logged opid is not known
I20260709 14:46:39.201198  1736 ts_tablet_manager.cc:1434] T 565cd8c5fe92451a897bbbf1ced468c8 P 72010551f5024995af9171dcad7990b7: Time spent starting tablet: real 0.030s	user 0.003s	sys 0.002s
I20260709 14:46:39.202101  1736 tablet_bootstrap.cc:492] T 3e333ec61ab243c3970915ad26c1cdad P 72010551f5024995af9171dcad7990b7: Bootstrap starting.
I20260709 14:46:39.216181  1830 consensus_queue.cc:1048] T f3787e027b92467db66f1ca00febd88f P 0e5ca8ce15204c858093f5ed64ad7348 [LEADER]: Connected to new peer: Peer: permanent_uuid: "aff04baf0e914683858bafd64ed4322a" member_type: VOTER last_known_addr { host: "127.0.107.193" port: 38711 }, Status: LMP_MISMATCH, Last received: 0.0, Next index: 1, Last known committed idx: 0, Time since last communication: 0.000s
I20260709 14:46:39.206135  1543 raft_consensus.cc:2468] T 1d56b26690dd4aeaa1ad7a2c767cbc34 P aff04baf0e914683858bafd64ed4322a [term 1 FOLLOWER]: Leader election vote request: Granting yes vote for candidate 0e5ca8ce15204c858093f5ed64ad7348 in term 1.
I20260709 14:46:39.224611  1737 tablet_bootstrap.cc:492] T df69a88a12724d259eedc1384b7abcc8 P 0e5ca8ce15204c858093f5ed64ad7348: No bootstrap required, opened a new log
I20260709 14:46:39.225099  1737 ts_tablet_manager.cc:1403] T df69a88a12724d259eedc1384b7abcc8 P 0e5ca8ce15204c858093f5ed64ad7348: Time spent bootstrapping tablet: real 0.134s	user 0.007s	sys 0.009s
I20260709 14:46:39.226316  1661 leader_election.cc:304] T 1d56b26690dd4aeaa1ad7a2c767cbc34 P 0e5ca8ce15204c858093f5ed64ad7348 [CANDIDATE]: Term 1 election: Election decided. Result: candidate won. Election summary: received 3 responses out of 3 voters: 2 yes votes; 1 no votes. yes voters: 0e5ca8ce15204c858093f5ed64ad7348, aff04baf0e914683858bafd64ed4322a; no voters: 72010551f5024995af9171dcad7990b7
I20260709 14:46:39.230458  1737 raft_consensus.cc:359] T df69a88a12724d259eedc1384b7abcc8 P 0e5ca8ce15204c858093f5ed64ad7348 [term 0 FOLLOWER]: Replica starting. Triggering 0 pending ops. Active config: opid_index: -1 OBSOLETE_local: false peers { permanent_uuid: "aff04baf0e914683858bafd64ed4322a" member_type: VOTER last_known_addr { host: "127.0.107.193" port: 38711 } } peers { permanent_uuid: "72010551f5024995af9171dcad7990b7" member_type: VOTER last_known_addr { host: "127.0.107.194" port: 39721 } } peers { permanent_uuid: "0e5ca8ce15204c858093f5ed64ad7348" member_type: VOTER last_known_addr { host: "127.0.107.195" port: 44771 } }
I20260709 14:46:39.231160  1737 raft_consensus.cc:385] T df69a88a12724d259eedc1384b7abcc8 P 0e5ca8ce15204c858093f5ed64ad7348 [term 0 FOLLOWER]: Consensus starting up: Expiring failure detector timer to make a prompt election more likely
I20260709 14:46:39.231472  1737 raft_consensus.cc:740] T df69a88a12724d259eedc1384b7abcc8 P 0e5ca8ce15204c858093f5ed64ad7348 [term 0 FOLLOWER]: Becoming Follower/Learner. State: Replica: 0e5ca8ce15204c858093f5ed64ad7348, State: Initialized, Role: FOLLOWER
I20260709 14:46:39.231662  1986 raft_consensus.cc:493] T 565cd8c5fe92451a897bbbf1ced468c8 P 72010551f5024995af9171dcad7990b7 [term 0 FOLLOWER]: Starting pre-election (no leader contacted us within the election timeout)
I20260709 14:46:39.232218  1737 consensus_queue.cc:260] T df69a88a12724d259eedc1384b7abcc8 P 0e5ca8ce15204c858093f5ed64ad7348 [NON_LEADER]: Queue going to NON_LEADER mode. State: All replicated index: 0, Majority replicated index: 0, Committed index: 0, Last appended: 0.0, Last appended by leader: 0, Current term: 0, Majority size: -1, State: 0, Mode: NON_LEADER, active raft config: opid_index: -1 OBSOLETE_local: false peers { permanent_uuid: "aff04baf0e914683858bafd64ed4322a" member_type: VOTER last_known_addr { host: "127.0.107.193" port: 38711 } } peers { permanent_uuid: "72010551f5024995af9171dcad7990b7" member_type: VOTER last_known_addr { host: "127.0.107.194" port: 39721 } } peers { permanent_uuid: "0e5ca8ce15204c858093f5ed64ad7348" member_type: VOTER last_known_addr { host: "127.0.107.195" port: 44771 } }
I20260709 14:46:39.232115  1986 raft_consensus.cc:515] T 565cd8c5fe92451a897bbbf1ced468c8 P 72010551f5024995af9171dcad7990b7 [term 0 FOLLOWER]: Starting pre-election with config: opid_index: -1 OBSOLETE_local: false peers { permanent_uuid: "aff04baf0e914683858bafd64ed4322a" member_type: VOTER last_known_addr { host: "127.0.107.193" port: 38711 } } peers { permanent_uuid: "72010551f5024995af9171dcad7990b7" member_type: VOTER last_known_addr { host: "127.0.107.194" port: 39721 } } peers { permanent_uuid: "0e5ca8ce15204c858093f5ed64ad7348" member_type: VOTER last_known_addr { host: "127.0.107.195" port: 44771 } }
I20260709 14:46:39.235899  1737 ts_tablet_manager.cc:1434] T df69a88a12724d259eedc1384b7abcc8 P 0e5ca8ce15204c858093f5ed64ad7348: Time spent starting tablet: real 0.011s	user 0.002s	sys 0.003s
I20260709 14:46:39.236217  1986 leader_election.cc:290] T 565cd8c5fe92451a897bbbf1ced468c8 P 72010551f5024995af9171dcad7990b7 [CANDIDATE]: Term 1 pre-election: Requested pre-vote from peers aff04baf0e914683858bafd64ed4322a (127.0.107.193:38711), 0e5ca8ce15204c858093f5ed64ad7348 (127.0.107.195:44771)
I20260709 14:46:39.236794  1737 tablet_bootstrap.cc:492] T d07ba765a42e4d588fb1c583a52263ec P 0e5ca8ce15204c858093f5ed64ad7348: Bootstrap starting.
I20260709 14:46:39.237560  1541 tablet_service.cc:1917] Received RequestConsensusVote() RPC: tablet_id: "565cd8c5fe92451a897bbbf1ced468c8" candidate_uuid: "72010551f5024995af9171dcad7990b7" candidate_term: 1 candidate_status { last_received { term: 0 index: 0 } } ignore_live_leader: false dest_uuid: "aff04baf0e914683858bafd64ed4322a" is_pre_election: true
I20260709 14:46:39.227759  1828 raft_consensus.cc:2804] T 1d56b26690dd4aeaa1ad7a2c767cbc34 P 0e5ca8ce15204c858093f5ed64ad7348 [term 1 FOLLOWER]: Leader election won for term 1
I20260709 14:46:39.239471  1691 tablet_service.cc:1917] Received RequestConsensusVote() RPC: tablet_id: "565cd8c5fe92451a897bbbf1ced468c8" candidate_uuid: "72010551f5024995af9171dcad7990b7" candidate_term: 1 candidate_status { last_received { term: 0 index: 0 } } ignore_live_leader: false dest_uuid: "0e5ca8ce15204c858093f5ed64ad7348" is_pre_election: true
I20260709 14:46:39.240165  1691 raft_consensus.cc:2393] T 565cd8c5fe92451a897bbbf1ced468c8 P 0e5ca8ce15204c858093f5ed64ad7348 [term 1 FOLLOWER]: Leader pre-election vote request: Denying vote to candidate 72010551f5024995af9171dcad7990b7 in current term 1: Already voted for candidate aff04baf0e914683858bafd64ed4322a in this term.
I20260709 14:46:39.241812  1584 leader_election.cc:304] T 565cd8c5fe92451a897bbbf1ced468c8 P 72010551f5024995af9171dcad7990b7 [CANDIDATE]: Term 1 pre-election: Election decided. Result: candidate lost. Election summary: received 3 responses out of 3 voters: 1 yes votes; 2 no votes. yes voters: 72010551f5024995af9171dcad7990b7; no voters: 0e5ca8ce15204c858093f5ed64ad7348, aff04baf0e914683858bafd64ed4322a
I20260709 14:46:39.243207  1775 raft_consensus.cc:3060] T 565cd8c5fe92451a897bbbf1ced468c8 P 72010551f5024995af9171dcad7990b7 [term 0 FOLLOWER]: Advancing to term 1
I20260709 14:46:39.243691  1941 consensus_queue.cc:1048] T a0fd98cecf9a4b4e841cda58bd24b940 P 0e5ca8ce15204c858093f5ed64ad7348 [LEADER]: Connected to new peer: Peer: permanent_uuid: "72010551f5024995af9171dcad7990b7" member_type: VOTER last_known_addr { host: "127.0.107.194" port: 39721 }, Status: LMP_MISMATCH, Last received: 0.0, Next index: 1, Last known committed idx: 0, Time since last communication: 0.000s
I20260709 14:46:39.242941  1828 raft_consensus.cc:697] T 1d56b26690dd4aeaa1ad7a2c767cbc34 P 0e5ca8ce15204c858093f5ed64ad7348 [term 1 LEADER]: Becoming Leader. State: Replica: 0e5ca8ce15204c858093f5ed64ad7348, State: Running, Role: LEADER
I20260709 14:46:39.253986  1830 raft_consensus.cc:493] T df69a88a12724d259eedc1384b7abcc8 P 0e5ca8ce15204c858093f5ed64ad7348 [term 0 FOLLOWER]: Starting pre-election (no leader contacted us within the election timeout)
I20260709 14:46:39.254490  1735 tablet_bootstrap.cc:492] T 7c806e33c3a44a1d8efc09216dc9b8ef P aff04baf0e914683858bafd64ed4322a: No bootstrap required, opened a new log
I20260709 14:46:39.254907  1735 ts_tablet_manager.cc:1403] T 7c806e33c3a44a1d8efc09216dc9b8ef P aff04baf0e914683858bafd64ed4322a: Time spent bootstrapping tablet: real 0.120s	user 0.016s	sys 0.007s
I20260709 14:46:39.254694  1830 raft_consensus.cc:515] T df69a88a12724d259eedc1384b7abcc8 P 0e5ca8ce15204c858093f5ed64ad7348 [term 0 FOLLOWER]: Starting pre-election with config: opid_index: -1 OBSOLETE_local: false peers { permanent_uuid: "aff04baf0e914683858bafd64ed4322a" member_type: VOTER last_known_addr { host: "127.0.107.193" port: 38711 } } peers { permanent_uuid: "72010551f5024995af9171dcad7990b7" member_type: VOTER last_known_addr { host: "127.0.107.194" port: 39721 } } peers { permanent_uuid: "0e5ca8ce15204c858093f5ed64ad7348" member_type: VOTER last_known_addr { host: "127.0.107.195" port: 44771 } }
I20260709 14:46:39.255489  1775 raft_consensus.cc:2749] T 565cd8c5fe92451a897bbbf1ced468c8 P 72010551f5024995af9171dcad7990b7 [term 1 FOLLOWER]: Leader pre-election lost for term 1. Reason: could not achieve majority
I20260709 14:46:39.252957  1828 consensus_queue.cc:237] T 1d56b26690dd4aeaa1ad7a2c767cbc34 P 0e5ca8ce15204c858093f5ed64ad7348 [LEADER]: Queue going to LEADER mode. State: All replicated index: 0, Majority replicated index: 0, Committed index: 0, Last appended: 0.0, Last appended by leader: 0, Current term: 1, Majority size: 2, State: 0, Mode: LEADER, active raft config: opid_index: -1 OBSOLETE_local: false peers { permanent_uuid: "aff04baf0e914683858bafd64ed4322a" member_type: VOTER last_known_addr { host: "127.0.107.193" port: 38711 } } peers { permanent_uuid: "72010551f5024995af9171dcad7990b7" member_type: VOTER last_known_addr { host: "127.0.107.194" port: 39721 } } peers { permanent_uuid: "0e5ca8ce15204c858093f5ed64ad7348" member_type: VOTER last_known_addr { host: "127.0.107.195" port: 44771 } }
I20260709 14:46:39.258965  1830 leader_election.cc:290] T df69a88a12724d259eedc1384b7abcc8 P 0e5ca8ce15204c858093f5ed64ad7348 [CANDIDATE]: Term 1 pre-election: Requested pre-vote from peers aff04baf0e914683858bafd64ed4322a (127.0.107.193:38711), 72010551f5024995af9171dcad7990b7 (127.0.107.194:39721)
I20260709 14:46:39.260207  1736 tablet_bootstrap.cc:654] T 3e333ec61ab243c3970915ad26c1cdad P 72010551f5024995af9171dcad7990b7: Neither blocks nor log segments found. Creating new log.
I20260709 14:46:39.260505  1544 tablet_service.cc:1917] Received RequestConsensusVote() RPC: tablet_id: "df69a88a12724d259eedc1384b7abcc8" candidate_uuid: "0e5ca8ce15204c858093f5ed64ad7348" candidate_term: 1 candidate_status { last_received { term: 0 index: 0 } } ignore_live_leader: false dest_uuid: "aff04baf0e914683858bafd64ed4322a" is_pre_election: true
I20260709 14:46:39.261098  1621 tablet_service.cc:1917] Received RequestConsensusVote() RPC: tablet_id: "df69a88a12724d259eedc1384b7abcc8" candidate_uuid: "0e5ca8ce15204c858093f5ed64ad7348" candidate_term: 1 candidate_status { last_received { term: 0 index: 0 } } ignore_live_leader: false dest_uuid: "72010551f5024995af9171dcad7990b7" is_pre_election: true
W20260709 14:46:39.271926  1661 leader_election.cc:343] T df69a88a12724d259eedc1384b7abcc8 P 0e5ca8ce15204c858093f5ed64ad7348 [CANDIDATE]: Term 1 pre-election: Tablet error from VoteRequest() call to peer aff04baf0e914683858bafd64ed4322a (127.0.107.193:38711): Illegal state: must be running to vote when last-logged opid is not known
I20260709 14:46:39.264858  1737 tablet_bootstrap.cc:654] T d07ba765a42e4d588fb1c583a52263ec P 0e5ca8ce15204c858093f5ed64ad7348: Neither blocks nor log segments found. Creating new log.
I20260709 14:46:39.265611  1735 raft_consensus.cc:359] T 7c806e33c3a44a1d8efc09216dc9b8ef P aff04baf0e914683858bafd64ed4322a [term 0 FOLLOWER]: Replica starting. Triggering 0 pending ops. Active config: opid_index: -1 OBSOLETE_local: false peers { permanent_uuid: "aff04baf0e914683858bafd64ed4322a" member_type: VOTER last_known_addr { host: "127.0.107.193" port: 38711 } } peers { permanent_uuid: "72010551f5024995af9171dcad7990b7" member_type: VOTER last_known_addr { host: "127.0.107.194" port: 39721 } } peers { permanent_uuid: "0e5ca8ce15204c858093f5ed64ad7348" member_type: VOTER last_known_addr { host: "127.0.107.195" port: 44771 } }
I20260709 14:46:39.276820  1735 raft_consensus.cc:385] T 7c806e33c3a44a1d8efc09216dc9b8ef P aff04baf0e914683858bafd64ed4322a [term 0 FOLLOWER]: Consensus starting up: Expiring failure detector timer to make a prompt election more likely
I20260709 14:46:39.277156  1735 raft_consensus.cc:740] T 7c806e33c3a44a1d8efc09216dc9b8ef P aff04baf0e914683858bafd64ed4322a [term 0 FOLLOWER]: Becoming Follower/Learner. State: Replica: aff04baf0e914683858bafd64ed4322a, State: Initialized, Role: FOLLOWER
I20260709 14:46:39.277823  1441 catalog_manager.cc:5697] T 1d56b26690dd4aeaa1ad7a2c767cbc34 P 0e5ca8ce15204c858093f5ed64ad7348 reported cstate change: term changed from 0 to 1, leader changed from <none> to 0e5ca8ce15204c858093f5ed64ad7348 (127.0.107.195). New cstate: current_term: 1 leader_uuid: "0e5ca8ce15204c858093f5ed64ad7348" committed_config { opid_index: -1 OBSOLETE_local: false peers { permanent_uuid: "aff04baf0e914683858bafd64ed4322a" member_type: VOTER last_known_addr { host: "127.0.107.193" port: 38711 } health_report { overall_health: UNKNOWN } } peers { permanent_uuid: "72010551f5024995af9171dcad7990b7" member_type: VOTER last_known_addr { host: "127.0.107.194" port: 39721 } health_report { overall_health: UNKNOWN } } peers { permanent_uuid: "0e5ca8ce15204c858093f5ed64ad7348" member_type: VOTER last_known_addr { host: "127.0.107.195" port: 44771 } health_report { overall_health: HEALTHY } } }
I20260709 14:46:39.277880  1735 consensus_queue.cc:260] T 7c806e33c3a44a1d8efc09216dc9b8ef P aff04baf0e914683858bafd64ed4322a [NON_LEADER]: Queue going to NON_LEADER mode. State: All replicated index: 0, Majority replicated index: 0, Committed index: 0, Last appended: 0.0, Last appended by leader: 0, Current term: 0, Majority size: -1, State: 0, Mode: NON_LEADER, active raft config: opid_index: -1 OBSOLETE_local: false peers { permanent_uuid: "aff04baf0e914683858bafd64ed4322a" member_type: VOTER last_known_addr { host: "127.0.107.193" port: 38711 } } peers { permanent_uuid: "72010551f5024995af9171dcad7990b7" member_type: VOTER last_known_addr { host: "127.0.107.194" port: 39721 } } peers { permanent_uuid: "0e5ca8ce15204c858093f5ed64ad7348" member_type: VOTER last_known_addr { host: "127.0.107.195" port: 44771 } }
W20260709 14:46:39.277889  1659 leader_election.cc:343] T df69a88a12724d259eedc1384b7abcc8 P 0e5ca8ce15204c858093f5ed64ad7348 [CANDIDATE]: Term 1 pre-election: Tablet error from VoteRequest() call to peer 72010551f5024995af9171dcad7990b7 (127.0.107.194:39721): Illegal state: must be running to vote when last-logged opid is not known
I20260709 14:46:39.280177  1659 leader_election.cc:304] T df69a88a12724d259eedc1384b7abcc8 P 0e5ca8ce15204c858093f5ed64ad7348 [CANDIDATE]: Term 1 pre-election: Election decided. Result: candidate lost. Election summary: received 3 responses out of 3 voters: 1 yes votes; 2 no votes. yes voters: 0e5ca8ce15204c858093f5ed64ad7348; no voters: 72010551f5024995af9171dcad7990b7, aff04baf0e914683858bafd64ed4322a
I20260709 14:46:39.280787  1828 raft_consensus.cc:2749] T df69a88a12724d259eedc1384b7abcc8 P 0e5ca8ce15204c858093f5ed64ad7348 [term 0 FOLLOWER]: Leader pre-election lost for term 1. Reason: could not achieve majority
I20260709 14:46:39.281610  1735 ts_tablet_manager.cc:1434] T 7c806e33c3a44a1d8efc09216dc9b8ef P aff04baf0e914683858bafd64ed4322a: Time spent starting tablet: real 0.026s	user 0.007s	sys 0.000s
I20260709 14:46:39.284071  1735 tablet_bootstrap.cc:492] T dfc1de5907714e2f8c7f6e12371ccf1a P aff04baf0e914683858bafd64ed4322a: Bootstrap starting.
I20260709 14:46:39.291775  1940 consensus_queue.cc:1048] T eacc7955beb8457db48270d3300c88c1 P aff04baf0e914683858bafd64ed4322a [LEADER]: Connected to new peer: Peer: permanent_uuid: "72010551f5024995af9171dcad7990b7" member_type: VOTER last_known_addr { host: "127.0.107.194" port: 39721 }, Status: LMP_MISMATCH, Last received: 0.0, Next index: 1, Last known committed idx: 0, Time since last communication: 0.000s
I20260709 14:46:39.300050  1736 tablet_bootstrap.cc:492] T 3e333ec61ab243c3970915ad26c1cdad P 72010551f5024995af9171dcad7990b7: No bootstrap required, opened a new log
I20260709 14:46:39.300510  1736 ts_tablet_manager.cc:1403] T 3e333ec61ab243c3970915ad26c1cdad P 72010551f5024995af9171dcad7990b7: Time spent bootstrapping tablet: real 0.099s	user 0.005s	sys 0.004s
I20260709 14:46:39.307752  1737 tablet_bootstrap.cc:492] T d07ba765a42e4d588fb1c583a52263ec P 0e5ca8ce15204c858093f5ed64ad7348: No bootstrap required, opened a new log
I20260709 14:46:39.308164  1737 ts_tablet_manager.cc:1403] T d07ba765a42e4d588fb1c583a52263ec P 0e5ca8ce15204c858093f5ed64ad7348: Time spent bootstrapping tablet: real 0.072s	user 0.013s	sys 0.017s
I20260709 14:46:39.308161  1736 raft_consensus.cc:359] T 3e333ec61ab243c3970915ad26c1cdad P 72010551f5024995af9171dcad7990b7 [term 0 FOLLOWER]: Replica starting. Triggering 0 pending ops. Active config: opid_index: -1 OBSOLETE_local: false peers { permanent_uuid: "aff04baf0e914683858bafd64ed4322a" member_type: VOTER last_known_addr { host: "127.0.107.193" port: 38711 } } peers { permanent_uuid: "72010551f5024995af9171dcad7990b7" member_type: VOTER last_known_addr { host: "127.0.107.194" port: 39721 } } peers { permanent_uuid: "0e5ca8ce15204c858093f5ed64ad7348" member_type: VOTER last_known_addr { host: "127.0.107.195" port: 44771 } }
I20260709 14:46:39.310496  1736 raft_consensus.cc:385] T 3e333ec61ab243c3970915ad26c1cdad P 72010551f5024995af9171dcad7990b7 [term 0 FOLLOWER]: Consensus starting up: Expiring failure detector timer to make a prompt election more likely
I20260709 14:46:39.310748  1736 raft_consensus.cc:740] T 3e333ec61ab243c3970915ad26c1cdad P 72010551f5024995af9171dcad7990b7 [term 0 FOLLOWER]: Becoming Follower/Learner. State: Replica: 72010551f5024995af9171dcad7990b7, State: Initialized, Role: FOLLOWER
I20260709 14:46:39.310998  1737 raft_consensus.cc:359] T d07ba765a42e4d588fb1c583a52263ec P 0e5ca8ce15204c858093f5ed64ad7348 [term 0 FOLLOWER]: Replica starting. Triggering 0 pending ops. Active config: opid_index: -1 OBSOLETE_local: false peers { permanent_uuid: "aff04baf0e914683858bafd64ed4322a" member_type: VOTER last_known_addr { host: "127.0.107.193" port: 38711 } } peers { permanent_uuid: "72010551f5024995af9171dcad7990b7" member_type: VOTER last_known_addr { host: "127.0.107.194" port: 39721 } } peers { permanent_uuid: "0e5ca8ce15204c858093f5ed64ad7348" member_type: VOTER last_known_addr { host: "127.0.107.195" port: 44771 } }
I20260709 14:46:39.311625  1737 raft_consensus.cc:385] T d07ba765a42e4d588fb1c583a52263ec P 0e5ca8ce15204c858093f5ed64ad7348 [term 0 FOLLOWER]: Consensus starting up: Expiring failure detector timer to make a prompt election more likely
I20260709 14:46:39.311331  1736 consensus_queue.cc:260] T 3e333ec61ab243c3970915ad26c1cdad P 72010551f5024995af9171dcad7990b7 [NON_LEADER]: Queue going to NON_LEADER mode. State: All replicated index: 0, Majority replicated index: 0, Committed index: 0, Last appended: 0.0, Last appended by leader: 0, Current term: 0, Majority size: -1, State: 0, Mode: NON_LEADER, active raft config: opid_index: -1 OBSOLETE_local: false peers { permanent_uuid: "aff04baf0e914683858bafd64ed4322a" member_type: VOTER last_known_addr { host: "127.0.107.193" port: 38711 } } peers { permanent_uuid: "72010551f5024995af9171dcad7990b7" member_type: VOTER last_known_addr { host: "127.0.107.194" port: 39721 } } peers { permanent_uuid: "0e5ca8ce15204c858093f5ed64ad7348" member_type: VOTER last_known_addr { host: "127.0.107.195" port: 44771 } }
I20260709 14:46:39.311878  1737 raft_consensus.cc:740] T d07ba765a42e4d588fb1c583a52263ec P 0e5ca8ce15204c858093f5ed64ad7348 [term 0 FOLLOWER]: Becoming Follower/Learner. State: Replica: 0e5ca8ce15204c858093f5ed64ad7348, State: Initialized, Role: FOLLOWER
I20260709 14:46:39.312376  1735 tablet_bootstrap.cc:654] T dfc1de5907714e2f8c7f6e12371ccf1a P aff04baf0e914683858bafd64ed4322a: Neither blocks nor log segments found. Creating new log.
I20260709 14:46:39.312274  1938 consensus_queue.cc:1048] T eacc7955beb8457db48270d3300c88c1 P aff04baf0e914683858bafd64ed4322a [LEADER]: Connected to new peer: Peer: permanent_uuid: "0e5ca8ce15204c858093f5ed64ad7348" member_type: VOTER last_known_addr { host: "127.0.107.195" port: 44771 }, Status: LMP_MISMATCH, Last received: 0.0, Next index: 1, Last known committed idx: 0, Time since last communication: 0.000s
I20260709 14:46:39.312554  1737 consensus_queue.cc:260] T d07ba765a42e4d588fb1c583a52263ec P 0e5ca8ce15204c858093f5ed64ad7348 [NON_LEADER]: Queue going to NON_LEADER mode. State: All replicated index: 0, Majority replicated index: 0, Committed index: 0, Last appended: 0.0, Last appended by leader: 0, Current term: 0, Majority size: -1, State: 0, Mode: NON_LEADER, active raft config: opid_index: -1 OBSOLETE_local: false peers { permanent_uuid: "aff04baf0e914683858bafd64ed4322a" member_type: VOTER last_known_addr { host: "127.0.107.193" port: 38711 } } peers { permanent_uuid: "72010551f5024995af9171dcad7990b7" member_type: VOTER last_known_addr { host: "127.0.107.194" port: 39721 } } peers { permanent_uuid: "0e5ca8ce15204c858093f5ed64ad7348" member_type: VOTER last_known_addr { host: "127.0.107.195" port: 44771 } }
I20260709 14:46:39.315871  1736 ts_tablet_manager.cc:1434] T 3e333ec61ab243c3970915ad26c1cdad P 72010551f5024995af9171dcad7990b7: Time spent starting tablet: real 0.015s	user 0.005s	sys 0.000s
I20260709 14:46:39.317445  1929 raft_consensus.cc:493] T dfc1de5907714e2f8c7f6e12371ccf1a P 0e5ca8ce15204c858093f5ed64ad7348 [term 0 FOLLOWER]: Starting pre-election (no leader contacted us within the election timeout)
I20260709 14:46:39.317885  1929 raft_consensus.cc:515] T dfc1de5907714e2f8c7f6e12371ccf1a P 0e5ca8ce15204c858093f5ed64ad7348 [term 0 FOLLOWER]: Starting pre-election with config: opid_index: -1 OBSOLETE_local: false peers { permanent_uuid: "aff04baf0e914683858bafd64ed4322a" member_type: VOTER last_known_addr { host: "127.0.107.193" port: 38711 } } peers { permanent_uuid: "72010551f5024995af9171dcad7990b7" member_type: VOTER last_known_addr { host: "127.0.107.194" port: 39721 } } peers { permanent_uuid: "0e5ca8ce15204c858093f5ed64ad7348" member_type: VOTER last_known_addr { host: "127.0.107.195" port: 44771 } }
I20260709 14:46:39.318688  1736 tablet_bootstrap.cc:492] T 571192426f264a80b05bbf35e3ae5070 P 72010551f5024995af9171dcad7990b7: Bootstrap starting.
I20260709 14:46:39.319343  1737 ts_tablet_manager.cc:1434] T d07ba765a42e4d588fb1c583a52263ec P 0e5ca8ce15204c858093f5ed64ad7348: Time spent starting tablet: real 0.011s	user 0.005s	sys 0.000s
I20260709 14:46:39.319818  1929 leader_election.cc:290] T dfc1de5907714e2f8c7f6e12371ccf1a P 0e5ca8ce15204c858093f5ed64ad7348 [CANDIDATE]: Term 1 pre-election: Requested pre-vote from peers aff04baf0e914683858bafd64ed4322a (127.0.107.193:38711), 72010551f5024995af9171dcad7990b7 (127.0.107.194:39721)
I20260709 14:46:39.320137  1737 tablet_bootstrap.cc:492] T a0d79dc96a184449a0211878397d27e0 P 0e5ca8ce15204c858093f5ed64ad7348: Bootstrap starting.
I20260709 14:46:39.326143  1618 tablet_service.cc:1917] Received RequestConsensusVote() RPC: tablet_id: "dfc1de5907714e2f8c7f6e12371ccf1a" candidate_uuid: "0e5ca8ce15204c858093f5ed64ad7348" candidate_term: 1 candidate_status { last_received { term: 0 index: 0 } } ignore_live_leader: false dest_uuid: "72010551f5024995af9171dcad7990b7" is_pre_election: true
I20260709 14:46:39.329520  1543 tablet_service.cc:1917] Received RequestConsensusVote() RPC: tablet_id: "dfc1de5907714e2f8c7f6e12371ccf1a" candidate_uuid: "0e5ca8ce15204c858093f5ed64ad7348" candidate_term: 1 candidate_status { last_received { term: 0 index: 0 } } ignore_live_leader: false dest_uuid: "aff04baf0e914683858bafd64ed4322a" is_pre_election: true
W20260709 14:46:39.332708  1661 leader_election.cc:343] T dfc1de5907714e2f8c7f6e12371ccf1a P 0e5ca8ce15204c858093f5ed64ad7348 [CANDIDATE]: Term 1 pre-election: Tablet error from VoteRequest() call to peer aff04baf0e914683858bafd64ed4322a (127.0.107.193:38711): Illegal state: must be running to vote when last-logged opid is not known
I20260709 14:46:39.333667  1828 consensus_queue.cc:1048] T bd00c247f3e4451d9a08cb46e512e46f P 0e5ca8ce15204c858093f5ed64ad7348 [LEADER]: Connected to new peer: Peer: permanent_uuid: "aff04baf0e914683858bafd64ed4322a" member_type: VOTER last_known_addr { host: "127.0.107.193" port: 38711 }, Status: LMP_MISMATCH, Last received: 0.0, Next index: 1, Last known committed idx: 0, Time since last communication: 0.000s
W20260709 14:46:39.337529  1659 leader_election.cc:343] T dfc1de5907714e2f8c7f6e12371ccf1a P 0e5ca8ce15204c858093f5ed64ad7348 [CANDIDATE]: Term 1 pre-election: Tablet error from VoteRequest() call to peer 72010551f5024995af9171dcad7990b7 (127.0.107.194:39721): Illegal state: must be running to vote when last-logged opid is not known
I20260709 14:46:39.337944  1659 leader_election.cc:304] T dfc1de5907714e2f8c7f6e12371ccf1a P 0e5ca8ce15204c858093f5ed64ad7348 [CANDIDATE]: Term 1 pre-election: Election decided. Result: candidate lost. Election summary: received 3 responses out of 3 voters: 1 yes votes; 2 no votes. yes voters: 0e5ca8ce15204c858093f5ed64ad7348; no voters: 72010551f5024995af9171dcad7990b7, aff04baf0e914683858bafd64ed4322a
I20260709 14:46:39.338344  1736 tablet_bootstrap.cc:654] T 571192426f264a80b05bbf35e3ae5070 P 72010551f5024995af9171dcad7990b7: Neither blocks nor log segments found. Creating new log.
I20260709 14:46:39.339488  1872 raft_consensus.cc:2749] T dfc1de5907714e2f8c7f6e12371ccf1a P 0e5ca8ce15204c858093f5ed64ad7348 [term 0 FOLLOWER]: Leader pre-election lost for term 1. Reason: could not achieve majority
I20260709 14:46:39.347056  1775 raft_consensus.cc:493] T bd00c247f3e4451d9a08cb46e512e46f P 72010551f5024995af9171dcad7990b7 [term 0 FOLLOWER]: Starting pre-election (no leader contacted us within the election timeout)
I20260709 14:46:39.347503  1775 raft_consensus.cc:515] T bd00c247f3e4451d9a08cb46e512e46f P 72010551f5024995af9171dcad7990b7 [term 0 FOLLOWER]: Starting pre-election with config: opid_index: -1 OBSOLETE_local: false peers { permanent_uuid: "aff04baf0e914683858bafd64ed4322a" member_type: VOTER last_known_addr { host: "127.0.107.193" port: 38711 } } peers { permanent_uuid: "72010551f5024995af9171dcad7990b7" member_type: VOTER last_known_addr { host: "127.0.107.194" port: 39721 } } peers { permanent_uuid: "0e5ca8ce15204c858093f5ed64ad7348" member_type: VOTER last_known_addr { host: "127.0.107.195" port: 44771 } }
I20260709 14:46:39.350241  1775 leader_election.cc:290] T bd00c247f3e4451d9a08cb46e512e46f P 72010551f5024995af9171dcad7990b7 [CANDIDATE]: Term 1 pre-election: Requested pre-vote from peers aff04baf0e914683858bafd64ed4322a (127.0.107.193:38711), 0e5ca8ce15204c858093f5ed64ad7348 (127.0.107.195:44771)
I20260709 14:46:39.356830  1690 tablet_service.cc:1917] Received RequestConsensusVote() RPC: tablet_id: "bd00c247f3e4451d9a08cb46e512e46f" candidate_uuid: "72010551f5024995af9171dcad7990b7" candidate_term: 1 candidate_status { last_received { term: 0 index: 0 } } ignore_live_leader: false dest_uuid: "0e5ca8ce15204c858093f5ed64ad7348" is_pre_election: true
I20260709 14:46:39.356657  1621 raft_consensus.cc:3060] T bd00c247f3e4451d9a08cb46e512e46f P 72010551f5024995af9171dcad7990b7 [term 0 FOLLOWER]: Advancing to term 1
