I20260709 14:46:17.775923   715 consensus_queue.cc:260] T dd37f0eadf504101b602dce6642fca03 P 25fcba6953e24b9486ec93c23a5646d8 [NON_LEADER]: Queue going to NON_LEADER mode. State: All replicated index: 0, Majority replicated index: 2, Committed index: 2, Last appended: 2.2, Last appended by leader: 2, Current term: 2, Majority size: -1, State: 0, Mode: NON_LEADER, active raft config: opid_index: -1 OBSOLETE_local: false peers { permanent_uuid: "d2ea3fb83c604c88936cdfa1201c72af" member_type: VOTER last_known_addr { host: "127.0.107.193" port: 41661 } } peers { permanent_uuid: "ff16fe010fc74f2f9f3dc8ee35071d43" member_type: VOTER last_known_addr { host: "127.0.107.194" port: 42313 } } peers { permanent_uuid: "25fcba6953e24b9486ec93c23a5646d8" member_type: VOTER last_known_addr { host: "127.0.107.195" port: 41519 } }
I20260709 14:46:17.776676   715 raft_consensus.cc:3060] T dd37f0eadf504101b602dce6642fca03 P 25fcba6953e24b9486ec93c23a5646d8 [term 2 FOLLOWER]: Advancing to term 3
I20260709 14:46:17.780289   564 raft_consensus.cc:2468] T dd37f0eadf504101b602dce6642fca03 P d2ea3fb83c604c88936cdfa1201c72af [term 3 FOLLOWER]: Leader election vote request: Granting yes vote for candidate ff16fe010fc74f2f9f3dc8ee35071d43 in term 3.
I20260709 14:46:17.780757   715 raft_consensus.cc:2468] T dd37f0eadf504101b602dce6642fca03 P 25fcba6953e24b9486ec93c23a5646d8 [term 3 FOLLOWER]: Leader election vote request: Granting yes vote for candidate ff16fe010fc74f2f9f3dc8ee35071d43 in term 3.
I20260709 14:46:17.781785   606 leader_election.cc:304] T dd37f0eadf504101b602dce6642fca03 P ff16fe010fc74f2f9f3dc8ee35071d43 [CANDIDATE]: Term 3 election: Election decided. Result: candidate won. Election summary: received 2 responses out of 3 voters: 2 yes votes; 0 no votes. yes voters: d2ea3fb83c604c88936cdfa1201c72af, ff16fe010fc74f2f9f3dc8ee35071d43; no voters: 
I20260709 14:46:17.782094   871 raft_consensus.cc:993] T 4ff95ca3a53641c9a998fdfb3ee8b7b7 P d2ea3fb83c604c88936cdfa1201c72af: : Instructing follower ff16fe010fc74f2f9f3dc8ee35071d43 to start an election
I20260709 14:46:17.782483   861 raft_consensus.cc:1081] T 4ff95ca3a53641c9a998fdfb3ee8b7b7 P d2ea3fb83c604c88936cdfa1201c72af [term 2 LEADER]: Signalling peer ff16fe010fc74f2f9f3dc8ee35071d43 to start an election
I20260709 14:46:17.782436   854 raft_consensus.cc:2804] T dd37f0eadf504101b602dce6642fca03 P ff16fe010fc74f2f9f3dc8ee35071d43 [term 3 FOLLOWER]: Leader election won for term 3
I20260709 14:46:17.783398   854 raft_consensus.cc:697] T dd37f0eadf504101b602dce6642fca03 P ff16fe010fc74f2f9f3dc8ee35071d43 [term 3 LEADER]: Becoming Leader. State: Replica: ff16fe010fc74f2f9f3dc8ee35071d43, State: Running, Role: LEADER
I20260709 14:46:17.783903   640 tablet_service.cc:2044] Received Run Leader Election RPC: tablet_id: "4ff95ca3a53641c9a998fdfb3ee8b7b7"
dest_uuid: "ff16fe010fc74f2f9f3dc8ee35071d43"
 from {username='slave'} at 127.0.0.1:33250
I20260709 14:46:17.784302   640 raft_consensus.cc:493] T 4ff95ca3a53641c9a998fdfb3ee8b7b7 P ff16fe010fc74f2f9f3dc8ee35071d43 [term 2 FOLLOWER]: Starting forced leader election (received explicit request)
I20260709 14:46:17.784124   854 consensus_queue.cc:237] T dd37f0eadf504101b602dce6642fca03 P ff16fe010fc74f2f9f3dc8ee35071d43 [LEADER]: Queue going to LEADER mode. State: All replicated index: 0, Majority replicated index: 2, Committed index: 2, Last appended: 2.2, Last appended by leader: 2, Current term: 3, Majority size: 2, State: 0, Mode: LEADER, active raft config: opid_index: -1 OBSOLETE_local: false peers { permanent_uuid: "d2ea3fb83c604c88936cdfa1201c72af" member_type: VOTER last_known_addr { host: "127.0.107.193" port: 41661 } } peers { permanent_uuid: "ff16fe010fc74f2f9f3dc8ee35071d43" member_type: VOTER last_known_addr { host: "127.0.107.194" port: 42313 } } peers { permanent_uuid: "25fcba6953e24b9486ec93c23a5646d8" member_type: VOTER last_known_addr { host: "127.0.107.195" port: 41519 } }
I20260709 14:46:17.784571   640 raft_consensus.cc:3060] T 4ff95ca3a53641c9a998fdfb3ee8b7b7 P ff16fe010fc74f2f9f3dc8ee35071d43 [term 2 FOLLOWER]: Advancing to term 3
I20260709 14:46:17.789173   640 raft_consensus.cc:515] T 4ff95ca3a53641c9a998fdfb3ee8b7b7 P ff16fe010fc74f2f9f3dc8ee35071d43 [term 3 FOLLOWER]: Starting forced leader election with config: opid_index: -1 OBSOLETE_local: false peers { permanent_uuid: "ff16fe010fc74f2f9f3dc8ee35071d43" member_type: VOTER last_known_addr { host: "127.0.107.194" port: 42313 } } peers { permanent_uuid: "25fcba6953e24b9486ec93c23a5646d8" member_type: VOTER last_known_addr { host: "127.0.107.195" port: 41519 } } peers { permanent_uuid: "d2ea3fb83c604c88936cdfa1201c72af" member_type: VOTER last_known_addr { host: "127.0.107.193" port: 41661 } }
I20260709 14:46:17.789260   463 catalog_manager.cc:5697] T dd37f0eadf504101b602dce6642fca03 P ff16fe010fc74f2f9f3dc8ee35071d43 reported cstate change: term changed from 2 to 3, leader changed from 25fcba6953e24b9486ec93c23a5646d8 (127.0.107.195) to ff16fe010fc74f2f9f3dc8ee35071d43 (127.0.107.194). New cstate: current_term: 3 leader_uuid: "ff16fe010fc74f2f9f3dc8ee35071d43" committed_config { opid_index: -1 OBSOLETE_local: false peers { permanent_uuid: "d2ea3fb83c604c88936cdfa1201c72af" member_type: VOTER last_known_addr { host: "127.0.107.193" port: 41661 } health_report { overall_health: UNKNOWN } } peers { permanent_uuid: "ff16fe010fc74f2f9f3dc8ee35071d43" member_type: VOTER last_known_addr { host: "127.0.107.194" port: 42313 } health_report { overall_health: HEALTHY } } peers { permanent_uuid: "25fcba6953e24b9486ec93c23a5646d8" member_type: VOTER last_known_addr { host: "127.0.107.195" port: 41519 } health_report { overall_health: UNKNOWN } } }
I20260709 14:46:17.790661   640 leader_election.cc:290] T 4ff95ca3a53641c9a998fdfb3ee8b7b7 P ff16fe010fc74f2f9f3dc8ee35071d43 [CANDIDATE]: Term 3 election: Requested vote from peers 25fcba6953e24b9486ec93c23a5646d8 (127.0.107.195:41519), d2ea3fb83c604c88936cdfa1201c72af (127.0.107.193:41661)
I20260709 14:46:17.791225   715 tablet_service.cc:1917] Received RequestConsensusVote() RPC: tablet_id: "4ff95ca3a53641c9a998fdfb3ee8b7b7" candidate_uuid: "ff16fe010fc74f2f9f3dc8ee35071d43" candidate_term: 3 candidate_status { last_received { term: 2 index: 2 } } ignore_live_leader: true dest_uuid: "25fcba6953e24b9486ec93c23a5646d8"
I20260709 14:46:17.791419   564 tablet_service.cc:1917] Received RequestConsensusVote() RPC: tablet_id: "4ff95ca3a53641c9a998fdfb3ee8b7b7" candidate_uuid: "ff16fe010fc74f2f9f3dc8ee35071d43" candidate_term: 3 candidate_status { last_received { term: 2 index: 2 } } ignore_live_leader: true dest_uuid: "d2ea3fb83c604c88936cdfa1201c72af"
I20260709 14:46:17.791757   715 raft_consensus.cc:3060] T 4ff95ca3a53641c9a998fdfb3ee8b7b7 P 25fcba6953e24b9486ec93c23a5646d8 [term 2 FOLLOWER]: Advancing to term 3
I20260709 14:46:17.791860   564 raft_consensus.cc:3055] T 4ff95ca3a53641c9a998fdfb3ee8b7b7 P d2ea3fb83c604c88936cdfa1201c72af [term 2 LEADER]: Stepping down as leader of term 2
I20260709 14:46:17.792162   564 raft_consensus.cc:740] T 4ff95ca3a53641c9a998fdfb3ee8b7b7 P d2ea3fb83c604c88936cdfa1201c72af [term 2 LEADER]: Becoming Follower/Learner. State: Replica: d2ea3fb83c604c88936cdfa1201c72af, State: Running, Role: LEADER
I20260709 14:46:17.792744   564 consensus_queue.cc:260] T 4ff95ca3a53641c9a998fdfb3ee8b7b7 P d2ea3fb83c604c88936cdfa1201c72af [NON_LEADER]: Queue going to NON_LEADER mode. State: All replicated index: 0, Majority replicated index: 2, Committed index: 2, Last appended: 2.2, Last appended by leader: 2, Current term: 2, Majority size: -1, State: 0, Mode: NON_LEADER, active raft config: opid_index: -1 OBSOLETE_local: false peers { permanent_uuid: "ff16fe010fc74f2f9f3dc8ee35071d43" member_type: VOTER last_known_addr { host: "127.0.107.194" port: 42313 } } peers { permanent_uuid: "25fcba6953e24b9486ec93c23a5646d8" member_type: VOTER last_known_addr { host: "127.0.107.195" port: 41519 } } peers { permanent_uuid: "d2ea3fb83c604c88936cdfa1201c72af" member_type: VOTER last_known_addr { host: "127.0.107.193" port: 41661 } }
I20260709 14:46:17.793471   564 raft_consensus.cc:3060] T 4ff95ca3a53641c9a998fdfb3ee8b7b7 P d2ea3fb83c604c88936cdfa1201c72af [term 2 FOLLOWER]: Advancing to term 3
I20260709 14:46:17.797101   715 raft_consensus.cc:2468] T 4ff95ca3a53641c9a998fdfb3ee8b7b7 P 25fcba6953e24b9486ec93c23a5646d8 [term 3 FOLLOWER]: Leader election vote request: Granting yes vote for candidate ff16fe010fc74f2f9f3dc8ee35071d43 in term 3.
I20260709 14:46:17.797339   564 raft_consensus.cc:2468] T 4ff95ca3a53641c9a998fdfb3ee8b7b7 P d2ea3fb83c604c88936cdfa1201c72af [term 3 FOLLOWER]: Leader election vote request: Granting yes vote for candidate ff16fe010fc74f2f9f3dc8ee35071d43 in term 3.
I20260709 14:46:17.798288   606 leader_election.cc:304] T 4ff95ca3a53641c9a998fdfb3ee8b7b7 P ff16fe010fc74f2f9f3dc8ee35071d43 [CANDIDATE]: Term 3 election: Election decided. Result: candidate won. Election summary: received 2 responses out of 3 voters: 2 yes votes; 0 no votes. yes voters: 25fcba6953e24b9486ec93c23a5646d8, ff16fe010fc74f2f9f3dc8ee35071d43; no voters: 
I20260709 14:46:17.798938   854 raft_consensus.cc:2804] T 4ff95ca3a53641c9a998fdfb3ee8b7b7 P ff16fe010fc74f2f9f3dc8ee35071d43 [term 3 FOLLOWER]: Leader election won for term 3
I20260709 14:46:17.799418   854 raft_consensus.cc:697] T 4ff95ca3a53641c9a998fdfb3ee8b7b7 P ff16fe010fc74f2f9f3dc8ee35071d43 [term 3 LEADER]: Becoming Leader. State: Replica: ff16fe010fc74f2f9f3dc8ee35071d43, State: Running, Role: LEADER
I20260709 14:46:17.800129   854 consensus_queue.cc:237] T 4ff95ca3a53641c9a998fdfb3ee8b7b7 P ff16fe010fc74f2f9f3dc8ee35071d43 [LEADER]: Queue going to LEADER mode. State: All replicated index: 0, Majority replicated index: 2, Committed index: 2, Last appended: 2.2, Last appended by leader: 2, Current term: 3, Majority size: 2, State: 0, Mode: LEADER, active raft config: opid_index: -1 OBSOLETE_local: false peers { permanent_uuid: "ff16fe010fc74f2f9f3dc8ee35071d43" member_type: VOTER last_known_addr { host: "127.0.107.194" port: 42313 } } peers { permanent_uuid: "25fcba6953e24b9486ec93c23a5646d8" member_type: VOTER last_known_addr { host: "127.0.107.195" port: 41519 } } peers { permanent_uuid: "d2ea3fb83c604c88936cdfa1201c72af" member_type: VOTER last_known_addr { host: "127.0.107.193" port: 41661 } }
I20260709 14:46:17.807379   869 raft_consensus.cc:993] T 1af688a3780c4f52b288b12b0c9c4140 P 25fcba6953e24b9486ec93c23a5646d8: : Instructing follower ff16fe010fc74f2f9f3dc8ee35071d43 to start an election
I20260709 14:46:17.807749   855 raft_consensus.cc:1081] T 1af688a3780c4f52b288b12b0c9c4140 P 25fcba6953e24b9486ec93c23a5646d8 [term 3 LEADER]: Signalling peer ff16fe010fc74f2f9f3dc8ee35071d43 to start an election
I20260709 14:46:17.808918   640 tablet_service.cc:2044] Received Run Leader Election RPC: tablet_id: "1af688a3780c4f52b288b12b0c9c4140"
dest_uuid: "ff16fe010fc74f2f9f3dc8ee35071d43"
 from {username='slave'} at 127.0.0.1:33260
I20260709 14:46:17.809324   640 raft_consensus.cc:493] T 1af688a3780c4f52b288b12b0c9c4140 P ff16fe010fc74f2f9f3dc8ee35071d43 [term 3 FOLLOWER]: Starting forced leader election (received explicit request)
I20260709 14:46:17.809590   640 raft_consensus.cc:3060] T 1af688a3780c4f52b288b12b0c9c4140 P ff16fe010fc74f2f9f3dc8ee35071d43 [term 3 FOLLOWER]: Advancing to term 4
I20260709 14:46:17.809682   463 catalog_manager.cc:5697] T 4ff95ca3a53641c9a998fdfb3ee8b7b7 P ff16fe010fc74f2f9f3dc8ee35071d43 reported cstate change: term changed from 2 to 3, leader changed from d2ea3fb83c604c88936cdfa1201c72af (127.0.107.193) to ff16fe010fc74f2f9f3dc8ee35071d43 (127.0.107.194). New cstate: current_term: 3 leader_uuid: "ff16fe010fc74f2f9f3dc8ee35071d43" committed_config { opid_index: -1 OBSOLETE_local: false peers { permanent_uuid: "ff16fe010fc74f2f9f3dc8ee35071d43" member_type: VOTER last_known_addr { host: "127.0.107.194" port: 42313 } health_report { overall_health: HEALTHY } } peers { permanent_uuid: "25fcba6953e24b9486ec93c23a5646d8" member_type: VOTER last_known_addr { host: "127.0.107.195" port: 41519 } health_report { overall_health: UNKNOWN } } peers { permanent_uuid: "d2ea3fb83c604c88936cdfa1201c72af" member_type: VOTER last_known_addr { host: "127.0.107.193" port: 41661 } health_report { overall_health: UNKNOWN } } }
I20260709 14:46:17.814520   640 raft_consensus.cc:515] T 1af688a3780c4f52b288b12b0c9c4140 P ff16fe010fc74f2f9f3dc8ee35071d43 [term 4 FOLLOWER]: Starting forced leader election with config: opid_index: -1 OBSOLETE_local: false peers { permanent_uuid: "d2ea3fb83c604c88936cdfa1201c72af" member_type: VOTER last_known_addr { host: "127.0.107.193" port: 41661 } } peers { permanent_uuid: "ff16fe010fc74f2f9f3dc8ee35071d43" member_type: VOTER last_known_addr { host: "127.0.107.194" port: 42313 } } peers { permanent_uuid: "25fcba6953e24b9486ec93c23a5646d8" member_type: VOTER last_known_addr { host: "127.0.107.195" port: 41519 } }
I20260709 14:46:17.816223   640 leader_election.cc:290] T 1af688a3780c4f52b288b12b0c9c4140 P ff16fe010fc74f2f9f3dc8ee35071d43 [CANDIDATE]: Term 4 election: Requested vote from peers d2ea3fb83c604c88936cdfa1201c72af (127.0.107.193:41661), 25fcba6953e24b9486ec93c23a5646d8 (127.0.107.195:41519)
I20260709 14:46:17.817155   715 tablet_service.cc:1917] Received RequestConsensusVote() RPC: tablet_id: "1af688a3780c4f52b288b12b0c9c4140" candidate_uuid: "ff16fe010fc74f2f9f3dc8ee35071d43" candidate_term: 4 candidate_status { last_received { term: 3 index: 3 } } ignore_live_leader: true dest_uuid: "25fcba6953e24b9486ec93c23a5646d8"
I20260709 14:46:17.817493   564 tablet_service.cc:1917] Received RequestConsensusVote() RPC: tablet_id: "1af688a3780c4f52b288b12b0c9c4140" candidate_uuid: "ff16fe010fc74f2f9f3dc8ee35071d43" candidate_term: 4 candidate_status { last_received { term: 3 index: 3 } } ignore_live_leader: true dest_uuid: "d2ea3fb83c604c88936cdfa1201c72af"
I20260709 14:46:17.817626   715 raft_consensus.cc:3055] T 1af688a3780c4f52b288b12b0c9c4140 P 25fcba6953e24b9486ec93c23a5646d8 [term 3 LEADER]: Stepping down as leader of term 3
I20260709 14:46:17.817926   715 raft_consensus.cc:740] T 1af688a3780c4f52b288b12b0c9c4140 P 25fcba6953e24b9486ec93c23a5646d8 [term 3 LEADER]: Becoming Follower/Learner. State: Replica: 25fcba6953e24b9486ec93c23a5646d8, State: Running, Role: LEADER
I20260709 14:46:17.817899   564 raft_consensus.cc:3060] T 1af688a3780c4f52b288b12b0c9c4140 P d2ea3fb83c604c88936cdfa1201c72af [term 3 FOLLOWER]: Advancing to term 4
I20260709 14:46:17.818663   715 consensus_queue.cc:260] T 1af688a3780c4f52b288b12b0c9c4140 P 25fcba6953e24b9486ec93c23a5646d8 [NON_LEADER]: Queue going to NON_LEADER mode. State: All replicated index: 0, Majority replicated index: 3, Committed index: 3, Last appended: 3.3, Last appended by leader: 3, Current term: 3, Majority size: -1, State: 0, Mode: NON_LEADER, active raft config: opid_index: -1 OBSOLETE_local: false peers { permanent_uuid: "d2ea3fb83c604c88936cdfa1201c72af" member_type: VOTER last_known_addr { host: "127.0.107.193" port: 41661 } } peers { permanent_uuid: "ff16fe010fc74f2f9f3dc8ee35071d43" member_type: VOTER last_known_addr { host: "127.0.107.194" port: 42313 } } peers { permanent_uuid: "25fcba6953e24b9486ec93c23a5646d8" member_type: VOTER last_known_addr { host: "127.0.107.195" port: 41519 } }
I20260709 14:46:17.819346   715 raft_consensus.cc:3060] T 1af688a3780c4f52b288b12b0c9c4140 P 25fcba6953e24b9486ec93c23a5646d8 [term 3 FOLLOWER]: Advancing to term 4
I20260709 14:46:17.822511   564 raft_consensus.cc:2468] T 1af688a3780c4f52b288b12b0c9c4140 P d2ea3fb83c604c88936cdfa1201c72af [term 4 FOLLOWER]: Leader election vote request: Granting yes vote for candidate ff16fe010fc74f2f9f3dc8ee35071d43 in term 4.
I20260709 14:46:17.823132   715 raft_consensus.cc:2468] T 1af688a3780c4f52b288b12b0c9c4140 P 25fcba6953e24b9486ec93c23a5646d8 [term 4 FOLLOWER]: Leader election vote request: Granting yes vote for candidate ff16fe010fc74f2f9f3dc8ee35071d43 in term 4.
I20260709 14:46:17.823351   606 leader_election.cc:304] T 1af688a3780c4f52b288b12b0c9c4140 P ff16fe010fc74f2f9f3dc8ee35071d43 [CANDIDATE]: Term 4 election: Election decided. Result: candidate won. Election summary: received 2 responses out of 3 voters: 2 yes votes; 0 no votes. yes voters: d2ea3fb83c604c88936cdfa1201c72af, ff16fe010fc74f2f9f3dc8ee35071d43; no voters: 
I20260709 14:46:17.823985   854 raft_consensus.cc:2804] T 1af688a3780c4f52b288b12b0c9c4140 P ff16fe010fc74f2f9f3dc8ee35071d43 [term 4 FOLLOWER]: Leader election won for term 4
I20260709 14:46:17.824321   854 raft_consensus.cc:697] T 1af688a3780c4f52b288b12b0c9c4140 P ff16fe010fc74f2f9f3dc8ee35071d43 [term 4 LEADER]: Becoming Leader. State: Replica: ff16fe010fc74f2f9f3dc8ee35071d43, State: Running, Role: LEADER
I20260709 14:46:17.824898   854 consensus_queue.cc:237] T 1af688a3780c4f52b288b12b0c9c4140 P ff16fe010fc74f2f9f3dc8ee35071d43 [LEADER]: Queue going to LEADER mode. State: All replicated index: 0, Majority replicated index: 3, Committed index: 3, Last appended: 3.3, Last appended by leader: 3, Current term: 4, Majority size: 2, State: 0, Mode: LEADER, active raft config: opid_index: -1 OBSOLETE_local: false peers { permanent_uuid: "d2ea3fb83c604c88936cdfa1201c72af" member_type: VOTER last_known_addr { host: "127.0.107.193" port: 41661 } } peers { permanent_uuid: "ff16fe010fc74f2f9f3dc8ee35071d43" member_type: VOTER last_known_addr { host: "127.0.107.194" port: 42313 } } peers { permanent_uuid: "25fcba6953e24b9486ec93c23a5646d8" member_type: VOTER last_known_addr { host: "127.0.107.195" port: 41519 } }
I20260709 14:46:17.829670   463 catalog_manager.cc:5697] T 1af688a3780c4f52b288b12b0c9c4140 P ff16fe010fc74f2f9f3dc8ee35071d43 reported cstate change: term changed from 3 to 4, leader changed from 25fcba6953e24b9486ec93c23a5646d8 (127.0.107.195) to ff16fe010fc74f2f9f3dc8ee35071d43 (127.0.107.194). New cstate: current_term: 4 leader_uuid: "ff16fe010fc74f2f9f3dc8ee35071d43" committed_config { opid_index: -1 OBSOLETE_local: false peers { permanent_uuid: "d2ea3fb83c604c88936cdfa1201c72af" member_type: VOTER last_known_addr { host: "127.0.107.193" port: 41661 } health_report { overall_health: UNKNOWN } } peers { permanent_uuid: "ff16fe010fc74f2f9f3dc8ee35071d43" member_type: VOTER last_known_addr { host: "127.0.107.194" port: 42313 } health_report { overall_health: HEALTHY } } peers { permanent_uuid: "25fcba6953e24b9486ec93c23a5646d8" member_type: VOTER last_known_addr { host: "127.0.107.195" port: 41519 } health_report { overall_health: UNKNOWN } } }
I20260709 14:46:18.010325   871 raft_consensus.cc:993] T 2f447dcd410747b3a8244a3910d7dfed P d2ea3fb83c604c88936cdfa1201c72af: : Instructing follower ff16fe010fc74f2f9f3dc8ee35071d43 to start an election
I20260709 14:46:18.010725   861 raft_consensus.cc:1081] T 2f447dcd410747b3a8244a3910d7dfed P d2ea3fb83c604c88936cdfa1201c72af [term 2 LEADER]: Signalling peer ff16fe010fc74f2f9f3dc8ee35071d43 to start an election
I20260709 14:46:18.011965   640 tablet_service.cc:2044] Received Run Leader Election RPC: tablet_id: "2f447dcd410747b3a8244a3910d7dfed"
dest_uuid: "ff16fe010fc74f2f9f3dc8ee35071d43"
 from {username='slave'} at 127.0.0.1:33250
I20260709 14:46:18.012389   640 raft_consensus.cc:493] T 2f447dcd410747b3a8244a3910d7dfed P ff16fe010fc74f2f9f3dc8ee35071d43 [term 2 FOLLOWER]: Starting forced leader election (received explicit request)
I20260709 14:46:18.012638   640 raft_consensus.cc:3060] T 2f447dcd410747b3a8244a3910d7dfed P ff16fe010fc74f2f9f3dc8ee35071d43 [term 2 FOLLOWER]: Advancing to term 3
I20260709 14:46:18.017181   640 raft_consensus.cc:515] T 2f447dcd410747b3a8244a3910d7dfed P ff16fe010fc74f2f9f3dc8ee35071d43 [term 3 FOLLOWER]: Starting forced leader election with config: opid_index: -1 OBSOLETE_local: false peers { permanent_uuid: "d2ea3fb83c604c88936cdfa1201c72af" member_type: VOTER last_known_addr { host: "127.0.107.193" port: 41661 } } peers { permanent_uuid: "ff16fe010fc74f2f9f3dc8ee35071d43" member_type: VOTER last_known_addr { host: "127.0.107.194" port: 42313 } } peers { permanent_uuid: "25fcba6953e24b9486ec93c23a5646d8" member_type: VOTER last_known_addr { host: "127.0.107.195" port: 41519 } }
I20260709 14:46:18.018625   640 leader_election.cc:290] T 2f447dcd410747b3a8244a3910d7dfed P ff16fe010fc74f2f9f3dc8ee35071d43 [CANDIDATE]: Term 3 election: Requested vote from peers d2ea3fb83c604c88936cdfa1201c72af (127.0.107.193:41661), 25fcba6953e24b9486ec93c23a5646d8 (127.0.107.195:41519)
I20260709 14:46:18.019266   564 tablet_service.cc:1917] Received RequestConsensusVote() RPC: tablet_id: "2f447dcd410747b3a8244a3910d7dfed" candidate_uuid: "ff16fe010fc74f2f9f3dc8ee35071d43" candidate_term: 3 candidate_status { last_received { term: 2 index: 2 } } ignore_live_leader: true dest_uuid: "d2ea3fb83c604c88936cdfa1201c72af"
I20260709 14:46:18.019451   715 tablet_service.cc:1917] Received RequestConsensusVote() RPC: tablet_id: "2f447dcd410747b3a8244a3910d7dfed" candidate_uuid: "ff16fe010fc74f2f9f3dc8ee35071d43" candidate_term: 3 candidate_status { last_received { term: 2 index: 2 } } ignore_live_leader: true dest_uuid: "25fcba6953e24b9486ec93c23a5646d8"
I20260709 14:46:18.019810   564 raft_consensus.cc:3055] T 2f447dcd410747b3a8244a3910d7dfed P d2ea3fb83c604c88936cdfa1201c72af [term 2 LEADER]: Stepping down as leader of term 2
I20260709 14:46:18.019897   715 raft_consensus.cc:3060] T 2f447dcd410747b3a8244a3910d7dfed P 25fcba6953e24b9486ec93c23a5646d8 [term 2 FOLLOWER]: Advancing to term 3
I20260709 14:46:18.020197   564 raft_consensus.cc:740] T 2f447dcd410747b3a8244a3910d7dfed P d2ea3fb83c604c88936cdfa1201c72af [term 2 LEADER]: Becoming Follower/Learner. State: Replica: d2ea3fb83c604c88936cdfa1201c72af, State: Running, Role: LEADER
I20260709 14:46:18.020898   564 consensus_queue.cc:260] T 2f447dcd410747b3a8244a3910d7dfed P d2ea3fb83c604c88936cdfa1201c72af [NON_LEADER]: Queue going to NON_LEADER mode. State: All replicated index: 0, Majority replicated index: 2, Committed index: 2, Last appended: 2.2, Last appended by leader: 2, Current term: 2, Majority size: -1, State: 0, Mode: NON_LEADER, active raft config: opid_index: -1 OBSOLETE_local: false peers { permanent_uuid: "d2ea3fb83c604c88936cdfa1201c72af" member_type: VOTER last_known_addr { host: "127.0.107.193" port: 41661 } } peers { permanent_uuid: "ff16fe010fc74f2f9f3dc8ee35071d43" member_type: VOTER last_known_addr { host: "127.0.107.194" port: 42313 } } peers { permanent_uuid: "25fcba6953e24b9486ec93c23a5646d8" member_type: VOTER last_known_addr { host: "127.0.107.195" port: 41519 } }
I20260709 14:46:18.022032   564 raft_consensus.cc:3060] T 2f447dcd410747b3a8244a3910d7dfed P d2ea3fb83c604c88936cdfa1201c72af [term 2 FOLLOWER]: Advancing to term 3
I20260709 14:46:18.025334   715 raft_consensus.cc:2468] T 2f447dcd410747b3a8244a3910d7dfed P 25fcba6953e24b9486ec93c23a5646d8 [term 3 FOLLOWER]: Leader election vote request: Granting yes vote for candidate ff16fe010fc74f2f9f3dc8ee35071d43 in term 3.
I20260709 14:46:18.026216   606 leader_election.cc:304] T 2f447dcd410747b3a8244a3910d7dfed P ff16fe010fc74f2f9f3dc8ee35071d43 [CANDIDATE]: Term 3 election: Election decided. Result: candidate won. Election summary: received 2 responses out of 3 voters: 2 yes votes; 0 no votes. yes voters: 25fcba6953e24b9486ec93c23a5646d8, ff16fe010fc74f2f9f3dc8ee35071d43; no voters: 
I20260709 14:46:18.026769   854 raft_consensus.cc:2804] T 2f447dcd410747b3a8244a3910d7dfed P ff16fe010fc74f2f9f3dc8ee35071d43 [term 3 FOLLOWER]: Leader election won for term 3
I20260709 14:46:18.027112   854 raft_consensus.cc:697] T 2f447dcd410747b3a8244a3910d7dfed P ff16fe010fc74f2f9f3dc8ee35071d43 [term 3 LEADER]: Becoming Leader. State: Replica: ff16fe010fc74f2f9f3dc8ee35071d43, State: Running, Role: LEADER
I20260709 14:46:18.027206   564 raft_consensus.cc:2468] T 2f447dcd410747b3a8244a3910d7dfed P d2ea3fb83c604c88936cdfa1201c72af [term 3 FOLLOWER]: Leader election vote request: Granting yes vote for candidate ff16fe010fc74f2f9f3dc8ee35071d43 in term 3.
I20260709 14:46:18.028254   854 consensus_queue.cc:237] T 2f447dcd410747b3a8244a3910d7dfed P ff16fe010fc74f2f9f3dc8ee35071d43 [LEADER]: Queue going to LEADER mode. State: All replicated index: 0, Majority replicated index: 2, Committed index: 2, Last appended: 2.2, Last appended by leader: 2, Current term: 3, Majority size: 2, State: 0, Mode: LEADER, active raft config: opid_index: -1 OBSOLETE_local: false peers { permanent_uuid: "d2ea3fb83c604c88936cdfa1201c72af" member_type: VOTER last_known_addr { host: "127.0.107.193" port: 41661 } } peers { permanent_uuid: "ff16fe010fc74f2f9f3dc8ee35071d43" member_type: VOTER last_known_addr { host: "127.0.107.194" port: 42313 } } peers { permanent_uuid: "25fcba6953e24b9486ec93c23a5646d8" member_type: VOTER last_known_addr { host: "127.0.107.195" port: 41519 } }
I20260709 14:46:18.033921   463 catalog_manager.cc:5697] T 2f447dcd410747b3a8244a3910d7dfed P ff16fe010fc74f2f9f3dc8ee35071d43 reported cstate change: term changed from 2 to 3, leader changed from d2ea3fb83c604c88936cdfa1201c72af (127.0.107.193) to ff16fe010fc74f2f9f3dc8ee35071d43 (127.0.107.194). New cstate: current_term: 3 leader_uuid: "ff16fe010fc74f2f9f3dc8ee35071d43" committed_config { opid_index: -1 OBSOLETE_local: false peers { permanent_uuid: "d2ea3fb83c604c88936cdfa1201c72af" member_type: VOTER last_known_addr { host: "127.0.107.193" port: 41661 } health_report { overall_health: UNKNOWN } } peers { permanent_uuid: "ff16fe010fc74f2f9f3dc8ee35071d43" member_type: VOTER last_known_addr { host: "127.0.107.194" port: 42313 } health_report { overall_health: HEALTHY } } peers { permanent_uuid: "25fcba6953e24b9486ec93c23a5646d8" member_type: VOTER last_known_addr { host: "127.0.107.195" port: 41519 } health_report { overall_health: UNKNOWN } } }
I20260709 14:46:18.189728   564 raft_consensus.cc:1275] T 4ff95ca3a53641c9a998fdfb3ee8b7b7 P d2ea3fb83c604c88936cdfa1201c72af [term 3 FOLLOWER]: Refusing update from remote peer ff16fe010fc74f2f9f3dc8ee35071d43: Log matching property violated. Preceding OpId in replica: term: 2 index: 2. Preceding OpId from leader: term: 3 index: 3. (index mismatch)
I20260709 14:46:18.191012   854 consensus_queue.cc:1048] T 4ff95ca3a53641c9a998fdfb3ee8b7b7 P ff16fe010fc74f2f9f3dc8ee35071d43 [LEADER]: Connected to new peer: Peer: permanent_uuid: "d2ea3fb83c604c88936cdfa1201c72af" member_type: VOTER last_known_addr { host: "127.0.107.193" port: 41661 }, Status: LMP_MISMATCH, Last received: 0.0, Next index: 3, Last known committed idx: 2, Time since last communication: 0.000s
I20260709 14:46:18.201084   861 raft_consensus.cc:993] T 2f381af852264b038bf063209696398e P d2ea3fb83c604c88936cdfa1201c72af: : Instructing follower ff16fe010fc74f2f9f3dc8ee35071d43 to start an election
I20260709 14:46:18.202529   871 raft_consensus.cc:1081] T 2f381af852264b038bf063209696398e P d2ea3fb83c604c88936cdfa1201c72af [term 1 LEADER]: Signalling peer ff16fe010fc74f2f9f3dc8ee35071d43 to start an election
I20260709 14:46:18.209545   715 raft_consensus.cc:1275] T 4ff95ca3a53641c9a998fdfb3ee8b7b7 P 25fcba6953e24b9486ec93c23a5646d8 [term 3 FOLLOWER]: Refusing update from remote peer ff16fe010fc74f2f9f3dc8ee35071d43: Log matching property violated. Preceding OpId in replica: term: 2 index: 2. Preceding OpId from leader: term: 3 index: 3. (index mismatch)
I20260709 14:46:18.211225   640 tablet_service.cc:2044] Received Run Leader Election RPC: tablet_id: "2f381af852264b038bf063209696398e"
dest_uuid: "ff16fe010fc74f2f9f3dc8ee35071d43"
 from {username='slave'} at 127.0.0.1:33250
I20260709 14:46:18.211684   640 raft_consensus.cc:493] T 2f381af852264b038bf063209696398e P ff16fe010fc74f2f9f3dc8ee35071d43 [term 1 FOLLOWER]: Starting forced leader election (received explicit request)
I20260709 14:46:18.211946   640 raft_consensus.cc:3060] T 2f381af852264b038bf063209696398e P ff16fe010fc74f2f9f3dc8ee35071d43 [term 1 FOLLOWER]: Advancing to term 2
I20260709 14:46:18.214331   882 consensus_queue.cc:1048] T 4ff95ca3a53641c9a998fdfb3ee8b7b7 P ff16fe010fc74f2f9f3dc8ee35071d43 [LEADER]: Connected to new peer: Peer: permanent_uuid: "25fcba6953e24b9486ec93c23a5646d8" member_type: VOTER last_known_addr { host: "127.0.107.195" port: 41519 }, Status: LMP_MISMATCH, Last received: 0.0, Next index: 3, Last known committed idx: 2, Time since last communication: 0.000s
I20260709 14:46:18.217875   640 raft_consensus.cc:515] T 2f381af852264b038bf063209696398e P ff16fe010fc74f2f9f3dc8ee35071d43 [term 2 FOLLOWER]: Starting forced leader election with config: opid_index: -1 OBSOLETE_local: false peers { permanent_uuid: "d2ea3fb83c604c88936cdfa1201c72af" member_type: VOTER last_known_addr { host: "127.0.107.193" port: 41661 } } peers { permanent_uuid: "ff16fe010fc74f2f9f3dc8ee35071d43" member_type: VOTER last_known_addr { host: "127.0.107.194" port: 42313 } } peers { permanent_uuid: "25fcba6953e24b9486ec93c23a5646d8" member_type: VOTER last_known_addr { host: "127.0.107.195" port: 41519 } }
I20260709 14:46:18.220005   640 leader_election.cc:290] T 2f381af852264b038bf063209696398e P ff16fe010fc74f2f9f3dc8ee35071d43 [CANDIDATE]: Term 2 election: Requested vote from peers d2ea3fb83c604c88936cdfa1201c72af (127.0.107.193:41661), 25fcba6953e24b9486ec93c23a5646d8 (127.0.107.195:41519)
I20260709 14:46:18.221311   564 tablet_service.cc:1917] Received RequestConsensusVote() RPC: tablet_id: "2f381af852264b038bf063209696398e" candidate_uuid: "ff16fe010fc74f2f9f3dc8ee35071d43" candidate_term: 2 candidate_status { last_received { term: 1 index: 1 } } ignore_live_leader: true dest_uuid: "d2ea3fb83c604c88936cdfa1201c72af"
I20260709 14:46:18.221861   564 raft_consensus.cc:3055] T 2f381af852264b038bf063209696398e P d2ea3fb83c604c88936cdfa1201c72af [term 1 LEADER]: Stepping down as leader of term 1
I20260709 14:46:18.222090   714 tablet_service.cc:1917] Received RequestConsensusVote() RPC: tablet_id: "2f381af852264b038bf063209696398e" candidate_uuid: "ff16fe010fc74f2f9f3dc8ee35071d43" candidate_term: 2 candidate_status { last_received { term: 1 index: 1 } } ignore_live_leader: true dest_uuid: "25fcba6953e24b9486ec93c23a5646d8"
I20260709 14:46:18.222195   564 raft_consensus.cc:740] T 2f381af852264b038bf063209696398e P d2ea3fb83c604c88936cdfa1201c72af [term 1 LEADER]: Becoming Follower/Learner. State: Replica: d2ea3fb83c604c88936cdfa1201c72af, State: Running, Role: LEADER
I20260709 14:46:18.222667   714 raft_consensus.cc:3060] T 2f381af852264b038bf063209696398e P 25fcba6953e24b9486ec93c23a5646d8 [term 1 FOLLOWER]: Advancing to term 2
I20260709 14:46:18.223078   564 consensus_queue.cc:260] T 2f381af852264b038bf063209696398e P d2ea3fb83c604c88936cdfa1201c72af [NON_LEADER]: Queue going to NON_LEADER mode. State: All replicated index: 0, Majority replicated index: 1, Committed index: 1, Last appended: 1.1, Last appended by leader: 1, Current term: 1, Majority size: -1, State: 0, Mode: NON_LEADER, active raft config: opid_index: -1 OBSOLETE_local: false peers { permanent_uuid: "d2ea3fb83c604c88936cdfa1201c72af" member_type: VOTER last_known_addr { host: "127.0.107.193" port: 41661 } } peers { permanent_uuid: "ff16fe010fc74f2f9f3dc8ee35071d43" member_type: VOTER last_known_addr { host: "127.0.107.194" port: 42313 } } peers { permanent_uuid: "25fcba6953e24b9486ec93c23a5646d8" member_type: VOTER last_known_addr { host: "127.0.107.195" port: 41519 } }
I20260709 14:46:18.224103   564 raft_consensus.cc:3060] T 2f381af852264b038bf063209696398e P d2ea3fb83c604c88936cdfa1201c72af [term 1 FOLLOWER]: Advancing to term 2
I20260709 14:46:18.228137   714 raft_consensus.cc:2468] T 2f381af852264b038bf063209696398e P 25fcba6953e24b9486ec93c23a5646d8 [term 2 FOLLOWER]: Leader election vote request: Granting yes vote for candidate ff16fe010fc74f2f9f3dc8ee35071d43 in term 2.
I20260709 14:46:18.228420   564 raft_consensus.cc:2468] T 2f381af852264b038bf063209696398e P d2ea3fb83c604c88936cdfa1201c72af [term 2 FOLLOWER]: Leader election vote request: Granting yes vote for candidate ff16fe010fc74f2f9f3dc8ee35071d43 in term 2.
I20260709 14:46:18.229094   606 leader_election.cc:304] T 2f381af852264b038bf063209696398e P ff16fe010fc74f2f9f3dc8ee35071d43 [CANDIDATE]: Term 2 election: Election decided. Result: candidate won. Election summary: received 2 responses out of 3 voters: 2 yes votes; 0 no votes. yes voters: 25fcba6953e24b9486ec93c23a5646d8, ff16fe010fc74f2f9f3dc8ee35071d43; no voters: 
I20260709 14:46:18.229738   882 raft_consensus.cc:2804] T 2f381af852264b038bf063209696398e P ff16fe010fc74f2f9f3dc8ee35071d43 [term 2 FOLLOWER]: Leader election won for term 2
I20260709 14:46:18.230173   882 raft_consensus.cc:697] T 2f381af852264b038bf063209696398e P ff16fe010fc74f2f9f3dc8ee35071d43 [term 2 LEADER]: Becoming Leader. State: Replica: ff16fe010fc74f2f9f3dc8ee35071d43, State: Running, Role: LEADER
I20260709 14:46:18.230845   882 consensus_queue.cc:237] T 2f381af852264b038bf063209696398e P ff16fe010fc74f2f9f3dc8ee35071d43 [LEADER]: Queue going to LEADER mode. State: All replicated index: 0, Majority replicated index: 1, Committed index: 1, Last appended: 1.1, Last appended by leader: 1, Current term: 2, Majority size: 2, State: 0, Mode: LEADER, active raft config: opid_index: -1 OBSOLETE_local: false peers { permanent_uuid: "d2ea3fb83c604c88936cdfa1201c72af" member_type: VOTER last_known_addr { host: "127.0.107.193" port: 41661 } } peers { permanent_uuid: "ff16fe010fc74f2f9f3dc8ee35071d43" member_type: VOTER last_known_addr { host: "127.0.107.194" port: 42313 } } peers { permanent_uuid: "25fcba6953e24b9486ec93c23a5646d8" member_type: VOTER last_known_addr { host: "127.0.107.195" port: 41519 } }
I20260709 14:46:18.236415   463 catalog_manager.cc:5697] T 2f381af852264b038bf063209696398e P ff16fe010fc74f2f9f3dc8ee35071d43 reported cstate change: term changed from 1 to 2, leader changed from d2ea3fb83c604c88936cdfa1201c72af (127.0.107.193) to ff16fe010fc74f2f9f3dc8ee35071d43 (127.0.107.194). New cstate: current_term: 2 leader_uuid: "ff16fe010fc74f2f9f3dc8ee35071d43" committed_config { opid_index: -1 OBSOLETE_local: false peers { permanent_uuid: "d2ea3fb83c604c88936cdfa1201c72af" member_type: VOTER last_known_addr { host: "127.0.107.193" port: 41661 } health_report { overall_health: UNKNOWN } } peers { permanent_uuid: "ff16fe010fc74f2f9f3dc8ee35071d43" member_type: VOTER last_known_addr { host: "127.0.107.194" port: 42313 } health_report { overall_health: HEALTHY } } peers { permanent_uuid: "25fcba6953e24b9486ec93c23a5646d8" member_type: VOTER last_known_addr { host: "127.0.107.195" port: 41519 } health_report { overall_health: UNKNOWN } } }
I20260709 14:46:18.279277   714 raft_consensus.cc:1275] T 1af688a3780c4f52b288b12b0c9c4140 P 25fcba6953e24b9486ec93c23a5646d8 [term 4 FOLLOWER]: Refusing update from remote peer ff16fe010fc74f2f9f3dc8ee35071d43: Log matching property violated. Preceding OpId in replica: term: 3 index: 3. Preceding OpId from leader: term: 4 index: 4. (index mismatch)
I20260709 14:46:18.280230   882 consensus_queue.cc:1048] T 1af688a3780c4f52b288b12b0c9c4140 P ff16fe010fc74f2f9f3dc8ee35071d43 [LEADER]: Connected to new peer: Peer: permanent_uuid: "25fcba6953e24b9486ec93c23a5646d8" member_type: VOTER last_known_addr { host: "127.0.107.195" port: 41519 }, Status: LMP_MISMATCH, Last received: 0.0, Next index: 4, Last known committed idx: 3, Time since last communication: 0.000s
I20260709 14:46:18.286453   564 raft_consensus.cc:1275] T 1af688a3780c4f52b288b12b0c9c4140 P d2ea3fb83c604c88936cdfa1201c72af [term 4 FOLLOWER]: Refusing update from remote peer ff16fe010fc74f2f9f3dc8ee35071d43: Log matching property violated. Preceding OpId in replica: term: 3 index: 3. Preceding OpId from leader: term: 4 index: 4. (index mismatch)
I20260709 14:46:18.287546   872 consensus_queue.cc:1048] T 1af688a3780c4f52b288b12b0c9c4140 P ff16fe010fc74f2f9f3dc8ee35071d43 [LEADER]: Connected to new peer: Peer: permanent_uuid: "d2ea3fb83c604c88936cdfa1201c72af" member_type: VOTER last_known_addr { host: "127.0.107.193" port: 41661 }, Status: LMP_MISMATCH, Last received: 0.0, Next index: 4, Last known committed idx: 3, Time since last communication: 0.000s
I20260709 14:46:18.314858   564 raft_consensus.cc:1275] T dd37f0eadf504101b602dce6642fca03 P d2ea3fb83c604c88936cdfa1201c72af [term 3 FOLLOWER]: Refusing update from remote peer ff16fe010fc74f2f9f3dc8ee35071d43: Log matching property violated. Preceding OpId in replica: term: 2 index: 2. Preceding OpId from leader: term: 3 index: 3. (index mismatch)
I20260709 14:46:18.315814   872 consensus_queue.cc:1048] T dd37f0eadf504101b602dce6642fca03 P ff16fe010fc74f2f9f3dc8ee35071d43 [LEADER]: Connected to new peer: Peer: permanent_uuid: "d2ea3fb83c604c88936cdfa1201c72af" member_type: VOTER last_known_addr { host: "127.0.107.193" port: 41661 }, Status: LMP_MISMATCH, Last received: 0.0, Next index: 3, Last known committed idx: 2, Time since last communication: 0.000s
I20260709 14:46:18.322225   714 raft_consensus.cc:1275] T dd37f0eadf504101b602dce6642fca03 P 25fcba6953e24b9486ec93c23a5646d8 [term 3 FOLLOWER]: Refusing update from remote peer ff16fe010fc74f2f9f3dc8ee35071d43: Log matching property violated. Preceding OpId in replica: term: 2 index: 2. Preceding OpId from leader: term: 3 index: 3. (index mismatch)
I20260709 14:46:18.324071   882 consensus_queue.cc:1048] T dd37f0eadf504101b602dce6642fca03 P ff16fe010fc74f2f9f3dc8ee35071d43 [LEADER]: Connected to new peer: Peer: permanent_uuid: "25fcba6953e24b9486ec93c23a5646d8" member_type: VOTER last_known_addr { host: "127.0.107.195" port: 41519 }, Status: LMP_MISMATCH, Last received: 0.0, Next index: 3, Last known committed idx: 2, Time since last communication: 0.000s
I20260709 14:46:18.414491   714 raft_consensus.cc:1275] T 2f447dcd410747b3a8244a3910d7dfed P 25fcba6953e24b9486ec93c23a5646d8 [term 3 FOLLOWER]: Refusing update from remote peer ff16fe010fc74f2f9f3dc8ee35071d43: Log matching property violated. Preceding OpId in replica: term: 2 index: 2. Preceding OpId from leader: term: 3 index: 3. (index mismatch)
I20260709 14:46:18.415742   882 consensus_queue.cc:1048] T 2f447dcd410747b3a8244a3910d7dfed P ff16fe010fc74f2f9f3dc8ee35071d43 [LEADER]: Connected to new peer: Peer: permanent_uuid: "25fcba6953e24b9486ec93c23a5646d8" member_type: VOTER last_known_addr { host: "127.0.107.195" port: 41519 }, Status: LMP_MISMATCH, Last received: 0.0, Next index: 3, Last known committed idx: 2, Time since last communication: 0.000s
I20260709 14:46:18.422549   564 raft_consensus.cc:1275] T 2f447dcd410747b3a8244a3910d7dfed P d2ea3fb83c604c88936cdfa1201c72af [term 3 FOLLOWER]: Refusing update from remote peer ff16fe010fc74f2f9f3dc8ee35071d43: Log matching property violated. Preceding OpId in replica: term: 2 index: 2. Preceding OpId from leader: term: 3 index: 3. (index mismatch)
I20260709 14:46:18.424130   886 consensus_queue.cc:1048] T 2f447dcd410747b3a8244a3910d7dfed P ff16fe010fc74f2f9f3dc8ee35071d43 [LEADER]: Connected to new peer: Peer: permanent_uuid: "d2ea3fb83c604c88936cdfa1201c72af" member_type: VOTER last_known_addr { host: "127.0.107.193" port: 41661 }, Status: LMP_MISMATCH, Last received: 0.0, Next index: 3, Last known committed idx: 2, Time since last communication: 0.000s
I20260709 14:46:18.610836   714 raft_consensus.cc:1275] T 2f381af852264b038bf063209696398e P 25fcba6953e24b9486ec93c23a5646d8 [term 2 FOLLOWER]: Refusing update from remote peer ff16fe010fc74f2f9f3dc8ee35071d43: Log matching property violated. Preceding OpId in replica: term: 1 index: 1. Preceding OpId from leader: term: 2 index: 2. (index mismatch)
I20260709 14:46:18.611917   886 consensus_queue.cc:1048] T 2f381af852264b038bf063209696398e P ff16fe010fc74f2f9f3dc8ee35071d43 [LEADER]: Connected to new peer: Peer: permanent_uuid: "25fcba6953e24b9486ec93c23a5646d8" member_type: VOTER last_known_addr { host: "127.0.107.195" port: 41519 }, Status: LMP_MISMATCH, Last received: 0.0, Next index: 2, Last known committed idx: 1, Time since last communication: 0.000s
I20260709 14:46:18.619547   564 raft_consensus.cc:1275] T 2f381af852264b038bf063209696398e P d2ea3fb83c604c88936cdfa1201c72af [term 2 FOLLOWER]: Refusing update from remote peer ff16fe010fc74f2f9f3dc8ee35071d43: Log matching property violated. Preceding OpId in replica: term: 1 index: 1. Preceding OpId from leader: term: 2 index: 2. (index mismatch)
I20260709 14:46:18.621495   886 consensus_queue.cc:1048] T 2f381af852264b038bf063209696398e P ff16fe010fc74f2f9f3dc8ee35071d43 [LEADER]: Connected to new peer: Peer: permanent_uuid: "d2ea3fb83c604c88936cdfa1201c72af" member_type: VOTER last_known_addr { host: "127.0.107.193" port: 41661 }, Status: LMP_MISMATCH, Last received: 0.0, Next index: 2, Last known committed idx: 1, Time since last communication: 0.000s
I20260709 14:46:20.707748   431 auto_leader_rebalancer.cc:141] leader rebalance for table test-workload
I20260709 14:46:20.714376   640 tablet_service.cc:2072] Received LeaderStepDown RPC: tablet_id: "2f381af852264b038bf063209696398e"
dest_uuid: "ff16fe010fc74f2f9f3dc8ee35071d43"
mode: GRACEFUL
new_leader_uuid: "d2ea3fb83c604c88936cdfa1201c72af"
 from {username='slave'} at 127.0.0.1:38564
I20260709 14:46:20.714987   640 raft_consensus.cc:606] T 2f381af852264b038bf063209696398e P ff16fe010fc74f2f9f3dc8ee35071d43 [term 2 LEADER]: Received request to transfer leadership to TS d2ea3fb83c604c88936cdfa1201c72af
I20260709 14:46:20.717149   640 tablet_service.cc:2072] Received LeaderStepDown RPC: tablet_id: "4ff95ca3a53641c9a998fdfb3ee8b7b7"
dest_uuid: "ff16fe010fc74f2f9f3dc8ee35071d43"
mode: GRACEFUL
new_leader_uuid: "d2ea3fb83c604c88936cdfa1201c72af"
 from {username='slave'} at 127.0.0.1:38564
I20260709 14:46:20.717531   640 raft_consensus.cc:606] T 4ff95ca3a53641c9a998fdfb3ee8b7b7 P ff16fe010fc74f2f9f3dc8ee35071d43 [term 3 LEADER]: Received request to transfer leadership to TS d2ea3fb83c604c88936cdfa1201c72af
I20260709 14:46:20.719441   640 tablet_service.cc:2072] Received LeaderStepDown RPC: tablet_id: "5652d1277857416f9cf2fac82f71f4ac"
dest_uuid: "ff16fe010fc74f2f9f3dc8ee35071d43"
mode: GRACEFUL
new_leader_uuid: "25fcba6953e24b9486ec93c23a5646d8"
 from {username='slave'} at 127.0.0.1:38564
I20260709 14:46:20.719791   640 raft_consensus.cc:606] T 5652d1277857416f9cf2fac82f71f4ac P ff16fe010fc74f2f9f3dc8ee35071d43 [term 1 LEADER]: Received request to transfer leadership to TS 25fcba6953e24b9486ec93c23a5646d8
I20260709 14:46:20.721709   640 tablet_service.cc:2072] Received LeaderStepDown RPC: tablet_id: "dd37f0eadf504101b602dce6642fca03"
dest_uuid: "ff16fe010fc74f2f9f3dc8ee35071d43"
mode: GRACEFUL
new_leader_uuid: "25fcba6953e24b9486ec93c23a5646d8"
 from {username='slave'} at 127.0.0.1:38564
I20260709 14:46:20.722074   640 raft_consensus.cc:606] T dd37f0eadf504101b602dce6642fca03 P ff16fe010fc74f2f9f3dc8ee35071d43 [term 3 LEADER]: Received request to transfer leadership to TS 25fcba6953e24b9486ec93c23a5646d8
I20260709 14:46:20.723955   640 tablet_service.cc:2072] Received LeaderStepDown RPC: tablet_id: "e076cc5ab5874a57840cf1c794611400"
dest_uuid: "ff16fe010fc74f2f9f3dc8ee35071d43"
mode: GRACEFUL
new_leader_uuid: "d2ea3fb83c604c88936cdfa1201c72af"
 from {username='slave'} at 127.0.0.1:38564
I20260709 14:46:20.724300   640 raft_consensus.cc:606] T e076cc5ab5874a57840cf1c794611400 P ff16fe010fc74f2f9f3dc8ee35071d43 [term 1 LEADER]: Received request to transfer leadership to TS d2ea3fb83c604c88936cdfa1201c72af
I20260709 14:46:20.725163   431 auto_leader_rebalancer.cc:452] table: test-workload, leader rebalance finish, leader transfer count: 5
I20260709 14:46:20.725555   431 auto_leader_rebalancer.cc:527] All tables' leader rebalancing finished this round
I20260709 14:46:20.731807   894 raft_consensus.cc:993] T e076cc5ab5874a57840cf1c794611400 P ff16fe010fc74f2f9f3dc8ee35071d43: : Instructing follower d2ea3fb83c604c88936cdfa1201c72af to start an election
I20260709 14:46:20.732326   886 raft_consensus.cc:1081] T e076cc5ab5874a57840cf1c794611400 P ff16fe010fc74f2f9f3dc8ee35071d43 [term 1 LEADER]: Signalling peer d2ea3fb83c604c88936cdfa1201c72af to start an election
I20260709 14:46:20.733958   562 tablet_service.cc:2044] Received Run Leader Election RPC: tablet_id: "e076cc5ab5874a57840cf1c794611400"
dest_uuid: "d2ea3fb83c604c88936cdfa1201c72af"
 from {username='slave'} at 127.0.0.1:51156
I20260709 14:46:20.734421   562 raft_consensus.cc:493] T e076cc5ab5874a57840cf1c794611400 P d2ea3fb83c604c88936cdfa1201c72af [term 1 FOLLOWER]: Starting forced leader election (received explicit request)
I20260709 14:46:20.734808   562 raft_consensus.cc:3060] T e076cc5ab5874a57840cf1c794611400 P d2ea3fb83c604c88936cdfa1201c72af [term 1 FOLLOWER]: Advancing to term 2
I20260709 14:46:20.741662   562 raft_consensus.cc:515] T e076cc5ab5874a57840cf1c794611400 P d2ea3fb83c604c88936cdfa1201c72af [term 2 FOLLOWER]: Starting forced leader election with config: opid_index: -1 OBSOLETE_local: false peers { permanent_uuid: "d2ea3fb83c604c88936cdfa1201c72af" member_type: VOTER last_known_addr { host: "127.0.107.193" port: 41661 } } peers { permanent_uuid: "ff16fe010fc74f2f9f3dc8ee35071d43" member_type: VOTER last_known_addr { host: "127.0.107.194" port: 42313 } } peers { permanent_uuid: "25fcba6953e24b9486ec93c23a5646d8" member_type: VOTER last_known_addr { host: "127.0.107.195" port: 41519 } }
I20260709 14:46:20.743620   562 leader_election.cc:290] T e076cc5ab5874a57840cf1c794611400 P d2ea3fb83c604c88936cdfa1201c72af [CANDIDATE]: Term 2 election: Requested vote from peers ff16fe010fc74f2f9f3dc8ee35071d43 (127.0.107.194:42313), 25fcba6953e24b9486ec93c23a5646d8 (127.0.107.195:41519)
I20260709 14:46:20.744892   714 tablet_service.cc:1917] Received RequestConsensusVote() RPC: tablet_id: "e076cc5ab5874a57840cf1c794611400" candidate_uuid: "d2ea3fb83c604c88936cdfa1201c72af" candidate_term: 2 candidate_status { last_received { term: 1 index: 1 } } ignore_live_leader: true dest_uuid: "25fcba6953e24b9486ec93c23a5646d8"
I20260709 14:46:20.745024   640 tablet_service.cc:1917] Received RequestConsensusVote() RPC: tablet_id: "e076cc5ab5874a57840cf1c794611400" candidate_uuid: "d2ea3fb83c604c88936cdfa1201c72af" candidate_term: 2 candidate_status { last_received { term: 1 index: 1 } } ignore_live_leader: true dest_uuid: "ff16fe010fc74f2f9f3dc8ee35071d43"
I20260709 14:46:20.745679   714 raft_consensus.cc:3060] T e076cc5ab5874a57840cf1c794611400 P 25fcba6953e24b9486ec93c23a5646d8 [term 1 FOLLOWER]: Advancing to term 2
I20260709 14:46:20.745806   640 raft_consensus.cc:3055] T e076cc5ab5874a57840cf1c794611400 P ff16fe010fc74f2f9f3dc8ee35071d43 [term 1 LEADER]: Stepping down as leader of term 1
I20260709 14:46:20.746210   640 raft_consensus.cc:740] T e076cc5ab5874a57840cf1c794611400 P ff16fe010fc74f2f9f3dc8ee35071d43 [term 1 LEADER]: Becoming Follower/Learner. State: Replica: ff16fe010fc74f2f9f3dc8ee35071d43, State: Running, Role: LEADER
I20260709 14:46:20.747036   640 consensus_queue.cc:260] T e076cc5ab5874a57840cf1c794611400 P ff16fe010fc74f2f9f3dc8ee35071d43 [NON_LEADER]: Queue going to NON_LEADER mode. State: All replicated index: 0, Majority replicated index: 1, Committed index: 1, Last appended: 1.1, Last appended by leader: 1, Current term: 1, Majority size: -1, State: 0, Mode: NON_LEADER, active raft config: opid_index: -1 OBSOLETE_local: false peers { permanent_uuid: "d2ea3fb83c604c88936cdfa1201c72af" member_type: VOTER last_known_addr { host: "127.0.107.193" port: 41661 } } peers { permanent_uuid: "ff16fe010fc74f2f9f3dc8ee35071d43" member_type: VOTER last_known_addr { host: "127.0.107.194" port: 42313 } } peers { permanent_uuid: "25fcba6953e24b9486ec93c23a5646d8" member_type: VOTER last_known_addr { host: "127.0.107.195" port: 41519 } }
I20260709 14:46:20.748251   640 raft_consensus.cc:3060] T e076cc5ab5874a57840cf1c794611400 P ff16fe010fc74f2f9f3dc8ee35071d43 [term 1 FOLLOWER]: Advancing to term 2
I20260709 14:46:20.751348   714 raft_consensus.cc:2468] T e076cc5ab5874a57840cf1c794611400 P 25fcba6953e24b9486ec93c23a5646d8 [term 2 FOLLOWER]: Leader election vote request: Granting yes vote for candidate d2ea3fb83c604c88936cdfa1201c72af in term 2.
I20260709 14:46:20.752592   531 leader_election.cc:304] T e076cc5ab5874a57840cf1c794611400 P d2ea3fb83c604c88936cdfa1201c72af [CANDIDATE]: Term 2 election: Election decided. Result: candidate won. Election summary: received 2 responses out of 3 voters: 2 yes votes; 0 no votes. yes voters: 25fcba6953e24b9486ec93c23a5646d8, d2ea3fb83c604c88936cdfa1201c72af; no voters: 
I20260709 14:46:20.753711   640 raft_consensus.cc:2468] T e076cc5ab5874a57840cf1c794611400 P ff16fe010fc74f2f9f3dc8ee35071d43 [term 2 FOLLOWER]: Leader election vote request: Granting yes vote for candidate d2ea3fb83c604c88936cdfa1201c72af in term 2.
I20260709 14:46:20.754315   895 raft_consensus.cc:2804] T e076cc5ab5874a57840cf1c794611400 P d2ea3fb83c604c88936cdfa1201c72af [term 2 FOLLOWER]: Leader election won for term 2
I20260709 14:46:20.755386   895 raft_consensus.cc:697] T e076cc5ab5874a57840cf1c794611400 P d2ea3fb83c604c88936cdfa1201c72af [term 2 LEADER]: Becoming Leader. State: Replica: d2ea3fb83c604c88936cdfa1201c72af, State: Running, Role: LEADER
I20260709 14:46:20.756376   895 consensus_queue.cc:237] T e076cc5ab5874a57840cf1c794611400 P d2ea3fb83c604c88936cdfa1201c72af [LEADER]: Queue going to LEADER mode. State: All replicated index: 0, Majority replicated index: 1, Committed index: 1, Last appended: 1.1, Last appended by leader: 1, Current term: 2, Majority size: 2, State: 0, Mode: LEADER, active raft config: opid_index: -1 OBSOLETE_local: false peers { permanent_uuid: "d2ea3fb83c604c88936cdfa1201c72af" member_type: VOTER last_known_addr { host: "127.0.107.193" port: 41661 } } peers { permanent_uuid: "ff16fe010fc74f2f9f3dc8ee35071d43" member_type: VOTER last_known_addr { host: "127.0.107.194" port: 42313 } } peers { permanent_uuid: "25fcba6953e24b9486ec93c23a5646d8" member_type: VOTER last_known_addr { host: "127.0.107.195" port: 41519 } }
