[==========] Running 8 tests from 2 test suites.
[----------] Global test environment set-up.
[----------] 6 tests from LeaderRebalancerTest
[ RUN      ] LeaderRebalancerTest.FunctionalTestForDivided
WARNING: Logging before InitGoogleLogging() is written to STDERR
I20260709 14:45:31.311659  6220 internal_mini_cluster.cc:156] Creating distributed mini masters. Addrs: 127.6.19.62:43163
I20260709 14:45:31.313184  6220 env_posix.cc:2285] Not raising this process' open files per process limit of 1048576; it is already as high as it can go
I20260709 14:45:31.314210  6220 file_cache.cc:504] Constructed file cache file cache with capacity 419430
W20260709 14:45:31.330489  6227 instance_detector.cc:116] could not retrieve Azure instance metadata: Network error: curl error: HTTP response code said error: The requested URL returned error: 404
W20260709 14:45:31.331033  6226 instance_detector.cc:116] could not retrieve AWS instance metadata: Network error: curl error: HTTP response code said error: The requested URL returned error: 404
W20260709 14:45:31.330521  6229 instance_detector.cc:116] could not retrieve OpenStack instance metadata: Network error: curl error: HTTP response code said error: The requested URL returned error: 404
W20260709 14:45:32.540433  6228 instance_detector.cc:116] could not retrieve GCE instance metadata: Timed out: curl timeout: Timeout was reached: Connection time-out
I20260709 14:45:32.540548  6220 server_base.cc:1056] Not found: could not retrieve instance metadata: unable to detect cloud type of this node, probably running in non-cloud environment
I20260709 14:45:32.544996  6220 hybrid_clock.cc:584] initializing the hybrid clock with 'system_unsync' time source
W20260709 14:45:32.545284  6220 system_unsync_time.cc:38] NTP support is disabled. Clock error bounds will not be accurate. This configuration is not suitable for distributed clusters.
I20260709 14:45:32.545528  6220 hybrid_clock.cc:648] HybridClock initialized: now 1783608332545498 us; error 0 us; skew 500 ppm
I20260709 14:45:32.546382  6220 server_base.cc:861] Flag tcmalloc_max_total_thread_cache_bytes is not working since tcmalloc is not enabled.
I20260709 14:45:32.552620  6220 webserver.cc:533] Webserver started at http://127.6.19.62:42383/ using document root <none> and password file <none>
I20260709 14:45:32.553544  6220 fs_manager.cc:362] Metadata directory not provided
I20260709 14:45:32.553781  6220 fs_manager.cc:368] Using write-ahead log directory (fs_wal_dir) as metadata directory
I20260709 14:45:32.554237  6220 server_base.cc:909] This appears to be a new deployment of Kudu; creating new FS layout
I20260709 14:45:32.559809  6220 fs_manager.cc:1068] Generated new instance metadata in path /tmp/dist-test-task8c8LXn/test-tmp/auto_leader_rebalancer-test.0.LeaderRebalancerTest.FunctionalTestForDivided.1783608331150521-6220-0/minicluster-data/master-0-root/instance:
uuid: "1294cd1cc8e04687ab0da13f2d91ec00"
format_stamp: "Formatted at 2026-07-09 14:45:32 on dist-test-slave-vl6x"
I20260709 14:45:32.567837  6220 fs_manager.cc:696] Time spent creating directory manager: real 0.007s	user 0.009s	sys 0.000s
I20260709 14:45:32.572760  6235 log_block_manager.cc:4127] Time spent loading block containers with low live blocks: real 0.000s	user 0.000s	sys 0.000s
I20260709 14:45:32.573892  6220 fs_manager.cc:730] Time spent opening block manager: real 0.003s	user 0.003s	sys 0.000s
I20260709 14:45:32.574234  6220 fs_manager.cc:647] Opened local filesystem: /tmp/dist-test-task8c8LXn/test-tmp/auto_leader_rebalancer-test.0.LeaderRebalancerTest.FunctionalTestForDivided.1783608331150521-6220-0/minicluster-data/master-0-root
uuid: "1294cd1cc8e04687ab0da13f2d91ec00"
format_stamp: "Formatted at 2026-07-09 14:45:32 on dist-test-slave-vl6x"
I20260709 14:45:32.574560  6220 fs_report.cc:389] FS layout report
--------------------
wal directory: /tmp/dist-test-task8c8LXn/test-tmp/auto_leader_rebalancer-test.0.LeaderRebalancerTest.FunctionalTestForDivided.1783608331150521-6220-0/minicluster-data/master-0-root
metadata directory: /tmp/dist-test-task8c8LXn/test-tmp/auto_leader_rebalancer-test.0.LeaderRebalancerTest.FunctionalTestForDivided.1783608331150521-6220-0/minicluster-data/master-0-root
1 data directories: /tmp/dist-test-task8c8LXn/test-tmp/auto_leader_rebalancer-test.0.LeaderRebalancerTest.FunctionalTestForDivided.1783608331150521-6220-0/minicluster-data/master-0-root/data
Total live blocks: 0
Total live bytes: 0
Total live bytes (after alignment): 0
Total number of LBM containers: 0 (0 full)
Did not check for missing blocks
Did not check for orphaned blocks
Total full LBM containers with extra space: 0 (0 repaired)
Total full LBM container extra space in bytes: 0 (0 repaired)
Total incomplete LBM containers: 0 (0 repaired)
Total LBM partial records: 0 (0 repaired)
Total corrupted LBM metadata records in RocksDB: 0 (0 repaired)
I20260709 14:45:32.636050  6220 rpc_server.cc:225] running with OpenSSL 1.1.1  11 Sep 2018
I20260709 14:45:32.637568  6220 env_posix.cc:2285] Not raising this process' running threads per effective uid limit of 18446744073709551615; it is already as high as it can go
I20260709 14:45:32.638026  6220 kserver.cc:163] Server-wide thread pool size limit: 3276
I20260709 14:45:32.707190  6220 rpc_server.cc:307] RPC server started. Bound to: 127.6.19.62:43163
I20260709 14:45:32.707268  6286 acceptor_pool.cc:272] collecting diagnostics on the listening RPC socket 127.6.19.62:43163 every 8 connection(s)
I20260709 14:45:32.714679  6287 data_dirs.cc:400] Could only allocate 1 dirs of requested 3 for tablet 00000000000000000000000000000000. 1 dirs total, 0 dirs full, 0 dirs failed
I20260709 14:45:32.735730  6287 tablet_bootstrap.cc:492] T 00000000000000000000000000000000 P 1294cd1cc8e04687ab0da13f2d91ec00: Bootstrap starting.
I20260709 14:45:32.741361  6287 tablet_bootstrap.cc:654] T 00000000000000000000000000000000 P 1294cd1cc8e04687ab0da13f2d91ec00: Neither blocks nor log segments found. Creating new log.
I20260709 14:45:32.743144  6287 log.cc:826] T 00000000000000000000000000000000 P 1294cd1cc8e04687ab0da13f2d91ec00: Log is configured to *not* fsync() on all Append() calls
I20260709 14:45:32.747515  6287 tablet_bootstrap.cc:492] T 00000000000000000000000000000000 P 1294cd1cc8e04687ab0da13f2d91ec00: No bootstrap required, opened a new log
I20260709 14:45:32.767433  6287 raft_consensus.cc:359] T 00000000000000000000000000000000 P 1294cd1cc8e04687ab0da13f2d91ec00 [term 0 FOLLOWER]: Replica starting. Triggering 0 pending ops. Active config: opid_index: -1 OBSOLETE_local: true peers { permanent_uuid: "1294cd1cc8e04687ab0da13f2d91ec00" member_type: VOTER }
I20260709 14:45:32.768002  6287 raft_consensus.cc:385] T 00000000000000000000000000000000 P 1294cd1cc8e04687ab0da13f2d91ec00 [term 0 FOLLOWER]: Consensus starting up: Expiring failure detector timer to make a prompt election more likely
I20260709 14:45:32.768334  6287 raft_consensus.cc:740] T 00000000000000000000000000000000 P 1294cd1cc8e04687ab0da13f2d91ec00 [term 0 FOLLOWER]: Becoming Follower/Learner. State: Replica: 1294cd1cc8e04687ab0da13f2d91ec00, State: Initialized, Role: FOLLOWER
I20260709 14:45:32.769359  6287 consensus_queue.cc:260] T 00000000000000000000000000000000 P 1294cd1cc8e04687ab0da13f2d91ec00 [NON_LEADER]: Queue going to NON_LEADER mode. State: All replicated index: 0, Majority replicated index: 0, Committed index: 0, Last appended: 0.0, Last appended by leader: 0, Current term: 0, Majority size: -1, State: 0, Mode: NON_LEADER, active raft config: opid_index: -1 OBSOLETE_local: true peers { permanent_uuid: "1294cd1cc8e04687ab0da13f2d91ec00" member_type: VOTER }
I20260709 14:45:32.769888  6287 raft_consensus.cc:399] T 00000000000000000000000000000000 P 1294cd1cc8e04687ab0da13f2d91ec00 [term 0 FOLLOWER]: Only one voter in the Raft config. Triggering election immediately
I20260709 14:45:32.770184  6287 raft_consensus.cc:493] T 00000000000000000000000000000000 P 1294cd1cc8e04687ab0da13f2d91ec00 [term 0 FOLLOWER]: Starting leader election (initial election of a single-replica configuration)
I20260709 14:45:32.770536  6287 raft_consensus.cc:3060] T 00000000000000000000000000000000 P 1294cd1cc8e04687ab0da13f2d91ec00 [term 0 FOLLOWER]: Advancing to term 1
I20260709 14:45:32.774575  6287 raft_consensus.cc:515] T 00000000000000000000000000000000 P 1294cd1cc8e04687ab0da13f2d91ec00 [term 1 FOLLOWER]: Starting leader election with config: opid_index: -1 OBSOLETE_local: true peers { permanent_uuid: "1294cd1cc8e04687ab0da13f2d91ec00" member_type: VOTER }
I20260709 14:45:32.775326  6287 leader_election.cc:304] T 00000000000000000000000000000000 P 1294cd1cc8e04687ab0da13f2d91ec00 [CANDIDATE]: Term 1 election: Election decided. Result: candidate won. Election summary: received 1 responses out of 1 voters: 1 yes votes; 0 no votes. yes voters: 1294cd1cc8e04687ab0da13f2d91ec00; no voters: 
I20260709 14:45:32.776998  6287 leader_election.cc:290] T 00000000000000000000000000000000 P 1294cd1cc8e04687ab0da13f2d91ec00 [CANDIDATE]: Term 1 election: Requested vote from peers 
I20260709 14:45:32.777392  6290 raft_consensus.cc:2804] T 00000000000000000000000000000000 P 1294cd1cc8e04687ab0da13f2d91ec00 [term 1 FOLLOWER]: Leader election won for term 1
I20260709 14:45:32.780017  6290 raft_consensus.cc:697] T 00000000000000000000000000000000 P 1294cd1cc8e04687ab0da13f2d91ec00 [term 1 LEADER]: Becoming Leader. State: Replica: 1294cd1cc8e04687ab0da13f2d91ec00, State: Running, Role: LEADER
I20260709 14:45:32.780912  6290 consensus_queue.cc:237] T 00000000000000000000000000000000 P 1294cd1cc8e04687ab0da13f2d91ec00 [LEADER]: Queue going to LEADER mode. State: All replicated index: 0, Majority replicated index: 0, Committed index: 0, Last appended: 0.0, Last appended by leader: 0, Current term: 1, Majority size: 1, State: 0, Mode: LEADER, active raft config: opid_index: -1 OBSOLETE_local: true peers { permanent_uuid: "1294cd1cc8e04687ab0da13f2d91ec00" member_type: VOTER }
I20260709 14:45:32.781973  6287 sys_catalog.cc:565] T 00000000000000000000000000000000 P 1294cd1cc8e04687ab0da13f2d91ec00 [sys.catalog]: configured and running, proceeding with master startup.
I20260709 14:45:32.793574  6291 sys_catalog.cc:455] T 00000000000000000000000000000000 P 1294cd1cc8e04687ab0da13f2d91ec00 [sys.catalog]: SysCatalogTable state changed. Reason: RaftConsensus started. Latest consensus state: current_term: 1 leader_uuid: "1294cd1cc8e04687ab0da13f2d91ec00" committed_config { opid_index: -1 OBSOLETE_local: true peers { permanent_uuid: "1294cd1cc8e04687ab0da13f2d91ec00" member_type: VOTER } }
I20260709 14:45:32.793457  6292 sys_catalog.cc:455] T 00000000000000000000000000000000 P 1294cd1cc8e04687ab0da13f2d91ec00 [sys.catalog]: SysCatalogTable state changed. Reason: New leader 1294cd1cc8e04687ab0da13f2d91ec00. Latest consensus state: current_term: 1 leader_uuid: "1294cd1cc8e04687ab0da13f2d91ec00" committed_config { opid_index: -1 OBSOLETE_local: true peers { permanent_uuid: "1294cd1cc8e04687ab0da13f2d91ec00" member_type: VOTER } }
I20260709 14:45:32.794164  6291 sys_catalog.cc:458] T 00000000000000000000000000000000 P 1294cd1cc8e04687ab0da13f2d91ec00 [sys.catalog]: This master's current role is: LEADER
I20260709 14:45:32.794215  6292 sys_catalog.cc:458] T 00000000000000000000000000000000 P 1294cd1cc8e04687ab0da13f2d91ec00 [sys.catalog]: This master's current role is: LEADER
I20260709 14:45:32.797168  6300 catalog_manager.cc:1511] Loading table and tablet metadata into memory...
I20260709 14:45:32.808882  6300 catalog_manager.cc:1520] Initializing Kudu cluster ID...
I20260709 14:45:32.811213  6220 internal_mini_cluster.cc:184] Waiting to initialize catalog manager on master 0
I20260709 14:45:32.825470  6300 catalog_manager.cc:1383] Generated new cluster ID: f402abb9371e4062abf76de72b737a7a
I20260709 14:45:32.825785  6300 catalog_manager.cc:1531] Initializing Kudu internal certificate authority...
I20260709 14:45:32.862628  6300 catalog_manager.cc:1406] Generated new certificate authority record
I20260709 14:45:32.864112  6300 catalog_manager.cc:1540] Loading token signing keys...
I20260709 14:45:32.885982  6300 catalog_manager.cc:6070] T 00000000000000000000000000000000 P 1294cd1cc8e04687ab0da13f2d91ec00: Generated new TSK 0
I20260709 14:45:32.886972  6300 catalog_manager.cc:1550] Initializing in-progress tserver states...
I20260709 14:45:32.941722  6220 file_cache.cc:504] Constructed file cache file cache with capacity 419430
W20260709 14:45:32.949699  6309 instance_detector.cc:116] could not retrieve AWS instance metadata: Network error: curl error: HTTP response code said error: The requested URL returned error: 404
W20260709 14:45:32.951090  6310 instance_detector.cc:116] could not retrieve Azure instance metadata: Network error: curl error: HTTP response code said error: The requested URL returned error: 404
W20260709 14:45:32.954301  6312 instance_detector.cc:116] could not retrieve OpenStack instance metadata: Network error: curl error: HTTP response code said error: The requested URL returned error: 404
I20260709 14:45:32.954800  6220 server_base.cc:1061] running on GCE node
I20260709 14:45:32.955531  6220 hybrid_clock.cc:584] initializing the hybrid clock with 'system_unsync' time source
W20260709 14:45:32.955734  6220 system_unsync_time.cc:38] NTP support is disabled. Clock error bounds will not be accurate. This configuration is not suitable for distributed clusters.
I20260709 14:45:32.955914  6220 hybrid_clock.cc:648] HybridClock initialized: now 1783608332955882 us; error 0 us; skew 500 ppm
I20260709 14:45:32.956502  6220 server_base.cc:861] Flag tcmalloc_max_total_thread_cache_bytes is not working since tcmalloc is not enabled.
I20260709 14:45:32.960809  6220 webserver.cc:533] Webserver started at http://127.6.19.1:39703/ using document root <none> and password file <none>
I20260709 14:45:32.961395  6220 fs_manager.cc:362] Metadata directory not provided
I20260709 14:45:32.961598  6220 fs_manager.cc:368] Using write-ahead log directory (fs_wal_dir) as metadata directory
I20260709 14:45:32.961879  6220 server_base.cc:909] This appears to be a new deployment of Kudu; creating new FS layout
I20260709 14:45:32.962977  6220 fs_manager.cc:1068] Generated new instance metadata in path /tmp/dist-test-task8c8LXn/test-tmp/auto_leader_rebalancer-test.0.LeaderRebalancerTest.FunctionalTestForDivided.1783608331150521-6220-0/minicluster-data/ts-0-root/instance:
uuid: "8f4d88e48ecf4be8a7fac770ba7bd816"
format_stamp: "Formatted at 2026-07-09 14:45:32 on dist-test-slave-vl6x"
I20260709 14:45:32.968554  6220 fs_manager.cc:696] Time spent creating directory manager: real 0.005s	user 0.007s	sys 0.000s
I20260709 14:45:32.972983  6317 log_block_manager.cc:4127] Time spent loading block containers with low live blocks: real 0.000s	user 0.000s	sys 0.000s
I20260709 14:45:32.973801  6220 fs_manager.cc:730] Time spent opening block manager: real 0.003s	user 0.000s	sys 0.003s
I20260709 14:45:32.974085  6220 fs_manager.cc:647] Opened local filesystem: /tmp/dist-test-task8c8LXn/test-tmp/auto_leader_rebalancer-test.0.LeaderRebalancerTest.FunctionalTestForDivided.1783608331150521-6220-0/minicluster-data/ts-0-root
uuid: "8f4d88e48ecf4be8a7fac770ba7bd816"
format_stamp: "Formatted at 2026-07-09 14:45:32 on dist-test-slave-vl6x"
I20260709 14:45:32.974370  6220 fs_report.cc:389] FS layout report
--------------------
wal directory: /tmp/dist-test-task8c8LXn/test-tmp/auto_leader_rebalancer-test.0.LeaderRebalancerTest.FunctionalTestForDivided.1783608331150521-6220-0/minicluster-data/ts-0-root
metadata directory: /tmp/dist-test-task8c8LXn/test-tmp/auto_leader_rebalancer-test.0.LeaderRebalancerTest.FunctionalTestForDivided.1783608331150521-6220-0/minicluster-data/ts-0-root
1 data directories: /tmp/dist-test-task8c8LXn/test-tmp/auto_leader_rebalancer-test.0.LeaderRebalancerTest.FunctionalTestForDivided.1783608331150521-6220-0/minicluster-data/ts-0-root/data
Total live blocks: 0
Total live bytes: 0
Total live bytes (after alignment): 0
Total number of LBM containers: 0 (0 full)
Did not check for missing blocks
Did not check for orphaned blocks
Total full LBM containers with extra space: 0 (0 repaired)
Total full LBM container extra space in bytes: 0 (0 repaired)
Total incomplete LBM containers: 0 (0 repaired)
Total LBM partial records: 0 (0 repaired)
Total corrupted LBM metadata records in RocksDB: 0 (0 repaired)
I20260709 14:45:32.996027  6220 rpc_server.cc:225] running with OpenSSL 1.1.1  11 Sep 2018
I20260709 14:45:32.997483  6220 kserver.cc:163] Server-wide thread pool size limit: 3276
I20260709 14:45:33.000185  6220 txn_system_client.cc:432] TxnSystemClient initialization is disabled...
I20260709 14:45:33.004623  6220 ts_tablet_manager.cc:585] Loaded tablet metadata (0 total tablets, 0 live tablets)
I20260709 14:45:33.004828  6220 ts_tablet_manager.cc:531] Time spent load tablet metadata: real 0.000s	user 0.000s	sys 0.000s
I20260709 14:45:33.005152  6220 ts_tablet_manager.cc:616] Registered 0 tablets
I20260709 14:45:33.005358  6220 ts_tablet_manager.cc:595] Time spent register tablets: real 0.000s	user 0.001s	sys 0.000s
I20260709 14:45:33.111135  6220 rpc_server.cc:307] RPC server started. Bound to: 127.6.19.1:35193
I20260709 14:45:33.111239  6379 acceptor_pool.cc:272] collecting diagnostics on the listening RPC socket 127.6.19.1:35193 every 8 connection(s)
I20260709 14:45:33.118743  6220 file_cache.cc:504] Constructed file cache file cache with capacity 419430
W20260709 14:45:33.131026  6384 instance_detector.cc:116] could not retrieve AWS instance metadata: Network error: curl error: HTTP response code said error: The requested URL returned error: 404
W20260709 14:45:33.132829  6385 instance_detector.cc:116] could not retrieve Azure instance metadata: Network error: curl error: HTTP response code said error: The requested URL returned error: 404
W20260709 14:45:33.139278  6387 instance_detector.cc:116] could not retrieve OpenStack instance metadata: Network error: curl error: HTTP response code said error: The requested URL returned error: 404
I20260709 14:45:33.140554  6220 server_base.cc:1061] running on GCE node
I20260709 14:45:33.141667  6220 hybrid_clock.cc:584] initializing the hybrid clock with 'system_unsync' time source
W20260709 14:45:33.141911  6220 system_unsync_time.cc:38] NTP support is disabled. Clock error bounds will not be accurate. This configuration is not suitable for distributed clusters.
I20260709 14:45:33.142130  6220 hybrid_clock.cc:648] HybridClock initialized: now 1783608333142111 us; error 0 us; skew 500 ppm
I20260709 14:45:33.142731  6220 server_base.cc:861] Flag tcmalloc_max_total_thread_cache_bytes is not working since tcmalloc is not enabled.
I20260709 14:45:33.146529  6220 webserver.cc:533] Webserver started at http://127.6.19.2:34913/ using document root <none> and password file <none>
I20260709 14:45:33.147161  6220 fs_manager.cc:362] Metadata directory not provided
I20260709 14:45:33.147409  6220 fs_manager.cc:368] Using write-ahead log directory (fs_wal_dir) as metadata directory
I20260709 14:45:33.147748  6220 server_base.cc:909] This appears to be a new deployment of Kudu; creating new FS layout
I20260709 14:45:33.149235  6220 fs_manager.cc:1068] Generated new instance metadata in path /tmp/dist-test-task8c8LXn/test-tmp/auto_leader_rebalancer-test.0.LeaderRebalancerTest.FunctionalTestForDivided.1783608331150521-6220-0/minicluster-data/ts-1-root/instance:
uuid: "a2a48708e75e4968ac5a22d21dd7539c"
format_stamp: "Formatted at 2026-07-09 14:45:33 on dist-test-slave-vl6x"
I20260709 14:45:33.153873  6380 heartbeater.cc:344] Connected to a master server at 127.6.19.62:43163
I20260709 14:45:33.154352  6380 heartbeater.cc:461] Registering TS with master...
I20260709 14:45:33.155479  6380 heartbeater.cc:507] Master 127.6.19.62:43163 requested a full tablet report, sending...
I20260709 14:45:33.155700  6220 fs_manager.cc:696] Time spent creating directory manager: real 0.006s	user 0.005s	sys 0.001s
I20260709 14:45:33.158752  6252 ts_manager.cc:194] Registered new tserver with Master: 8f4d88e48ecf4be8a7fac770ba7bd816 (127.6.19.1:35193)
I20260709 14:45:33.160929  6252 master_service.cc:502] Signed X509 certificate for tserver {username='slave'} at 127.0.0.1:55470
I20260709 14:45:33.163734  6392 log_block_manager.cc:4127] Time spent loading block containers with low live blocks: real 0.000s	user 0.000s	sys 0.000s
I20260709 14:45:33.164968  6220 fs_manager.cc:730] Time spent opening block manager: real 0.007s	user 0.003s	sys 0.000s
I20260709 14:45:33.165300  6220 fs_manager.cc:647] Opened local filesystem: /tmp/dist-test-task8c8LXn/test-tmp/auto_leader_rebalancer-test.0.LeaderRebalancerTest.FunctionalTestForDivided.1783608331150521-6220-0/minicluster-data/ts-1-root
uuid: "a2a48708e75e4968ac5a22d21dd7539c"
format_stamp: "Formatted at 2026-07-09 14:45:33 on dist-test-slave-vl6x"
I20260709 14:45:33.165544  6220 fs_report.cc:389] FS layout report
--------------------
wal directory: /tmp/dist-test-task8c8LXn/test-tmp/auto_leader_rebalancer-test.0.LeaderRebalancerTest.FunctionalTestForDivided.1783608331150521-6220-0/minicluster-data/ts-1-root
metadata directory: /tmp/dist-test-task8c8LXn/test-tmp/auto_leader_rebalancer-test.0.LeaderRebalancerTest.FunctionalTestForDivided.1783608331150521-6220-0/minicluster-data/ts-1-root
1 data directories: /tmp/dist-test-task8c8LXn/test-tmp/auto_leader_rebalancer-test.0.LeaderRebalancerTest.FunctionalTestForDivided.1783608331150521-6220-0/minicluster-data/ts-1-root/data
Total live blocks: 0
Total live bytes: 0
Total live bytes (after alignment): 0
Total number of LBM containers: 0 (0 full)
Did not check for missing blocks
Did not check for orphaned blocks
Total full LBM containers with extra space: 0 (0 repaired)
Total full LBM container extra space in bytes: 0 (0 repaired)
Total incomplete LBM containers: 0 (0 repaired)
Total LBM partial records: 0 (0 repaired)
Total corrupted LBM metadata records in RocksDB: 0 (0 repaired)
I20260709 14:45:33.186584  6220 rpc_server.cc:225] running with OpenSSL 1.1.1  11 Sep 2018
I20260709 14:45:33.187811  6220 kserver.cc:163] Server-wide thread pool size limit: 3276
I20260709 14:45:33.190346  6220 txn_system_client.cc:432] TxnSystemClient initialization is disabled...
I20260709 14:45:33.193226  6220 ts_tablet_manager.cc:585] Loaded tablet metadata (0 total tablets, 0 live tablets)
I20260709 14:45:33.193403  6220 ts_tablet_manager.cc:531] Time spent load tablet metadata: real 0.000s	user 0.000s	sys 0.000s
I20260709 14:45:33.193681  6220 ts_tablet_manager.cc:616] Registered 0 tablets
I20260709 14:45:33.193836  6220 ts_tablet_manager.cc:595] Time spent register tablets: real 0.000s	user 0.000s	sys 0.000s
I20260709 14:45:33.293797  6220 rpc_server.cc:307] RPC server started. Bound to: 127.6.19.2:36165
I20260709 14:45:33.293964  6454 acceptor_pool.cc:272] collecting diagnostics on the listening RPC socket 127.6.19.2:36165 every 8 connection(s)
I20260709 14:45:33.299098  6220 file_cache.cc:504] Constructed file cache file cache with capacity 419430
W20260709 14:45:33.311133  6458 instance_detector.cc:116] could not retrieve AWS instance metadata: Network error: curl error: HTTP response code said error: The requested URL returned error: 404
W20260709 14:45:33.313350  6459 instance_detector.cc:116] could not retrieve Azure instance metadata: Network error: curl error: HTTP response code said error: The requested URL returned error: 404
I20260709 14:45:33.315709  6455 heartbeater.cc:344] Connected to a master server at 127.6.19.62:43163
I20260709 14:45:33.316136  6455 heartbeater.cc:461] Registering TS with master...
I20260709 14:45:33.317021  6455 heartbeater.cc:507] Master 127.6.19.62:43163 requested a full tablet report, sending...
W20260709 14:45:33.316995  6461 instance_detector.cc:116] could not retrieve OpenStack instance metadata: Network error: curl error: HTTP response code said error: The requested URL returned error: 404
I20260709 14:45:33.319254  6220 server_base.cc:1061] running on GCE node
I20260709 14:45:33.319540  6252 ts_manager.cc:194] Registered new tserver with Master: a2a48708e75e4968ac5a22d21dd7539c (127.6.19.2:36165)
I20260709 14:45:33.320210  6220 hybrid_clock.cc:584] initializing the hybrid clock with 'system_unsync' time source
W20260709 14:45:33.320442  6220 system_unsync_time.cc:38] NTP support is disabled. Clock error bounds will not be accurate. This configuration is not suitable for distributed clusters.
I20260709 14:45:33.320657  6220 hybrid_clock.cc:648] HybridClock initialized: now 1783608333320641 us; error 0 us; skew 500 ppm
I20260709 14:45:33.321286  6220 server_base.cc:861] Flag tcmalloc_max_total_thread_cache_bytes is not working since tcmalloc is not enabled.
I20260709 14:45:33.321369  6252 master_service.cc:502] Signed X509 certificate for tserver {username='slave'} at 127.0.0.1:55482
I20260709 14:45:33.324040  6220 webserver.cc:533] Webserver started at http://127.6.19.3:36705/ using document root <none> and password file <none>
I20260709 14:45:33.324532  6220 fs_manager.cc:362] Metadata directory not provided
I20260709 14:45:33.324743  6220 fs_manager.cc:368] Using write-ahead log directory (fs_wal_dir) as metadata directory
I20260709 14:45:33.325001  6220 server_base.cc:909] This appears to be a new deployment of Kudu; creating new FS layout
I20260709 14:45:33.326037  6220 fs_manager.cc:1068] Generated new instance metadata in path /tmp/dist-test-task8c8LXn/test-tmp/auto_leader_rebalancer-test.0.LeaderRebalancerTest.FunctionalTestForDivided.1783608331150521-6220-0/minicluster-data/ts-2-root/instance:
uuid: "a638987430664a90b091fb16e861ebd4"
format_stamp: "Formatted at 2026-07-09 14:45:33 on dist-test-slave-vl6x"
I20260709 14:45:33.330552  6220 fs_manager.cc:696] Time spent creating directory manager: real 0.004s	user 0.005s	sys 0.000s
I20260709 14:45:33.333876  6466 log_block_manager.cc:4127] Time spent loading block containers with low live blocks: real 0.000s	user 0.000s	sys 0.000s
I20260709 14:45:33.334731  6220 fs_manager.cc:730] Time spent opening block manager: real 0.002s	user 0.002s	sys 0.001s
I20260709 14:45:33.335088  6220 fs_manager.cc:647] Opened local filesystem: /tmp/dist-test-task8c8LXn/test-tmp/auto_leader_rebalancer-test.0.LeaderRebalancerTest.FunctionalTestForDivided.1783608331150521-6220-0/minicluster-data/ts-2-root
uuid: "a638987430664a90b091fb16e861ebd4"
format_stamp: "Formatted at 2026-07-09 14:45:33 on dist-test-slave-vl6x"
I20260709 14:45:33.335449  6220 fs_report.cc:389] FS layout report
--------------------
wal directory: /tmp/dist-test-task8c8LXn/test-tmp/auto_leader_rebalancer-test.0.LeaderRebalancerTest.FunctionalTestForDivided.1783608331150521-6220-0/minicluster-data/ts-2-root
metadata directory: /tmp/dist-test-task8c8LXn/test-tmp/auto_leader_rebalancer-test.0.LeaderRebalancerTest.FunctionalTestForDivided.1783608331150521-6220-0/minicluster-data/ts-2-root
1 data directories: /tmp/dist-test-task8c8LXn/test-tmp/auto_leader_rebalancer-test.0.LeaderRebalancerTest.FunctionalTestForDivided.1783608331150521-6220-0/minicluster-data/ts-2-root/data
Total live blocks: 0
Total live bytes: 0
Total live bytes (after alignment): 0
Total number of LBM containers: 0 (0 full)
Did not check for missing blocks
Did not check for orphaned blocks
Total full LBM containers with extra space: 0 (0 repaired)
Total full LBM container extra space in bytes: 0 (0 repaired)
Total incomplete LBM containers: 0 (0 repaired)
Total LBM partial records: 0 (0 repaired)
Total corrupted LBM metadata records in RocksDB: 0 (0 repaired)
I20260709 14:45:33.350114  6220 rpc_server.cc:225] running with OpenSSL 1.1.1  11 Sep 2018
I20260709 14:45:33.351686  6220 kserver.cc:163] Server-wide thread pool size limit: 3276
I20260709 14:45:33.354166  6220 txn_system_client.cc:432] TxnSystemClient initialization is disabled...
I20260709 14:45:33.357846  6220 ts_tablet_manager.cc:585] Loaded tablet metadata (0 total tablets, 0 live tablets)
I20260709 14:45:33.358124  6220 ts_tablet_manager.cc:531] Time spent load tablet metadata: real 0.000s	user 0.000s	sys 0.000s
I20260709 14:45:33.358410  6220 ts_tablet_manager.cc:616] Registered 0 tablets
I20260709 14:45:33.358620  6220 ts_tablet_manager.cc:595] Time spent register tablets: real 0.000s	user 0.000s	sys 0.000s
I20260709 14:45:33.441443  6220 rpc_server.cc:307] RPC server started. Bound to: 127.6.19.3:38467
I20260709 14:45:33.441504  6528 acceptor_pool.cc:272] collecting diagnostics on the listening RPC socket 127.6.19.3:38467 every 8 connection(s)
I20260709 14:45:33.459481  6529 heartbeater.cc:344] Connected to a master server at 127.6.19.62:43163
I20260709 14:45:33.459857  6529 heartbeater.cc:461] Registering TS with master...
I20260709 14:45:33.460599  6529 heartbeater.cc:507] Master 127.6.19.62:43163 requested a full tablet report, sending...
I20260709 14:45:33.462582  6252 ts_manager.cc:194] Registered new tserver with Master: a638987430664a90b091fb16e861ebd4 (127.6.19.3:38467)
I20260709 14:45:33.463120  6220 internal_mini_cluster.cc:371] 3 TS(s) registered with all masters after 0.014313274s
I20260709 14:45:33.464304  6252 master_service.cc:502] Signed X509 certificate for tserver {username='slave'} at 127.0.0.1:55492
I20260709 14:45:33.520607  6252 catalog_manager.cc:2283] Servicing CreateTable request from {username='slave'} at 127.0.0.1:55498:
name: "test-workload"
schema {
  columns {
    name: "key"
    type: INT32
    is_key: true
    is_nullable: false
    encoding: AUTO_ENCODING
    compression: DEFAULT_COMPRESSION
    cfile_block_size: 0
    immutable: false
  }
  columns {
    name: "int_val"
    type: INT32
    is_key: false
    is_nullable: false
    encoding: AUTO_ENCODING
    compression: DEFAULT_COMPRESSION
    cfile_block_size: 0
    immutable: false
  }
  columns {
    name: "string_val"
    type: STRING
    is_key: false
    is_nullable: true
    encoding: AUTO_ENCODING
    compression: DEFAULT_COMPRESSION
    cfile_block_size: 0
    immutable: false
  }
}
num_replicas: 3
split_rows_range_bounds {
  rows: "\004\001\000\216\3438\016\004\001\000\034\307q\034\004\001\000\252\252\252*\004\001\0008\216\3438\004\001\000\306q\034G\004\001\000TUUU\004\001\000\3428\216c\004\001\000p\034\307q""\004\001\000\216\3438\016\004\001\000\034\307q\034\004\001\000\252\252\252*\004\001\0008\216\3438\004\001\000\306q\034G\004\001\000TUUU\004\001\000\3428\216c\004\001\000p\034\307q"
  indirect_data: """"
}
partition_schema {
  range_schema {
    columns {
      name: "key"
    }
  }
}
W20260709 14:45:33.525486  6252 catalog_manager.cc:7077] The number of live tablet servers is not enough to re-replicate a tablet replica of the newly created table test-workload in case of a server failure: 4 tablet servers would be needed, 3 are available. Consider bringing up more tablet servers.
I20260709 14:45:33.622534  6494 tablet_service.cc:1511] Processing CreateTablet for tablet 5221397e848e4f8fbcf85d7dfcdfdcb4 (DEFAULT_TABLE table=test-workload [id=e2b5d9bebad3448fa3ec03861f47d305]), partition=RANGE (key) PARTITION VALUES < 238609294
I20260709 14:45:33.624163  6494 data_dirs.cc:400] Could only allocate 1 dirs of requested 3 for tablet 5221397e848e4f8fbcf85d7dfcdfdcb4. 1 dirs total, 0 dirs full, 0 dirs failed
I20260709 14:45:33.631453  6493 tablet_service.cc:1511] Processing CreateTablet for tablet 546a8e8afffe424181fe01f61fb67dd4 (DEFAULT_TABLE table=test-workload [id=e2b5d9bebad3448fa3ec03861f47d305]), partition=RANGE (key) PARTITION 238609294 <= VALUES < 477218588
I20260709 14:45:33.632843  6493 data_dirs.cc:400] Could only allocate 1 dirs of requested 3 for tablet 546a8e8afffe424181fe01f61fb67dd4. 1 dirs total, 0 dirs full, 0 dirs failed
I20260709 14:45:33.635313  6420 tablet_service.cc:1511] Processing CreateTablet for tablet 5221397e848e4f8fbcf85d7dfcdfdcb4 (DEFAULT_TABLE table=test-workload [id=e2b5d9bebad3448fa3ec03861f47d305]), partition=RANGE (key) PARTITION VALUES < 238609294
I20260709 14:45:33.636611  6420 data_dirs.cc:400] Could only allocate 1 dirs of requested 3 for tablet 5221397e848e4f8fbcf85d7dfcdfdcb4. 1 dirs total, 0 dirs full, 0 dirs failed
I20260709 14:45:33.638772  6492 tablet_service.cc:1511] Processing CreateTablet for tablet d7b624e9ec0a46c2b5dbc76565789981 (DEFAULT_TABLE table=test-workload [id=e2b5d9bebad3448fa3ec03861f47d305]), partition=RANGE (key) PARTITION 477218588 <= VALUES < 715827882
I20260709 14:45:33.639127  6491 tablet_service.cc:1511] Processing CreateTablet for tablet 4a2979e611f54fe7bfe06a39b737eaad (DEFAULT_TABLE table=test-workload [id=e2b5d9bebad3448fa3ec03861f47d305]), partition=RANGE (key) PARTITION 715827882 <= VALUES < 954437176
I20260709 14:45:33.640142  6492 data_dirs.cc:400] Could only allocate 1 dirs of requested 3 for tablet d7b624e9ec0a46c2b5dbc76565789981. 1 dirs total, 0 dirs full, 0 dirs failed
I20260709 14:45:33.640863  6491 data_dirs.cc:400] Could only allocate 1 dirs of requested 3 for tablet 4a2979e611f54fe7bfe06a39b737eaad. 1 dirs total, 0 dirs full, 0 dirs failed
I20260709 14:45:33.654590  6490 tablet_service.cc:1511] Processing CreateTablet for tablet 836171828c81462d86050780cc44c349 (DEFAULT_TABLE table=test-workload [id=e2b5d9bebad3448fa3ec03861f47d305]), partition=RANGE (key) PARTITION 954437176 <= VALUES < 1193046470
I20260709 14:45:33.655902  6490 data_dirs.cc:400] Could only allocate 1 dirs of requested 3 for tablet 836171828c81462d86050780cc44c349. 1 dirs total, 0 dirs full, 0 dirs failed
I20260709 14:45:33.658429  6489 tablet_service.cc:1511] Processing CreateTablet for tablet e2956c0e107944ec88f5ebfb27d832fc (DEFAULT_TABLE table=test-workload [id=e2b5d9bebad3448fa3ec03861f47d305]), partition=RANGE (key) PARTITION 1193046470 <= VALUES < 1431655764
I20260709 14:45:33.659766  6489 data_dirs.cc:400] Could only allocate 1 dirs of requested 3 for tablet e2956c0e107944ec88f5ebfb27d832fc. 1 dirs total, 0 dirs full, 0 dirs failed
I20260709 14:45:33.673586  6419 tablet_service.cc:1511] Processing CreateTablet for tablet 546a8e8afffe424181fe01f61fb67dd4 (DEFAULT_TABLE table=test-workload [id=e2b5d9bebad3448fa3ec03861f47d305]), partition=RANGE (key) PARTITION 238609294 <= VALUES < 477218588
I20260709 14:45:33.676908  6486 tablet_service.cc:1511] Processing CreateTablet for tablet 2c7c529b6fd94651acf181fe69faf666 (DEFAULT_TABLE table=test-workload [id=e2b5d9bebad3448fa3ec03861f47d305]), partition=RANGE (key) PARTITION 1908874352 <= VALUES
I20260709 14:45:33.670336  6488 tablet_service.cc:1511] Processing CreateTablet for tablet 22c1aa07ce0a4b58b15a7b241f584355 (DEFAULT_TABLE table=test-workload [id=e2b5d9bebad3448fa3ec03861f47d305]), partition=RANGE (key) PARTITION 1431655764 <= VALUES < 1670265058
I20260709 14:45:33.680848  6487 tablet_service.cc:1511] Processing CreateTablet for tablet 12121306647a440c901cc2b3b6627451 (DEFAULT_TABLE table=test-workload [id=e2b5d9bebad3448fa3ec03861f47d305]), partition=RANGE (key) PARTITION 1670265058 <= VALUES < 1908874352
I20260709 14:45:33.681645  6419 data_dirs.cc:400] Could only allocate 1 dirs of requested 3 for tablet 546a8e8afffe424181fe01f61fb67dd4. 1 dirs total, 0 dirs full, 0 dirs failed
I20260709 14:45:33.682180  6486 data_dirs.cc:400] Could only allocate 1 dirs of requested 3 for tablet 2c7c529b6fd94651acf181fe69faf666. 1 dirs total, 0 dirs full, 0 dirs failed
I20260709 14:45:33.680398  6418 tablet_service.cc:1511] Processing CreateTablet for tablet d7b624e9ec0a46c2b5dbc76565789981 (DEFAULT_TABLE table=test-workload [id=e2b5d9bebad3448fa3ec03861f47d305]), partition=RANGE (key) PARTITION 477218588 <= VALUES < 715827882
I20260709 14:45:33.686440  6487 data_dirs.cc:400] Could only allocate 1 dirs of requested 3 for tablet 12121306647a440c901cc2b3b6627451. 1 dirs total, 0 dirs full, 0 dirs failed
I20260709 14:45:33.690951  6417 tablet_service.cc:1511] Processing CreateTablet for tablet 4a2979e611f54fe7bfe06a39b737eaad (DEFAULT_TABLE table=test-workload [id=e2b5d9bebad3448fa3ec03861f47d305]), partition=RANGE (key) PARTITION 715827882 <= VALUES < 954437176
I20260709 14:45:33.696159  6418 data_dirs.cc:400] Could only allocate 1 dirs of requested 3 for tablet d7b624e9ec0a46c2b5dbc76565789981. 1 dirs total, 0 dirs full, 0 dirs failed
I20260709 14:45:33.693778  6420 tablet_service.cc:1511] Processing CreateTablet for tablet 836171828c81462d86050780cc44c349 (DEFAULT_TABLE table=test-workload [id=e2b5d9bebad3448fa3ec03861f47d305]), partition=RANGE (key) PARTITION 954437176 <= VALUES < 1193046470
I20260709 14:45:33.699198  6488 data_dirs.cc:400] Could only allocate 1 dirs of requested 3 for tablet 22c1aa07ce0a4b58b15a7b241f584355. 1 dirs total, 0 dirs full, 0 dirs failed
I20260709 14:45:33.705829  6417 data_dirs.cc:400] Could only allocate 1 dirs of requested 3 for tablet 4a2979e611f54fe7bfe06a39b737eaad. 1 dirs total, 0 dirs full, 0 dirs failed
I20260709 14:45:33.699209  6345 tablet_service.cc:1511] Processing CreateTablet for tablet 5221397e848e4f8fbcf85d7dfcdfdcb4 (DEFAULT_TABLE table=test-workload [id=e2b5d9bebad3448fa3ec03861f47d305]), partition=RANGE (key) PARTITION VALUES < 238609294
I20260709 14:45:33.718204  6420 data_dirs.cc:400] Could only allocate 1 dirs of requested 3 for tablet 836171828c81462d86050780cc44c349. 1 dirs total, 0 dirs full, 0 dirs failed
I20260709 14:45:33.719862  6547 tablet_bootstrap.cc:492] T 5221397e848e4f8fbcf85d7dfcdfdcb4 P a2a48708e75e4968ac5a22d21dd7539c: Bootstrap starting.
I20260709 14:45:33.735117  6345 data_dirs.cc:400] Could only allocate 1 dirs of requested 3 for tablet 5221397e848e4f8fbcf85d7dfcdfdcb4. 1 dirs total, 0 dirs full, 0 dirs failed
I20260709 14:45:33.732134  6340 tablet_service.cc:1511] Processing CreateTablet for tablet e2956c0e107944ec88f5ebfb27d832fc (DEFAULT_TABLE table=test-workload [id=e2b5d9bebad3448fa3ec03861f47d305]), partition=RANGE (key) PARTITION 1193046470 <= VALUES < 1431655764
I20260709 14:45:33.732057  6344 tablet_service.cc:1511] Processing CreateTablet for tablet 546a8e8afffe424181fe01f61fb67dd4 (DEFAULT_TABLE table=test-workload [id=e2b5d9bebad3448fa3ec03861f47d305]), partition=RANGE (key) PARTITION 238609294 <= VALUES < 477218588
I20260709 14:45:33.732205  6342 tablet_service.cc:1511] Processing CreateTablet for tablet 4a2979e611f54fe7bfe06a39b737eaad (DEFAULT_TABLE table=test-workload [id=e2b5d9bebad3448fa3ec03861f47d305]), partition=RANGE (key) PARTITION 715827882 <= VALUES < 954437176
I20260709 14:45:33.738916  6416 tablet_service.cc:1511] Processing CreateTablet for tablet e2956c0e107944ec88f5ebfb27d832fc (DEFAULT_TABLE table=test-workload [id=e2b5d9bebad3448fa3ec03861f47d305]), partition=RANGE (key) PARTITION 1193046470 <= VALUES < 1431655764
I20260709 14:45:33.750389  6340 data_dirs.cc:400] Could only allocate 1 dirs of requested 3 for tablet e2956c0e107944ec88f5ebfb27d832fc. 1 dirs total, 0 dirs full, 0 dirs failed
I20260709 14:45:33.752108  6339 tablet_service.cc:1511] Processing CreateTablet for tablet 22c1aa07ce0a4b58b15a7b241f584355 (DEFAULT_TABLE table=test-workload [id=e2b5d9bebad3448fa3ec03861f47d305]), partition=RANGE (key) PARTITION 1431655764 <= VALUES < 1670265058
I20260709 14:45:33.737660  6343 tablet_service.cc:1511] Processing CreateTablet for tablet d7b624e9ec0a46c2b5dbc76565789981 (DEFAULT_TABLE table=test-workload [id=e2b5d9bebad3448fa3ec03861f47d305]), partition=RANGE (key) PARTITION 477218588 <= VALUES < 715827882
I20260709 14:45:33.750819  6548 tablet_bootstrap.cc:492] T d7b624e9ec0a46c2b5dbc76565789981 P a638987430664a90b091fb16e861ebd4: Bootstrap starting.
I20260709 14:45:33.757350  6415 tablet_service.cc:1511] Processing CreateTablet for tablet 22c1aa07ce0a4b58b15a7b241f584355 (DEFAULT_TABLE table=test-workload [id=e2b5d9bebad3448fa3ec03861f47d305]), partition=RANGE (key) PARTITION 1431655764 <= VALUES < 1670265058
I20260709 14:45:33.759756  6416 data_dirs.cc:400] Could only allocate 1 dirs of requested 3 for tablet e2956c0e107944ec88f5ebfb27d832fc. 1 dirs total, 0 dirs full, 0 dirs failed
I20260709 14:45:33.763878  6415 data_dirs.cc:400] Could only allocate 1 dirs of requested 3 for tablet 22c1aa07ce0a4b58b15a7b241f584355. 1 dirs total, 0 dirs full, 0 dirs failed
I20260709 14:45:33.751163  6341 tablet_service.cc:1511] Processing CreateTablet for tablet 836171828c81462d86050780cc44c349 (DEFAULT_TABLE table=test-workload [id=e2b5d9bebad3448fa3ec03861f47d305]), partition=RANGE (key) PARTITION 954437176 <= VALUES < 1193046470
I20260709 14:45:33.760228  6414 tablet_service.cc:1511] Processing CreateTablet for tablet 12121306647a440c901cc2b3b6627451 (DEFAULT_TABLE table=test-workload [id=e2b5d9bebad3448fa3ec03861f47d305]), partition=RANGE (key) PARTITION 1670265058 <= VALUES < 1908874352
I20260709 14:45:33.770161  6413 tablet_service.cc:1511] Processing CreateTablet for tablet 2c7c529b6fd94651acf181fe69faf666 (DEFAULT_TABLE table=test-workload [id=e2b5d9bebad3448fa3ec03861f47d305]), partition=RANGE (key) PARTITION 1908874352 <= VALUES
I20260709 14:45:33.774356  6344 data_dirs.cc:400] Could only allocate 1 dirs of requested 3 for tablet 546a8e8afffe424181fe01f61fb67dd4. 1 dirs total, 0 dirs full, 0 dirs failed
I20260709 14:45:33.754254  6338 tablet_service.cc:1511] Processing CreateTablet for tablet 12121306647a440c901cc2b3b6627451 (DEFAULT_TABLE table=test-workload [id=e2b5d9bebad3448fa3ec03861f47d305]), partition=RANGE (key) PARTITION 1670265058 <= VALUES < 1908874352
I20260709 14:45:33.760246  6337 tablet_service.cc:1511] Processing CreateTablet for tablet 2c7c529b6fd94651acf181fe69faf666 (DEFAULT_TABLE table=test-workload [id=e2b5d9bebad3448fa3ec03861f47d305]), partition=RANGE (key) PARTITION 1908874352 <= VALUES
I20260709 14:45:33.782023  6341 data_dirs.cc:400] Could only allocate 1 dirs of requested 3 for tablet 836171828c81462d86050780cc44c349. 1 dirs total, 0 dirs full, 0 dirs failed
I20260709 14:45:33.783507  6342 data_dirs.cc:400] Could only allocate 1 dirs of requested 3 for tablet 4a2979e611f54fe7bfe06a39b737eaad. 1 dirs total, 0 dirs full, 0 dirs failed
I20260709 14:45:33.790633  6338 data_dirs.cc:400] Could only allocate 1 dirs of requested 3 for tablet 12121306647a440c901cc2b3b6627451. 1 dirs total, 0 dirs full, 0 dirs failed
I20260709 14:45:33.798666  6337 data_dirs.cc:400] Could only allocate 1 dirs of requested 3 for tablet 2c7c529b6fd94651acf181fe69faf666. 1 dirs total, 0 dirs full, 0 dirs failed
I20260709 14:45:33.800086  6414 data_dirs.cc:400] Could only allocate 1 dirs of requested 3 for tablet 12121306647a440c901cc2b3b6627451. 1 dirs total, 0 dirs full, 0 dirs failed
I20260709 14:45:33.803570  6339 data_dirs.cc:400] Could only allocate 1 dirs of requested 3 for tablet 22c1aa07ce0a4b58b15a7b241f584355. 1 dirs total, 0 dirs full, 0 dirs failed
W20260709 14:45:33.808458  6299 auto_rebalancer.cc:288] Could not retrieve cluster info: Service unavailable: Tablet not running
I20260709 14:45:33.808879  6413 data_dirs.cc:400] Could only allocate 1 dirs of requested 3 for tablet 2c7c529b6fd94651acf181fe69faf666. 1 dirs total, 0 dirs full, 0 dirs failed
I20260709 14:45:33.812527  6343 data_dirs.cc:400] Could only allocate 1 dirs of requested 3 for tablet d7b624e9ec0a46c2b5dbc76565789981. 1 dirs total, 0 dirs full, 0 dirs failed
I20260709 14:45:33.896027  6547 tablet_bootstrap.cc:654] T 5221397e848e4f8fbcf85d7dfcdfdcb4 P a2a48708e75e4968ac5a22d21dd7539c: Neither blocks nor log segments found. Creating new log.
I20260709 14:45:33.909009  6549 tablet_bootstrap.cc:492] T 546a8e8afffe424181fe01f61fb67dd4 P 8f4d88e48ecf4be8a7fac770ba7bd816: Bootstrap starting.
I20260709 14:45:33.922927  6548 tablet_bootstrap.cc:654] T d7b624e9ec0a46c2b5dbc76565789981 P a638987430664a90b091fb16e861ebd4: Neither blocks nor log segments found. Creating new log.
I20260709 14:45:33.937903  6549 tablet_bootstrap.cc:654] T 546a8e8afffe424181fe01f61fb67dd4 P 8f4d88e48ecf4be8a7fac770ba7bd816: Neither blocks nor log segments found. Creating new log.
I20260709 14:45:33.938421  6547 tablet_bootstrap.cc:492] T 5221397e848e4f8fbcf85d7dfcdfdcb4 P a2a48708e75e4968ac5a22d21dd7539c: No bootstrap required, opened a new log
I20260709 14:45:33.939005  6547 ts_tablet_manager.cc:1403] T 5221397e848e4f8fbcf85d7dfcdfdcb4 P a2a48708e75e4968ac5a22d21dd7539c: Time spent bootstrapping tablet: real 0.247s	user 0.022s	sys 0.008s
I20260709 14:45:33.942387  6547 raft_consensus.cc:359] T 5221397e848e4f8fbcf85d7dfcdfdcb4 P a2a48708e75e4968ac5a22d21dd7539c [term 0 FOLLOWER]: Replica starting. Triggering 0 pending ops. Active config: opid_index: -1 OBSOLETE_local: false peers { permanent_uuid: "a2a48708e75e4968ac5a22d21dd7539c" member_type: VOTER last_known_addr { host: "127.6.19.2" port: 36165 } } peers { permanent_uuid: "a638987430664a90b091fb16e861ebd4" member_type: VOTER last_known_addr { host: "127.6.19.3" port: 38467 } } peers { permanent_uuid: "8f4d88e48ecf4be8a7fac770ba7bd816" member_type: VOTER last_known_addr { host: "127.6.19.1" port: 35193 } }
I20260709 14:45:33.943455  6547 raft_consensus.cc:385] T 5221397e848e4f8fbcf85d7dfcdfdcb4 P a2a48708e75e4968ac5a22d21dd7539c [term 0 FOLLOWER]: Consensus starting up: Expiring failure detector timer to make a prompt election more likely
I20260709 14:45:33.943877  6548 tablet_bootstrap.cc:492] T d7b624e9ec0a46c2b5dbc76565789981 P a638987430664a90b091fb16e861ebd4: No bootstrap required, opened a new log
I20260709 14:45:33.943920  6547 raft_consensus.cc:740] T 5221397e848e4f8fbcf85d7dfcdfdcb4 P a2a48708e75e4968ac5a22d21dd7539c [term 0 FOLLOWER]: Becoming Follower/Learner. State: Replica: a2a48708e75e4968ac5a22d21dd7539c, State: Initialized, Role: FOLLOWER
I20260709 14:45:33.944497  6548 ts_tablet_manager.cc:1403] T d7b624e9ec0a46c2b5dbc76565789981 P a638987430664a90b091fb16e861ebd4: Time spent bootstrapping tablet: real 0.229s	user 0.005s	sys 0.016s
I20260709 14:45:33.945184  6547 consensus_queue.cc:260] T 5221397e848e4f8fbcf85d7dfcdfdcb4 P a2a48708e75e4968ac5a22d21dd7539c [NON_LEADER]: Queue going to NON_LEADER mode. State: All replicated index: 0, Majority replicated index: 0, Committed index: 0, Last appended: 0.0, Last appended by leader: 0, Current term: 0, Majority size: -1, State: 0, Mode: NON_LEADER, active raft config: opid_index: -1 OBSOLETE_local: false peers { permanent_uuid: "a2a48708e75e4968ac5a22d21dd7539c" member_type: VOTER last_known_addr { host: "127.6.19.2" port: 36165 } } peers { permanent_uuid: "a638987430664a90b091fb16e861ebd4" member_type: VOTER last_known_addr { host: "127.6.19.3" port: 38467 } } peers { permanent_uuid: "8f4d88e48ecf4be8a7fac770ba7bd816" member_type: VOTER last_known_addr { host: "127.6.19.1" port: 35193 } }
I20260709 14:45:33.947268  6548 raft_consensus.cc:359] T d7b624e9ec0a46c2b5dbc76565789981 P a638987430664a90b091fb16e861ebd4 [term 0 FOLLOWER]: Replica starting. Triggering 0 pending ops. Active config: opid_index: -1 OBSOLETE_local: false peers { permanent_uuid: "8f4d88e48ecf4be8a7fac770ba7bd816" member_type: VOTER last_known_addr { host: "127.6.19.1" port: 35193 } } peers { permanent_uuid: "a2a48708e75e4968ac5a22d21dd7539c" member_type: VOTER last_known_addr { host: "127.6.19.2" port: 36165 } } peers { permanent_uuid: "a638987430664a90b091fb16e861ebd4" member_type: VOTER last_known_addr { host: "127.6.19.3" port: 38467 } }
I20260709 14:45:33.948009  6548 raft_consensus.cc:385] T d7b624e9ec0a46c2b5dbc76565789981 P a638987430664a90b091fb16e861ebd4 [term 0 FOLLOWER]: Consensus starting up: Expiring failure detector timer to make a prompt election more likely
I20260709 14:45:33.948303  6548 raft_consensus.cc:740] T d7b624e9ec0a46c2b5dbc76565789981 P a638987430664a90b091fb16e861ebd4 [term 0 FOLLOWER]: Becoming Follower/Learner. State: Replica: a638987430664a90b091fb16e861ebd4, State: Initialized, Role: FOLLOWER
I20260709 14:45:33.949115  6548 consensus_queue.cc:260] T d7b624e9ec0a46c2b5dbc76565789981 P a638987430664a90b091fb16e861ebd4 [NON_LEADER]: Queue going to NON_LEADER mode. State: All replicated index: 0, Majority replicated index: 0, Committed index: 0, Last appended: 0.0, Last appended by leader: 0, Current term: 0, Majority size: -1, State: 0, Mode: NON_LEADER, active raft config: opid_index: -1 OBSOLETE_local: false peers { permanent_uuid: "8f4d88e48ecf4be8a7fac770ba7bd816" member_type: VOTER last_known_addr { host: "127.6.19.1" port: 35193 } } peers { permanent_uuid: "a2a48708e75e4968ac5a22d21dd7539c" member_type: VOTER last_known_addr { host: "127.6.19.2" port: 36165 } } peers { permanent_uuid: "a638987430664a90b091fb16e861ebd4" member_type: VOTER last_known_addr { host: "127.6.19.3" port: 38467 } }
I20260709 14:45:33.951889  6549 tablet_bootstrap.cc:492] T 546a8e8afffe424181fe01f61fb67dd4 P 8f4d88e48ecf4be8a7fac770ba7bd816: No bootstrap required, opened a new log
I20260709 14:45:33.952445  6549 ts_tablet_manager.cc:1403] T 546a8e8afffe424181fe01f61fb67dd4 P 8f4d88e48ecf4be8a7fac770ba7bd816: Time spent bootstrapping tablet: real 0.056s	user 0.009s	sys 0.010s
I20260709 14:45:33.956597  6549 raft_consensus.cc:359] T 546a8e8afffe424181fe01f61fb67dd4 P 8f4d88e48ecf4be8a7fac770ba7bd816 [term 0 FOLLOWER]: Replica starting. Triggering 0 pending ops. Active config: opid_index: -1 OBSOLETE_local: false peers { permanent_uuid: "8f4d88e48ecf4be8a7fac770ba7bd816" member_type: VOTER last_known_addr { host: "127.6.19.1" port: 35193 } } peers { permanent_uuid: "a2a48708e75e4968ac5a22d21dd7539c" member_type: VOTER last_known_addr { host: "127.6.19.2" port: 36165 } } peers { permanent_uuid: "a638987430664a90b091fb16e861ebd4" member_type: VOTER last_known_addr { host: "127.6.19.3" port: 38467 } }
I20260709 14:45:33.957647  6549 raft_consensus.cc:385] T 546a8e8afffe424181fe01f61fb67dd4 P 8f4d88e48ecf4be8a7fac770ba7bd816 [term 0 FOLLOWER]: Consensus starting up: Expiring failure detector timer to make a prompt election more likely
I20260709 14:45:33.958020  6549 raft_consensus.cc:740] T 546a8e8afffe424181fe01f61fb67dd4 P 8f4d88e48ecf4be8a7fac770ba7bd816 [term 0 FOLLOWER]: Becoming Follower/Learner. State: Replica: 8f4d88e48ecf4be8a7fac770ba7bd816, State: Initialized, Role: FOLLOWER
