I20260709 14:46:43.902856  1736 raft_consensus.cc:359] T d980f117961f446a9ef71c996c7c957d P d5819864e197486ab50456bdc0af6ea6 [term 0 FOLLOWER]: Replica starting. Triggering 0 pending ops. Active config: opid_index: -1 OBSOLETE_local: false peers { permanent_uuid: "47d90cccc340402a9cbc67a815e6d005" member_type: VOTER last_known_addr { host: "127.0.107.193" port: 46855 } } peers { permanent_uuid: "d5819864e197486ab50456bdc0af6ea6" member_type: VOTER last_known_addr { host: "127.0.107.194" port: 37981 } } peers { permanent_uuid: "b9a6d1b4058349e5a4e8ea642c3b208c" member_type: VOTER last_known_addr { host: "127.0.107.195" port: 34683 } }
I20260709 14:46:43.903506  1736 raft_consensus.cc:385] T d980f117961f446a9ef71c996c7c957d P d5819864e197486ab50456bdc0af6ea6 [term 0 FOLLOWER]: Consensus starting up: Expiring failure detector timer to make a prompt election more likely
I20260709 14:46:43.903792  1736 raft_consensus.cc:740] T d980f117961f446a9ef71c996c7c957d P d5819864e197486ab50456bdc0af6ea6 [term 0 FOLLOWER]: Becoming Follower/Learner. State: Replica: d5819864e197486ab50456bdc0af6ea6, State: Initialized, Role: FOLLOWER
I20260709 14:46:43.904486  1736 consensus_queue.cc:260] T d980f117961f446a9ef71c996c7c957d P d5819864e197486ab50456bdc0af6ea6 [NON_LEADER]: Queue going to NON_LEADER mode. State: All replicated index: 0, Majority replicated index: 0, Committed index: 0, Last appended: 0.0, Last appended by leader: 0, Current term: 0, Majority size: -1, State: 0, Mode: NON_LEADER, active raft config: opid_index: -1 OBSOLETE_local: false peers { permanent_uuid: "47d90cccc340402a9cbc67a815e6d005" member_type: VOTER last_known_addr { host: "127.0.107.193" port: 46855 } } peers { permanent_uuid: "d5819864e197486ab50456bdc0af6ea6" member_type: VOTER last_known_addr { host: "127.0.107.194" port: 37981 } } peers { permanent_uuid: "b9a6d1b4058349e5a4e8ea642c3b208c" member_type: VOTER last_known_addr { host: "127.0.107.195" port: 34683 } }
I20260709 14:46:43.906677  1736 ts_tablet_manager.cc:1434] T d980f117961f446a9ef71c996c7c957d P d5819864e197486ab50456bdc0af6ea6: Time spent starting tablet: real 0.008s	user 0.006s	sys 0.002s
I20260709 14:46:43.906163  1733 raft_consensus.cc:359] T 957c66050fba48a3bbbe50317da0a0fa P b9a6d1b4058349e5a4e8ea642c3b208c [term 0 FOLLOWER]: Replica starting. Triggering 0 pending ops. Active config: opid_index: -1 OBSOLETE_local: false peers { permanent_uuid: "47d90cccc340402a9cbc67a815e6d005" member_type: VOTER last_known_addr { host: "127.0.107.193" port: 46855 } } peers { permanent_uuid: "d5819864e197486ab50456bdc0af6ea6" member_type: VOTER last_known_addr { host: "127.0.107.194" port: 37981 } } peers { permanent_uuid: "b9a6d1b4058349e5a4e8ea642c3b208c" member_type: VOTER last_known_addr { host: "127.0.107.195" port: 34683 } }
I20260709 14:46:43.907563  1733 raft_consensus.cc:385] T 957c66050fba48a3bbbe50317da0a0fa P b9a6d1b4058349e5a4e8ea642c3b208c [term 0 FOLLOWER]: Consensus starting up: Expiring failure detector timer to make a prompt election more likely
I20260709 14:46:43.907814  1736 tablet_bootstrap.cc:492] T db855776856e456991ed02f411d34d7e P d5819864e197486ab50456bdc0af6ea6: Bootstrap starting.
I20260709 14:46:43.907943  1733 raft_consensus.cc:740] T 957c66050fba48a3bbbe50317da0a0fa P b9a6d1b4058349e5a4e8ea642c3b208c [term 0 FOLLOWER]: Becoming Follower/Learner. State: Replica: b9a6d1b4058349e5a4e8ea642c3b208c, State: Initialized, Role: FOLLOWER
I20260709 14:46:43.908715  1733 consensus_queue.cc:260] T 957c66050fba48a3bbbe50317da0a0fa P b9a6d1b4058349e5a4e8ea642c3b208c [NON_LEADER]: Queue going to NON_LEADER mode. State: All replicated index: 0, Majority replicated index: 0, Committed index: 0, Last appended: 0.0, Last appended by leader: 0, Current term: 0, Majority size: -1, State: 0, Mode: NON_LEADER, active raft config: opid_index: -1 OBSOLETE_local: false peers { permanent_uuid: "47d90cccc340402a9cbc67a815e6d005" member_type: VOTER last_known_addr { host: "127.0.107.193" port: 46855 } } peers { permanent_uuid: "d5819864e197486ab50456bdc0af6ea6" member_type: VOTER last_known_addr { host: "127.0.107.194" port: 37981 } } peers { permanent_uuid: "b9a6d1b4058349e5a4e8ea642c3b208c" member_type: VOTER last_known_addr { host: "127.0.107.195" port: 34683 } }
I20260709 14:46:43.907564  1732 ts_tablet_manager.cc:1434] T d980f117961f446a9ef71c996c7c957d P 47d90cccc340402a9cbc67a815e6d005: Time spent starting tablet: real 0.023s	user 0.008s	sys 0.000s
I20260709 14:46:43.913180  1732 tablet_bootstrap.cc:492] T b8b800886b52442aadb46032f95f31f4 P 47d90cccc340402a9cbc67a815e6d005: Bootstrap starting.
I20260709 14:46:43.915175  1736 tablet_bootstrap.cc:654] T db855776856e456991ed02f411d34d7e P d5819864e197486ab50456bdc0af6ea6: Neither blocks nor log segments found. Creating new log.
I20260709 14:46:43.915971  1733 ts_tablet_manager.cc:1434] T 957c66050fba48a3bbbe50317da0a0fa P b9a6d1b4058349e5a4e8ea642c3b208c: Time spent starting tablet: real 0.017s	user 0.006s	sys 0.000s
I20260709 14:46:43.917055  1733 tablet_bootstrap.cc:492] T 3c9265a7bb7e4f52b7f0932c25e6c5b4 P b9a6d1b4058349e5a4e8ea642c3b208c: Bootstrap starting.
I20260709 14:46:43.918820  1901 raft_consensus.cc:493] T d980f117961f446a9ef71c996c7c957d P 47d90cccc340402a9cbc67a815e6d005 [term 0 FOLLOWER]: Starting pre-election (no leader contacted us within the election timeout)
I20260709 14:46:43.939363  1733 tablet_bootstrap.cc:654] T 3c9265a7bb7e4f52b7f0932c25e6c5b4 P b9a6d1b4058349e5a4e8ea642c3b208c: Neither blocks nor log segments found. Creating new log.
I20260709 14:46:43.939379  1901 raft_consensus.cc:515] T d980f117961f446a9ef71c996c7c957d P 47d90cccc340402a9cbc67a815e6d005 [term 0 FOLLOWER]: Starting pre-election with config: opid_index: -1 OBSOLETE_local: false peers { permanent_uuid: "47d90cccc340402a9cbc67a815e6d005" member_type: VOTER last_known_addr { host: "127.0.107.193" port: 46855 } } peers { permanent_uuid: "d5819864e197486ab50456bdc0af6ea6" member_type: VOTER last_known_addr { host: "127.0.107.194" port: 37981 } } peers { permanent_uuid: "b9a6d1b4058349e5a4e8ea642c3b208c" member_type: VOTER last_known_addr { host: "127.0.107.195" port: 34683 } }
I20260709 14:46:43.942185  1901 leader_election.cc:290] T d980f117961f446a9ef71c996c7c957d P 47d90cccc340402a9cbc67a815e6d005 [CANDIDATE]: Term 1 pre-election: Requested pre-vote from peers d5819864e197486ab50456bdc0af6ea6 (127.0.107.194:37981), b9a6d1b4058349e5a4e8ea642c3b208c (127.0.107.195:34683)
I20260709 14:46:43.943150  1732 tablet_bootstrap.cc:654] T b8b800886b52442aadb46032f95f31f4 P 47d90cccc340402a9cbc67a815e6d005: Neither blocks nor log segments found. Creating new log.
I20260709 14:46:43.943614  1688 tablet_service.cc:1917] Received RequestConsensusVote() RPC: tablet_id: "d980f117961f446a9ef71c996c7c957d" candidate_uuid: "47d90cccc340402a9cbc67a815e6d005" candidate_term: 1 candidate_status { last_received { term: 0 index: 0 } } ignore_live_leader: false dest_uuid: "b9a6d1b4058349e5a4e8ea642c3b208c" is_pre_election: true
I20260709 14:46:43.944270  1688 raft_consensus.cc:2468] T d980f117961f446a9ef71c996c7c957d P b9a6d1b4058349e5a4e8ea642c3b208c [term 0 FOLLOWER]: Leader pre-election vote request: Granting yes vote for candidate 47d90cccc340402a9cbc67a815e6d005 in term 0.
I20260709 14:46:43.945667  1616 tablet_service.cc:1917] Received RequestConsensusVote() RPC: tablet_id: "d980f117961f446a9ef71c996c7c957d" candidate_uuid: "47d90cccc340402a9cbc67a815e6d005" candidate_term: 1 candidate_status { last_received { term: 0 index: 0 } } ignore_live_leader: false dest_uuid: "d5819864e197486ab50456bdc0af6ea6" is_pre_election: true
I20260709 14:46:43.946285  1616 raft_consensus.cc:2468] T d980f117961f446a9ef71c996c7c957d P d5819864e197486ab50456bdc0af6ea6 [term 0 FOLLOWER]: Leader pre-election vote request: Granting yes vote for candidate 47d90cccc340402a9cbc67a815e6d005 in term 0.
I20260709 14:46:43.947697  1508 leader_election.cc:304] T d980f117961f446a9ef71c996c7c957d P 47d90cccc340402a9cbc67a815e6d005 [CANDIDATE]: Term 1 pre-election: Election decided. Result: candidate won. Election summary: received 2 responses out of 3 voters: 2 yes votes; 0 no votes. yes voters: 47d90cccc340402a9cbc67a815e6d005, d5819864e197486ab50456bdc0af6ea6; no voters: 
I20260709 14:46:43.948585  1901 raft_consensus.cc:2804] T d980f117961f446a9ef71c996c7c957d P 47d90cccc340402a9cbc67a815e6d005 [term 0 FOLLOWER]: Leader pre-election won for term 1
I20260709 14:46:43.948721  1736 tablet_bootstrap.cc:492] T db855776856e456991ed02f411d34d7e P d5819864e197486ab50456bdc0af6ea6: No bootstrap required, opened a new log
I20260709 14:46:43.949214  1736 ts_tablet_manager.cc:1403] T db855776856e456991ed02f411d34d7e P d5819864e197486ab50456bdc0af6ea6: Time spent bootstrapping tablet: real 0.042s	user 0.018s	sys 0.019s
I20260709 14:46:43.949383  1901 raft_consensus.cc:493] T d980f117961f446a9ef71c996c7c957d P 47d90cccc340402a9cbc67a815e6d005 [term 0 FOLLOWER]: Starting leader election (no leader contacted us within the election timeout)
I20260709 14:46:43.949787  1901 raft_consensus.cc:3060] T d980f117961f446a9ef71c996c7c957d P 47d90cccc340402a9cbc67a815e6d005 [term 0 FOLLOWER]: Advancing to term 1
I20260709 14:46:43.951707  1732 tablet_bootstrap.cc:492] T b8b800886b52442aadb46032f95f31f4 P 47d90cccc340402a9cbc67a815e6d005: No bootstrap required, opened a new log
I20260709 14:46:43.951757  1736 raft_consensus.cc:359] T db855776856e456991ed02f411d34d7e P d5819864e197486ab50456bdc0af6ea6 [term 0 FOLLOWER]: Replica starting. Triggering 0 pending ops. Active config: opid_index: -1 OBSOLETE_local: false peers { permanent_uuid: "47d90cccc340402a9cbc67a815e6d005" member_type: VOTER last_known_addr { host: "127.0.107.193" port: 46855 } } peers { permanent_uuid: "d5819864e197486ab50456bdc0af6ea6" member_type: VOTER last_known_addr { host: "127.0.107.194" port: 37981 } } peers { permanent_uuid: "b9a6d1b4058349e5a4e8ea642c3b208c" member_type: VOTER last_known_addr { host: "127.0.107.195" port: 34683 } }
I20260709 14:46:43.952282  1732 ts_tablet_manager.cc:1403] T b8b800886b52442aadb46032f95f31f4 P 47d90cccc340402a9cbc67a815e6d005: Time spent bootstrapping tablet: real 0.039s	user 0.011s	sys 0.003s
I20260709 14:46:43.952535  1736 raft_consensus.cc:385] T db855776856e456991ed02f411d34d7e P d5819864e197486ab50456bdc0af6ea6 [term 0 FOLLOWER]: Consensus starting up: Expiring failure detector timer to make a prompt election more likely
I20260709 14:46:43.953047  1736 raft_consensus.cc:740] T db855776856e456991ed02f411d34d7e P d5819864e197486ab50456bdc0af6ea6 [term 0 FOLLOWER]: Becoming Follower/Learner. State: Replica: d5819864e197486ab50456bdc0af6ea6, State: Initialized, Role: FOLLOWER
I20260709 14:46:43.954493  1736 consensus_queue.cc:260] T db855776856e456991ed02f411d34d7e P d5819864e197486ab50456bdc0af6ea6 [NON_LEADER]: Queue going to NON_LEADER mode. State: All replicated index: 0, Majority replicated index: 0, Committed index: 0, Last appended: 0.0, Last appended by leader: 0, Current term: 0, Majority size: -1, State: 0, Mode: NON_LEADER, active raft config: opid_index: -1 OBSOLETE_local: false peers { permanent_uuid: "47d90cccc340402a9cbc67a815e6d005" member_type: VOTER last_known_addr { host: "127.0.107.193" port: 46855 } } peers { permanent_uuid: "d5819864e197486ab50456bdc0af6ea6" member_type: VOTER last_known_addr { host: "127.0.107.194" port: 37981 } } peers { permanent_uuid: "b9a6d1b4058349e5a4e8ea642c3b208c" member_type: VOTER last_known_addr { host: "127.0.107.195" port: 34683 } }
I20260709 14:46:43.956426  1736 ts_tablet_manager.cc:1434] T db855776856e456991ed02f411d34d7e P d5819864e197486ab50456bdc0af6ea6: Time spent starting tablet: real 0.007s	user 0.003s	sys 0.001s
I20260709 14:46:43.957352  1732 raft_consensus.cc:359] T b8b800886b52442aadb46032f95f31f4 P 47d90cccc340402a9cbc67a815e6d005 [term 0 FOLLOWER]: Replica starting. Triggering 0 pending ops. Active config: opid_index: -1 OBSOLETE_local: false peers { permanent_uuid: "47d90cccc340402a9cbc67a815e6d005" member_type: VOTER last_known_addr { host: "127.0.107.193" port: 46855 } } peers { permanent_uuid: "d5819864e197486ab50456bdc0af6ea6" member_type: VOTER last_known_addr { host: "127.0.107.194" port: 37981 } } peers { permanent_uuid: "b9a6d1b4058349e5a4e8ea642c3b208c" member_type: VOTER last_known_addr { host: "127.0.107.195" port: 34683 } }
I20260709 14:46:43.958829  1736 tablet_bootstrap.cc:492] T 3c9265a7bb7e4f52b7f0932c25e6c5b4 P d5819864e197486ab50456bdc0af6ea6: Bootstrap starting.
I20260709 14:46:43.958024  1732 raft_consensus.cc:385] T b8b800886b52442aadb46032f95f31f4 P 47d90cccc340402a9cbc67a815e6d005 [term 0 FOLLOWER]: Consensus starting up: Expiring failure detector timer to make a prompt election more likely
I20260709 14:46:43.960654  1732 raft_consensus.cc:740] T b8b800886b52442aadb46032f95f31f4 P 47d90cccc340402a9cbc67a815e6d005 [term 0 FOLLOWER]: Becoming Follower/Learner. State: Replica: 47d90cccc340402a9cbc67a815e6d005, State: Initialized, Role: FOLLOWER
I20260709 14:46:43.961428  1732 consensus_queue.cc:260] T b8b800886b52442aadb46032f95f31f4 P 47d90cccc340402a9cbc67a815e6d005 [NON_LEADER]: Queue going to NON_LEADER mode. State: All replicated index: 0, Majority replicated index: 0, Committed index: 0, Last appended: 0.0, Last appended by leader: 0, Current term: 0, Majority size: -1, State: 0, Mode: NON_LEADER, active raft config: opid_index: -1 OBSOLETE_local: false peers { permanent_uuid: "47d90cccc340402a9cbc67a815e6d005" member_type: VOTER last_known_addr { host: "127.0.107.193" port: 46855 } } peers { permanent_uuid: "d5819864e197486ab50456bdc0af6ea6" member_type: VOTER last_known_addr { host: "127.0.107.194" port: 37981 } } peers { permanent_uuid: "b9a6d1b4058349e5a4e8ea642c3b208c" member_type: VOTER last_known_addr { host: "127.0.107.195" port: 34683 } }
I20260709 14:46:43.958035  1733 tablet_bootstrap.cc:492] T 3c9265a7bb7e4f52b7f0932c25e6c5b4 P b9a6d1b4058349e5a4e8ea642c3b208c: No bootstrap required, opened a new log
I20260709 14:46:43.962702  1733 ts_tablet_manager.cc:1403] T 3c9265a7bb7e4f52b7f0932c25e6c5b4 P b9a6d1b4058349e5a4e8ea642c3b208c: Time spent bootstrapping tablet: real 0.046s	user 0.017s	sys 0.007s
I20260709 14:46:43.965277  1736 tablet_bootstrap.cc:654] T 3c9265a7bb7e4f52b7f0932c25e6c5b4 P d5819864e197486ab50456bdc0af6ea6: Neither blocks nor log segments found. Creating new log.
I20260709 14:46:43.965346  1733 raft_consensus.cc:359] T 3c9265a7bb7e4f52b7f0932c25e6c5b4 P b9a6d1b4058349e5a4e8ea642c3b208c [term 0 FOLLOWER]: Replica starting. Triggering 0 pending ops. Active config: opid_index: -1 OBSOLETE_local: false peers { permanent_uuid: "47d90cccc340402a9cbc67a815e6d005" member_type: VOTER last_known_addr { host: "127.0.107.193" port: 46855 } } peers { permanent_uuid: "d5819864e197486ab50456bdc0af6ea6" member_type: VOTER last_known_addr { host: "127.0.107.194" port: 37981 } } peers { permanent_uuid: "b9a6d1b4058349e5a4e8ea642c3b208c" member_type: VOTER last_known_addr { host: "127.0.107.195" port: 34683 } }
I20260709 14:46:43.966039  1733 raft_consensus.cc:385] T 3c9265a7bb7e4f52b7f0932c25e6c5b4 P b9a6d1b4058349e5a4e8ea642c3b208c [term 0 FOLLOWER]: Consensus starting up: Expiring failure detector timer to make a prompt election more likely
I20260709 14:46:43.966308  1733 raft_consensus.cc:740] T 3c9265a7bb7e4f52b7f0932c25e6c5b4 P b9a6d1b4058349e5a4e8ea642c3b208c [term 0 FOLLOWER]: Becoming Follower/Learner. State: Replica: b9a6d1b4058349e5a4e8ea642c3b208c, State: Initialized, Role: FOLLOWER
I20260709 14:46:43.966965  1733 consensus_queue.cc:260] T 3c9265a7bb7e4f52b7f0932c25e6c5b4 P b9a6d1b4058349e5a4e8ea642c3b208c [NON_LEADER]: Queue going to NON_LEADER mode. State: All replicated index: 0, Majority replicated index: 0, Committed index: 0, Last appended: 0.0, Last appended by leader: 0, Current term: 0, Majority size: -1, State: 0, Mode: NON_LEADER, active raft config: opid_index: -1 OBSOLETE_local: false peers { permanent_uuid: "47d90cccc340402a9cbc67a815e6d005" member_type: VOTER last_known_addr { host: "127.0.107.193" port: 46855 } } peers { permanent_uuid: "d5819864e197486ab50456bdc0af6ea6" member_type: VOTER last_known_addr { host: "127.0.107.194" port: 37981 } } peers { permanent_uuid: "b9a6d1b4058349e5a4e8ea642c3b208c" member_type: VOTER last_known_addr { host: "127.0.107.195" port: 34683 } }
I20260709 14:46:43.968497  1733 ts_tablet_manager.cc:1434] T 3c9265a7bb7e4f52b7f0932c25e6c5b4 P b9a6d1b4058349e5a4e8ea642c3b208c: Time spent starting tablet: real 0.006s	user 0.003s	sys 0.000s
I20260709 14:46:43.972832  1732 ts_tablet_manager.cc:1434] T b8b800886b52442aadb46032f95f31f4 P 47d90cccc340402a9cbc67a815e6d005: Time spent starting tablet: real 0.020s	user 0.007s	sys 0.000s
I20260709 14:46:43.973977  1732 tablet_bootstrap.cc:492] T ace610bb1f824977aba7e72dd3977eca P 47d90cccc340402a9cbc67a815e6d005: Bootstrap starting.
I20260709 14:46:43.978717  1901 raft_consensus.cc:515] T d980f117961f446a9ef71c996c7c957d P 47d90cccc340402a9cbc67a815e6d005 [term 1 FOLLOWER]: Starting leader election with config: opid_index: -1 OBSOLETE_local: false peers { permanent_uuid: "47d90cccc340402a9cbc67a815e6d005" member_type: VOTER last_known_addr { host: "127.0.107.193" port: 46855 } } peers { permanent_uuid: "d5819864e197486ab50456bdc0af6ea6" member_type: VOTER last_known_addr { host: "127.0.107.194" port: 37981 } } peers { permanent_uuid: "b9a6d1b4058349e5a4e8ea642c3b208c" member_type: VOTER last_known_addr { host: "127.0.107.195" port: 34683 } }
I20260709 14:46:43.979336  1733 tablet_bootstrap.cc:492] T 82f9b75c2a3949449cd386d560def0d4 P b9a6d1b4058349e5a4e8ea642c3b208c: Bootstrap starting.
I20260709 14:46:43.980700  1901 leader_election.cc:290] T d980f117961f446a9ef71c996c7c957d P 47d90cccc340402a9cbc67a815e6d005 [CANDIDATE]: Term 1 election: Requested vote from peers d5819864e197486ab50456bdc0af6ea6 (127.0.107.194:37981), b9a6d1b4058349e5a4e8ea642c3b208c (127.0.107.195:34683)
I20260709 14:46:43.984308  1736 tablet_bootstrap.cc:492] T 3c9265a7bb7e4f52b7f0932c25e6c5b4 P d5819864e197486ab50456bdc0af6ea6: No bootstrap required, opened a new log
I20260709 14:46:43.984560  1616 tablet_service.cc:1917] Received RequestConsensusVote() RPC: tablet_id: "d980f117961f446a9ef71c996c7c957d" candidate_uuid: "47d90cccc340402a9cbc67a815e6d005" candidate_term: 1 candidate_status { last_received { term: 0 index: 0 } } ignore_live_leader: false dest_uuid: "d5819864e197486ab50456bdc0af6ea6"
I20260709 14:46:43.984881  1736 ts_tablet_manager.cc:1403] T 3c9265a7bb7e4f52b7f0932c25e6c5b4 P d5819864e197486ab50456bdc0af6ea6: Time spent bootstrapping tablet: real 0.026s	user 0.017s	sys 0.004s
I20260709 14:46:43.985221  1616 raft_consensus.cc:3060] T d980f117961f446a9ef71c996c7c957d P d5819864e197486ab50456bdc0af6ea6 [term 0 FOLLOWER]: Advancing to term 1
I20260709 14:46:43.987730  1736 raft_consensus.cc:359] T 3c9265a7bb7e4f52b7f0932c25e6c5b4 P d5819864e197486ab50456bdc0af6ea6 [term 0 FOLLOWER]: Replica starting. Triggering 0 pending ops. Active config: opid_index: -1 OBSOLETE_local: false peers { permanent_uuid: "47d90cccc340402a9cbc67a815e6d005" member_type: VOTER last_known_addr { host: "127.0.107.193" port: 46855 } } peers { permanent_uuid: "d5819864e197486ab50456bdc0af6ea6" member_type: VOTER last_known_addr { host: "127.0.107.194" port: 37981 } } peers { permanent_uuid: "b9a6d1b4058349e5a4e8ea642c3b208c" member_type: VOTER last_known_addr { host: "127.0.107.195" port: 34683 } }
I20260709 14:46:43.988441  1736 raft_consensus.cc:385] T 3c9265a7bb7e4f52b7f0932c25e6c5b4 P d5819864e197486ab50456bdc0af6ea6 [term 0 FOLLOWER]: Consensus starting up: Expiring failure detector timer to make a prompt election more likely
I20260709 14:46:43.988776  1736 raft_consensus.cc:740] T 3c9265a7bb7e4f52b7f0932c25e6c5b4 P d5819864e197486ab50456bdc0af6ea6 [term 0 FOLLOWER]: Becoming Follower/Learner. State: Replica: d5819864e197486ab50456bdc0af6ea6, State: Initialized, Role: FOLLOWER
I20260709 14:46:43.989288  1732 tablet_bootstrap.cc:654] T ace610bb1f824977aba7e72dd3977eca P 47d90cccc340402a9cbc67a815e6d005: Neither blocks nor log segments found. Creating new log.
I20260709 14:46:43.989526  1736 consensus_queue.cc:260] T 3c9265a7bb7e4f52b7f0932c25e6c5b4 P d5819864e197486ab50456bdc0af6ea6 [NON_LEADER]: Queue going to NON_LEADER mode. State: All replicated index: 0, Majority replicated index: 0, Committed index: 0, Last appended: 0.0, Last appended by leader: 0, Current term: 0, Majority size: -1, State: 0, Mode: NON_LEADER, active raft config: opid_index: -1 OBSOLETE_local: false peers { permanent_uuid: "47d90cccc340402a9cbc67a815e6d005" member_type: VOTER last_known_addr { host: "127.0.107.193" port: 46855 } } peers { permanent_uuid: "d5819864e197486ab50456bdc0af6ea6" member_type: VOTER last_known_addr { host: "127.0.107.194" port: 37981 } } peers { permanent_uuid: "b9a6d1b4058349e5a4e8ea642c3b208c" member_type: VOTER last_known_addr { host: "127.0.107.195" port: 34683 } }
I20260709 14:46:43.990990  1688 tablet_service.cc:1917] Received RequestConsensusVote() RPC: tablet_id: "d980f117961f446a9ef71c996c7c957d" candidate_uuid: "47d90cccc340402a9cbc67a815e6d005" candidate_term: 1 candidate_status { last_received { term: 0 index: 0 } } ignore_live_leader: false dest_uuid: "b9a6d1b4058349e5a4e8ea642c3b208c"
I20260709 14:46:43.991520  1688 raft_consensus.cc:3060] T d980f117961f446a9ef71c996c7c957d P b9a6d1b4058349e5a4e8ea642c3b208c [term 0 FOLLOWER]: Advancing to term 1
I20260709 14:46:43.993685  1736 ts_tablet_manager.cc:1434] T 3c9265a7bb7e4f52b7f0932c25e6c5b4 P d5819864e197486ab50456bdc0af6ea6: Time spent starting tablet: real 0.008s	user 0.005s	sys 0.000s
I20260709 14:46:43.993970  1733 tablet_bootstrap.cc:654] T 82f9b75c2a3949449cd386d560def0d4 P b9a6d1b4058349e5a4e8ea642c3b208c: Neither blocks nor log segments found. Creating new log.
I20260709 14:46:43.994855  1736 tablet_bootstrap.cc:492] T 957c66050fba48a3bbbe50317da0a0fa P d5819864e197486ab50456bdc0af6ea6: Bootstrap starting.
I20260709 14:46:44.002558  1736 tablet_bootstrap.cc:654] T 957c66050fba48a3bbbe50317da0a0fa P d5819864e197486ab50456bdc0af6ea6: Neither blocks nor log segments found. Creating new log.
I20260709 14:46:44.013206  1616 raft_consensus.cc:2468] T d980f117961f446a9ef71c996c7c957d P d5819864e197486ab50456bdc0af6ea6 [term 1 FOLLOWER]: Leader election vote request: Granting yes vote for candidate 47d90cccc340402a9cbc67a815e6d005 in term 1.
I20260709 14:46:44.014485  1508 leader_election.cc:304] T d980f117961f446a9ef71c996c7c957d P 47d90cccc340402a9cbc67a815e6d005 [CANDIDATE]: Term 1 election: Election decided. Result: candidate won. Election summary: received 2 responses out of 3 voters: 2 yes votes; 0 no votes. yes voters: 47d90cccc340402a9cbc67a815e6d005, d5819864e197486ab50456bdc0af6ea6; no voters: 
I20260709 14:46:44.015271  1998 raft_consensus.cc:2804] T d980f117961f446a9ef71c996c7c957d P 47d90cccc340402a9cbc67a815e6d005 [term 1 FOLLOWER]: Leader election won for term 1
I20260709 14:46:44.015940  1998 raft_consensus.cc:697] T d980f117961f446a9ef71c996c7c957d P 47d90cccc340402a9cbc67a815e6d005 [term 1 LEADER]: Becoming Leader. State: Replica: 47d90cccc340402a9cbc67a815e6d005, State: Running, Role: LEADER
I20260709 14:46:44.016726  1998 consensus_queue.cc:237] T d980f117961f446a9ef71c996c7c957d P 47d90cccc340402a9cbc67a815e6d005 [LEADER]: Queue going to LEADER mode. State: All replicated index: 0, Majority replicated index: 0, Committed index: 0, Last appended: 0.0, Last appended by leader: 0, Current term: 1, Majority size: 2, State: 0, Mode: LEADER, active raft config: opid_index: -1 OBSOLETE_local: false peers { permanent_uuid: "47d90cccc340402a9cbc67a815e6d005" member_type: VOTER last_known_addr { host: "127.0.107.193" port: 46855 } } peers { permanent_uuid: "d5819864e197486ab50456bdc0af6ea6" member_type: VOTER last_known_addr { host: "127.0.107.194" port: 37981 } } peers { permanent_uuid: "b9a6d1b4058349e5a4e8ea642c3b208c" member_type: VOTER last_known_addr { host: "127.0.107.195" port: 34683 } }
I20260709 14:46:44.034480  1688 raft_consensus.cc:2468] T d980f117961f446a9ef71c996c7c957d P b9a6d1b4058349e5a4e8ea642c3b208c [term 1 FOLLOWER]: Leader election vote request: Granting yes vote for candidate 47d90cccc340402a9cbc67a815e6d005 in term 1.
I20260709 14:46:44.042169  1765 raft_consensus.cc:493] T 3c9265a7bb7e4f52b7f0932c25e6c5b4 P d5819864e197486ab50456bdc0af6ea6 [term 0 FOLLOWER]: Starting pre-election (no leader contacted us within the election timeout)
I20260709 14:46:44.042627  1765 raft_consensus.cc:515] T 3c9265a7bb7e4f52b7f0932c25e6c5b4 P d5819864e197486ab50456bdc0af6ea6 [term 0 FOLLOWER]: Starting pre-election with config: opid_index: -1 OBSOLETE_local: false peers { permanent_uuid: "47d90cccc340402a9cbc67a815e6d005" member_type: VOTER last_known_addr { host: "127.0.107.193" port: 46855 } } peers { permanent_uuid: "d5819864e197486ab50456bdc0af6ea6" member_type: VOTER last_known_addr { host: "127.0.107.194" port: 37981 } } peers { permanent_uuid: "b9a6d1b4058349e5a4e8ea642c3b208c" member_type: VOTER last_known_addr { host: "127.0.107.195" port: 34683 } }
I20260709 14:46:44.045055  1542 tablet_service.cc:1917] Received RequestConsensusVote() RPC: tablet_id: "3c9265a7bb7e4f52b7f0932c25e6c5b4" candidate_uuid: "d5819864e197486ab50456bdc0af6ea6" candidate_term: 1 candidate_status { last_received { term: 0 index: 0 } } ignore_live_leader: false dest_uuid: "47d90cccc340402a9cbc67a815e6d005" is_pre_election: true
I20260709 14:46:44.045693  1542 raft_consensus.cc:2468] T 3c9265a7bb7e4f52b7f0932c25e6c5b4 P 47d90cccc340402a9cbc67a815e6d005 [term 0 FOLLOWER]: Leader pre-election vote request: Granting yes vote for candidate d5819864e197486ab50456bdc0af6ea6 in term 0.
I20260709 14:46:44.046800  1584 leader_election.cc:304] T 3c9265a7bb7e4f52b7f0932c25e6c5b4 P d5819864e197486ab50456bdc0af6ea6 [CANDIDATE]: Term 1 pre-election: Election decided. Result: candidate won. Election summary: received 2 responses out of 3 voters: 2 yes votes; 0 no votes. yes voters: 47d90cccc340402a9cbc67a815e6d005, d5819864e197486ab50456bdc0af6ea6; no voters: 
I20260709 14:46:44.047573  2015 raft_consensus.cc:2804] T 3c9265a7bb7e4f52b7f0932c25e6c5b4 P d5819864e197486ab50456bdc0af6ea6 [term 0 FOLLOWER]: Leader pre-election won for term 1
I20260709 14:46:44.047909  2015 raft_consensus.cc:493] T 3c9265a7bb7e4f52b7f0932c25e6c5b4 P d5819864e197486ab50456bdc0af6ea6 [term 0 FOLLOWER]: Starting leader election (no leader contacted us within the election timeout)
I20260709 14:46:44.048230  2015 raft_consensus.cc:3060] T 3c9265a7bb7e4f52b7f0932c25e6c5b4 P d5819864e197486ab50456bdc0af6ea6 [term 0 FOLLOWER]: Advancing to term 1
I20260709 14:46:44.060708  1765 leader_election.cc:290] T 3c9265a7bb7e4f52b7f0932c25e6c5b4 P d5819864e197486ab50456bdc0af6ea6 [CANDIDATE]: Term 1 pre-election: Requested pre-vote from peers 47d90cccc340402a9cbc67a815e6d005 (127.0.107.193:46855), b9a6d1b4058349e5a4e8ea642c3b208c (127.0.107.195:34683)
I20260709 14:46:44.063230  1736 tablet_bootstrap.cc:492] T 957c66050fba48a3bbbe50317da0a0fa P d5819864e197486ab50456bdc0af6ea6: No bootstrap required, opened a new log
I20260709 14:46:44.063772  1736 ts_tablet_manager.cc:1403] T 957c66050fba48a3bbbe50317da0a0fa P d5819864e197486ab50456bdc0af6ea6: Time spent bootstrapping tablet: real 0.069s	user 0.022s	sys 0.039s
I20260709 14:46:44.064258  2015 raft_consensus.cc:515] T 3c9265a7bb7e4f52b7f0932c25e6c5b4 P d5819864e197486ab50456bdc0af6ea6 [term 1 FOLLOWER]: Starting leader election with config: opid_index: -1 OBSOLETE_local: false peers { permanent_uuid: "47d90cccc340402a9cbc67a815e6d005" member_type: VOTER last_known_addr { host: "127.0.107.193" port: 46855 } } peers { permanent_uuid: "d5819864e197486ab50456bdc0af6ea6" member_type: VOTER last_known_addr { host: "127.0.107.194" port: 37981 } } peers { permanent_uuid: "b9a6d1b4058349e5a4e8ea642c3b208c" member_type: VOTER last_known_addr { host: "127.0.107.195" port: 34683 } }
I20260709 14:46:44.064940  1688 tablet_service.cc:1917] Received RequestConsensusVote() RPC: tablet_id: "3c9265a7bb7e4f52b7f0932c25e6c5b4" candidate_uuid: "d5819864e197486ab50456bdc0af6ea6" candidate_term: 1 candidate_status { last_received { term: 0 index: 0 } } ignore_live_leader: false dest_uuid: "b9a6d1b4058349e5a4e8ea642c3b208c" is_pre_election: true
I20260709 14:46:44.065573  1688 raft_consensus.cc:2468] T 3c9265a7bb7e4f52b7f0932c25e6c5b4 P b9a6d1b4058349e5a4e8ea642c3b208c [term 0 FOLLOWER]: Leader pre-election vote request: Granting yes vote for candidate d5819864e197486ab50456bdc0af6ea6 in term 0.
I20260709 14:46:44.066501  1736 raft_consensus.cc:359] T 957c66050fba48a3bbbe50317da0a0fa P d5819864e197486ab50456bdc0af6ea6 [term 0 FOLLOWER]: Replica starting. Triggering 0 pending ops. Active config: opid_index: -1 OBSOLETE_local: false peers { permanent_uuid: "47d90cccc340402a9cbc67a815e6d005" member_type: VOTER last_known_addr { host: "127.0.107.193" port: 46855 } } peers { permanent_uuid: "d5819864e197486ab50456bdc0af6ea6" member_type: VOTER last_known_addr { host: "127.0.107.194" port: 37981 } } peers { permanent_uuid: "b9a6d1b4058349e5a4e8ea642c3b208c" member_type: VOTER last_known_addr { host: "127.0.107.195" port: 34683 } }
I20260709 14:46:44.067518  1691 tablet_service.cc:1917] Received RequestConsensusVote() RPC: tablet_id: "3c9265a7bb7e4f52b7f0932c25e6c5b4" candidate_uuid: "d5819864e197486ab50456bdc0af6ea6" candidate_term: 1 candidate_status { last_received { term: 0 index: 0 } } ignore_live_leader: false dest_uuid: "b9a6d1b4058349e5a4e8ea642c3b208c"
I20260709 14:46:44.070892  1736 raft_consensus.cc:385] T 957c66050fba48a3bbbe50317da0a0fa P d5819864e197486ab50456bdc0af6ea6 [term 0 FOLLOWER]: Consensus starting up: Expiring failure detector timer to make a prompt election more likely
I20260709 14:46:44.071194  1691 raft_consensus.cc:3060] T 3c9265a7bb7e4f52b7f0932c25e6c5b4 P b9a6d1b4058349e5a4e8ea642c3b208c [term 0 FOLLOWER]: Advancing to term 1
I20260709 14:46:44.071296  1736 raft_consensus.cc:740] T 957c66050fba48a3bbbe50317da0a0fa P d5819864e197486ab50456bdc0af6ea6 [term 0 FOLLOWER]: Becoming Follower/Learner. State: Replica: d5819864e197486ab50456bdc0af6ea6, State: Initialized, Role: FOLLOWER
I20260709 14:46:44.072085  1736 consensus_queue.cc:260] T 957c66050fba48a3bbbe50317da0a0fa P d5819864e197486ab50456bdc0af6ea6 [NON_LEADER]: Queue going to NON_LEADER mode. State: All replicated index: 0, Majority replicated index: 0, Committed index: 0, Last appended: 0.0, Last appended by leader: 0, Current term: 0, Majority size: -1, State: 0, Mode: NON_LEADER, active raft config: opid_index: -1 OBSOLETE_local: false peers { permanent_uuid: "47d90cccc340402a9cbc67a815e6d005" member_type: VOTER last_known_addr { host: "127.0.107.193" port: 46855 } } peers { permanent_uuid: "d5819864e197486ab50456bdc0af6ea6" member_type: VOTER last_known_addr { host: "127.0.107.194" port: 37981 } } peers { permanent_uuid: "b9a6d1b4058349e5a4e8ea642c3b208c" member_type: VOTER last_known_addr { host: "127.0.107.195" port: 34683 } }
I20260709 14:46:44.067847  1733 tablet_bootstrap.cc:492] T 82f9b75c2a3949449cd386d560def0d4 P b9a6d1b4058349e5a4e8ea642c3b208c: No bootstrap required, opened a new log
I20260709 14:46:44.073266  1733 ts_tablet_manager.cc:1403] T 82f9b75c2a3949449cd386d560def0d4 P b9a6d1b4058349e5a4e8ea642c3b208c: Time spent bootstrapping tablet: real 0.094s	user 0.023s	sys 0.018s
I20260709 14:46:44.068043  2015 leader_election.cc:290] T 3c9265a7bb7e4f52b7f0932c25e6c5b4 P d5819864e197486ab50456bdc0af6ea6 [CANDIDATE]: Term 1 election: Requested vote from peers 47d90cccc340402a9cbc67a815e6d005 (127.0.107.193:46855), b9a6d1b4058349e5a4e8ea642c3b208c (127.0.107.195:34683)
I20260709 14:46:44.075234  1736 ts_tablet_manager.cc:1434] T 957c66050fba48a3bbbe50317da0a0fa P d5819864e197486ab50456bdc0af6ea6: Time spent starting tablet: real 0.011s	user 0.006s	sys 0.000s
I20260709 14:46:44.068289  1542 tablet_service.cc:1917] Received RequestConsensusVote() RPC: tablet_id: "3c9265a7bb7e4f52b7f0932c25e6c5b4" candidate_uuid: "d5819864e197486ab50456bdc0af6ea6" candidate_term: 1 candidate_status { last_received { term: 0 index: 0 } } ignore_live_leader: false dest_uuid: "47d90cccc340402a9cbc67a815e6d005"
I20260709 14:46:44.070191  1732 tablet_bootstrap.cc:492] T ace610bb1f824977aba7e72dd3977eca P 47d90cccc340402a9cbc67a815e6d005: No bootstrap required, opened a new log
I20260709 14:46:44.076774  1542 raft_consensus.cc:3060] T 3c9265a7bb7e4f52b7f0932c25e6c5b4 P 47d90cccc340402a9cbc67a815e6d005 [term 0 FOLLOWER]: Advancing to term 1
I20260709 14:46:44.076961  1732 ts_tablet_manager.cc:1403] T ace610bb1f824977aba7e72dd3977eca P 47d90cccc340402a9cbc67a815e6d005: Time spent bootstrapping tablet: real 0.103s	user 0.011s	sys 0.031s
I20260709 14:46:44.079840  1691 raft_consensus.cc:2468] T 3c9265a7bb7e4f52b7f0932c25e6c5b4 P b9a6d1b4058349e5a4e8ea642c3b208c [term 1 FOLLOWER]: Leader election vote request: Granting yes vote for candidate d5819864e197486ab50456bdc0af6ea6 in term 1.
I20260709 14:46:44.079566  1437 catalog_manager.cc:5697] T d980f117961f446a9ef71c996c7c957d P 47d90cccc340402a9cbc67a815e6d005 reported cstate change: term changed from 0 to 1, leader changed from <none> to 47d90cccc340402a9cbc67a815e6d005 (127.0.107.193). New cstate: current_term: 1 leader_uuid: "47d90cccc340402a9cbc67a815e6d005" committed_config { opid_index: -1 OBSOLETE_local: false peers { permanent_uuid: "47d90cccc340402a9cbc67a815e6d005" member_type: VOTER last_known_addr { host: "127.0.107.193" port: 46855 } health_report { overall_health: HEALTHY } } peers { permanent_uuid: "d5819864e197486ab50456bdc0af6ea6" member_type: VOTER last_known_addr { host: "127.0.107.194" port: 37981 } health_report { overall_health: UNKNOWN } } peers { permanent_uuid: "b9a6d1b4058349e5a4e8ea642c3b208c" member_type: VOTER last_known_addr { host: "127.0.107.195" port: 34683 } health_report { overall_health: UNKNOWN } } }
I20260709 14:46:44.080504  1736 tablet_bootstrap.cc:492] T b8b800886b52442aadb46032f95f31f4 P d5819864e197486ab50456bdc0af6ea6: Bootstrap starting.
I20260709 14:46:44.081094  1583 leader_election.cc:304] T 3c9265a7bb7e4f52b7f0932c25e6c5b4 P d5819864e197486ab50456bdc0af6ea6 [CANDIDATE]: Term 1 election: Election decided. Result: candidate won. Election summary: received 2 responses out of 3 voters: 2 yes votes; 0 no votes. yes voters: b9a6d1b4058349e5a4e8ea642c3b208c, d5819864e197486ab50456bdc0af6ea6; no voters: 
I20260709 14:46:44.079612  1732 raft_consensus.cc:359] T ace610bb1f824977aba7e72dd3977eca P 47d90cccc340402a9cbc67a815e6d005 [term 0 FOLLOWER]: Replica starting. Triggering 0 pending ops. Active config: opid_index: -1 OBSOLETE_local: false peers { permanent_uuid: "47d90cccc340402a9cbc67a815e6d005" member_type: VOTER last_known_addr { host: "127.0.107.193" port: 46855 } } peers { permanent_uuid: "d5819864e197486ab50456bdc0af6ea6" member_type: VOTER last_known_addr { host: "127.0.107.194" port: 37981 } } peers { permanent_uuid: "b9a6d1b4058349e5a4e8ea642c3b208c" member_type: VOTER last_known_addr { host: "127.0.107.195" port: 34683 } }
I20260709 14:46:44.081816  1732 raft_consensus.cc:385] T ace610bb1f824977aba7e72dd3977eca P 47d90cccc340402a9cbc67a815e6d005 [term 0 FOLLOWER]: Consensus starting up: Expiring failure detector timer to make a prompt election more likely
I20260709 14:46:44.083225  1732 raft_consensus.cc:740] T ace610bb1f824977aba7e72dd3977eca P 47d90cccc340402a9cbc67a815e6d005 [term 0 FOLLOWER]: Becoming Follower/Learner. State: Replica: 47d90cccc340402a9cbc67a815e6d005, State: Initialized, Role: FOLLOWER
I20260709 14:46:44.083981  1732 consensus_queue.cc:260] T ace610bb1f824977aba7e72dd3977eca P 47d90cccc340402a9cbc67a815e6d005 [NON_LEADER]: Queue going to NON_LEADER mode. State: All replicated index: 0, Majority replicated index: 0, Committed index: 0, Last appended: 0.0, Last appended by leader: 0, Current term: 0, Majority size: -1, State: 0, Mode: NON_LEADER, active raft config: opid_index: -1 OBSOLETE_local: false peers { permanent_uuid: "47d90cccc340402a9cbc67a815e6d005" member_type: VOTER last_known_addr { host: "127.0.107.193" port: 46855 } } peers { permanent_uuid: "d5819864e197486ab50456bdc0af6ea6" member_type: VOTER last_known_addr { host: "127.0.107.194" port: 37981 } } peers { permanent_uuid: "b9a6d1b4058349e5a4e8ea642c3b208c" member_type: VOTER last_known_addr { host: "127.0.107.195" port: 34683 } }
I20260709 14:46:44.084621  1765 raft_consensus.cc:493] T 957c66050fba48a3bbbe50317da0a0fa P d5819864e197486ab50456bdc0af6ea6 [term 0 FOLLOWER]: Starting pre-election (no leader contacted us within the election timeout)
I20260709 14:46:44.081825  2015 raft_consensus.cc:2804] T 3c9265a7bb7e4f52b7f0932c25e6c5b4 P d5819864e197486ab50456bdc0af6ea6 [term 1 FOLLOWER]: Leader election won for term 1
I20260709 14:46:44.088533  1765 raft_consensus.cc:515] T 957c66050fba48a3bbbe50317da0a0fa P d5819864e197486ab50456bdc0af6ea6 [term 0 FOLLOWER]: Starting pre-election with config: opid_index: -1 OBSOLETE_local: false peers { permanent_uuid: "47d90cccc340402a9cbc67a815e6d005" member_type: VOTER last_known_addr { host: "127.0.107.193" port: 46855 } } peers { permanent_uuid: "d5819864e197486ab50456bdc0af6ea6" member_type: VOTER last_known_addr { host: "127.0.107.194" port: 37981 } } peers { permanent_uuid: "b9a6d1b4058349e5a4e8ea642c3b208c" member_type: VOTER last_known_addr { host: "127.0.107.195" port: 34683 } }
I20260709 14:46:44.089412  1736 tablet_bootstrap.cc:654] T b8b800886b52442aadb46032f95f31f4 P d5819864e197486ab50456bdc0af6ea6: Neither blocks nor log segments found. Creating new log.
I20260709 14:46:44.089425  2015 raft_consensus.cc:697] T 3c9265a7bb7e4f52b7f0932c25e6c5b4 P d5819864e197486ab50456bdc0af6ea6 [term 1 LEADER]: Becoming Leader. State: Replica: d5819864e197486ab50456bdc0af6ea6, State: Running, Role: LEADER
I20260709 14:46:44.090632  2015 consensus_queue.cc:237] T 3c9265a7bb7e4f52b7f0932c25e6c5b4 P d5819864e197486ab50456bdc0af6ea6 [LEADER]: Queue going to LEADER mode. State: All replicated index: 0, Majority replicated index: 0, Committed index: 0, Last appended: 0.0, Last appended by leader: 0, Current term: 1, Majority size: 2, State: 0, Mode: LEADER, active raft config: opid_index: -1 OBSOLETE_local: false peers { permanent_uuid: "47d90cccc340402a9cbc67a815e6d005" member_type: VOTER last_known_addr { host: "127.0.107.193" port: 46855 } } peers { permanent_uuid: "d5819864e197486ab50456bdc0af6ea6" member_type: VOTER last_known_addr { host: "127.0.107.194" port: 37981 } } peers { permanent_uuid: "b9a6d1b4058349e5a4e8ea642c3b208c" member_type: VOTER last_known_addr { host: "127.0.107.195" port: 34683 } }
I20260709 14:46:44.091200  1540 tablet_service.cc:1917] Received RequestConsensusVote() RPC: tablet_id: "957c66050fba48a3bbbe50317da0a0fa" candidate_uuid: "d5819864e197486ab50456bdc0af6ea6" candidate_term: 1 candidate_status { last_received { term: 0 index: 0 } } ignore_live_leader: false dest_uuid: "47d90cccc340402a9cbc67a815e6d005" is_pre_election: true
I20260709 14:46:44.091797  1540 raft_consensus.cc:2468] T 957c66050fba48a3bbbe50317da0a0fa P 47d90cccc340402a9cbc67a815e6d005 [term 0 FOLLOWER]: Leader pre-election vote request: Granting yes vote for candidate d5819864e197486ab50456bdc0af6ea6 in term 0.
I20260709 14:46:44.093291  1584 leader_election.cc:304] T 957c66050fba48a3bbbe50317da0a0fa P d5819864e197486ab50456bdc0af6ea6 [CANDIDATE]: Term 1 pre-election: Election decided. Result: candidate won. Election summary: received 2 responses out of 3 voters: 2 yes votes; 0 no votes. yes voters: 47d90cccc340402a9cbc67a815e6d005, d5819864e197486ab50456bdc0af6ea6; no voters: 
I20260709 14:46:44.093142  1733 raft_consensus.cc:359] T 82f9b75c2a3949449cd386d560def0d4 P b9a6d1b4058349e5a4e8ea642c3b208c [term 0 FOLLOWER]: Replica starting. Triggering 0 pending ops. Active config: opid_index: -1 OBSOLETE_local: false peers { permanent_uuid: "47d90cccc340402a9cbc67a815e6d005" member_type: VOTER last_known_addr { host: "127.0.107.193" port: 46855 } } peers { permanent_uuid: "d5819864e197486ab50456bdc0af6ea6" member_type: VOTER last_known_addr { host: "127.0.107.194" port: 37981 } } peers { permanent_uuid: "b9a6d1b4058349e5a4e8ea642c3b208c" member_type: VOTER last_known_addr { host: "127.0.107.195" port: 34683 } }
I20260709 14:46:44.094086  1733 raft_consensus.cc:385] T 82f9b75c2a3949449cd386d560def0d4 P b9a6d1b4058349e5a4e8ea642c3b208c [term 0 FOLLOWER]: Consensus starting up: Expiring failure detector timer to make a prompt election more likely
I20260709 14:46:44.094365  1892 raft_consensus.cc:2804] T 957c66050fba48a3bbbe50317da0a0fa P d5819864e197486ab50456bdc0af6ea6 [term 0 FOLLOWER]: Leader pre-election won for term 1
I20260709 14:46:44.094436  1733 raft_consensus.cc:740] T 82f9b75c2a3949449cd386d560def0d4 P b9a6d1b4058349e5a4e8ea642c3b208c [term 0 FOLLOWER]: Becoming Follower/Learner. State: Replica: b9a6d1b4058349e5a4e8ea642c3b208c, State: Initialized, Role: FOLLOWER
I20260709 14:46:44.094825  1892 raft_consensus.cc:493] T 957c66050fba48a3bbbe50317da0a0fa P d5819864e197486ab50456bdc0af6ea6 [term 0 FOLLOWER]: Starting leader election (no leader contacted us within the election timeout)
I20260709 14:46:44.095212  1892 raft_consensus.cc:3060] T 957c66050fba48a3bbbe50317da0a0fa P d5819864e197486ab50456bdc0af6ea6 [term 0 FOLLOWER]: Advancing to term 1
I20260709 14:46:44.099067  1542 raft_consensus.cc:2468] T 3c9265a7bb7e4f52b7f0932c25e6c5b4 P 47d90cccc340402a9cbc67a815e6d005 [term 1 FOLLOWER]: Leader election vote request: Granting yes vote for candidate d5819864e197486ab50456bdc0af6ea6 in term 1.
I20260709 14:46:44.095551  1733 consensus_queue.cc:260] T 82f9b75c2a3949449cd386d560def0d4 P b9a6d1b4058349e5a4e8ea642c3b208c [NON_LEADER]: Queue going to NON_LEADER mode. State: All replicated index: 0, Majority replicated index: 0, Committed index: 0, Last appended: 0.0, Last appended by leader: 0, Current term: 0, Majority size: -1, State: 0, Mode: NON_LEADER, active raft config: opid_index: -1 OBSOLETE_local: false peers { permanent_uuid: "47d90cccc340402a9cbc67a815e6d005" member_type: VOTER last_known_addr { host: "127.0.107.193" port: 46855 } } peers { permanent_uuid: "d5819864e197486ab50456bdc0af6ea6" member_type: VOTER last_known_addr { host: "127.0.107.194" port: 37981 } } peers { permanent_uuid: "b9a6d1b4058349e5a4e8ea642c3b208c" member_type: VOTER last_known_addr { host: "127.0.107.195" port: 34683 } }
I20260709 14:46:44.103025  2016 consensus_queue.cc:1048] T ace610bb1f824977aba7e72dd3977eca P d5819864e197486ab50456bdc0af6ea6 [LEADER]: Connected to new peer: Peer: permanent_uuid: "b9a6d1b4058349e5a4e8ea642c3b208c" member_type: VOTER last_known_addr { host: "127.0.107.195" port: 34683 }, Status: LMP_MISMATCH, Last received: 0.0, Next index: 1, Last known committed idx: 0, Time since last communication: 0.000s
I20260709 14:46:44.103531  1732 ts_tablet_manager.cc:1434] T ace610bb1f824977aba7e72dd3977eca P 47d90cccc340402a9cbc67a815e6d005: Time spent starting tablet: real 0.026s	user 0.004s	sys 0.001s
I20260709 14:46:44.104559  1732 tablet_bootstrap.cc:492] T db855776856e456991ed02f411d34d7e P 47d90cccc340402a9cbc67a815e6d005: Bootstrap starting.
I20260709 14:46:44.104606  1733 ts_tablet_manager.cc:1434] T 82f9b75c2a3949449cd386d560def0d4 P b9a6d1b4058349e5a4e8ea642c3b208c: Time spent starting tablet: real 0.031s	user 0.007s	sys 0.000s
I20260709 14:46:44.105736  1733 tablet_bootstrap.cc:492] T db855776856e456991ed02f411d34d7e P b9a6d1b4058349e5a4e8ea642c3b208c: Bootstrap starting.
I20260709 14:46:44.111011  1765 leader_election.cc:290] T 957c66050fba48a3bbbe50317da0a0fa P d5819864e197486ab50456bdc0af6ea6 [CANDIDATE]: Term 1 pre-election: Requested pre-vote from peers 47d90cccc340402a9cbc67a815e6d005 (127.0.107.193:46855), b9a6d1b4058349e5a4e8ea642c3b208c (127.0.107.195:34683)
I20260709 14:46:44.113077  1736 tablet_bootstrap.cc:492] T b8b800886b52442aadb46032f95f31f4 P d5819864e197486ab50456bdc0af6ea6: No bootstrap required, opened a new log
I20260709 14:46:44.113626  1736 ts_tablet_manager.cc:1403] T b8b800886b52442aadb46032f95f31f4 P d5819864e197486ab50456bdc0af6ea6: Time spent bootstrapping tablet: real 0.033s	user 0.011s	sys 0.006s
I20260709 14:46:44.115788  1691 tablet_service.cc:1917] Received RequestConsensusVote() RPC: tablet_id: "957c66050fba48a3bbbe50317da0a0fa" candidate_uuid: "d5819864e197486ab50456bdc0af6ea6" candidate_term: 1 candidate_status { last_received { term: 0 index: 0 } } ignore_live_leader: false dest_uuid: "b9a6d1b4058349e5a4e8ea642c3b208c" is_pre_election: true
I20260709 14:46:44.118517  1691 raft_consensus.cc:2468] T 957c66050fba48a3bbbe50317da0a0fa P b9a6d1b4058349e5a4e8ea642c3b208c [term 0 FOLLOWER]: Leader pre-election vote request: Granting yes vote for candidate d5819864e197486ab50456bdc0af6ea6 in term 0.
I20260709 14:46:44.114230  1892 raft_consensus.cc:515] T 957c66050fba48a3bbbe50317da0a0fa P d5819864e197486ab50456bdc0af6ea6 [term 1 FOLLOWER]: Starting leader election with config: opid_index: -1 OBSOLETE_local: false peers { permanent_uuid: "47d90cccc340402a9cbc67a815e6d005" member_type: VOTER last_known_addr { host: "127.0.107.193" port: 46855 } } peers { permanent_uuid: "d5819864e197486ab50456bdc0af6ea6" member_type: VOTER last_known_addr { host: "127.0.107.194" port: 37981 } } peers { permanent_uuid: "b9a6d1b4058349e5a4e8ea642c3b208c" member_type: VOTER last_known_addr { host: "127.0.107.195" port: 34683 } }
I20260709 14:46:44.123708  1892 leader_election.cc:290] T 957c66050fba48a3bbbe50317da0a0fa P d5819864e197486ab50456bdc0af6ea6 [CANDIDATE]: Term 1 election: Requested vote from peers 47d90cccc340402a9cbc67a815e6d005 (127.0.107.193:46855), b9a6d1b4058349e5a4e8ea642c3b208c (127.0.107.195:34683)
I20260709 14:46:44.122977  1736 raft_consensus.cc:359] T b8b800886b52442aadb46032f95f31f4 P d5819864e197486ab50456bdc0af6ea6 [term 0 FOLLOWER]: Replica starting. Triggering 0 pending ops. Active config: opid_index: -1 OBSOLETE_local: false peers { permanent_uuid: "47d90cccc340402a9cbc67a815e6d005" member_type: VOTER last_known_addr { host: "127.0.107.193" port: 46855 } } peers { permanent_uuid: "d5819864e197486ab50456bdc0af6ea6" member_type: VOTER last_known_addr { host: "127.0.107.194" port: 37981 } } peers { permanent_uuid: "b9a6d1b4058349e5a4e8ea642c3b208c" member_type: VOTER last_known_addr { host: "127.0.107.195" port: 34683 } }
I20260709 14:46:44.124357  1736 raft_consensus.cc:385] T b8b800886b52442aadb46032f95f31f4 P d5819864e197486ab50456bdc0af6ea6 [term 0 FOLLOWER]: Consensus starting up: Expiring failure detector timer to make a prompt election more likely
I20260709 14:46:44.124773  1736 raft_consensus.cc:740] T b8b800886b52442aadb46032f95f31f4 P d5819864e197486ab50456bdc0af6ea6 [term 0 FOLLOWER]: Becoming Follower/Learner. State: Replica: d5819864e197486ab50456bdc0af6ea6, State: Initialized, Role: FOLLOWER
I20260709 14:46:44.125420  1736 consensus_queue.cc:260] T b8b800886b52442aadb46032f95f31f4 P d5819864e197486ab50456bdc0af6ea6 [NON_LEADER]: Queue going to NON_LEADER mode. State: All replicated index: 0, Majority replicated index: 0, Committed index: 0, Last appended: 0.0, Last appended by leader: 0, Current term: 0, Majority size: -1, State: 0, Mode: NON_LEADER, active raft config: opid_index: -1 OBSOLETE_local: false peers { permanent_uuid: "47d90cccc340402a9cbc67a815e6d005" member_type: VOTER last_known_addr { host: "127.0.107.193" port: 46855 } } peers { permanent_uuid: "d5819864e197486ab50456bdc0af6ea6" member_type: VOTER last_known_addr { host: "127.0.107.194" port: 37981 } } peers { permanent_uuid: "b9a6d1b4058349e5a4e8ea642c3b208c" member_type: VOTER last_known_addr { host: "127.0.107.195" port: 34683 } }
I20260709 14:46:44.127499  1736 ts_tablet_manager.cc:1434] T b8b800886b52442aadb46032f95f31f4 P d5819864e197486ab50456bdc0af6ea6: Time spent starting tablet: real 0.013s	user 0.005s	sys 0.000s
I20260709 14:46:44.130091  1686 tablet_service.cc:1917] Received RequestConsensusVote() RPC: tablet_id: "957c66050fba48a3bbbe50317da0a0fa" candidate_uuid: "d5819864e197486ab50456bdc0af6ea6" candidate_term: 1 candidate_status { last_received { term: 0 index: 0 } } ignore_live_leader: false dest_uuid: "b9a6d1b4058349e5a4e8ea642c3b208c"
I20260709 14:46:44.131620  1686 raft_consensus.cc:3060] T 957c66050fba48a3bbbe50317da0a0fa P b9a6d1b4058349e5a4e8ea642c3b208c [term 0 FOLLOWER]: Advancing to term 1
I20260709 14:46:44.137580  1736 tablet_bootstrap.cc:492] T 82f9b75c2a3949449cd386d560def0d4 P d5819864e197486ab50456bdc0af6ea6: Bootstrap starting.
I20260709 14:46:44.138206  1542 tablet_service.cc:1917] Received RequestConsensusVote() RPC: tablet_id: "957c66050fba48a3bbbe50317da0a0fa" candidate_uuid: "d5819864e197486ab50456bdc0af6ea6" candidate_term: 1 candidate_status { last_received { term: 0 index: 0 } } ignore_live_leader: false dest_uuid: "47d90cccc340402a9cbc67a815e6d005"
I20260709 14:46:44.139212  1542 raft_consensus.cc:3060] T 957c66050fba48a3bbbe50317da0a0fa P 47d90cccc340402a9cbc67a815e6d005 [term 0 FOLLOWER]: Advancing to term 1
I20260709 14:46:44.142038  1733 tablet_bootstrap.cc:654] T db855776856e456991ed02f411d34d7e P b9a6d1b4058349e5a4e8ea642c3b208c: Neither blocks nor log segments found. Creating new log.
I20260709 14:46:44.138485  1892 raft_consensus.cc:493] T db855776856e456991ed02f411d34d7e P d5819864e197486ab50456bdc0af6ea6 [term 0 FOLLOWER]: Starting pre-election (no leader contacted us within the election timeout)
I20260709 14:46:44.143831  1892 raft_consensus.cc:515] T db855776856e456991ed02f411d34d7e P d5819864e197486ab50456bdc0af6ea6 [term 0 FOLLOWER]: Starting pre-election with config: opid_index: -1 OBSOLETE_local: false peers { permanent_uuid: "47d90cccc340402a9cbc67a815e6d005" member_type: VOTER last_known_addr { host: "127.0.107.193" port: 46855 } } peers { permanent_uuid: "d5819864e197486ab50456bdc0af6ea6" member_type: VOTER last_known_addr { host: "127.0.107.194" port: 37981 } } peers { permanent_uuid: "b9a6d1b4058349e5a4e8ea642c3b208c" member_type: VOTER last_known_addr { host: "127.0.107.195" port: 34683 } }
