I20260709 14:46:40.170125  1720 tablet_service.cc:1917] Received RequestConsensusVote() RPC: tablet_id: "663290f03eed47beb988e0fa8226e310" candidate_uuid: "1c11567c5eab484ab946bdc509d20fd0" candidate_term: 1 candidate_status { last_received { term: 0 index: 0 } } ignore_live_leader: false dest_uuid: "4c84d264f51541b88c70668c4497c9ab" is_pre_election: true
I20260709 14:46:40.170787  1720 raft_consensus.cc:2468] T 663290f03eed47beb988e0fa8226e310 P 4c84d264f51541b88c70668c4497c9ab [term 0 FOLLOWER]: Leader pre-election vote request: Granting yes vote for candidate 1c11567c5eab484ab946bdc509d20fd0 in term 0.
W20260709 14:46:40.176999  1609 leader_election.cc:343] T 663290f03eed47beb988e0fa8226e310 P 1c11567c5eab484ab946bdc509d20fd0 [CANDIDATE]: Term 1 pre-election: Tablet error from VoteRequest() call to peer 9c29ea3266864946b7a62932919ab5f5 (127.0.107.193:36617): Illegal state: must be running to vote when last-logged opid is not known
I20260709 14:46:40.165854  1855 leader_election.cc:290] T 663290f03eed47beb988e0fa8226e310 P 1c11567c5eab484ab946bdc509d20fd0 [CANDIDATE]: Term 1 pre-election: Requested pre-vote from peers 9c29ea3266864946b7a62932919ab5f5 (127.0.107.193:36617), 4c84d264f51541b88c70668c4497c9ab (127.0.107.195:42059)
I20260709 14:46:40.180843  1570 raft_consensus.cc:3060] T 213fc01b889b448b89ebb971e769456d P 9c29ea3266864946b7a62932919ab5f5 [term 0 FOLLOWER]: Advancing to term 1
I20260709 14:46:40.193117  1763 consensus_queue.cc:260] T 0106b1c754e744c199d81e6da4cf1e76 P 4c84d264f51541b88c70668c4497c9ab [NON_LEADER]: Queue going to NON_LEADER mode. State: All replicated index: 0, Majority replicated index: 0, Committed index: 0, Last appended: 0.0, Last appended by leader: 0, Current term: 0, Majority size: -1, State: 0, Mode: NON_LEADER, active raft config: opid_index: -1 OBSOLETE_local: false peers { permanent_uuid: "9c29ea3266864946b7a62932919ab5f5" member_type: VOTER last_known_addr { host: "127.0.107.193" port: 36617 } } peers { permanent_uuid: "1c11567c5eab484ab946bdc509d20fd0" member_type: VOTER last_known_addr { host: "127.0.107.194" port: 38379 } } peers { permanent_uuid: "4c84d264f51541b88c70668c4497c9ab" member_type: VOTER last_known_addr { host: "127.0.107.195" port: 42059 } }
I20260709 14:46:40.199398  1763 ts_tablet_manager.cc:1434] T 0106b1c754e744c199d81e6da4cf1e76 P 4c84d264f51541b88c70668c4497c9ab: Time spent starting tablet: real 0.038s	user 0.006s	sys 0.005s
I20260709 14:46:40.200893  1763 tablet_bootstrap.cc:492] T 07e4dd6899b949dcb315dbdf38d9e6e5 P 4c84d264f51541b88c70668c4497c9ab: Bootstrap starting.
I20260709 14:46:40.207885  1609 leader_election.cc:304] T 663290f03eed47beb988e0fa8226e310 P 1c11567c5eab484ab946bdc509d20fd0 [CANDIDATE]: Term 1 pre-election: Election decided. Result: candidate won. Election summary: received 3 responses out of 3 voters: 2 yes votes; 1 no votes. yes voters: 1c11567c5eab484ab946bdc509d20fd0, 4c84d264f51541b88c70668c4497c9ab; no voters: 9c29ea3266864946b7a62932919ab5f5
I20260709 14:46:40.209216  1855 raft_consensus.cc:2804] T 663290f03eed47beb988e0fa8226e310 P 1c11567c5eab484ab946bdc509d20fd0 [term 0 FOLLOWER]: Leader pre-election won for term 1
I20260709 14:46:40.209817  1855 raft_consensus.cc:493] T 663290f03eed47beb988e0fa8226e310 P 1c11567c5eab484ab946bdc509d20fd0 [term 0 FOLLOWER]: Starting leader election (no leader contacted us within the election timeout)
I20260709 14:46:40.210305  1855 raft_consensus.cc:3060] T 663290f03eed47beb988e0fa8226e310 P 1c11567c5eab484ab946bdc509d20fd0 [term 0 FOLLOWER]: Advancing to term 1
I20260709 14:46:40.211961  1761 tablet_bootstrap.cc:492] T 0106b1c754e744c199d81e6da4cf1e76 P 9c29ea3266864946b7a62932919ab5f5: No bootstrap required, opened a new log
I20260709 14:46:40.212477  1761 ts_tablet_manager.cc:1403] T 0106b1c754e744c199d81e6da4cf1e76 P 9c29ea3266864946b7a62932919ab5f5: Time spent bootstrapping tablet: real 0.084s	user 0.021s	sys 0.034s
I20260709 14:46:40.222896  1763 tablet_bootstrap.cc:654] T 07e4dd6899b949dcb315dbdf38d9e6e5 P 4c84d264f51541b88c70668c4497c9ab: Neither blocks nor log segments found. Creating new log.
I20260709 14:46:40.223430  1760 tablet_bootstrap.cc:492] T 0106b1c754e744c199d81e6da4cf1e76 P 1c11567c5eab484ab946bdc509d20fd0: No bootstrap required, opened a new log
I20260709 14:46:40.223985  1760 ts_tablet_manager.cc:1403] T 0106b1c754e744c199d81e6da4cf1e76 P 1c11567c5eab484ab946bdc509d20fd0: Time spent bootstrapping tablet: real 0.079s	user 0.009s	sys 0.009s
I20260709 14:46:40.225739  1761 raft_consensus.cc:359] T 0106b1c754e744c199d81e6da4cf1e76 P 9c29ea3266864946b7a62932919ab5f5 [term 0 FOLLOWER]: Replica starting. Triggering 0 pending ops. Active config: opid_index: -1 OBSOLETE_local: false peers { permanent_uuid: "9c29ea3266864946b7a62932919ab5f5" member_type: VOTER last_known_addr { host: "127.0.107.193" port: 36617 } } peers { permanent_uuid: "1c11567c5eab484ab946bdc509d20fd0" member_type: VOTER last_known_addr { host: "127.0.107.194" port: 38379 } } peers { permanent_uuid: "4c84d264f51541b88c70668c4497c9ab" member_type: VOTER last_known_addr { host: "127.0.107.195" port: 42059 } }
I20260709 14:46:40.226473  1761 raft_consensus.cc:385] T 0106b1c754e744c199d81e6da4cf1e76 P 9c29ea3266864946b7a62932919ab5f5 [term 0 FOLLOWER]: Consensus starting up: Expiring failure detector timer to make a prompt election more likely
I20260709 14:46:40.226737  1761 raft_consensus.cc:740] T 0106b1c754e744c199d81e6da4cf1e76 P 9c29ea3266864946b7a62932919ab5f5 [term 0 FOLLOWER]: Becoming Follower/Learner. State: Replica: 9c29ea3266864946b7a62932919ab5f5, State: Initialized, Role: FOLLOWER
I20260709 14:46:40.227479  1761 consensus_queue.cc:260] T 0106b1c754e744c199d81e6da4cf1e76 P 9c29ea3266864946b7a62932919ab5f5 [NON_LEADER]: Queue going to NON_LEADER mode. State: All replicated index: 0, Majority replicated index: 0, Committed index: 0, Last appended: 0.0, Last appended by leader: 0, Current term: 0, Majority size: -1, State: 0, Mode: NON_LEADER, active raft config: opid_index: -1 OBSOLETE_local: false peers { permanent_uuid: "9c29ea3266864946b7a62932919ab5f5" member_type: VOTER last_known_addr { host: "127.0.107.193" port: 36617 } } peers { permanent_uuid: "1c11567c5eab484ab946bdc509d20fd0" member_type: VOTER last_known_addr { host: "127.0.107.194" port: 38379 } } peers { permanent_uuid: "4c84d264f51541b88c70668c4497c9ab" member_type: VOTER last_known_addr { host: "127.0.107.195" port: 42059 } }
I20260709 14:46:40.227849  1855 raft_consensus.cc:515] T 663290f03eed47beb988e0fa8226e310 P 1c11567c5eab484ab946bdc509d20fd0 [term 1 FOLLOWER]: Starting leader election with config: opid_index: -1 OBSOLETE_local: false peers { permanent_uuid: "9c29ea3266864946b7a62932919ab5f5" member_type: VOTER last_known_addr { host: "127.0.107.193" port: 36617 } } peers { permanent_uuid: "1c11567c5eab484ab946bdc509d20fd0" member_type: VOTER last_known_addr { host: "127.0.107.194" port: 38379 } } peers { permanent_uuid: "4c84d264f51541b88c70668c4497c9ab" member_type: VOTER last_known_addr { host: "127.0.107.195" port: 42059 } }
I20260709 14:46:40.229722  1761 ts_tablet_manager.cc:1434] T 0106b1c754e744c199d81e6da4cf1e76 P 9c29ea3266864946b7a62932919ab5f5: Time spent starting tablet: real 0.017s	user 0.005s	sys 0.001s
I20260709 14:46:40.231042  1569 tablet_service.cc:1917] Received RequestConsensusVote() RPC: tablet_id: "663290f03eed47beb988e0fa8226e310" candidate_uuid: "1c11567c5eab484ab946bdc509d20fd0" candidate_term: 1 candidate_status { last_received { term: 0 index: 0 } } ignore_live_leader: false dest_uuid: "9c29ea3266864946b7a62932919ab5f5"
W20260709 14:46:40.234072  1609 leader_election.cc:343] T 663290f03eed47beb988e0fa8226e310 P 1c11567c5eab484ab946bdc509d20fd0 [CANDIDATE]: Term 1 election: Tablet error from VoteRequest() call to peer 9c29ea3266864946b7a62932919ab5f5 (127.0.107.193:36617): Illegal state: must be running to vote when last-logged opid is not known
I20260709 14:46:40.233337  1720 tablet_service.cc:1917] Received RequestConsensusVote() RPC: tablet_id: "663290f03eed47beb988e0fa8226e310" candidate_uuid: "1c11567c5eab484ab946bdc509d20fd0" candidate_term: 1 candidate_status { last_received { term: 0 index: 0 } } ignore_live_leader: false dest_uuid: "4c84d264f51541b88c70668c4497c9ab"
I20260709 14:46:40.235195  1720 raft_consensus.cc:3060] T 663290f03eed47beb988e0fa8226e310 P 4c84d264f51541b88c70668c4497c9ab [term 0 FOLLOWER]: Advancing to term 1
I20260709 14:46:40.236076  1760 raft_consensus.cc:359] T 0106b1c754e744c199d81e6da4cf1e76 P 1c11567c5eab484ab946bdc509d20fd0 [term 0 FOLLOWER]: Replica starting. Triggering 0 pending ops. Active config: opid_index: -1 OBSOLETE_local: false peers { permanent_uuid: "9c29ea3266864946b7a62932919ab5f5" member_type: VOTER last_known_addr { host: "127.0.107.193" port: 36617 } } peers { permanent_uuid: "1c11567c5eab484ab946bdc509d20fd0" member_type: VOTER last_known_addr { host: "127.0.107.194" port: 38379 } } peers { permanent_uuid: "4c84d264f51541b88c70668c4497c9ab" member_type: VOTER last_known_addr { host: "127.0.107.195" port: 42059 } }
I20260709 14:46:40.236760  1760 raft_consensus.cc:385] T 0106b1c754e744c199d81e6da4cf1e76 P 1c11567c5eab484ab946bdc509d20fd0 [term 0 FOLLOWER]: Consensus starting up: Expiring failure detector timer to make a prompt election more likely
I20260709 14:46:40.237033  1760 raft_consensus.cc:740] T 0106b1c754e744c199d81e6da4cf1e76 P 1c11567c5eab484ab946bdc509d20fd0 [term 0 FOLLOWER]: Becoming Follower/Learner. State: Replica: 1c11567c5eab484ab946bdc509d20fd0, State: Initialized, Role: FOLLOWER
I20260709 14:46:40.237680  1760 consensus_queue.cc:260] T 0106b1c754e744c199d81e6da4cf1e76 P 1c11567c5eab484ab946bdc509d20fd0 [NON_LEADER]: Queue going to NON_LEADER mode. State: All replicated index: 0, Majority replicated index: 0, Committed index: 0, Last appended: 0.0, Last appended by leader: 0, Current term: 0, Majority size: -1, State: 0, Mode: NON_LEADER, active raft config: opid_index: -1 OBSOLETE_local: false peers { permanent_uuid: "9c29ea3266864946b7a62932919ab5f5" member_type: VOTER last_known_addr { host: "127.0.107.193" port: 36617 } } peers { permanent_uuid: "1c11567c5eab484ab946bdc509d20fd0" member_type: VOTER last_known_addr { host: "127.0.107.194" port: 38379 } } peers { permanent_uuid: "4c84d264f51541b88c70668c4497c9ab" member_type: VOTER last_known_addr { host: "127.0.107.195" port: 42059 } }
I20260709 14:46:40.239787  1760 ts_tablet_manager.cc:1434] T 0106b1c754e744c199d81e6da4cf1e76 P 1c11567c5eab484ab946bdc509d20fd0: Time spent starting tablet: real 0.016s	user 0.005s	sys 0.005s
I20260709 14:46:40.242628  1760 tablet_bootstrap.cc:492] T 7fbf4c1daf5641518294885ca0ff89c5 P 1c11567c5eab484ab946bdc509d20fd0: Bootstrap starting.
I20260709 14:46:40.245747  1761 tablet_bootstrap.cc:492] T 663290f03eed47beb988e0fa8226e310 P 9c29ea3266864946b7a62932919ab5f5: Bootstrap starting.
I20260709 14:46:40.246762  1855 leader_election.cc:290] T 663290f03eed47beb988e0fa8226e310 P 1c11567c5eab484ab946bdc509d20fd0 [CANDIDATE]: Term 1 election: Requested vote from peers 9c29ea3266864946b7a62932919ab5f5 (127.0.107.193:36617), 4c84d264f51541b88c70668c4497c9ab (127.0.107.195:42059)
I20260709 14:46:40.248881  1720 raft_consensus.cc:2468] T 663290f03eed47beb988e0fa8226e310 P 4c84d264f51541b88c70668c4497c9ab [term 1 FOLLOWER]: Leader election vote request: Granting yes vote for candidate 1c11567c5eab484ab946bdc509d20fd0 in term 1.
I20260709 14:46:40.287740  1609 leader_election.cc:304] T 663290f03eed47beb988e0fa8226e310 P 1c11567c5eab484ab946bdc509d20fd0 [CANDIDATE]: Term 1 election: Election decided. Result: candidate won. Election summary: received 3 responses out of 3 voters: 2 yes votes; 1 no votes. yes voters: 1c11567c5eab484ab946bdc509d20fd0, 4c84d264f51541b88c70668c4497c9ab; no voters: 9c29ea3266864946b7a62932919ab5f5
I20260709 14:46:40.301091  1760 tablet_bootstrap.cc:654] T 7fbf4c1daf5641518294885ca0ff89c5 P 1c11567c5eab484ab946bdc509d20fd0: Neither blocks nor log segments found. Creating new log.
I20260709 14:46:40.322399  1763 tablet_bootstrap.cc:492] T 07e4dd6899b949dcb315dbdf38d9e6e5 P 4c84d264f51541b88c70668c4497c9ab: No bootstrap required, opened a new log
I20260709 14:46:40.323348  1763 ts_tablet_manager.cc:1403] T 07e4dd6899b949dcb315dbdf38d9e6e5 P 4c84d264f51541b88c70668c4497c9ab: Time spent bootstrapping tablet: real 0.123s	user 0.010s	sys 0.015s
I20260709 14:46:40.307760  1791 raft_consensus.cc:493] T 0106b1c754e744c199d81e6da4cf1e76 P 1c11567c5eab484ab946bdc509d20fd0 [term 0 FOLLOWER]: Starting pre-election (no leader contacted us within the election timeout)
I20260709 14:46:40.323426  1805 raft_consensus.cc:493] T 98a1736940b540a6986d573c97be81a2 P 9c29ea3266864946b7a62932919ab5f5 [term 0 FOLLOWER]: Starting pre-election (no leader contacted us within the election timeout)
I20260709 14:46:40.328099  1807 consensus_queue.cc:1048] T 9fcb1f0bea6f4a9f80d14c3a979e1f97 P 9c29ea3266864946b7a62932919ab5f5 [LEADER]: Connected to new peer: Peer: permanent_uuid: "4c84d264f51541b88c70668c4497c9ab" member_type: VOTER last_known_addr { host: "127.0.107.195" port: 42059 }, Status: LMP_MISMATCH, Last received: 0.0, Next index: 1, Last known committed idx: 0, Time since last communication: 0.001s
I20260709 14:46:40.329442  1855 raft_consensus.cc:493] T a612edf5d27f448ebe69429cc10681d6 P 1c11567c5eab484ab946bdc509d20fd0 [term 0 FOLLOWER]: Starting pre-election (no leader contacted us within the election timeout)
I20260709 14:46:40.327726  1805 raft_consensus.cc:515] T 98a1736940b540a6986d573c97be81a2 P 9c29ea3266864946b7a62932919ab5f5 [term 0 FOLLOWER]: Starting pre-election with config: opid_index: -1 OBSOLETE_local: false peers { permanent_uuid: "9c29ea3266864946b7a62932919ab5f5" member_type: VOTER last_known_addr { host: "127.0.107.193" port: 36617 } } peers { permanent_uuid: "1c11567c5eab484ab946bdc509d20fd0" member_type: VOTER last_known_addr { host: "127.0.107.194" port: 38379 } } peers { permanent_uuid: "4c84d264f51541b88c70668c4497c9ab" member_type: VOTER last_known_addr { host: "127.0.107.195" port: 42059 } }
I20260709 14:46:40.331526  1825 raft_consensus.cc:2804] T 663290f03eed47beb988e0fa8226e310 P 1c11567c5eab484ab946bdc509d20fd0 [term 1 FOLLOWER]: Leader election won for term 1
I20260709 14:46:40.338294  1791 raft_consensus.cc:515] T 0106b1c754e744c199d81e6da4cf1e76 P 1c11567c5eab484ab946bdc509d20fd0 [term 0 FOLLOWER]: Starting pre-election with config: opid_index: -1 OBSOLETE_local: false peers { permanent_uuid: "9c29ea3266864946b7a62932919ab5f5" member_type: VOTER last_known_addr { host: "127.0.107.193" port: 36617 } } peers { permanent_uuid: "1c11567c5eab484ab946bdc509d20fd0" member_type: VOTER last_known_addr { host: "127.0.107.194" port: 38379 } } peers { permanent_uuid: "4c84d264f51541b88c70668c4497c9ab" member_type: VOTER last_known_addr { host: "127.0.107.195" port: 42059 } }
I20260709 14:46:40.341382  1791 leader_election.cc:290] T 0106b1c754e744c199d81e6da4cf1e76 P 1c11567c5eab484ab946bdc509d20fd0 [CANDIDATE]: Term 1 pre-election: Requested pre-vote from peers 9c29ea3266864946b7a62932919ab5f5 (127.0.107.193:36617), 4c84d264f51541b88c70668c4497c9ab (127.0.107.195:42059)
I20260709 14:46:40.342051  1855 raft_consensus.cc:515] T a612edf5d27f448ebe69429cc10681d6 P 1c11567c5eab484ab946bdc509d20fd0 [term 0 FOLLOWER]: Starting pre-election with config: opid_index: -1 OBSOLETE_local: false peers { permanent_uuid: "9c29ea3266864946b7a62932919ab5f5" member_type: VOTER last_known_addr { host: "127.0.107.193" port: 36617 } } peers { permanent_uuid: "1c11567c5eab484ab946bdc509d20fd0" member_type: VOTER last_known_addr { host: "127.0.107.194" port: 38379 } } peers { permanent_uuid: "4c84d264f51541b88c70668c4497c9ab" member_type: VOTER last_known_addr { host: "127.0.107.195" port: 42059 } }
I20260709 14:46:40.342546  1761 tablet_bootstrap.cc:654] T 663290f03eed47beb988e0fa8226e310 P 9c29ea3266864946b7a62932919ab5f5: Neither blocks nor log segments found. Creating new log.
I20260709 14:46:40.349684  1760 tablet_bootstrap.cc:492] T 7fbf4c1daf5641518294885ca0ff89c5 P 1c11567c5eab484ab946bdc509d20fd0: No bootstrap required, opened a new log
I20260709 14:46:40.350011  1805 leader_election.cc:290] T 98a1736940b540a6986d573c97be81a2 P 9c29ea3266864946b7a62932919ab5f5 [CANDIDATE]: Term 1 pre-election: Requested pre-vote from peers 1c11567c5eab484ab946bdc509d20fd0 (127.0.107.194:38379), 4c84d264f51541b88c70668c4497c9ab (127.0.107.195:42059)
I20260709 14:46:40.406216  1717 tablet_service.cc:1917] Received RequestConsensusVote() RPC: tablet_id: "98a1736940b540a6986d573c97be81a2" candidate_uuid: "9c29ea3266864946b7a62932919ab5f5" candidate_term: 1 candidate_status { last_received { term: 0 index: 0 } } ignore_live_leader: false dest_uuid: "4c84d264f51541b88c70668c4497c9ab" is_pre_election: true
I20260709 14:46:40.411254  1760 ts_tablet_manager.cc:1403] T 7fbf4c1daf5641518294885ca0ff89c5 P 1c11567c5eab484ab946bdc509d20fd0: Time spent bootstrapping tablet: real 0.169s	user 0.022s	sys 0.010s
I20260709 14:46:40.411581  1855 leader_election.cc:290] T a612edf5d27f448ebe69429cc10681d6 P 1c11567c5eab484ab946bdc509d20fd0 [CANDIDATE]: Term 1 pre-election: Requested pre-vote from peers 9c29ea3266864946b7a62932919ab5f5 (127.0.107.193:36617), 4c84d264f51541b88c70668c4497c9ab (127.0.107.195:42059)
I20260709 14:46:40.368526  1825 raft_consensus.cc:697] T 663290f03eed47beb988e0fa8226e310 P 1c11567c5eab484ab946bdc509d20fd0 [term 1 LEADER]: Becoming Leader. State: Replica: 1c11567c5eab484ab946bdc509d20fd0, State: Running, Role: LEADER
I20260709 14:46:40.398857  1718 tablet_service.cc:1917] Received RequestConsensusVote() RPC: tablet_id: "0106b1c754e744c199d81e6da4cf1e76" candidate_uuid: "1c11567c5eab484ab946bdc509d20fd0" candidate_term: 1 candidate_status { last_received { term: 0 index: 0 } } ignore_live_leader: false dest_uuid: "4c84d264f51541b88c70668c4497c9ab" is_pre_election: true
I20260709 14:46:40.416735  1646 tablet_service.cc:1917] Received RequestConsensusVote() RPC: tablet_id: "98a1736940b540a6986d573c97be81a2" candidate_uuid: "9c29ea3266864946b7a62932919ab5f5" candidate_term: 1 candidate_status { last_received { term: 0 index: 0 } } ignore_live_leader: false dest_uuid: "1c11567c5eab484ab946bdc509d20fd0" is_pre_election: true
I20260709 14:46:40.417444  1569 tablet_service.cc:1917] Received RequestConsensusVote() RPC: tablet_id: "a612edf5d27f448ebe69429cc10681d6" candidate_uuid: "1c11567c5eab484ab946bdc509d20fd0" candidate_term: 1 candidate_status { last_received { term: 0 index: 0 } } ignore_live_leader: false dest_uuid: "9c29ea3266864946b7a62932919ab5f5" is_pre_election: true
I20260709 14:46:40.417730  1646 raft_consensus.cc:2393] T 98a1736940b540a6986d573c97be81a2 P 1c11567c5eab484ab946bdc509d20fd0 [term 1 FOLLOWER]: Leader pre-election vote request: Denying vote to candidate 9c29ea3266864946b7a62932919ab5f5 in current term 1: Already voted for candidate 4c84d264f51541b88c70668c4497c9ab in this term.
I20260709 14:46:40.416605  1570 tablet_service.cc:1917] Received RequestConsensusVote() RPC: tablet_id: "0106b1c754e744c199d81e6da4cf1e76" candidate_uuid: "1c11567c5eab484ab946bdc509d20fd0" candidate_term: 1 candidate_status { last_received { term: 0 index: 0 } } ignore_live_leader: false dest_uuid: "9c29ea3266864946b7a62932919ab5f5" is_pre_election: true
I20260709 14:46:40.420599  1788 consensus_queue.cc:1048] T 98a1736940b540a6986d573c97be81a2 P 4c84d264f51541b88c70668c4497c9ab [LEADER]: Connected to new peer: Peer: permanent_uuid: "1c11567c5eab484ab946bdc509d20fd0" member_type: VOTER last_known_addr { host: "127.0.107.194" port: 38379 }, Status: LMP_MISMATCH, Last received: 0.0, Next index: 1, Last known committed idx: 0, Time since last communication: 0.001s
I20260709 14:46:40.416667  1718 raft_consensus.cc:2468] T 0106b1c754e744c199d81e6da4cf1e76 P 4c84d264f51541b88c70668c4497c9ab [term 0 FOLLOWER]: Leader pre-election vote request: Granting yes vote for candidate 1c11567c5eab484ab946bdc509d20fd0 in term 0.
I20260709 14:46:40.427728  1806 consensus_queue.cc:1048] T 9fcb1f0bea6f4a9f80d14c3a979e1f97 P 9c29ea3266864946b7a62932919ab5f5 [LEADER]: Connected to new peer: Peer: permanent_uuid: "1c11567c5eab484ab946bdc509d20fd0" member_type: VOTER last_known_addr { host: "127.0.107.194" port: 38379 }, Status: LMP_MISMATCH, Last received: 0.0, Next index: 1, Last known committed idx: 0, Time since last communication: 0.001s
I20260709 14:46:40.428704  1569 raft_consensus.cc:3060] T 98a1736940b540a6986d573c97be81a2 P 9c29ea3266864946b7a62932919ab5f5 [term 0 FOLLOWER]: Advancing to term 1
I20260709 14:46:40.362864  1807 raft_consensus.cc:493] T 0106b1c754e744c199d81e6da4cf1e76 P 9c29ea3266864946b7a62932919ab5f5 [term 0 FOLLOWER]: Starting pre-election (no leader contacted us within the election timeout)
I20260709 14:46:40.392835  1810 raft_consensus.cc:493] T 941bdf54e8034a63a88c08fb916d5991 P 1c11567c5eab484ab946bdc509d20fd0 [term 0 FOLLOWER]: Starting pre-election (no leader contacted us within the election timeout)
I20260709 14:46:40.434092  1788 consensus_queue.cc:1048] T f3ec7b0ac4d94c8d9492ef3a6d615f83 P 4c84d264f51541b88c70668c4497c9ab [LEADER]: Connected to new peer: Peer: permanent_uuid: "1c11567c5eab484ab946bdc509d20fd0" member_type: VOTER last_known_addr { host: "127.0.107.194" port: 38379 }, Status: LMP_MISMATCH, Last received: 0.0, Next index: 1, Last known committed idx: 0, Time since last communication: 0.003s
I20260709 14:46:40.445824  1810 raft_consensus.cc:515] T 941bdf54e8034a63a88c08fb916d5991 P 1c11567c5eab484ab946bdc509d20fd0 [term 0 FOLLOWER]: Starting pre-election with config: opid_index: -1 OBSOLETE_local: false peers { permanent_uuid: "9c29ea3266864946b7a62932919ab5f5" member_type: VOTER last_known_addr { host: "127.0.107.193" port: 36617 } } peers { permanent_uuid: "1c11567c5eab484ab946bdc509d20fd0" member_type: VOTER last_known_addr { host: "127.0.107.194" port: 38379 } } peers { permanent_uuid: "4c84d264f51541b88c70668c4497c9ab" member_type: VOTER last_known_addr { host: "127.0.107.195" port: 42059 } }
I20260709 14:46:40.450434  1763 raft_consensus.cc:359] T 07e4dd6899b949dcb315dbdf38d9e6e5 P 4c84d264f51541b88c70668c4497c9ab [term 0 FOLLOWER]: Replica starting. Triggering 0 pending ops. Active config: opid_index: -1 OBSOLETE_local: false peers { permanent_uuid: "9c29ea3266864946b7a62932919ab5f5" member_type: VOTER last_known_addr { host: "127.0.107.193" port: 36617 } } peers { permanent_uuid: "1c11567c5eab484ab946bdc509d20fd0" member_type: VOTER last_known_addr { host: "127.0.107.194" port: 38379 } } peers { permanent_uuid: "4c84d264f51541b88c70668c4497c9ab" member_type: VOTER last_known_addr { host: "127.0.107.195" port: 42059 } }
I20260709 14:46:40.451624  1763 raft_consensus.cc:385] T 07e4dd6899b949dcb315dbdf38d9e6e5 P 4c84d264f51541b88c70668c4497c9ab [term 0 FOLLOWER]: Consensus starting up: Expiring failure detector timer to make a prompt election more likely
I20260709 14:46:40.451974  1763 raft_consensus.cc:740] T 07e4dd6899b949dcb315dbdf38d9e6e5 P 4c84d264f51541b88c70668c4497c9ab [term 0 FOLLOWER]: Becoming Follower/Learner. State: Replica: 4c84d264f51541b88c70668c4497c9ab, State: Initialized, Role: FOLLOWER
I20260709 14:46:40.452153  1609 leader_election.cc:304] T 0106b1c754e744c199d81e6da4cf1e76 P 1c11567c5eab484ab946bdc509d20fd0 [CANDIDATE]: Term 1 pre-election: Election decided. Result: candidate won. Election summary: received 2 responses out of 3 voters: 2 yes votes; 0 no votes. yes voters: 1c11567c5eab484ab946bdc509d20fd0, 4c84d264f51541b88c70668c4497c9ab; no voters: 
I20260709 14:46:40.438308  1825 consensus_queue.cc:237] T 663290f03eed47beb988e0fa8226e310 P 1c11567c5eab484ab946bdc509d20fd0 [LEADER]: Queue going to LEADER mode. State: All replicated index: 0, Majority replicated index: 0, Committed index: 0, Last appended: 0.0, Last appended by leader: 0, Current term: 1, Majority size: 2, State: 0, Mode: LEADER, active raft config: opid_index: -1 OBSOLETE_local: false peers { permanent_uuid: "9c29ea3266864946b7a62932919ab5f5" member_type: VOTER last_known_addr { host: "127.0.107.193" port: 36617 } } peers { permanent_uuid: "1c11567c5eab484ab946bdc509d20fd0" member_type: VOTER last_known_addr { host: "127.0.107.194" port: 38379 } } peers { permanent_uuid: "4c84d264f51541b88c70668c4497c9ab" member_type: VOTER last_known_addr { host: "127.0.107.195" port: 42059 } }
I20260709 14:46:40.452775  1763 consensus_queue.cc:260] T 07e4dd6899b949dcb315dbdf38d9e6e5 P 4c84d264f51541b88c70668c4497c9ab [NON_LEADER]: Queue going to NON_LEADER mode. State: All replicated index: 0, Majority replicated index: 0, Committed index: 0, Last appended: 0.0, Last appended by leader: 0, Current term: 0, Majority size: -1, State: 0, Mode: NON_LEADER, active raft config: opid_index: -1 OBSOLETE_local: false peers { permanent_uuid: "9c29ea3266864946b7a62932919ab5f5" member_type: VOTER last_known_addr { host: "127.0.107.193" port: 36617 } } peers { permanent_uuid: "1c11567c5eab484ab946bdc509d20fd0" member_type: VOTER last_known_addr { host: "127.0.107.194" port: 38379 } } peers { permanent_uuid: "4c84d264f51541b88c70668c4497c9ab" member_type: VOTER last_known_addr { host: "127.0.107.195" port: 42059 } }
I20260709 14:46:40.454166  1904 raft_consensus.cc:2804] T 0106b1c754e744c199d81e6da4cf1e76 P 1c11567c5eab484ab946bdc509d20fd0 [term 0 FOLLOWER]: Leader pre-election won for term 1
I20260709 14:46:40.454670  1904 raft_consensus.cc:493] T 0106b1c754e744c199d81e6da4cf1e76 P 1c11567c5eab484ab946bdc509d20fd0 [term 0 FOLLOWER]: Starting leader election (no leader contacted us within the election timeout)
I20260709 14:46:40.455107  1904 raft_consensus.cc:3060] T 0106b1c754e744c199d81e6da4cf1e76 P 1c11567c5eab484ab946bdc509d20fd0 [term 0 FOLLOWER]: Advancing to term 1
I20260709 14:46:40.456982  1763 ts_tablet_manager.cc:1434] T 07e4dd6899b949dcb315dbdf38d9e6e5 P 4c84d264f51541b88c70668c4497c9ab: Time spent starting tablet: real 0.109s	user 0.005s	sys 0.013s
I20260709 14:46:40.458570  1763 tablet_bootstrap.cc:492] T cf5b82064be84fd1a582d90bfae97824 P 4c84d264f51541b88c70668c4497c9ab: Bootstrap starting.
I20260709 14:46:40.448501  1810 leader_election.cc:290] T 941bdf54e8034a63a88c08fb916d5991 P 1c11567c5eab484ab946bdc509d20fd0 [CANDIDATE]: Term 1 pre-election: Requested pre-vote from peers 9c29ea3266864946b7a62932919ab5f5 (127.0.107.193:36617), 4c84d264f51541b88c70668c4497c9ab (127.0.107.195:42059)
I20260709 14:46:40.440304  1807 raft_consensus.cc:515] T 0106b1c754e744c199d81e6da4cf1e76 P 9c29ea3266864946b7a62932919ab5f5 [term 0 FOLLOWER]: Starting pre-election with config: opid_index: -1 OBSOLETE_local: false peers { permanent_uuid: "9c29ea3266864946b7a62932919ab5f5" member_type: VOTER last_known_addr { host: "127.0.107.193" port: 36617 } } peers { permanent_uuid: "1c11567c5eab484ab946bdc509d20fd0" member_type: VOTER last_known_addr { host: "127.0.107.194" port: 38379 } } peers { permanent_uuid: "4c84d264f51541b88c70668c4497c9ab" member_type: VOTER last_known_addr { host: "127.0.107.195" port: 42059 } }
I20260709 14:46:40.477975  1718 tablet_service.cc:1917] Received RequestConsensusVote() RPC: tablet_id: "a612edf5d27f448ebe69429cc10681d6" candidate_uuid: "1c11567c5eab484ab946bdc509d20fd0" candidate_term: 1 candidate_status { last_received { term: 0 index: 0 } } ignore_live_leader: false dest_uuid: "4c84d264f51541b88c70668c4497c9ab" is_pre_election: true
I20260709 14:46:40.480314  1719 tablet_service.cc:1917] Received RequestConsensusVote() RPC: tablet_id: "941bdf54e8034a63a88c08fb916d5991" candidate_uuid: "1c11567c5eab484ab946bdc509d20fd0" candidate_term: 1 candidate_status { last_received { term: 0 index: 0 } } ignore_live_leader: false dest_uuid: "4c84d264f51541b88c70668c4497c9ab" is_pre_election: true
W20260709 14:46:40.480553  1609 leader_election.cc:343] T a612edf5d27f448ebe69429cc10681d6 P 1c11567c5eab484ab946bdc509d20fd0 [CANDIDATE]: Term 1 pre-election: Tablet error from VoteRequest() call to peer 9c29ea3266864946b7a62932919ab5f5 (127.0.107.193:36617): Illegal state: must be running to vote when last-logged opid is not known
I20260709 14:46:40.469400  1760 raft_consensus.cc:359] T 7fbf4c1daf5641518294885ca0ff89c5 P 1c11567c5eab484ab946bdc509d20fd0 [term 0 FOLLOWER]: Replica starting. Triggering 0 pending ops. Active config: opid_index: -1 OBSOLETE_local: false peers { permanent_uuid: "9c29ea3266864946b7a62932919ab5f5" member_type: VOTER last_known_addr { host: "127.0.107.193" port: 36617 } } peers { permanent_uuid: "1c11567c5eab484ab946bdc509d20fd0" member_type: VOTER last_known_addr { host: "127.0.107.194" port: 38379 } } peers { permanent_uuid: "4c84d264f51541b88c70668c4497c9ab" member_type: VOTER last_known_addr { host: "127.0.107.195" port: 42059 } }
I20260709 14:46:40.482017  1760 raft_consensus.cc:385] T 7fbf4c1daf5641518294885ca0ff89c5 P 1c11567c5eab484ab946bdc509d20fd0 [term 0 FOLLOWER]: Consensus starting up: Expiring failure detector timer to make a prompt election more likely
I20260709 14:46:40.482355  1760 raft_consensus.cc:740] T 7fbf4c1daf5641518294885ca0ff89c5 P 1c11567c5eab484ab946bdc509d20fd0 [term 0 FOLLOWER]: Becoming Follower/Learner. State: Replica: 1c11567c5eab484ab946bdc509d20fd0, State: Initialized, Role: FOLLOWER
I20260709 14:46:40.483180  1760 consensus_queue.cc:260] T 7fbf4c1daf5641518294885ca0ff89c5 P 1c11567c5eab484ab946bdc509d20fd0 [NON_LEADER]: Queue going to NON_LEADER mode. State: All replicated index: 0, Majority replicated index: 0, Committed index: 0, Last appended: 0.0, Last appended by leader: 0, Current term: 0, Majority size: -1, State: 0, Mode: NON_LEADER, active raft config: opid_index: -1 OBSOLETE_local: false peers { permanent_uuid: "9c29ea3266864946b7a62932919ab5f5" member_type: VOTER last_known_addr { host: "127.0.107.193" port: 36617 } } peers { permanent_uuid: "1c11567c5eab484ab946bdc509d20fd0" member_type: VOTER last_known_addr { host: "127.0.107.194" port: 38379 } } peers { permanent_uuid: "4c84d264f51541b88c70668c4497c9ab" member_type: VOTER last_known_addr { host: "127.0.107.195" port: 42059 } }
I20260709 14:46:40.484760  1760 ts_tablet_manager.cc:1434] T 7fbf4c1daf5641518294885ca0ff89c5 P 1c11567c5eab484ab946bdc509d20fd0: Time spent starting tablet: real 0.073s	user 0.006s	sys 0.000s
I20260709 14:46:40.486197  1535 leader_election.cc:304] T 98a1736940b540a6986d573c97be81a2 P 9c29ea3266864946b7a62932919ab5f5 [CANDIDATE]: Term 1 pre-election: Election decided. Result: candidate lost. Election summary: received 3 responses out of 3 voters: 1 yes votes; 2 no votes. yes voters: 9c29ea3266864946b7a62932919ab5f5; no voters: 1c11567c5eab484ab946bdc509d20fd0, 4c84d264f51541b88c70668c4497c9ab
I20260709 14:46:40.489151  1806 raft_consensus.cc:2749] T 98a1736940b540a6986d573c97be81a2 P 9c29ea3266864946b7a62932919ab5f5 [term 1 FOLLOWER]: Leader pre-election lost for term 1. Reason: could not achieve majority
I20260709 14:46:40.504850  1570 raft_consensus.cc:2468] T 0106b1c754e744c199d81e6da4cf1e76 P 9c29ea3266864946b7a62932919ab5f5 [term 0 FOLLOWER]: Leader pre-election vote request: Granting yes vote for candidate 1c11567c5eab484ab946bdc509d20fd0 in term 0.
I20260709 14:46:40.529110  1807 leader_election.cc:290] T 0106b1c754e744c199d81e6da4cf1e76 P 9c29ea3266864946b7a62932919ab5f5 [CANDIDATE]: Term 1 pre-election: Requested pre-vote from peers 1c11567c5eab484ab946bdc509d20fd0 (127.0.107.194:38379), 4c84d264f51541b88c70668c4497c9ab (127.0.107.195:42059)
I20260709 14:46:40.547210  1763 tablet_bootstrap.cc:654] T cf5b82064be84fd1a582d90bfae97824 P 4c84d264f51541b88c70668c4497c9ab: Neither blocks nor log segments found. Creating new log.
W20260709 14:46:40.554306  1609 leader_election.cc:343] T a612edf5d27f448ebe69429cc10681d6 P 1c11567c5eab484ab946bdc509d20fd0 [CANDIDATE]: Term 1 pre-election: Tablet error from VoteRequest() call to peer 4c84d264f51541b88c70668c4497c9ab (127.0.107.195:42059): Illegal state: must be running to vote when last-logged opid is not known
I20260709 14:46:40.558347  1609 leader_election.cc:304] T a612edf5d27f448ebe69429cc10681d6 P 1c11567c5eab484ab946bdc509d20fd0 [CANDIDATE]: Term 1 pre-election: Election decided. Result: candidate lost. Election summary: received 3 responses out of 3 voters: 1 yes votes; 2 no votes. yes voters: 1c11567c5eab484ab946bdc509d20fd0; no voters: 4c84d264f51541b88c70668c4497c9ab, 9c29ea3266864946b7a62932919ab5f5
W20260709 14:46:40.559818  1609 leader_election.cc:343] T 941bdf54e8034a63a88c08fb916d5991 P 1c11567c5eab484ab946bdc509d20fd0 [CANDIDATE]: Term 1 pre-election: Tablet error from VoteRequest() call to peer 4c84d264f51541b88c70668c4497c9ab (127.0.107.195:42059): Illegal state: must be running to vote when last-logged opid is not known
I20260709 14:46:40.560762  1810 raft_consensus.cc:2749] T a612edf5d27f448ebe69429cc10681d6 P 1c11567c5eab484ab946bdc509d20fd0 [term 0 FOLLOWER]: Leader pre-election lost for term 1. Reason: could not achieve majority
I20260709 14:46:40.565272  1810 consensus_queue.cc:1048] T 404f50d13f46439c9102b6af37492ee9 P 1c11567c5eab484ab946bdc509d20fd0 [LEADER]: Connected to new peer: Peer: permanent_uuid: "4c84d264f51541b88c70668c4497c9ab" member_type: VOTER last_known_addr { host: "127.0.107.195" port: 42059 }, Status: LMP_MISMATCH, Last received: 0.0, Next index: 1, Last known committed idx: 0, Time since last communication: 0.000s
I20260709 14:46:40.569443  1760 tablet_bootstrap.cc:492] T a6f62a744f1b4b6b99acbb49cbd9c15c P 1c11567c5eab484ab946bdc509d20fd0: Bootstrap starting.
I20260709 14:46:40.569804  1718 tablet_service.cc:1917] Received RequestConsensusVote() RPC: tablet_id: "0106b1c754e744c199d81e6da4cf1e76" candidate_uuid: "9c29ea3266864946b7a62932919ab5f5" candidate_term: 1 candidate_status { last_received { term: 0 index: 0 } } ignore_live_leader: false dest_uuid: "4c84d264f51541b88c70668c4497c9ab" is_pre_election: true
I20260709 14:46:40.569882  1904 raft_consensus.cc:515] T 0106b1c754e744c199d81e6da4cf1e76 P 1c11567c5eab484ab946bdc509d20fd0 [term 1 FOLLOWER]: Starting leader election with config: opid_index: -1 OBSOLETE_local: false peers { permanent_uuid: "9c29ea3266864946b7a62932919ab5f5" member_type: VOTER last_known_addr { host: "127.0.107.193" port: 36617 } } peers { permanent_uuid: "1c11567c5eab484ab946bdc509d20fd0" member_type: VOTER last_known_addr { host: "127.0.107.194" port: 38379 } } peers { permanent_uuid: "4c84d264f51541b88c70668c4497c9ab" member_type: VOTER last_known_addr { host: "127.0.107.195" port: 42059 } }
I20260709 14:46:40.570559  1718 raft_consensus.cc:2468] T 0106b1c754e744c199d81e6da4cf1e76 P 4c84d264f51541b88c70668c4497c9ab [term 0 FOLLOWER]: Leader pre-election vote request: Granting yes vote for candidate 9c29ea3266864946b7a62932919ab5f5 in term 0.
I20260709 14:46:40.581884  1534 leader_election.cc:304] T 0106b1c754e744c199d81e6da4cf1e76 P 9c29ea3266864946b7a62932919ab5f5 [CANDIDATE]: Term 1 pre-election: Election decided. Result: candidate won. Election summary: received 2 responses out of 3 voters: 2 yes votes; 0 no votes. yes voters: 4c84d264f51541b88c70668c4497c9ab, 9c29ea3266864946b7a62932919ab5f5; no voters: 
I20260709 14:46:40.587667  1718 tablet_service.cc:1917] Received RequestConsensusVote() RPC: tablet_id: "0106b1c754e744c199d81e6da4cf1e76" candidate_uuid: "1c11567c5eab484ab946bdc509d20fd0" candidate_term: 1 candidate_status { last_received { term: 0 index: 0 } } ignore_live_leader: false dest_uuid: "4c84d264f51541b88c70668c4497c9ab"
I20260709 14:46:40.588217  1901 raft_consensus.cc:2804] T 0106b1c754e744c199d81e6da4cf1e76 P 9c29ea3266864946b7a62932919ab5f5 [term 0 FOLLOWER]: Leader pre-election won for term 1
I20260709 14:46:40.588418  1718 raft_consensus.cc:3060] T 0106b1c754e744c199d81e6da4cf1e76 P 4c84d264f51541b88c70668c4497c9ab [term 0 FOLLOWER]: Advancing to term 1
I20260709 14:46:40.588794  1901 raft_consensus.cc:493] T 0106b1c754e744c199d81e6da4cf1e76 P 9c29ea3266864946b7a62932919ab5f5 [term 0 FOLLOWER]: Starting leader election (no leader contacted us within the election timeout)
I20260709 14:46:40.589203  1901 raft_consensus.cc:3060] T 0106b1c754e744c199d81e6da4cf1e76 P 9c29ea3266864946b7a62932919ab5f5 [term 0 FOLLOWER]: Advancing to term 1
I20260709 14:46:40.591030  1904 leader_election.cc:290] T 0106b1c754e744c199d81e6da4cf1e76 P 1c11567c5eab484ab946bdc509d20fd0 [CANDIDATE]: Term 1 election: Requested vote from peers 9c29ea3266864946b7a62932919ab5f5 (127.0.107.193:36617), 4c84d264f51541b88c70668c4497c9ab (127.0.107.195:42059)
I20260709 14:46:40.583806  1806 consensus_queue.cc:1048] T 87aa8df6da1f4480b449c91b0dcd8130 P 9c29ea3266864946b7a62932919ab5f5 [LEADER]: Connected to new peer: Peer: permanent_uuid: "4c84d264f51541b88c70668c4497c9ab" member_type: VOTER last_known_addr { host: "127.0.107.195" port: 42059 }, Status: LMP_MISMATCH, Last received: 0.0, Next index: 1, Last known committed idx: 0, Time since last communication: 0.009s
I20260709 14:46:40.569613  1466 catalog_manager.cc:5697] T 663290f03eed47beb988e0fa8226e310 P 1c11567c5eab484ab946bdc509d20fd0 reported cstate change: term changed from 0 to 1, leader changed from <none> to 1c11567c5eab484ab946bdc509d20fd0 (127.0.107.194). New cstate: current_term: 1 leader_uuid: "1c11567c5eab484ab946bdc509d20fd0" committed_config { opid_index: -1 OBSOLETE_local: false peers { permanent_uuid: "9c29ea3266864946b7a62932919ab5f5" member_type: VOTER last_known_addr { host: "127.0.107.193" port: 36617 } health_report { overall_health: UNKNOWN } } peers { permanent_uuid: "1c11567c5eab484ab946bdc509d20fd0" member_type: VOTER last_known_addr { host: "127.0.107.194" port: 38379 } health_report { overall_health: HEALTHY } } peers { permanent_uuid: "4c84d264f51541b88c70668c4497c9ab" member_type: VOTER last_known_addr { host: "127.0.107.195" port: 42059 } health_report { overall_health: UNKNOWN } } }
I20260709 14:46:40.602839  1761 tablet_bootstrap.cc:492] T 663290f03eed47beb988e0fa8226e310 P 9c29ea3266864946b7a62932919ab5f5: No bootstrap required, opened a new log
I20260709 14:46:40.603586  1761 ts_tablet_manager.cc:1403] T 663290f03eed47beb988e0fa8226e310 P 9c29ea3266864946b7a62932919ab5f5: Time spent bootstrapping tablet: real 0.373s	user 0.024s	sys 0.015s
I20260709 14:46:40.626608  1862 consensus_queue.cc:1048] T 98a1736940b540a6986d573c97be81a2 P 4c84d264f51541b88c70668c4497c9ab [LEADER]: Connected to new peer: Peer: permanent_uuid: "9c29ea3266864946b7a62932919ab5f5" member_type: VOTER last_known_addr { host: "127.0.107.193" port: 36617 }, Status: LMP_MISMATCH, Last received: 0.0, Next index: 1, Last known committed idx: 0, Time since last communication: 0.001s
I20260709 14:46:40.630514  1643 tablet_service.cc:1917] Received RequestConsensusVote() RPC: tablet_id: "0106b1c754e744c199d81e6da4cf1e76" candidate_uuid: "9c29ea3266864946b7a62932919ab5f5" candidate_term: 1 candidate_status { last_received { term: 0 index: 0 } } ignore_live_leader: false dest_uuid: "1c11567c5eab484ab946bdc509d20fd0" is_pre_election: true
I20260709 14:46:40.631507  1643 raft_consensus.cc:2393] T 0106b1c754e744c199d81e6da4cf1e76 P 1c11567c5eab484ab946bdc509d20fd0 [term 1 FOLLOWER]: Leader pre-election vote request: Denying vote to candidate 9c29ea3266864946b7a62932919ab5f5 in current term 1: Already voted for candidate 1c11567c5eab484ab946bdc509d20fd0 in this term.
I20260709 14:46:40.630887  1901 raft_consensus.cc:515] T 0106b1c754e744c199d81e6da4cf1e76 P 9c29ea3266864946b7a62932919ab5f5 [term 1 FOLLOWER]: Starting leader election with config: opid_index: -1 OBSOLETE_local: false peers { permanent_uuid: "9c29ea3266864946b7a62932919ab5f5" member_type: VOTER last_known_addr { host: "127.0.107.193" port: 36617 } } peers { permanent_uuid: "1c11567c5eab484ab946bdc509d20fd0" member_type: VOTER last_known_addr { host: "127.0.107.194" port: 38379 } } peers { permanent_uuid: "4c84d264f51541b88c70668c4497c9ab" member_type: VOTER last_known_addr { host: "127.0.107.195" port: 42059 } }
I20260709 14:46:40.635890  1901 leader_election.cc:290] T 0106b1c754e744c199d81e6da4cf1e76 P 9c29ea3266864946b7a62932919ab5f5 [CANDIDATE]: Term 1 election: Requested vote from peers 1c11567c5eab484ab946bdc509d20fd0 (127.0.107.194:38379), 4c84d264f51541b88c70668c4497c9ab (127.0.107.195:42059)
I20260709 14:46:40.637256  1719 tablet_service.cc:1917] Received RequestConsensusVote() RPC: tablet_id: "0106b1c754e744c199d81e6da4cf1e76" candidate_uuid: "9c29ea3266864946b7a62932919ab5f5" candidate_term: 1 candidate_status { last_received { term: 0 index: 0 } } ignore_live_leader: false dest_uuid: "4c84d264f51541b88c70668c4497c9ab"
I20260709 14:46:40.640877  1718 raft_consensus.cc:2468] T 0106b1c754e744c199d81e6da4cf1e76 P 4c84d264f51541b88c70668c4497c9ab [term 1 FOLLOWER]: Leader election vote request: Granting yes vote for candidate 1c11567c5eab484ab946bdc509d20fd0 in term 1.
I20260709 14:46:40.657953  1761 raft_consensus.cc:359] T 663290f03eed47beb988e0fa8226e310 P 9c29ea3266864946b7a62932919ab5f5 [term 0 FOLLOWER]: Replica starting. Triggering 0 pending ops. Active config: opid_index: -1 OBSOLETE_local: false peers { permanent_uuid: "9c29ea3266864946b7a62932919ab5f5" member_type: VOTER last_known_addr { host: "127.0.107.193" port: 36617 } } peers { permanent_uuid: "1c11567c5eab484ab946bdc509d20fd0" member_type: VOTER last_known_addr { host: "127.0.107.194" port: 38379 } } peers { permanent_uuid: "4c84d264f51541b88c70668c4497c9ab" member_type: VOTER last_known_addr { host: "127.0.107.195" port: 42059 } }
I20260709 14:46:40.660229  1761 raft_consensus.cc:385] T 663290f03eed47beb988e0fa8226e310 P 9c29ea3266864946b7a62932919ab5f5 [term 0 FOLLOWER]: Consensus starting up: Expiring failure detector timer to make a prompt election more likely
I20260709 14:46:40.660585  1761 raft_consensus.cc:740] T 663290f03eed47beb988e0fa8226e310 P 9c29ea3266864946b7a62932919ab5f5 [term 0 FOLLOWER]: Becoming Follower/Learner. State: Replica: 9c29ea3266864946b7a62932919ab5f5, State: Initialized, Role: FOLLOWER
I20260709 14:46:40.657910  1570 tablet_service.cc:1917] Received RequestConsensusVote() RPC: tablet_id: "941bdf54e8034a63a88c08fb916d5991" candidate_uuid: "1c11567c5eab484ab946bdc509d20fd0" candidate_term: 1 candidate_status { last_received { term: 0 index: 0 } } ignore_live_leader: false dest_uuid: "9c29ea3266864946b7a62932919ab5f5" is_pre_election: true
I20260709 14:46:40.662837  1609 leader_election.cc:304] T 0106b1c754e744c199d81e6da4cf1e76 P 1c11567c5eab484ab946bdc509d20fd0 [CANDIDATE]: Term 1 election: Election decided. Result: candidate won. Election summary: received 2 responses out of 3 voters: 2 yes votes; 0 no votes. yes voters: 1c11567c5eab484ab946bdc509d20fd0, 4c84d264f51541b88c70668c4497c9ab; no voters: 
I20260709 14:46:40.664198  1904 raft_consensus.cc:2804] T 0106b1c754e744c199d81e6da4cf1e76 P 1c11567c5eab484ab946bdc509d20fd0 [term 1 FOLLOWER]: Leader election won for term 1
I20260709 14:46:40.664709  1904 raft_consensus.cc:697] T 0106b1c754e744c199d81e6da4cf1e76 P 1c11567c5eab484ab946bdc509d20fd0 [term 1 LEADER]: Becoming Leader. State: Replica: 1c11567c5eab484ab946bdc509d20fd0, State: Running, Role: LEADER
I20260709 14:46:40.665048  1763 tablet_bootstrap.cc:492] T cf5b82064be84fd1a582d90bfae97824 P 4c84d264f51541b88c70668c4497c9ab: No bootstrap required, opened a new log
I20260709 14:46:40.665612  1763 ts_tablet_manager.cc:1403] T cf5b82064be84fd1a582d90bfae97824 P 4c84d264f51541b88c70668c4497c9ab: Time spent bootstrapping tablet: real 0.207s	user 0.018s	sys 0.025s
I20260709 14:46:40.665609  1904 consensus_queue.cc:237] T 0106b1c754e744c199d81e6da4cf1e76 P 1c11567c5eab484ab946bdc509d20fd0 [LEADER]: Queue going to LEADER mode. State: All replicated index: 0, Majority replicated index: 0, Committed index: 0, Last appended: 0.0, Last appended by leader: 0, Current term: 1, Majority size: 2, State: 0, Mode: LEADER, active raft config: opid_index: -1 OBSOLETE_local: false peers { permanent_uuid: "9c29ea3266864946b7a62932919ab5f5" member_type: VOTER last_known_addr { host: "127.0.107.193" port: 36617 } } peers { permanent_uuid: "1c11567c5eab484ab946bdc509d20fd0" member_type: VOTER last_known_addr { host: "127.0.107.194" port: 38379 } } peers { permanent_uuid: "4c84d264f51541b88c70668c4497c9ab" member_type: VOTER last_known_addr { host: "127.0.107.195" port: 42059 } }
I20260709 14:46:40.666996  1761 consensus_queue.cc:260] T 663290f03eed47beb988e0fa8226e310 P 9c29ea3266864946b7a62932919ab5f5 [NON_LEADER]: Queue going to NON_LEADER mode. State: All replicated index: 0, Majority replicated index: 0, Committed index: 0, Last appended: 0.0, Last appended by leader: 0, Current term: 0, Majority size: -1, State: 0, Mode: NON_LEADER, active raft config: opid_index: -1 OBSOLETE_local: false peers { permanent_uuid: "9c29ea3266864946b7a62932919ab5f5" member_type: VOTER last_known_addr { host: "127.0.107.193" port: 36617 } } peers { permanent_uuid: "1c11567c5eab484ab946bdc509d20fd0" member_type: VOTER last_known_addr { host: "127.0.107.194" port: 38379 } } peers { permanent_uuid: "4c84d264f51541b88c70668c4497c9ab" member_type: VOTER last_known_addr { host: "127.0.107.195" port: 42059 } }
I20260709 14:46:40.669216  1761 ts_tablet_manager.cc:1434] T 663290f03eed47beb988e0fa8226e310 P 9c29ea3266864946b7a62932919ab5f5: Time spent starting tablet: real 0.065s	user 0.005s	sys 0.002s
I20260709 14:46:40.677574  1760 tablet_bootstrap.cc:654] T a6f62a744f1b4b6b99acbb49cbd9c15c P 1c11567c5eab484ab946bdc509d20fd0: Neither blocks nor log segments found. Creating new log.
I20260709 14:46:40.680439  1761 tablet_bootstrap.cc:492] T 1125b1c8c6104927b942d83c7690b88e P 9c29ea3266864946b7a62932919ab5f5: Bootstrap starting.
I20260709 14:46:40.682057  1569 tablet_service.cc:1917] Received RequestConsensusVote() RPC: tablet_id: "0106b1c754e744c199d81e6da4cf1e76" candidate_uuid: "1c11567c5eab484ab946bdc509d20fd0" candidate_term: 1 candidate_status { last_received { term: 0 index: 0 } } ignore_live_leader: false dest_uuid: "9c29ea3266864946b7a62932919ab5f5"
I20260709 14:46:40.682883  1569 raft_consensus.cc:2393] T 0106b1c754e744c199d81e6da4cf1e76 P 9c29ea3266864946b7a62932919ab5f5 [term 1 FOLLOWER]: Leader election vote request: Denying vote to candidate 1c11567c5eab484ab946bdc509d20fd0 in current term 1: Already voted for candidate 9c29ea3266864946b7a62932919ab5f5 in this term.
I20260709 14:46:40.663857  1909 consensus_queue.cc:1048] T f3ec7b0ac4d94c8d9492ef3a6d615f83 P 4c84d264f51541b88c70668c4497c9ab [LEADER]: Connected to new peer: Peer: permanent_uuid: "9c29ea3266864946b7a62932919ab5f5" member_type: VOTER last_known_addr { host: "127.0.107.193" port: 36617 }, Status: LMP_MISMATCH, Last received: 0.0, Next index: 1, Last known committed idx: 0, Time since last communication: 0.041s
I20260709 14:46:40.690754  1807 consensus_queue.cc:1048] T 87aa8df6da1f4480b449c91b0dcd8130 P 9c29ea3266864946b7a62932919ab5f5 [LEADER]: Connected to new peer: Peer: permanent_uuid: "1c11567c5eab484ab946bdc509d20fd0" member_type: VOTER last_known_addr { host: "127.0.107.194" port: 38379 }, Status: LMP_MISMATCH, Last received: 0.0, Next index: 1, Last known committed idx: 0, Time since last communication: 0.000s
I20260709 14:46:40.691835  1645 tablet_service.cc:1917] Received RequestConsensusVote() RPC: tablet_id: "0106b1c754e744c199d81e6da4cf1e76" candidate_uuid: "9c29ea3266864946b7a62932919ab5f5" candidate_term: 1 candidate_status { last_received { term: 0 index: 0 } } ignore_live_leader: false dest_uuid: "1c11567c5eab484ab946bdc509d20fd0"
I20260709 14:46:40.708577  1763 raft_consensus.cc:359] T cf5b82064be84fd1a582d90bfae97824 P 4c84d264f51541b88c70668c4497c9ab [term 0 FOLLOWER]: Replica starting. Triggering 0 pending ops. Active config: opid_index: -1 OBSOLETE_local: false peers { permanent_uuid: "9c29ea3266864946b7a62932919ab5f5" member_type: VOTER last_known_addr { host: "127.0.107.193" port: 36617 } } peers { permanent_uuid: "1c11567c5eab484ab946bdc509d20fd0" member_type: VOTER last_known_addr { host: "127.0.107.194" port: 38379 } } peers { permanent_uuid: "4c84d264f51541b88c70668c4497c9ab" member_type: VOTER last_known_addr { host: "127.0.107.195" port: 42059 } }
I20260709 14:46:40.710000  1763 raft_consensus.cc:385] T cf5b82064be84fd1a582d90bfae97824 P 4c84d264f51541b88c70668c4497c9ab [term 0 FOLLOWER]: Consensus starting up: Expiring failure detector timer to make a prompt election more likely
I20260709 14:46:40.710268  1763 raft_consensus.cc:740] T cf5b82064be84fd1a582d90bfae97824 P 4c84d264f51541b88c70668c4497c9ab [term 0 FOLLOWER]: Becoming Follower/Learner. State: Replica: 4c84d264f51541b88c70668c4497c9ab, State: Initialized, Role: FOLLOWER
I20260709 14:46:40.711686  1763 consensus_queue.cc:260] T cf5b82064be84fd1a582d90bfae97824 P 4c84d264f51541b88c70668c4497c9ab [NON_LEADER]: Queue going to NON_LEADER mode. State: All replicated index: 0, Majority replicated index: 0, Committed index: 0, Last appended: 0.0, Last appended by leader: 0, Current term: 0, Majority size: -1, State: 0, Mode: NON_LEADER, active raft config: opid_index: -1 OBSOLETE_local: false peers { permanent_uuid: "9c29ea3266864946b7a62932919ab5f5" member_type: VOTER last_known_addr { host: "127.0.107.193" port: 36617 } } peers { permanent_uuid: "1c11567c5eab484ab946bdc509d20fd0" member_type: VOTER last_known_addr { host: "127.0.107.194" port: 38379 } } peers { permanent_uuid: "4c84d264f51541b88c70668c4497c9ab" member_type: VOTER last_known_addr { host: "127.0.107.195" port: 42059 } }
I20260709 14:46:40.716074  1535 leader_election.cc:304] T 0106b1c754e744c199d81e6da4cf1e76 P 9c29ea3266864946b7a62932919ab5f5 [CANDIDATE]: Term 1 election: Election decided. Result: candidate lost. Election summary: received 3 responses out of 3 voters: 1 yes votes; 2 no votes. yes voters: 9c29ea3266864946b7a62932919ab5f5; no voters: 1c11567c5eab484ab946bdc509d20fd0, 4c84d264f51541b88c70668c4497c9ab
