I20260709 14:56:07.094475 22285 tablet_bootstrap.cc:654] T 1376b6b9ea054e2dafcd66b1ce5e0afb P 804d5313ec8d44d88ae75b1bfbf3d603: Neither blocks nor log segments found. Creating new log.
I20260709 14:56:07.097078 22093 tablet_service.cc:1917] Received RequestConsensusVote() RPC: tablet_id: "9ab693acc3264f7d9e6fba4ba02277df" candidate_uuid: "02ed1fe752f6496eb5e6d66a0f4c15e2" candidate_term: 1 candidate_status { last_received { term: 0 index: 0 } } ignore_live_leader: false dest_uuid: "804d5313ec8d44d88ae75b1bfbf3d603" is_pre_election: true
I20260709 14:56:07.098598 22169 tablet_service.cc:1917] Received RequestConsensusVote() RPC: tablet_id: "9ab693acc3264f7d9e6fba4ba02277df" candidate_uuid: "02ed1fe752f6496eb5e6d66a0f4c15e2" candidate_term: 1 candidate_status { last_received { term: 0 index: 0 } } ignore_live_leader: false dest_uuid: "6d38c0555fab4aea91dadb16b4f792c7" is_pre_election: true
I20260709 14:56:07.099403 22169 raft_consensus.cc:2393] T 9ab693acc3264f7d9e6fba4ba02277df P 6d38c0555fab4aea91dadb16b4f792c7 [term 1 FOLLOWER]: Leader pre-election vote request: Denying vote to candidate 02ed1fe752f6496eb5e6d66a0f4c15e2 in current term 1: Already voted for candidate 6d38c0555fab4aea91dadb16b4f792c7 in this term.
I20260709 14:56:07.100313 22093 raft_consensus.cc:2393] T 9ab693acc3264f7d9e6fba4ba02277df P 804d5313ec8d44d88ae75b1bfbf3d603 [term 1 FOLLOWER]: Leader pre-election vote request: Denying vote to candidate 02ed1fe752f6496eb5e6d66a0f4c15e2 in current term 1: Already voted for candidate 804d5313ec8d44d88ae75b1bfbf3d603 in this term.
I20260709 14:56:07.104257 22313 raft_consensus.cc:493] T a99ac23907634579b581291b9b0a4e9f P 02ed1fe752f6496eb5e6d66a0f4c15e2 [term 0 FOLLOWER]: Starting pre-election (no leader contacted us within the election timeout)
I20260709 14:56:07.104826 22313 raft_consensus.cc:515] T a99ac23907634579b581291b9b0a4e9f P 02ed1fe752f6496eb5e6d66a0f4c15e2 [term 0 FOLLOWER]: Starting pre-election with config: opid_index: -1 OBSOLETE_local: false peers { permanent_uuid: "804d5313ec8d44d88ae75b1bfbf3d603" member_type: VOTER last_known_addr { host: "127.20.120.129" port: 38305 } } peers { permanent_uuid: "6d38c0555fab4aea91dadb16b4f792c7" member_type: VOTER last_known_addr { host: "127.20.120.130" port: 43289 } } peers { permanent_uuid: "02ed1fe752f6496eb5e6d66a0f4c15e2" member_type: VOTER last_known_addr { host: "127.20.120.131" port: 38161 } }
I20260709 14:56:07.107076 22313 leader_election.cc:290] T a99ac23907634579b581291b9b0a4e9f P 02ed1fe752f6496eb5e6d66a0f4c15e2 [CANDIDATE]: Term 1 pre-election: Requested pre-vote from peers 804d5313ec8d44d88ae75b1bfbf3d603 (127.20.120.129:38305), 6d38c0555fab4aea91dadb16b4f792c7 (127.20.120.130:43289)
I20260709 14:56:07.109078 22170 tablet_service.cc:1917] Received RequestConsensusVote() RPC: tablet_id: "a99ac23907634579b581291b9b0a4e9f" candidate_uuid: "02ed1fe752f6496eb5e6d66a0f4c15e2" candidate_term: 1 candidate_status { last_received { term: 0 index: 0 } } ignore_live_leader: false dest_uuid: "6d38c0555fab4aea91dadb16b4f792c7" is_pre_election: true
W20260709 14:56:07.110715 22208 leader_election.cc:343] T a99ac23907634579b581291b9b0a4e9f P 02ed1fe752f6496eb5e6d66a0f4c15e2 [CANDIDATE]: Term 1 pre-election: Tablet error from VoteRequest() call to peer 6d38c0555fab4aea91dadb16b4f792c7 (127.20.120.130:43289): Illegal state: must be running to vote when last-logged opid is not known
I20260709 14:56:07.103677 22209 leader_election.cc:304] T 9ab693acc3264f7d9e6fba4ba02277df P 02ed1fe752f6496eb5e6d66a0f4c15e2 [CANDIDATE]: Term 1 pre-election: Election decided. Result: candidate lost. Election summary: received 3 responses out of 3 voters: 1 yes votes; 2 no votes. yes voters: 02ed1fe752f6496eb5e6d66a0f4c15e2; no voters: 6d38c0555fab4aea91dadb16b4f792c7, 804d5313ec8d44d88ae75b1bfbf3d603
I20260709 14:56:07.111855 22313 raft_consensus.cc:3060] T 9ab693acc3264f7d9e6fba4ba02277df P 02ed1fe752f6496eb5e6d66a0f4c15e2 [term 0 FOLLOWER]: Advancing to term 1
I20260709 14:56:07.113476 22093 tablet_service.cc:1917] Received RequestConsensusVote() RPC: tablet_id: "a99ac23907634579b581291b9b0a4e9f" candidate_uuid: "02ed1fe752f6496eb5e6d66a0f4c15e2" candidate_term: 1 candidate_status { last_received { term: 0 index: 0 } } ignore_live_leader: false dest_uuid: "804d5313ec8d44d88ae75b1bfbf3d603" is_pre_election: true
I20260709 14:56:07.116256 22317 leader_election.cc:290] T 9ab693acc3264f7d9e6fba4ba02277df P 02ed1fe752f6496eb5e6d66a0f4c15e2 [CANDIDATE]: Term 1 pre-election: Requested pre-vote from peers 804d5313ec8d44d88ae75b1bfbf3d603 (127.20.120.129:38305), 6d38c0555fab4aea91dadb16b4f792c7 (127.20.120.130:43289)
I20260709 14:56:07.114274 22093 raft_consensus.cc:2468] T a99ac23907634579b581291b9b0a4e9f P 804d5313ec8d44d88ae75b1bfbf3d603 [term 0 FOLLOWER]: Leader pre-election vote request: Granting yes vote for candidate 02ed1fe752f6496eb5e6d66a0f4c15e2 in term 0.
I20260709 14:56:07.118506 22209 leader_election.cc:304] T a99ac23907634579b581291b9b0a4e9f P 02ed1fe752f6496eb5e6d66a0f4c15e2 [CANDIDATE]: Term 1 pre-election: Election decided. Result: candidate won. Election summary: received 3 responses out of 3 voters: 2 yes votes; 1 no votes. yes voters: 02ed1fe752f6496eb5e6d66a0f4c15e2, 804d5313ec8d44d88ae75b1bfbf3d603; no voters: 6d38c0555fab4aea91dadb16b4f792c7
I20260709 14:56:07.093272 22283 ts_tablet_manager.cc:1403] T 878c2b12fb6c4a888b6697b0d61c6cbf P 6d38c0555fab4aea91dadb16b4f792c7: Time spent bootstrapping tablet: real 0.017s	user 0.004s	sys 0.008s
I20260709 14:56:07.119998 22313 raft_consensus.cc:2749] T 9ab693acc3264f7d9e6fba4ba02277df P 02ed1fe752f6496eb5e6d66a0f4c15e2 [term 1 FOLLOWER]: Leader pre-election lost for term 1. Reason: could not achieve majority
I20260709 14:56:07.119871 22317 raft_consensus.cc:2804] T a99ac23907634579b581291b9b0a4e9f P 02ed1fe752f6496eb5e6d66a0f4c15e2 [term 0 FOLLOWER]: Leader pre-election won for term 1
I20260709 14:56:07.124296 22317 raft_consensus.cc:493] T a99ac23907634579b581291b9b0a4e9f P 02ed1fe752f6496eb5e6d66a0f4c15e2 [term 0 FOLLOWER]: Starting leader election (no leader contacted us within the election timeout)
I20260709 14:56:07.124729 22317 raft_consensus.cc:3060] T a99ac23907634579b581291b9b0a4e9f P 02ed1fe752f6496eb5e6d66a0f4c15e2 [term 0 FOLLOWER]: Advancing to term 1
I20260709 14:56:07.123430 22283 raft_consensus.cc:359] T 878c2b12fb6c4a888b6697b0d61c6cbf P 6d38c0555fab4aea91dadb16b4f792c7 [term 0 FOLLOWER]: Replica starting. Triggering 0 pending ops. Active config: opid_index: -1 OBSOLETE_local: false peers { permanent_uuid: "804d5313ec8d44d88ae75b1bfbf3d603" member_type: VOTER last_known_addr { host: "127.20.120.129" port: 38305 } } peers { permanent_uuid: "6d38c0555fab4aea91dadb16b4f792c7" member_type: VOTER last_known_addr { host: "127.20.120.130" port: 43289 } } peers { permanent_uuid: "02ed1fe752f6496eb5e6d66a0f4c15e2" member_type: VOTER last_known_addr { host: "127.20.120.131" port: 38161 } }
I20260709 14:56:07.129673 22283 raft_consensus.cc:385] T 878c2b12fb6c4a888b6697b0d61c6cbf P 6d38c0555fab4aea91dadb16b4f792c7 [term 0 FOLLOWER]: Consensus starting up: Expiring failure detector timer to make a prompt election more likely
I20260709 14:56:07.130046 22283 raft_consensus.cc:740] T 878c2b12fb6c4a888b6697b0d61c6cbf P 6d38c0555fab4aea91dadb16b4f792c7 [term 0 FOLLOWER]: Becoming Follower/Learner. State: Replica: 6d38c0555fab4aea91dadb16b4f792c7, State: Initialized, Role: FOLLOWER
I20260709 14:56:07.130932 22284 tablet_bootstrap.cc:492] T 5f4e99d8939c4e8e82bb6a19083865e3 P 02ed1fe752f6496eb5e6d66a0f4c15e2: No bootstrap required, opened a new log
I20260709 14:56:07.130872 22283 consensus_queue.cc:260] T 878c2b12fb6c4a888b6697b0d61c6cbf P 6d38c0555fab4aea91dadb16b4f792c7 [NON_LEADER]: Queue going to NON_LEADER mode. State: All replicated index: 0, Majority replicated index: 0, Committed index: 0, Last appended: 0.0, Last appended by leader: 0, Current term: 0, Majority size: -1, State: 0, Mode: NON_LEADER, active raft config: opid_index: -1 OBSOLETE_local: false peers { permanent_uuid: "804d5313ec8d44d88ae75b1bfbf3d603" member_type: VOTER last_known_addr { host: "127.20.120.129" port: 38305 } } peers { permanent_uuid: "6d38c0555fab4aea91dadb16b4f792c7" member_type: VOTER last_known_addr { host: "127.20.120.130" port: 43289 } } peers { permanent_uuid: "02ed1fe752f6496eb5e6d66a0f4c15e2" member_type: VOTER last_known_addr { host: "127.20.120.131" port: 38161 } }
I20260709 14:56:07.131435 22284 ts_tablet_manager.cc:1403] T 5f4e99d8939c4e8e82bb6a19083865e3 P 02ed1fe752f6496eb5e6d66a0f4c15e2: Time spent bootstrapping tablet: real 0.056s	user 0.016s	sys 0.034s
I20260709 14:56:07.132923 22317 raft_consensus.cc:515] T a99ac23907634579b581291b9b0a4e9f P 02ed1fe752f6496eb5e6d66a0f4c15e2 [term 1 FOLLOWER]: Starting leader election with config: opid_index: -1 OBSOLETE_local: false peers { permanent_uuid: "804d5313ec8d44d88ae75b1bfbf3d603" member_type: VOTER last_known_addr { host: "127.20.120.129" port: 38305 } } peers { permanent_uuid: "6d38c0555fab4aea91dadb16b4f792c7" member_type: VOTER last_known_addr { host: "127.20.120.130" port: 43289 } } peers { permanent_uuid: "02ed1fe752f6496eb5e6d66a0f4c15e2" member_type: VOTER last_known_addr { host: "127.20.120.131" port: 38161 } }
I20260709 14:56:07.133386 22283 ts_tablet_manager.cc:1434] T 878c2b12fb6c4a888b6697b0d61c6cbf P 6d38c0555fab4aea91dadb16b4f792c7: Time spent starting tablet: real 0.013s	user 0.006s	sys 0.000s
I20260709 14:56:07.134178 22284 raft_consensus.cc:359] T 5f4e99d8939c4e8e82bb6a19083865e3 P 02ed1fe752f6496eb5e6d66a0f4c15e2 [term 0 FOLLOWER]: Replica starting. Triggering 0 pending ops. Active config: opid_index: -1 OBSOLETE_local: false peers { permanent_uuid: "804d5313ec8d44d88ae75b1bfbf3d603" member_type: VOTER last_known_addr { host: "127.20.120.129" port: 38305 } } peers { permanent_uuid: "6d38c0555fab4aea91dadb16b4f792c7" member_type: VOTER last_known_addr { host: "127.20.120.130" port: 43289 } } peers { permanent_uuid: "02ed1fe752f6496eb5e6d66a0f4c15e2" member_type: VOTER last_known_addr { host: "127.20.120.131" port: 38161 } }
I20260709 14:56:07.134829 22283 tablet_bootstrap.cc:492] T 00dde9b040074fe4b9d624fd52045bad P 6d38c0555fab4aea91dadb16b4f792c7: Bootstrap starting.
I20260709 14:56:07.134835 22284 raft_consensus.cc:385] T 5f4e99d8939c4e8e82bb6a19083865e3 P 02ed1fe752f6496eb5e6d66a0f4c15e2 [term 0 FOLLOWER]: Consensus starting up: Expiring failure detector timer to make a prompt election more likely
I20260709 14:56:07.135305 22284 raft_consensus.cc:740] T 5f4e99d8939c4e8e82bb6a19083865e3 P 02ed1fe752f6496eb5e6d66a0f4c15e2 [term 0 FOLLOWER]: Becoming Follower/Learner. State: Replica: 02ed1fe752f6496eb5e6d66a0f4c15e2, State: Initialized, Role: FOLLOWER
I20260709 14:56:07.136183 22285 tablet_bootstrap.cc:492] T 1376b6b9ea054e2dafcd66b1ce5e0afb P 804d5313ec8d44d88ae75b1bfbf3d603: No bootstrap required, opened a new log
I20260709 14:56:07.136078 22284 consensus_queue.cc:260] T 5f4e99d8939c4e8e82bb6a19083865e3 P 02ed1fe752f6496eb5e6d66a0f4c15e2 [NON_LEADER]: Queue going to NON_LEADER mode. State: All replicated index: 0, Majority replicated index: 0, Committed index: 0, Last appended: 0.0, Last appended by leader: 0, Current term: 0, Majority size: -1, State: 0, Mode: NON_LEADER, active raft config: opid_index: -1 OBSOLETE_local: false peers { permanent_uuid: "804d5313ec8d44d88ae75b1bfbf3d603" member_type: VOTER last_known_addr { host: "127.20.120.129" port: 38305 } } peers { permanent_uuid: "6d38c0555fab4aea91dadb16b4f792c7" member_type: VOTER last_known_addr { host: "127.20.120.130" port: 43289 } } peers { permanent_uuid: "02ed1fe752f6496eb5e6d66a0f4c15e2" member_type: VOTER last_known_addr { host: "127.20.120.131" port: 38161 } }
I20260709 14:56:07.136602 22285 ts_tablet_manager.cc:1403] T 1376b6b9ea054e2dafcd66b1ce5e0afb P 804d5313ec8d44d88ae75b1bfbf3d603: Time spent bootstrapping tablet: real 0.054s	user 0.009s	sys 0.027s
I20260709 14:56:07.139187 22285 raft_consensus.cc:359] T 1376b6b9ea054e2dafcd66b1ce5e0afb P 804d5313ec8d44d88ae75b1bfbf3d603 [term 0 FOLLOWER]: Replica starting. Triggering 0 pending ops. Active config: opid_index: -1 OBSOLETE_local: false peers { permanent_uuid: "804d5313ec8d44d88ae75b1bfbf3d603" member_type: VOTER last_known_addr { host: "127.20.120.129" port: 38305 } } peers { permanent_uuid: "6d38c0555fab4aea91dadb16b4f792c7" member_type: VOTER last_known_addr { host: "127.20.120.130" port: 43289 } } peers { permanent_uuid: "02ed1fe752f6496eb5e6d66a0f4c15e2" member_type: VOTER last_known_addr { host: "127.20.120.131" port: 38161 } }
I20260709 14:56:07.139830 22285 raft_consensus.cc:385] T 1376b6b9ea054e2dafcd66b1ce5e0afb P 804d5313ec8d44d88ae75b1bfbf3d603 [term 0 FOLLOWER]: Consensus starting up: Expiring failure detector timer to make a prompt election more likely
I20260709 14:56:07.140172 22285 raft_consensus.cc:740] T 1376b6b9ea054e2dafcd66b1ce5e0afb P 804d5313ec8d44d88ae75b1bfbf3d603 [term 0 FOLLOWER]: Becoming Follower/Learner. State: Replica: 804d5313ec8d44d88ae75b1bfbf3d603, State: Initialized, Role: FOLLOWER
I20260709 14:56:07.140792 22285 consensus_queue.cc:260] T 1376b6b9ea054e2dafcd66b1ce5e0afb P 804d5313ec8d44d88ae75b1bfbf3d603 [NON_LEADER]: Queue going to NON_LEADER mode. State: All replicated index: 0, Majority replicated index: 0, Committed index: 0, Last appended: 0.0, Last appended by leader: 0, Current term: 0, Majority size: -1, State: 0, Mode: NON_LEADER, active raft config: opid_index: -1 OBSOLETE_local: false peers { permanent_uuid: "804d5313ec8d44d88ae75b1bfbf3d603" member_type: VOTER last_known_addr { host: "127.20.120.129" port: 38305 } } peers { permanent_uuid: "6d38c0555fab4aea91dadb16b4f792c7" member_type: VOTER last_known_addr { host: "127.20.120.130" port: 43289 } } peers { permanent_uuid: "02ed1fe752f6496eb5e6d66a0f4c15e2" member_type: VOTER last_known_addr { host: "127.20.120.131" port: 38161 } }
I20260709 14:56:07.141250 22284 ts_tablet_manager.cc:1434] T 5f4e99d8939c4e8e82bb6a19083865e3 P 02ed1fe752f6496eb5e6d66a0f4c15e2: Time spent starting tablet: real 0.009s	user 0.002s	sys 0.003s
I20260709 14:56:07.141530 22093 tablet_service.cc:1917] Received RequestConsensusVote() RPC: tablet_id: "a99ac23907634579b581291b9b0a4e9f" candidate_uuid: "02ed1fe752f6496eb5e6d66a0f4c15e2" candidate_term: 1 candidate_status { last_received { term: 0 index: 0 } } ignore_live_leader: false dest_uuid: "804d5313ec8d44d88ae75b1bfbf3d603"
I20260709 14:56:07.142172 22284 tablet_bootstrap.cc:492] T f820f5c9b81a4d61bed3da9e978e5ad6 P 02ed1fe752f6496eb5e6d66a0f4c15e2: Bootstrap starting.
I20260709 14:56:07.142097 22093 raft_consensus.cc:3060] T a99ac23907634579b581291b9b0a4e9f P 804d5313ec8d44d88ae75b1bfbf3d603 [term 0 FOLLOWER]: Advancing to term 1
I20260709 14:56:07.142840 22285 ts_tablet_manager.cc:1434] T 1376b6b9ea054e2dafcd66b1ce5e0afb P 804d5313ec8d44d88ae75b1bfbf3d603: Time spent starting tablet: real 0.006s	user 0.004s	sys 0.000s
I20260709 14:56:07.145304 22285 tablet_bootstrap.cc:492] T 02cf68ad7a6f484f9bf3bc07d2e51132 P 804d5313ec8d44d88ae75b1bfbf3d603: Bootstrap starting.
I20260709 14:56:07.148023 22284 tablet_bootstrap.cc:654] T f820f5c9b81a4d61bed3da9e978e5ad6 P 02ed1fe752f6496eb5e6d66a0f4c15e2: Neither blocks nor log segments found. Creating new log.
I20260709 14:56:07.149996 22313 raft_consensus.cc:493] T 02cf68ad7a6f484f9bf3bc07d2e51132 P 02ed1fe752f6496eb5e6d66a0f4c15e2 [term 0 FOLLOWER]: Starting pre-election (no leader contacted us within the election timeout)
I20260709 14:56:07.150514 22313 raft_consensus.cc:515] T 02cf68ad7a6f484f9bf3bc07d2e51132 P 02ed1fe752f6496eb5e6d66a0f4c15e2 [term 0 FOLLOWER]: Starting pre-election with config: opid_index: -1 OBSOLETE_local: false peers { permanent_uuid: "6d38c0555fab4aea91dadb16b4f792c7" member_type: VOTER last_known_addr { host: "127.20.120.130" port: 43289 } } peers { permanent_uuid: "02ed1fe752f6496eb5e6d66a0f4c15e2" member_type: VOTER last_known_addr { host: "127.20.120.131" port: 38161 } } peers { permanent_uuid: "804d5313ec8d44d88ae75b1bfbf3d603" member_type: VOTER last_known_addr { host: "127.20.120.129" port: 38305 } }
I20260709 14:56:07.150964 22285 tablet_bootstrap.cc:654] T 02cf68ad7a6f484f9bf3bc07d2e51132 P 804d5313ec8d44d88ae75b1bfbf3d603: Neither blocks nor log segments found. Creating new log.
I20260709 14:56:07.151132 22309 raft_consensus.cc:493] T 878c2b12fb6c4a888b6697b0d61c6cbf P 804d5313ec8d44d88ae75b1bfbf3d603 [term 0 FOLLOWER]: Starting pre-election (no leader contacted us within the election timeout)
I20260709 14:56:07.151589 22309 raft_consensus.cc:515] T 878c2b12fb6c4a888b6697b0d61c6cbf P 804d5313ec8d44d88ae75b1bfbf3d603 [term 0 FOLLOWER]: Starting pre-election with config: opid_index: -1 OBSOLETE_local: false peers { permanent_uuid: "804d5313ec8d44d88ae75b1bfbf3d603" member_type: VOTER last_known_addr { host: "127.20.120.129" port: 38305 } } peers { permanent_uuid: "6d38c0555fab4aea91dadb16b4f792c7" member_type: VOTER last_known_addr { host: "127.20.120.130" port: 43289 } } peers { permanent_uuid: "02ed1fe752f6496eb5e6d66a0f4c15e2" member_type: VOTER last_known_addr { host: "127.20.120.131" port: 38161 } }
I20260709 14:56:07.152704 22313 leader_election.cc:290] T 02cf68ad7a6f484f9bf3bc07d2e51132 P 02ed1fe752f6496eb5e6d66a0f4c15e2 [CANDIDATE]: Term 1 pre-election: Requested pre-vote from peers 6d38c0555fab4aea91dadb16b4f792c7 (127.20.120.130:43289), 804d5313ec8d44d88ae75b1bfbf3d603 (127.20.120.129:38305)
I20260709 14:56:07.153560 22309 leader_election.cc:290] T 878c2b12fb6c4a888b6697b0d61c6cbf P 804d5313ec8d44d88ae75b1bfbf3d603 [CANDIDATE]: Term 1 pre-election: Requested pre-vote from peers 6d38c0555fab4aea91dadb16b4f792c7 (127.20.120.130:43289), 02ed1fe752f6496eb5e6d66a0f4c15e2 (127.20.120.131:38161)
I20260709 14:56:07.154356 22169 tablet_service.cc:1917] Received RequestConsensusVote() RPC: tablet_id: "02cf68ad7a6f484f9bf3bc07d2e51132" candidate_uuid: "02ed1fe752f6496eb5e6d66a0f4c15e2" candidate_term: 1 candidate_status { last_received { term: 0 index: 0 } } ignore_live_leader: false dest_uuid: "6d38c0555fab4aea91dadb16b4f792c7" is_pre_election: true
I20260709 14:56:07.154965 22169 raft_consensus.cc:2468] T 02cf68ad7a6f484f9bf3bc07d2e51132 P 6d38c0555fab4aea91dadb16b4f792c7 [term 0 FOLLOWER]: Leader pre-election vote request: Granting yes vote for candidate 02ed1fe752f6496eb5e6d66a0f4c15e2 in term 0.
I20260709 14:56:07.155113 22243 tablet_service.cc:1917] Received RequestConsensusVote() RPC: tablet_id: "878c2b12fb6c4a888b6697b0d61c6cbf" candidate_uuid: "804d5313ec8d44d88ae75b1bfbf3d603" candidate_term: 1 candidate_status { last_received { term: 0 index: 0 } } ignore_live_leader: false dest_uuid: "02ed1fe752f6496eb5e6d66a0f4c15e2" is_pre_election: true
I20260709 14:56:07.155676 22243 raft_consensus.cc:2468] T 878c2b12fb6c4a888b6697b0d61c6cbf P 02ed1fe752f6496eb5e6d66a0f4c15e2 [term 0 FOLLOWER]: Leader pre-election vote request: Granting yes vote for candidate 804d5313ec8d44d88ae75b1bfbf3d603 in term 0.
I20260709 14:56:07.156199 22208 leader_election.cc:304] T 02cf68ad7a6f484f9bf3bc07d2e51132 P 02ed1fe752f6496eb5e6d66a0f4c15e2 [CANDIDATE]: Term 1 pre-election: Election decided. Result: candidate won. Election summary: received 2 responses out of 3 voters: 2 yes votes; 0 no votes. yes voters: 02ed1fe752f6496eb5e6d66a0f4c15e2, 6d38c0555fab4aea91dadb16b4f792c7; no voters: 
I20260709 14:56:07.156865 22060 leader_election.cc:304] T 878c2b12fb6c4a888b6697b0d61c6cbf P 804d5313ec8d44d88ae75b1bfbf3d603 [CANDIDATE]: Term 1 pre-election: Election decided. Result: candidate won. Election summary: received 2 responses out of 3 voters: 2 yes votes; 0 no votes. yes voters: 02ed1fe752f6496eb5e6d66a0f4c15e2, 804d5313ec8d44d88ae75b1bfbf3d603; no voters: 
I20260709 14:56:07.157670 22313 raft_consensus.cc:2804] T 02cf68ad7a6f484f9bf3bc07d2e51132 P 02ed1fe752f6496eb5e6d66a0f4c15e2 [term 0 FOLLOWER]: Leader pre-election won for term 1
I20260709 14:56:07.158087 22313 raft_consensus.cc:493] T 02cf68ad7a6f484f9bf3bc07d2e51132 P 02ed1fe752f6496eb5e6d66a0f4c15e2 [term 0 FOLLOWER]: Starting leader election (no leader contacted us within the election timeout)
I20260709 14:56:07.158483 22313 raft_consensus.cc:3060] T 02cf68ad7a6f484f9bf3bc07d2e51132 P 02ed1fe752f6496eb5e6d66a0f4c15e2 [term 0 FOLLOWER]: Advancing to term 1
I20260709 14:56:07.158597 22094 tablet_service.cc:1917] Received RequestConsensusVote() RPC: tablet_id: "02cf68ad7a6f484f9bf3bc07d2e51132" candidate_uuid: "02ed1fe752f6496eb5e6d66a0f4c15e2" candidate_term: 1 candidate_status { last_received { term: 0 index: 0 } } ignore_live_leader: false dest_uuid: "804d5313ec8d44d88ae75b1bfbf3d603" is_pre_election: true
W20260709 14:56:07.160423 22209 leader_election.cc:343] T 02cf68ad7a6f484f9bf3bc07d2e51132 P 02ed1fe752f6496eb5e6d66a0f4c15e2 [CANDIDATE]: Term 1 pre-election: Tablet error from VoteRequest() call to peer 804d5313ec8d44d88ae75b1bfbf3d603 (127.20.120.129:38305): Illegal state: must be running to vote when last-logged opid is not known
I20260709 14:56:07.162434 22169 tablet_service.cc:1917] Received RequestConsensusVote() RPC: tablet_id: "878c2b12fb6c4a888b6697b0d61c6cbf" candidate_uuid: "804d5313ec8d44d88ae75b1bfbf3d603" candidate_term: 1 candidate_status { last_received { term: 0 index: 0 } } ignore_live_leader: false dest_uuid: "6d38c0555fab4aea91dadb16b4f792c7" is_pre_election: true
I20260709 14:56:07.163077 22169 raft_consensus.cc:2468] T 878c2b12fb6c4a888b6697b0d61c6cbf P 6d38c0555fab4aea91dadb16b4f792c7 [term 0 FOLLOWER]: Leader pre-election vote request: Granting yes vote for candidate 804d5313ec8d44d88ae75b1bfbf3d603 in term 0.
I20260709 14:56:07.163494 22093 raft_consensus.cc:2468] T a99ac23907634579b581291b9b0a4e9f P 804d5313ec8d44d88ae75b1bfbf3d603 [term 1 FOLLOWER]: Leader election vote request: Granting yes vote for candidate 02ed1fe752f6496eb5e6d66a0f4c15e2 in term 1.
I20260709 14:56:07.164739 22309 raft_consensus.cc:2804] T 878c2b12fb6c4a888b6697b0d61c6cbf P 804d5313ec8d44d88ae75b1bfbf3d603 [term 0 FOLLOWER]: Leader pre-election won for term 1
I20260709 14:56:07.165120 22309 raft_consensus.cc:493] T 878c2b12fb6c4a888b6697b0d61c6cbf P 804d5313ec8d44d88ae75b1bfbf3d603 [term 0 FOLLOWER]: Starting leader election (no leader contacted us within the election timeout)
I20260709 14:56:07.165443 22309 raft_consensus.cc:3060] T 878c2b12fb6c4a888b6697b0d61c6cbf P 804d5313ec8d44d88ae75b1bfbf3d603 [term 0 FOLLOWER]: Advancing to term 1
I20260709 14:56:07.165928 22209 leader_election.cc:304] T a99ac23907634579b581291b9b0a4e9f P 02ed1fe752f6496eb5e6d66a0f4c15e2 [CANDIDATE]: Term 1 election: Election decided. Result: candidate won. Election summary: received 2 responses out of 3 voters: 2 yes votes; 0 no votes. yes voters: 02ed1fe752f6496eb5e6d66a0f4c15e2, 804d5313ec8d44d88ae75b1bfbf3d603; no voters: 
I20260709 14:56:07.166739 22289 raft_consensus.cc:2804] T a99ac23907634579b581291b9b0a4e9f P 02ed1fe752f6496eb5e6d66a0f4c15e2 [term 1 FOLLOWER]: Leader election won for term 1
I20260709 14:56:07.174489 22169 tablet_service.cc:1917] Received RequestConsensusVote() RPC: tablet_id: "a99ac23907634579b581291b9b0a4e9f" candidate_uuid: "02ed1fe752f6496eb5e6d66a0f4c15e2" candidate_term: 1 candidate_status { last_received { term: 0 index: 0 } } ignore_live_leader: false dest_uuid: "6d38c0555fab4aea91dadb16b4f792c7"
W20260709 14:56:07.175988 22208 leader_election.cc:343] T a99ac23907634579b581291b9b0a4e9f P 02ed1fe752f6496eb5e6d66a0f4c15e2 [CANDIDATE]: Term 1 election: Tablet error from VoteRequest() call to peer 6d38c0555fab4aea91dadb16b4f792c7 (127.20.120.130:43289): Illegal state: must be running to vote when last-logged opid is not known
I20260709 14:56:07.178653 22283 tablet_bootstrap.cc:654] T 00dde9b040074fe4b9d624fd52045bad P 6d38c0555fab4aea91dadb16b4f792c7: Neither blocks nor log segments found. Creating new log.
I20260709 14:56:07.179438 22317 leader_election.cc:290] T a99ac23907634579b581291b9b0a4e9f P 02ed1fe752f6496eb5e6d66a0f4c15e2 [CANDIDATE]: Term 1 election: Requested vote from peers 804d5313ec8d44d88ae75b1bfbf3d603 (127.20.120.129:38305), 6d38c0555fab4aea91dadb16b4f792c7 (127.20.120.130:43289)
I20260709 14:56:07.181107 22313 raft_consensus.cc:515] T 02cf68ad7a6f484f9bf3bc07d2e51132 P 02ed1fe752f6496eb5e6d66a0f4c15e2 [term 1 FOLLOWER]: Starting leader election with config: opid_index: -1 OBSOLETE_local: false peers { permanent_uuid: "6d38c0555fab4aea91dadb16b4f792c7" member_type: VOTER last_known_addr { host: "127.20.120.130" port: 43289 } } peers { permanent_uuid: "02ed1fe752f6496eb5e6d66a0f4c15e2" member_type: VOTER last_known_addr { host: "127.20.120.131" port: 38161 } } peers { permanent_uuid: "804d5313ec8d44d88ae75b1bfbf3d603" member_type: VOTER last_known_addr { host: "127.20.120.129" port: 38305 } }
I20260709 14:56:07.189327 22169 tablet_service.cc:1917] Received RequestConsensusVote() RPC: tablet_id: "02cf68ad7a6f484f9bf3bc07d2e51132" candidate_uuid: "02ed1fe752f6496eb5e6d66a0f4c15e2" candidate_term: 1 candidate_status { last_received { term: 0 index: 0 } } ignore_live_leader: false dest_uuid: "6d38c0555fab4aea91dadb16b4f792c7"
I20260709 14:56:07.190037 22169 raft_consensus.cc:3060] T 02cf68ad7a6f484f9bf3bc07d2e51132 P 6d38c0555fab4aea91dadb16b4f792c7 [term 0 FOLLOWER]: Advancing to term 1
I20260709 14:56:07.195957 22309 raft_consensus.cc:515] T 878c2b12fb6c4a888b6697b0d61c6cbf P 804d5313ec8d44d88ae75b1bfbf3d603 [term 1 FOLLOWER]: Starting leader election with config: opid_index: -1 OBSOLETE_local: false peers { permanent_uuid: "804d5313ec8d44d88ae75b1bfbf3d603" member_type: VOTER last_known_addr { host: "127.20.120.129" port: 38305 } } peers { permanent_uuid: "6d38c0555fab4aea91dadb16b4f792c7" member_type: VOTER last_known_addr { host: "127.20.120.130" port: 43289 } } peers { permanent_uuid: "02ed1fe752f6496eb5e6d66a0f4c15e2" member_type: VOTER last_known_addr { host: "127.20.120.131" port: 38161 } }
I20260709 14:56:07.197579 22289 raft_consensus.cc:697] T a99ac23907634579b581291b9b0a4e9f P 02ed1fe752f6496eb5e6d66a0f4c15e2 [term 1 LEADER]: Becoming Leader. State: Replica: 02ed1fe752f6496eb5e6d66a0f4c15e2, State: Running, Role: LEADER
I20260709 14:56:07.199079 22170 tablet_service.cc:1917] Received RequestConsensusVote() RPC: tablet_id: "878c2b12fb6c4a888b6697b0d61c6cbf" candidate_uuid: "804d5313ec8d44d88ae75b1bfbf3d603" candidate_term: 1 candidate_status { last_received { term: 0 index: 0 } } ignore_live_leader: false dest_uuid: "6d38c0555fab4aea91dadb16b4f792c7"
I20260709 14:56:07.198999 22289 consensus_queue.cc:237] T a99ac23907634579b581291b9b0a4e9f P 02ed1fe752f6496eb5e6d66a0f4c15e2 [LEADER]: Queue going to LEADER mode. State: All replicated index: 0, Majority replicated index: 0, Committed index: 0, Last appended: 0.0, Last appended by leader: 0, Current term: 1, Majority size: 2, State: 0, Mode: LEADER, active raft config: opid_index: -1 OBSOLETE_local: false peers { permanent_uuid: "804d5313ec8d44d88ae75b1bfbf3d603" member_type: VOTER last_known_addr { host: "127.20.120.129" port: 38305 } } peers { permanent_uuid: "6d38c0555fab4aea91dadb16b4f792c7" member_type: VOTER last_known_addr { host: "127.20.120.130" port: 43289 } } peers { permanent_uuid: "02ed1fe752f6496eb5e6d66a0f4c15e2" member_type: VOTER last_known_addr { host: "127.20.120.131" port: 38161 } }
I20260709 14:56:07.199690 22170 raft_consensus.cc:3060] T 878c2b12fb6c4a888b6697b0d61c6cbf P 6d38c0555fab4aea91dadb16b4f792c7 [term 0 FOLLOWER]: Advancing to term 1
I20260709 14:56:07.200187 22169 raft_consensus.cc:2468] T 02cf68ad7a6f484f9bf3bc07d2e51132 P 6d38c0555fab4aea91dadb16b4f792c7 [term 1 FOLLOWER]: Leader election vote request: Granting yes vote for candidate 02ed1fe752f6496eb5e6d66a0f4c15e2 in term 1.
I20260709 14:56:07.204424 22208 leader_election.cc:304] T 02cf68ad7a6f484f9bf3bc07d2e51132 P 02ed1fe752f6496eb5e6d66a0f4c15e2 [CANDIDATE]: Term 1 election: Election decided. Result: candidate won. Election summary: received 2 responses out of 3 voters: 2 yes votes; 0 no votes. yes voters: 02ed1fe752f6496eb5e6d66a0f4c15e2, 6d38c0555fab4aea91dadb16b4f792c7; no voters: 
I20260709 14:56:07.205845 22093 tablet_service.cc:1917] Received RequestConsensusVote() RPC: tablet_id: "02cf68ad7a6f484f9bf3bc07d2e51132" candidate_uuid: "02ed1fe752f6496eb5e6d66a0f4c15e2" candidate_term: 1 candidate_status { last_received { term: 0 index: 0 } } ignore_live_leader: false dest_uuid: "804d5313ec8d44d88ae75b1bfbf3d603"
W20260709 14:56:07.207127 22209 leader_election.cc:343] T 02cf68ad7a6f484f9bf3bc07d2e51132 P 02ed1fe752f6496eb5e6d66a0f4c15e2 [CANDIDATE]: Term 1 election: Tablet error from VoteRequest() call to peer 804d5313ec8d44d88ae75b1bfbf3d603 (127.20.120.129:38305): Illegal state: must be running to vote when last-logged opid is not known
I20260709 14:56:07.208058 22317 raft_consensus.cc:2804] T 02cf68ad7a6f484f9bf3bc07d2e51132 P 02ed1fe752f6496eb5e6d66a0f4c15e2 [term 1 FOLLOWER]: Leader election won for term 1
I20260709 14:56:07.208427 22170 raft_consensus.cc:2468] T 878c2b12fb6c4a888b6697b0d61c6cbf P 6d38c0555fab4aea91dadb16b4f792c7 [term 1 FOLLOWER]: Leader election vote request: Granting yes vote for candidate 804d5313ec8d44d88ae75b1bfbf3d603 in term 1.
I20260709 14:56:07.209420 22059 leader_election.cc:304] T 878c2b12fb6c4a888b6697b0d61c6cbf P 804d5313ec8d44d88ae75b1bfbf3d603 [CANDIDATE]: Term 1 election: Election decided. Result: candidate won. Election summary: received 2 responses out of 3 voters: 2 yes votes; 0 no votes. yes voters: 6d38c0555fab4aea91dadb16b4f792c7, 804d5313ec8d44d88ae75b1bfbf3d603; no voters: 
I20260709 14:56:07.210592 22290 raft_consensus.cc:2804] T 878c2b12fb6c4a888b6697b0d61c6cbf P 804d5313ec8d44d88ae75b1bfbf3d603 [term 1 FOLLOWER]: Leader election won for term 1
I20260709 14:56:07.210677 22309 leader_election.cc:290] T 878c2b12fb6c4a888b6697b0d61c6cbf P 804d5313ec8d44d88ae75b1bfbf3d603 [CANDIDATE]: Term 1 election: Requested vote from peers 6d38c0555fab4aea91dadb16b4f792c7 (127.20.120.130:43289), 02ed1fe752f6496eb5e6d66a0f4c15e2 (127.20.120.131:38161)
I20260709 14:56:07.200838 22340 raft_consensus.cc:493] T 5f4e99d8939c4e8e82bb6a19083865e3 P 02ed1fe752f6496eb5e6d66a0f4c15e2 [term 0 FOLLOWER]: Starting pre-election (no leader contacted us within the election timeout)
I20260709 14:56:07.212302 22243 tablet_service.cc:1917] Received RequestConsensusVote() RPC: tablet_id: "878c2b12fb6c4a888b6697b0d61c6cbf" candidate_uuid: "804d5313ec8d44d88ae75b1bfbf3d603" candidate_term: 1 candidate_status { last_received { term: 0 index: 0 } } ignore_live_leader: false dest_uuid: "02ed1fe752f6496eb5e6d66a0f4c15e2"
I20260709 14:56:07.212649 22313 leader_election.cc:290] T 02cf68ad7a6f484f9bf3bc07d2e51132 P 02ed1fe752f6496eb5e6d66a0f4c15e2 [CANDIDATE]: Term 1 election: Requested vote from peers 6d38c0555fab4aea91dadb16b4f792c7 (127.20.120.130:43289), 804d5313ec8d44d88ae75b1bfbf3d603 (127.20.120.129:38305)
I20260709 14:56:07.212913 22243 raft_consensus.cc:3060] T 878c2b12fb6c4a888b6697b0d61c6cbf P 02ed1fe752f6496eb5e6d66a0f4c15e2 [term 0 FOLLOWER]: Advancing to term 1
I20260709 14:56:07.213130 22284 tablet_bootstrap.cc:492] T f820f5c9b81a4d61bed3da9e978e5ad6 P 02ed1fe752f6496eb5e6d66a0f4c15e2: No bootstrap required, opened a new log
I20260709 14:56:07.213656 22284 ts_tablet_manager.cc:1403] T f820f5c9b81a4d61bed3da9e978e5ad6 P 02ed1fe752f6496eb5e6d66a0f4c15e2: Time spent bootstrapping tablet: real 0.072s	user 0.036s	sys 0.032s
I20260709 14:56:07.211819 22340 raft_consensus.cc:515] T 5f4e99d8939c4e8e82bb6a19083865e3 P 02ed1fe752f6496eb5e6d66a0f4c15e2 [term 0 FOLLOWER]: Starting pre-election with config: opid_index: -1 OBSOLETE_local: false peers { permanent_uuid: "804d5313ec8d44d88ae75b1bfbf3d603" member_type: VOTER last_known_addr { host: "127.20.120.129" port: 38305 } } peers { permanent_uuid: "6d38c0555fab4aea91dadb16b4f792c7" member_type: VOTER last_known_addr { host: "127.20.120.130" port: 43289 } } peers { permanent_uuid: "02ed1fe752f6496eb5e6d66a0f4c15e2" member_type: VOTER last_known_addr { host: "127.20.120.131" port: 38161 } }
I20260709 14:56:07.218169 22093 tablet_service.cc:1917] Received RequestConsensusVote() RPC: tablet_id: "5f4e99d8939c4e8e82bb6a19083865e3" candidate_uuid: "02ed1fe752f6496eb5e6d66a0f4c15e2" candidate_term: 1 candidate_status { last_received { term: 0 index: 0 } } ignore_live_leader: false dest_uuid: "804d5313ec8d44d88ae75b1bfbf3d603" is_pre_election: true
I20260709 14:56:07.218024 22284 raft_consensus.cc:359] T f820f5c9b81a4d61bed3da9e978e5ad6 P 02ed1fe752f6496eb5e6d66a0f4c15e2 [term 0 FOLLOWER]: Replica starting. Triggering 0 pending ops. Active config: opid_index: -1 OBSOLETE_local: false peers { permanent_uuid: "804d5313ec8d44d88ae75b1bfbf3d603" member_type: VOTER last_known_addr { host: "127.20.120.129" port: 38305 } } peers { permanent_uuid: "6d38c0555fab4aea91dadb16b4f792c7" member_type: VOTER last_known_addr { host: "127.20.120.130" port: 43289 } } peers { permanent_uuid: "02ed1fe752f6496eb5e6d66a0f4c15e2" member_type: VOTER last_known_addr { host: "127.20.120.131" port: 38161 } }
I20260709 14:56:07.218923 22284 raft_consensus.cc:385] T f820f5c9b81a4d61bed3da9e978e5ad6 P 02ed1fe752f6496eb5e6d66a0f4c15e2 [term 0 FOLLOWER]: Consensus starting up: Expiring failure detector timer to make a prompt election more likely
I20260709 14:56:07.219219 22284 raft_consensus.cc:740] T f820f5c9b81a4d61bed3da9e978e5ad6 P 02ed1fe752f6496eb5e6d66a0f4c15e2 [term 0 FOLLOWER]: Becoming Follower/Learner. State: Replica: 02ed1fe752f6496eb5e6d66a0f4c15e2, State: Initialized, Role: FOLLOWER
W20260709 14:56:07.219663 22209 leader_election.cc:343] T 5f4e99d8939c4e8e82bb6a19083865e3 P 02ed1fe752f6496eb5e6d66a0f4c15e2 [CANDIDATE]: Term 1 pre-election: Tablet error from VoteRequest() call to peer 804d5313ec8d44d88ae75b1bfbf3d603 (127.20.120.129:38305): Illegal state: must be running to vote when last-logged opid is not known
I20260709 14:56:07.220063 22284 consensus_queue.cc:260] T f820f5c9b81a4d61bed3da9e978e5ad6 P 02ed1fe752f6496eb5e6d66a0f4c15e2 [NON_LEADER]: Queue going to NON_LEADER mode. State: All replicated index: 0, Majority replicated index: 0, Committed index: 0, Last appended: 0.0, Last appended by leader: 0, Current term: 0, Majority size: -1, State: 0, Mode: NON_LEADER, active raft config: opid_index: -1 OBSOLETE_local: false peers { permanent_uuid: "804d5313ec8d44d88ae75b1bfbf3d603" member_type: VOTER last_known_addr { host: "127.20.120.129" port: 38305 } } peers { permanent_uuid: "6d38c0555fab4aea91dadb16b4f792c7" member_type: VOTER last_known_addr { host: "127.20.120.130" port: 43289 } } peers { permanent_uuid: "02ed1fe752f6496eb5e6d66a0f4c15e2" member_type: VOTER last_known_addr { host: "127.20.120.131" port: 38161 } }
I20260709 14:56:07.222158 22284 ts_tablet_manager.cc:1434] T f820f5c9b81a4d61bed3da9e978e5ad6 P 02ed1fe752f6496eb5e6d66a0f4c15e2: Time spent starting tablet: real 0.008s	user 0.007s	sys 0.000s
I20260709 14:56:07.222021 22243 raft_consensus.cc:2468] T 878c2b12fb6c4a888b6697b0d61c6cbf P 02ed1fe752f6496eb5e6d66a0f4c15e2 [term 1 FOLLOWER]: Leader election vote request: Granting yes vote for candidate 804d5313ec8d44d88ae75b1bfbf3d603 in term 1.
I20260709 14:56:07.223104 22284 tablet_bootstrap.cc:492] T ada71ea939964e68a0e8bbee23c3d45b P 02ed1fe752f6496eb5e6d66a0f4c15e2: Bootstrap starting.
I20260709 14:56:07.224205 22285 tablet_bootstrap.cc:492] T 02cf68ad7a6f484f9bf3bc07d2e51132 P 804d5313ec8d44d88ae75b1bfbf3d603: No bootstrap required, opened a new log
I20260709 14:56:07.224637 22285 ts_tablet_manager.cc:1403] T 02cf68ad7a6f484f9bf3bc07d2e51132 P 804d5313ec8d44d88ae75b1bfbf3d603: Time spent bootstrapping tablet: real 0.080s	user 0.029s	sys 0.032s
I20260709 14:56:07.225582 22340 leader_election.cc:290] T 5f4e99d8939c4e8e82bb6a19083865e3 P 02ed1fe752f6496eb5e6d66a0f4c15e2 [CANDIDATE]: Term 1 pre-election: Requested pre-vote from peers 804d5313ec8d44d88ae75b1bfbf3d603 (127.20.120.129:38305), 6d38c0555fab4aea91dadb16b4f792c7 (127.20.120.130:43289)
I20260709 14:56:07.226778 22170 tablet_service.cc:1917] Received RequestConsensusVote() RPC: tablet_id: "5f4e99d8939c4e8e82bb6a19083865e3" candidate_uuid: "02ed1fe752f6496eb5e6d66a0f4c15e2" candidate_term: 1 candidate_status { last_received { term: 0 index: 0 } } ignore_live_leader: false dest_uuid: "6d38c0555fab4aea91dadb16b4f792c7" is_pre_election: true
I20260709 14:56:07.227206 22285 raft_consensus.cc:359] T 02cf68ad7a6f484f9bf3bc07d2e51132 P 804d5313ec8d44d88ae75b1bfbf3d603 [term 0 FOLLOWER]: Replica starting. Triggering 0 pending ops. Active config: opid_index: -1 OBSOLETE_local: false peers { permanent_uuid: "6d38c0555fab4aea91dadb16b4f792c7" member_type: VOTER last_known_addr { host: "127.20.120.130" port: 43289 } } peers { permanent_uuid: "02ed1fe752f6496eb5e6d66a0f4c15e2" member_type: VOTER last_known_addr { host: "127.20.120.131" port: 38161 } } peers { permanent_uuid: "804d5313ec8d44d88ae75b1bfbf3d603" member_type: VOTER last_known_addr { host: "127.20.120.129" port: 38305 } }
I20260709 14:56:07.227867 22285 raft_consensus.cc:385] T 02cf68ad7a6f484f9bf3bc07d2e51132 P 804d5313ec8d44d88ae75b1bfbf3d603 [term 0 FOLLOWER]: Consensus starting up: Expiring failure detector timer to make a prompt election more likely
I20260709 14:56:07.228165 22285 raft_consensus.cc:740] T 02cf68ad7a6f484f9bf3bc07d2e51132 P 804d5313ec8d44d88ae75b1bfbf3d603 [term 0 FOLLOWER]: Becoming Follower/Learner. State: Replica: 804d5313ec8d44d88ae75b1bfbf3d603, State: Initialized, Role: FOLLOWER
W20260709 14:56:07.228746 22208 leader_election.cc:343] T 5f4e99d8939c4e8e82bb6a19083865e3 P 02ed1fe752f6496eb5e6d66a0f4c15e2 [CANDIDATE]: Term 1 pre-election: Tablet error from VoteRequest() call to peer 6d38c0555fab4aea91dadb16b4f792c7 (127.20.120.130:43289): Illegal state: must be running to vote when last-logged opid is not known
I20260709 14:56:07.228910 22284 tablet_bootstrap.cc:654] T ada71ea939964e68a0e8bbee23c3d45b P 02ed1fe752f6496eb5e6d66a0f4c15e2: Neither blocks nor log segments found. Creating new log.
I20260709 14:56:07.229336 22208 leader_election.cc:304] T 5f4e99d8939c4e8e82bb6a19083865e3 P 02ed1fe752f6496eb5e6d66a0f4c15e2 [CANDIDATE]: Term 1 pre-election: Election decided. Result: candidate lost. Election summary: received 3 responses out of 3 voters: 1 yes votes; 2 no votes. yes voters: 02ed1fe752f6496eb5e6d66a0f4c15e2; no voters: 6d38c0555fab4aea91dadb16b4f792c7, 804d5313ec8d44d88ae75b1bfbf3d603
I20260709 14:56:07.229887 22317 raft_consensus.cc:697] T 02cf68ad7a6f484f9bf3bc07d2e51132 P 02ed1fe752f6496eb5e6d66a0f4c15e2 [term 1 LEADER]: Becoming Leader. State: Replica: 02ed1fe752f6496eb5e6d66a0f4c15e2, State: Running, Role: LEADER
I20260709 14:56:07.230150 22313 raft_consensus.cc:2749] T 5f4e99d8939c4e8e82bb6a19083865e3 P 02ed1fe752f6496eb5e6d66a0f4c15e2 [term 0 FOLLOWER]: Leader pre-election lost for term 1. Reason: could not achieve majority
I20260709 14:56:07.228921 22285 consensus_queue.cc:260] T 02cf68ad7a6f484f9bf3bc07d2e51132 P 804d5313ec8d44d88ae75b1bfbf3d603 [NON_LEADER]: Queue going to NON_LEADER mode. State: All replicated index: 0, Majority replicated index: 0, Committed index: 0, Last appended: 0.0, Last appended by leader: 0, Current term: 0, Majority size: -1, State: 0, Mode: NON_LEADER, active raft config: opid_index: -1 OBSOLETE_local: false peers { permanent_uuid: "6d38c0555fab4aea91dadb16b4f792c7" member_type: VOTER last_known_addr { host: "127.20.120.130" port: 43289 } } peers { permanent_uuid: "02ed1fe752f6496eb5e6d66a0f4c15e2" member_type: VOTER last_known_addr { host: "127.20.120.131" port: 38161 } } peers { permanent_uuid: "804d5313ec8d44d88ae75b1bfbf3d603" member_type: VOTER last_known_addr { host: "127.20.120.129" port: 38305 } }
I20260709 14:56:07.232379 22290 raft_consensus.cc:697] T 878c2b12fb6c4a888b6697b0d61c6cbf P 804d5313ec8d44d88ae75b1bfbf3d603 [term 1 LEADER]: Becoming Leader. State: Replica: 804d5313ec8d44d88ae75b1bfbf3d603, State: Running, Role: LEADER
I20260709 14:56:07.232828 22285 ts_tablet_manager.cc:1434] T 02cf68ad7a6f484f9bf3bc07d2e51132 P 804d5313ec8d44d88ae75b1bfbf3d603: Time spent starting tablet: real 0.008s	user 0.007s	sys 0.000s
I20260709 14:56:07.233397 22290 consensus_queue.cc:237] T 878c2b12fb6c4a888b6697b0d61c6cbf P 804d5313ec8d44d88ae75b1bfbf3d603 [LEADER]: Queue going to LEADER mode. State: All replicated index: 0, Majority replicated index: 0, Committed index: 0, Last appended: 0.0, Last appended by leader: 0, Current term: 1, Majority size: 2, State: 0, Mode: LEADER, active raft config: opid_index: -1 OBSOLETE_local: false peers { permanent_uuid: "804d5313ec8d44d88ae75b1bfbf3d603" member_type: VOTER last_known_addr { host: "127.20.120.129" port: 38305 } } peers { permanent_uuid: "6d38c0555fab4aea91dadb16b4f792c7" member_type: VOTER last_known_addr { host: "127.20.120.130" port: 43289 } } peers { permanent_uuid: "02ed1fe752f6496eb5e6d66a0f4c15e2" member_type: VOTER last_known_addr { host: "127.20.120.131" port: 38161 } }
I20260709 14:56:07.233968 22285 tablet_bootstrap.cc:492] T 00dde9b040074fe4b9d624fd52045bad P 804d5313ec8d44d88ae75b1bfbf3d603: Bootstrap starting.
I20260709 14:56:07.234431 22283 tablet_bootstrap.cc:492] T 00dde9b040074fe4b9d624fd52045bad P 6d38c0555fab4aea91dadb16b4f792c7: No bootstrap required, opened a new log
I20260709 14:56:07.231020 22317 consensus_queue.cc:237] T 02cf68ad7a6f484f9bf3bc07d2e51132 P 02ed1fe752f6496eb5e6d66a0f4c15e2 [LEADER]: Queue going to LEADER mode. State: All replicated index: 0, Majority replicated index: 0, Committed index: 0, Last appended: 0.0, Last appended by leader: 0, Current term: 1, Majority size: 2, State: 0, Mode: LEADER, active raft config: opid_index: -1 OBSOLETE_local: false peers { permanent_uuid: "6d38c0555fab4aea91dadb16b4f792c7" member_type: VOTER last_known_addr { host: "127.20.120.130" port: 43289 } } peers { permanent_uuid: "02ed1fe752f6496eb5e6d66a0f4c15e2" member_type: VOTER last_known_addr { host: "127.20.120.131" port: 38161 } } peers { permanent_uuid: "804d5313ec8d44d88ae75b1bfbf3d603" member_type: VOTER last_known_addr { host: "127.20.120.129" port: 38305 } }
I20260709 14:56:07.234975 22283 ts_tablet_manager.cc:1403] T 00dde9b040074fe4b9d624fd52045bad P 6d38c0555fab4aea91dadb16b4f792c7: Time spent bootstrapping tablet: real 0.100s	user 0.009s	sys 0.004s
I20260709 14:56:07.240526 22285 tablet_bootstrap.cc:654] T 00dde9b040074fe4b9d624fd52045bad P 804d5313ec8d44d88ae75b1bfbf3d603: Neither blocks nor log segments found. Creating new log.
I20260709 14:56:07.246373 22284 tablet_bootstrap.cc:492] T ada71ea939964e68a0e8bbee23c3d45b P 02ed1fe752f6496eb5e6d66a0f4c15e2: No bootstrap required, opened a new log
I20260709 14:56:07.246904 22284 ts_tablet_manager.cc:1403] T ada71ea939964e68a0e8bbee23c3d45b P 02ed1fe752f6496eb5e6d66a0f4c15e2: Time spent bootstrapping tablet: real 0.024s	user 0.018s	sys 0.002s
I20260709 14:56:07.247025 21991 catalog_manager.cc:5697] T a99ac23907634579b581291b9b0a4e9f P 02ed1fe752f6496eb5e6d66a0f4c15e2 reported cstate change: term changed from 0 to 1, leader changed from <none> to 02ed1fe752f6496eb5e6d66a0f4c15e2 (127.20.120.131). New cstate: current_term: 1 leader_uuid: "02ed1fe752f6496eb5e6d66a0f4c15e2" committed_config { opid_index: -1 OBSOLETE_local: false peers { permanent_uuid: "804d5313ec8d44d88ae75b1bfbf3d603" member_type: VOTER last_known_addr { host: "127.20.120.129" port: 38305 } health_report { overall_health: UNKNOWN } } peers { permanent_uuid: "6d38c0555fab4aea91dadb16b4f792c7" member_type: VOTER last_known_addr { host: "127.20.120.130" port: 43289 } health_report { overall_health: UNKNOWN } } peers { permanent_uuid: "02ed1fe752f6496eb5e6d66a0f4c15e2" member_type: VOTER last_known_addr { host: "127.20.120.131" port: 38161 } health_report { overall_health: HEALTHY } } }
I20260709 14:56:07.249706 22284 raft_consensus.cc:359] T ada71ea939964e68a0e8bbee23c3d45b P 02ed1fe752f6496eb5e6d66a0f4c15e2 [term 0 FOLLOWER]: Replica starting. Triggering 0 pending ops. Active config: opid_index: -1 OBSOLETE_local: false peers { permanent_uuid: "804d5313ec8d44d88ae75b1bfbf3d603" member_type: VOTER last_known_addr { host: "127.20.120.129" port: 38305 } } peers { permanent_uuid: "6d38c0555fab4aea91dadb16b4f792c7" member_type: VOTER last_known_addr { host: "127.20.120.130" port: 43289 } } peers { permanent_uuid: "02ed1fe752f6496eb5e6d66a0f4c15e2" member_type: VOTER last_known_addr { host: "127.20.120.131" port: 38161 } }
I20260709 14:56:07.250407 22284 raft_consensus.cc:385] T ada71ea939964e68a0e8bbee23c3d45b P 02ed1fe752f6496eb5e6d66a0f4c15e2 [term 0 FOLLOWER]: Consensus starting up: Expiring failure detector timer to make a prompt election more likely
I20260709 14:56:07.250692 22284 raft_consensus.cc:740] T ada71ea939964e68a0e8bbee23c3d45b P 02ed1fe752f6496eb5e6d66a0f4c15e2 [term 0 FOLLOWER]: Becoming Follower/Learner. State: Replica: 02ed1fe752f6496eb5e6d66a0f4c15e2, State: Initialized, Role: FOLLOWER
I20260709 14:56:07.251466 22284 consensus_queue.cc:260] T ada71ea939964e68a0e8bbee23c3d45b P 02ed1fe752f6496eb5e6d66a0f4c15e2 [NON_LEADER]: Queue going to NON_LEADER mode. State: All replicated index: 0, Majority replicated index: 0, Committed index: 0, Last appended: 0.0, Last appended by leader: 0, Current term: 0, Majority size: -1, State: 0, Mode: NON_LEADER, active raft config: opid_index: -1 OBSOLETE_local: false peers { permanent_uuid: "804d5313ec8d44d88ae75b1bfbf3d603" member_type: VOTER last_known_addr { host: "127.20.120.129" port: 38305 } } peers { permanent_uuid: "6d38c0555fab4aea91dadb16b4f792c7" member_type: VOTER last_known_addr { host: "127.20.120.130" port: 43289 } } peers { permanent_uuid: "02ed1fe752f6496eb5e6d66a0f4c15e2" member_type: VOTER last_known_addr { host: "127.20.120.131" port: 38161 } }
I20260709 14:56:07.252724 22285 tablet_bootstrap.cc:492] T 00dde9b040074fe4b9d624fd52045bad P 804d5313ec8d44d88ae75b1bfbf3d603: No bootstrap required, opened a new log
I20260709 14:56:07.253154 22285 ts_tablet_manager.cc:1403] T 00dde9b040074fe4b9d624fd52045bad P 804d5313ec8d44d88ae75b1bfbf3d603: Time spent bootstrapping tablet: real 0.019s	user 0.010s	sys 0.003s
I20260709 14:56:07.253643 22284 ts_tablet_manager.cc:1434] T ada71ea939964e68a0e8bbee23c3d45b P 02ed1fe752f6496eb5e6d66a0f4c15e2: Time spent starting tablet: real 0.006s	user 0.005s	sys 0.000s
I20260709 14:56:07.254530 22284 tablet_bootstrap.cc:492] T 1376b6b9ea054e2dafcd66b1ce5e0afb P 02ed1fe752f6496eb5e6d66a0f4c15e2: Bootstrap starting.
I20260709 14:56:07.255633 22285 raft_consensus.cc:359] T 00dde9b040074fe4b9d624fd52045bad P 804d5313ec8d44d88ae75b1bfbf3d603 [term 0 FOLLOWER]: Replica starting. Triggering 0 pending ops. Active config: opid_index: -1 OBSOLETE_local: false peers { permanent_uuid: "804d5313ec8d44d88ae75b1bfbf3d603" member_type: VOTER last_known_addr { host: "127.20.120.129" port: 38305 } } peers { permanent_uuid: "6d38c0555fab4aea91dadb16b4f792c7" member_type: VOTER last_known_addr { host: "127.20.120.130" port: 43289 } } peers { permanent_uuid: "02ed1fe752f6496eb5e6d66a0f4c15e2" member_type: VOTER last_known_addr { host: "127.20.120.131" port: 38161 } }
I20260709 14:56:07.256436 22285 raft_consensus.cc:385] T 00dde9b040074fe4b9d624fd52045bad P 804d5313ec8d44d88ae75b1bfbf3d603 [term 0 FOLLOWER]: Consensus starting up: Expiring failure detector timer to make a prompt election more likely
I20260709 14:56:07.255940 21990 catalog_manager.cc:5697] T 878c2b12fb6c4a888b6697b0d61c6cbf P 804d5313ec8d44d88ae75b1bfbf3d603 reported cstate change: term changed from 0 to 1, leader changed from <none> to 804d5313ec8d44d88ae75b1bfbf3d603 (127.20.120.129). New cstate: current_term: 1 leader_uuid: "804d5313ec8d44d88ae75b1bfbf3d603" committed_config { opid_index: -1 OBSOLETE_local: false peers { permanent_uuid: "804d5313ec8d44d88ae75b1bfbf3d603" member_type: VOTER last_known_addr { host: "127.20.120.129" port: 38305 } health_report { overall_health: HEALTHY } } peers { permanent_uuid: "6d38c0555fab4aea91dadb16b4f792c7" member_type: VOTER last_known_addr { host: "127.20.120.130" port: 43289 } health_report { overall_health: UNKNOWN } } peers { permanent_uuid: "02ed1fe752f6496eb5e6d66a0f4c15e2" member_type: VOTER last_known_addr { host: "127.20.120.131" port: 38161 } health_report { overall_health: UNKNOWN } } }
I20260709 14:56:07.261047 22284 tablet_bootstrap.cc:654] T 1376b6b9ea054e2dafcd66b1ce5e0afb P 02ed1fe752f6496eb5e6d66a0f4c15e2: Neither blocks nor log segments found. Creating new log.
I20260709 14:56:07.256711 22285 raft_consensus.cc:740] T 00dde9b040074fe4b9d624fd52045bad P 804d5313ec8d44d88ae75b1bfbf3d603 [term 0 FOLLOWER]: Becoming Follower/Learner. State: Replica: 804d5313ec8d44d88ae75b1bfbf3d603, State: Initialized, Role: FOLLOWER
I20260709 14:56:07.263172 22285 consensus_queue.cc:260] T 00dde9b040074fe4b9d624fd52045bad P 804d5313ec8d44d88ae75b1bfbf3d603 [NON_LEADER]: Queue going to NON_LEADER mode. State: All replicated index: 0, Majority replicated index: 0, Committed index: 0, Last appended: 0.0, Last appended by leader: 0, Current term: 0, Majority size: -1, State: 0, Mode: NON_LEADER, active raft config: opid_index: -1 OBSOLETE_local: false peers { permanent_uuid: "804d5313ec8d44d88ae75b1bfbf3d603" member_type: VOTER last_known_addr { host: "127.20.120.129" port: 38305 } } peers { permanent_uuid: "6d38c0555fab4aea91dadb16b4f792c7" member_type: VOTER last_known_addr { host: "127.20.120.130" port: 43289 } } peers { permanent_uuid: "02ed1fe752f6496eb5e6d66a0f4c15e2" member_type: VOTER last_known_addr { host: "127.20.120.131" port: 38161 } }
