I20260709 14:56:10.138038 11754 raft_consensus.cc:515] T 6ec302c47f0a4e1b8eef01241719db04 P 9e17a122af294a6c94384a1c960ebb88 [term 1 FOLLOWER]: Starting leader election with config: opid_index: -1 OBSOLETE_local: false peers { permanent_uuid: "d5964533faa84adca8adf086f9059006" member_type: VOTER last_known_addr { host: "127.10.41.65" port: 38745 } } peers { permanent_uuid: "ddb2a8be5b9a4971bb554cec8428d1df" member_type: VOTER last_known_addr { host: "127.10.41.66" port: 34465 } } peers { permanent_uuid: "9e17a122af294a6c94384a1c960ebb88" member_type: VOTER last_known_addr { host: "127.10.41.67" port: 44841 } }
I20260709 14:56:10.141753 11583 tablet_service.cc:1917] Received RequestConsensusVote() RPC: tablet_id: "6ec302c47f0a4e1b8eef01241719db04" candidate_uuid: "9e17a122af294a6c94384a1c960ebb88" candidate_term: 1 candidate_status { last_received { term: 0 index: 0 } } ignore_live_leader: false dest_uuid: "ddb2a8be5b9a4971bb554cec8428d1df"
W20260709 14:56:10.143726 11624 leader_election.cc:343] T 6ec302c47f0a4e1b8eef01241719db04 P 9e17a122af294a6c94384a1c960ebb88 [CANDIDATE]: Term 1 election: Tablet error from VoteRequest() call to peer ddb2a8be5b9a4971bb554cec8428d1df (127.10.41.66:34465): Illegal state: must be running to vote when last-logged opid is not known
I20260709 14:56:10.145526 11754 leader_election.cc:290] T 6ec302c47f0a4e1b8eef01241719db04 P 9e17a122af294a6c94384a1c960ebb88 [CANDIDATE]: Term 1 election: Requested vote from peers d5964533faa84adca8adf086f9059006 (127.10.41.65:38745), ddb2a8be5b9a4971bb554cec8428d1df (127.10.41.66:34465)
I20260709 14:56:10.145835 11508 tablet_service.cc:1917] Received RequestConsensusVote() RPC: tablet_id: "6ec302c47f0a4e1b8eef01241719db04" candidate_uuid: "9e17a122af294a6c94384a1c960ebb88" candidate_term: 1 candidate_status { last_received { term: 0 index: 0 } } ignore_live_leader: false dest_uuid: "d5964533faa84adca8adf086f9059006"
I20260709 14:56:10.146435 11508 raft_consensus.cc:3060] T 6ec302c47f0a4e1b8eef01241719db04 P d5964533faa84adca8adf086f9059006 [term 0 FOLLOWER]: Advancing to term 1
I20260709 14:56:10.150815 11702 tablet_bootstrap.cc:492] T 181eb198ea6a40689d8f66981350bfa0 P d5964533faa84adca8adf086f9059006: No bootstrap required, opened a new log
I20260709 14:56:10.151288 11702 ts_tablet_manager.cc:1403] T 181eb198ea6a40689d8f66981350bfa0 P d5964533faa84adca8adf086f9059006: Time spent bootstrapping tablet: real 0.116s	user 0.017s	sys 0.008s
I20260709 14:56:10.154633 11703 tablet_bootstrap.cc:492] T a29e1ee23c584fc18703f6fcd047625d P ddb2a8be5b9a4971bb554cec8428d1df: No bootstrap required, opened a new log
I20260709 14:56:10.155066 11703 ts_tablet_manager.cc:1403] T a29e1ee23c584fc18703f6fcd047625d P ddb2a8be5b9a4971bb554cec8428d1df: Time spent bootstrapping tablet: real 0.181s	user 0.003s	sys 0.015s
I20260709 14:56:10.157423 11700 tablet_bootstrap.cc:492] T 8478796107f549c483f0cf0600f8e7d5 P 9e17a122af294a6c94384a1c960ebb88: Bootstrap starting.
I20260709 14:56:10.158030 11703 raft_consensus.cc:359] T a29e1ee23c584fc18703f6fcd047625d P ddb2a8be5b9a4971bb554cec8428d1df [term 0 FOLLOWER]: Replica starting. Triggering 0 pending ops. Active config: opid_index: -1 OBSOLETE_local: false peers { permanent_uuid: "d5964533faa84adca8adf086f9059006" member_type: VOTER last_known_addr { host: "127.10.41.65" port: 38745 } } peers { permanent_uuid: "ddb2a8be5b9a4971bb554cec8428d1df" member_type: VOTER last_known_addr { host: "127.10.41.66" port: 34465 } } peers { permanent_uuid: "9e17a122af294a6c94384a1c960ebb88" member_type: VOTER last_known_addr { host: "127.10.41.67" port: 44841 } }
I20260709 14:56:10.158771 11703 raft_consensus.cc:385] T a29e1ee23c584fc18703f6fcd047625d P ddb2a8be5b9a4971bb554cec8428d1df [term 0 FOLLOWER]: Consensus starting up: Expiring failure detector timer to make a prompt election more likely
I20260709 14:56:10.159102 11703 raft_consensus.cc:740] T a29e1ee23c584fc18703f6fcd047625d P ddb2a8be5b9a4971bb554cec8428d1df [term 0 FOLLOWER]: Becoming Follower/Learner. State: Replica: ddb2a8be5b9a4971bb554cec8428d1df, State: Initialized, Role: FOLLOWER
I20260709 14:56:10.159853 11703 consensus_queue.cc:260] T a29e1ee23c584fc18703f6fcd047625d P ddb2a8be5b9a4971bb554cec8428d1df [NON_LEADER]: Queue going to NON_LEADER mode. State: All replicated index: 0, Majority replicated index: 0, Committed index: 0, Last appended: 0.0, Last appended by leader: 0, Current term: 0, Majority size: -1, State: 0, Mode: NON_LEADER, active raft config: opid_index: -1 OBSOLETE_local: false peers { permanent_uuid: "d5964533faa84adca8adf086f9059006" member_type: VOTER last_known_addr { host: "127.10.41.65" port: 38745 } } peers { permanent_uuid: "ddb2a8be5b9a4971bb554cec8428d1df" member_type: VOTER last_known_addr { host: "127.10.41.66" port: 34465 } } peers { permanent_uuid: "9e17a122af294a6c94384a1c960ebb88" member_type: VOTER last_known_addr { host: "127.10.41.67" port: 44841 } }
I20260709 14:56:10.163590 11702 raft_consensus.cc:359] T 181eb198ea6a40689d8f66981350bfa0 P d5964533faa84adca8adf086f9059006 [term 0 FOLLOWER]: Replica starting. Triggering 0 pending ops. Active config: opid_index: -1 OBSOLETE_local: false peers { permanent_uuid: "d5964533faa84adca8adf086f9059006" member_type: VOTER last_known_addr { host: "127.10.41.65" port: 38745 } } peers { permanent_uuid: "ddb2a8be5b9a4971bb554cec8428d1df" member_type: VOTER last_known_addr { host: "127.10.41.66" port: 34465 } } peers { permanent_uuid: "9e17a122af294a6c94384a1c960ebb88" member_type: VOTER last_known_addr { host: "127.10.41.67" port: 44841 } }
I20260709 14:56:10.164233 11702 raft_consensus.cc:385] T 181eb198ea6a40689d8f66981350bfa0 P d5964533faa84adca8adf086f9059006 [term 0 FOLLOWER]: Consensus starting up: Expiring failure detector timer to make a prompt election more likely
I20260709 14:56:10.164490 11702 raft_consensus.cc:740] T 181eb198ea6a40689d8f66981350bfa0 P d5964533faa84adca8adf086f9059006 [term 0 FOLLOWER]: Becoming Follower/Learner. State: Replica: d5964533faa84adca8adf086f9059006, State: Initialized, Role: FOLLOWER
I20260709 14:56:10.165814 11893 raft_consensus.cc:493] T b40a8773524044e5a9eaf7ddfd456891 P ddb2a8be5b9a4971bb554cec8428d1df [term 0 FOLLOWER]: Starting pre-election (no leader contacted us within the election timeout)
I20260709 14:56:10.166304 11893 raft_consensus.cc:515] T b40a8773524044e5a9eaf7ddfd456891 P ddb2a8be5b9a4971bb554cec8428d1df [term 0 FOLLOWER]: Starting pre-election with config: opid_index: -1 OBSOLETE_local: false peers { permanent_uuid: "d5964533faa84adca8adf086f9059006" member_type: VOTER last_known_addr { host: "127.10.41.65" port: 38745 } } peers { permanent_uuid: "ddb2a8be5b9a4971bb554cec8428d1df" member_type: VOTER last_known_addr { host: "127.10.41.66" port: 34465 } } peers { permanent_uuid: "9e17a122af294a6c94384a1c960ebb88" member_type: VOTER last_known_addr { host: "127.10.41.67" port: 44841 } }
I20260709 14:56:10.169298 11657 tablet_service.cc:1917] Received RequestConsensusVote() RPC: tablet_id: "b40a8773524044e5a9eaf7ddfd456891" candidate_uuid: "ddb2a8be5b9a4971bb554cec8428d1df" candidate_term: 1 candidate_status { last_received { term: 0 index: 0 } } ignore_live_leader: false dest_uuid: "9e17a122af294a6c94384a1c960ebb88" is_pre_election: true
I20260709 14:56:10.170356 11510 tablet_service.cc:1917] Received RequestConsensusVote() RPC: tablet_id: "b40a8773524044e5a9eaf7ddfd456891" candidate_uuid: "ddb2a8be5b9a4971bb554cec8428d1df" candidate_term: 1 candidate_status { last_received { term: 0 index: 0 } } ignore_live_leader: false dest_uuid: "d5964533faa84adca8adf086f9059006" is_pre_election: true
I20260709 14:56:10.171327 11508 raft_consensus.cc:2468] T 6ec302c47f0a4e1b8eef01241719db04 P d5964533faa84adca8adf086f9059006 [term 1 FOLLOWER]: Leader election vote request: Granting yes vote for candidate 9e17a122af294a6c94384a1c960ebb88 in term 1.
I20260709 14:56:10.171859 11549 leader_election.cc:304] T b40a8773524044e5a9eaf7ddfd456891 P ddb2a8be5b9a4971bb554cec8428d1df [CANDIDATE]: Term 1 pre-election: Election decided. Result: candidate lost. Election summary: received 3 responses out of 3 voters: 1 yes votes; 2 no votes. yes voters: ddb2a8be5b9a4971bb554cec8428d1df; no voters: 9e17a122af294a6c94384a1c960ebb88, d5964533faa84adca8adf086f9059006
I20260709 14:56:10.172335 11702 consensus_queue.cc:260] T 181eb198ea6a40689d8f66981350bfa0 P d5964533faa84adca8adf086f9059006 [NON_LEADER]: Queue going to NON_LEADER mode. State: All replicated index: 0, Majority replicated index: 0, Committed index: 0, Last appended: 0.0, Last appended by leader: 0, Current term: 0, Majority size: -1, State: 0, Mode: NON_LEADER, active raft config: opid_index: -1 OBSOLETE_local: false peers { permanent_uuid: "d5964533faa84adca8adf086f9059006" member_type: VOTER last_known_addr { host: "127.10.41.65" port: 38745 } } peers { permanent_uuid: "ddb2a8be5b9a4971bb554cec8428d1df" member_type: VOTER last_known_addr { host: "127.10.41.66" port: 34465 } } peers { permanent_uuid: "9e17a122af294a6c94384a1c960ebb88" member_type: VOTER last_known_addr { host: "127.10.41.67" port: 44841 } }
I20260709 14:56:10.172760 11623 leader_election.cc:304] T 6ec302c47f0a4e1b8eef01241719db04 P 9e17a122af294a6c94384a1c960ebb88 [CANDIDATE]: Term 1 election: Election decided. Result: candidate won. Election summary: received 3 responses out of 3 voters: 2 yes votes; 1 no votes. yes voters: 9e17a122af294a6c94384a1c960ebb88, d5964533faa84adca8adf086f9059006; no voters: ddb2a8be5b9a4971bb554cec8428d1df
I20260709 14:56:10.173480 11790 raft_consensus.cc:2749] T b40a8773524044e5a9eaf7ddfd456891 P ddb2a8be5b9a4971bb554cec8428d1df [term 0 FOLLOWER]: Leader pre-election lost for term 1. Reason: could not achieve majority
I20260709 14:56:10.174389 11702 ts_tablet_manager.cc:1434] T 181eb198ea6a40689d8f66981350bfa0 P d5964533faa84adca8adf086f9059006: Time spent starting tablet: real 0.023s	user 0.007s	sys 0.000s
I20260709 14:56:10.174315 11754 raft_consensus.cc:2804] T 6ec302c47f0a4e1b8eef01241719db04 P 9e17a122af294a6c94384a1c960ebb88 [term 1 FOLLOWER]: Leader election won for term 1
I20260709 14:56:10.175130 11754 raft_consensus.cc:697] T 6ec302c47f0a4e1b8eef01241719db04 P 9e17a122af294a6c94384a1c960ebb88 [term 1 LEADER]: Becoming Leader. State: Replica: 9e17a122af294a6c94384a1c960ebb88, State: Running, Role: LEADER
I20260709 14:56:10.175462 11702 tablet_bootstrap.cc:492] T 8478796107f549c483f0cf0600f8e7d5 P d5964533faa84adca8adf086f9059006: Bootstrap starting.
I20260709 14:56:10.176142 11754 consensus_queue.cc:237] T 6ec302c47f0a4e1b8eef01241719db04 P 9e17a122af294a6c94384a1c960ebb88 [LEADER]: Queue going to LEADER mode. State: All replicated index: 0, Majority replicated index: 0, Committed index: 0, Last appended: 0.0, Last appended by leader: 0, Current term: 1, Majority size: 2, State: 0, Mode: LEADER, active raft config: opid_index: -1 OBSOLETE_local: false peers { permanent_uuid: "d5964533faa84adca8adf086f9059006" member_type: VOTER last_known_addr { host: "127.10.41.65" port: 38745 } } peers { permanent_uuid: "ddb2a8be5b9a4971bb554cec8428d1df" member_type: VOTER last_known_addr { host: "127.10.41.66" port: 34465 } } peers { permanent_uuid: "9e17a122af294a6c94384a1c960ebb88" member_type: VOTER last_known_addr { host: "127.10.41.67" port: 44841 } }
I20260709 14:56:10.176821 11893 leader_election.cc:290] T b40a8773524044e5a9eaf7ddfd456891 P ddb2a8be5b9a4971bb554cec8428d1df [CANDIDATE]: Term 1 pre-election: Requested pre-vote from peers d5964533faa84adca8adf086f9059006 (127.10.41.65:38745), 9e17a122af294a6c94384a1c960ebb88 (127.10.41.67:44841)
I20260709 14:56:10.178941 11583 raft_consensus.cc:3060] T b40a8773524044e5a9eaf7ddfd456891 P ddb2a8be5b9a4971bb554cec8428d1df [term 0 FOLLOWER]: Advancing to term 1
I20260709 14:56:10.182597 11700 tablet_bootstrap.cc:654] T 8478796107f549c483f0cf0600f8e7d5 P 9e17a122af294a6c94384a1c960ebb88: Neither blocks nor log segments found. Creating new log.
I20260709 14:56:10.183579 11893 raft_consensus.cc:493] T a29e1ee23c584fc18703f6fcd047625d P ddb2a8be5b9a4971bb554cec8428d1df [term 0 FOLLOWER]: Starting pre-election (no leader contacted us within the election timeout)
I20260709 14:56:10.184026 11893 raft_consensus.cc:515] T a29e1ee23c584fc18703f6fcd047625d P ddb2a8be5b9a4971bb554cec8428d1df [term 0 FOLLOWER]: Starting pre-election with config: opid_index: -1 OBSOLETE_local: false peers { permanent_uuid: "d5964533faa84adca8adf086f9059006" member_type: VOTER last_known_addr { host: "127.10.41.65" port: 38745 } } peers { permanent_uuid: "ddb2a8be5b9a4971bb554cec8428d1df" member_type: VOTER last_known_addr { host: "127.10.41.66" port: 34465 } } peers { permanent_uuid: "9e17a122af294a6c94384a1c960ebb88" member_type: VOTER last_known_addr { host: "127.10.41.67" port: 44841 } }
I20260709 14:56:10.184724 11756 consensus_queue.cc:1048] T 567ef4ac84674c2090a6a43fc24c5c18 P d5964533faa84adca8adf086f9059006 [LEADER]: Connected to new peer: Peer: permanent_uuid: "ddb2a8be5b9a4971bb554cec8428d1df" member_type: VOTER last_known_addr { host: "127.10.41.66" port: 34465 }, Status: LMP_MISMATCH, Last received: 0.0, Next index: 1, Last known committed idx: 0, Time since last communication: 0.000s
I20260709 14:56:10.186717 11893 leader_election.cc:290] T a29e1ee23c584fc18703f6fcd047625d P ddb2a8be5b9a4971bb554cec8428d1df [CANDIDATE]: Term 1 pre-election: Requested pre-vote from peers d5964533faa84adca8adf086f9059006 (127.10.41.65:38745), 9e17a122af294a6c94384a1c960ebb88 (127.10.41.67:44841)
I20260709 14:56:10.186930 11657 tablet_service.cc:1917] Received RequestConsensusVote() RPC: tablet_id: "a29e1ee23c584fc18703f6fcd047625d" candidate_uuid: "ddb2a8be5b9a4971bb554cec8428d1df" candidate_term: 1 candidate_status { last_received { term: 0 index: 0 } } ignore_live_leader: false dest_uuid: "9e17a122af294a6c94384a1c960ebb88" is_pre_election: true
I20260709 14:56:10.190583 11799 consensus_queue.cc:1048] T b40a8773524044e5a9eaf7ddfd456891 P 9e17a122af294a6c94384a1c960ebb88 [LEADER]: Connected to new peer: Peer: permanent_uuid: "ddb2a8be5b9a4971bb554cec8428d1df" member_type: VOTER last_known_addr { host: "127.10.41.66" port: 34465 }, Status: LMP_MISMATCH, Last received: 0.0, Next index: 1, Last known committed idx: 0, Time since last communication: 0.000s
I20260709 14:56:10.192966 11508 tablet_service.cc:1917] Received RequestConsensusVote() RPC: tablet_id: "a29e1ee23c584fc18703f6fcd047625d" candidate_uuid: "ddb2a8be5b9a4971bb554cec8428d1df" candidate_term: 1 candidate_status { last_received { term: 0 index: 0 } } ignore_live_leader: false dest_uuid: "d5964533faa84adca8adf086f9059006" is_pre_election: true
I20260709 14:56:10.194844 11703 ts_tablet_manager.cc:1434] T a29e1ee23c584fc18703f6fcd047625d P ddb2a8be5b9a4971bb554cec8428d1df: Time spent starting tablet: real 0.040s	user 0.006s	sys 0.000s
I20260709 14:56:10.196225 11703 tablet_bootstrap.cc:492] T 6ec302c47f0a4e1b8eef01241719db04 P ddb2a8be5b9a4971bb554cec8428d1df: Bootstrap starting.
I20260709 14:56:10.194041 11508 raft_consensus.cc:2393] T a29e1ee23c584fc18703f6fcd047625d P d5964533faa84adca8adf086f9059006 [term 1 FOLLOWER]: Leader pre-election vote request: Denying vote to candidate ddb2a8be5b9a4971bb554cec8428d1df in current term 1: Already voted for candidate 9e17a122af294a6c94384a1c960ebb88 in this term.
I20260709 14:56:10.203110 11549 leader_election.cc:304] T a29e1ee23c584fc18703f6fcd047625d P ddb2a8be5b9a4971bb554cec8428d1df [CANDIDATE]: Term 1 pre-election: Election decided. Result: candidate lost. Election summary: received 3 responses out of 3 voters: 1 yes votes; 2 no votes. yes voters: ddb2a8be5b9a4971bb554cec8428d1df; no voters: 9e17a122af294a6c94384a1c960ebb88, d5964533faa84adca8adf086f9059006
I20260709 14:56:10.205933 11893 raft_consensus.cc:3060] T a29e1ee23c584fc18703f6fcd047625d P ddb2a8be5b9a4971bb554cec8428d1df [term 0 FOLLOWER]: Advancing to term 1
I20260709 14:56:10.208310 11409 catalog_manager.cc:5697] T 8cf51a4dc89042b39b362e04dbc02a56 P d5964533faa84adca8adf086f9059006 reported cstate change: term changed from 0 to 1, leader changed from <none> to d5964533faa84adca8adf086f9059006 (127.10.41.65). New cstate: current_term: 1 leader_uuid: "d5964533faa84adca8adf086f9059006" committed_config { opid_index: -1 OBSOLETE_local: false peers { permanent_uuid: "d5964533faa84adca8adf086f9059006" member_type: VOTER last_known_addr { host: "127.10.41.65" port: 38745 } health_report { overall_health: HEALTHY } } peers { permanent_uuid: "ddb2a8be5b9a4971bb554cec8428d1df" member_type: VOTER last_known_addr { host: "127.10.41.66" port: 34465 } health_report { overall_health: UNKNOWN } } peers { permanent_uuid: "9e17a122af294a6c94384a1c960ebb88" member_type: VOTER last_known_addr { host: "127.10.41.67" port: 44841 } health_report { overall_health: UNKNOWN } } }
I20260709 14:56:10.209086 11757 consensus_queue.cc:1048] T 567ef4ac84674c2090a6a43fc24c5c18 P d5964533faa84adca8adf086f9059006 [LEADER]: Connected to new peer: Peer: permanent_uuid: "9e17a122af294a6c94384a1c960ebb88" member_type: VOTER last_known_addr { host: "127.10.41.67" port: 44841 }, Status: LMP_MISMATCH, Last received: 0.0, Next index: 1, Last known committed idx: 0, Time since last communication: 0.000s
I20260709 14:56:10.211720 11757 consensus_queue.cc:1048] T a08212575d494ff88063b3db71510a81 P d5964533faa84adca8adf086f9059006 [LEADER]: Connected to new peer: Peer: permanent_uuid: "9e17a122af294a6c94384a1c960ebb88" member_type: VOTER last_known_addr { host: "127.10.41.67" port: 44841 }, Status: LMP_MISMATCH, Last received: 0.0, Next index: 1, Last known committed idx: 0, Time since last communication: 0.000s
I20260709 14:56:10.192577 11702 tablet_bootstrap.cc:654] T 8478796107f549c483f0cf0600f8e7d5 P d5964533faa84adca8adf086f9059006: Neither blocks nor log segments found. Creating new log.
I20260709 14:56:10.235149 11700 tablet_bootstrap.cc:492] T 8478796107f549c483f0cf0600f8e7d5 P 9e17a122af294a6c94384a1c960ebb88: No bootstrap required, opened a new log
I20260709 14:56:10.235634 11700 ts_tablet_manager.cc:1403] T 8478796107f549c483f0cf0600f8e7d5 P 9e17a122af294a6c94384a1c960ebb88: Time spent bootstrapping tablet: real 0.078s	user 0.013s	sys 0.000s
I20260709 14:56:10.236155 11406 catalog_manager.cc:5697] T 6ec302c47f0a4e1b8eef01241719db04 P 9e17a122af294a6c94384a1c960ebb88 reported cstate change: term changed from 0 to 1, leader changed from <none> to 9e17a122af294a6c94384a1c960ebb88 (127.10.41.67). New cstate: current_term: 1 leader_uuid: "9e17a122af294a6c94384a1c960ebb88" committed_config { opid_index: -1 OBSOLETE_local: false peers { permanent_uuid: "d5964533faa84adca8adf086f9059006" member_type: VOTER last_known_addr { host: "127.10.41.65" port: 38745 } health_report { overall_health: UNKNOWN } } peers { permanent_uuid: "ddb2a8be5b9a4971bb554cec8428d1df" member_type: VOTER last_known_addr { host: "127.10.41.66" port: 34465 } health_report { overall_health: UNKNOWN } } peers { permanent_uuid: "9e17a122af294a6c94384a1c960ebb88" member_type: VOTER last_known_addr { host: "127.10.41.67" port: 44841 } health_report { overall_health: HEALTHY } } }
I20260709 14:56:10.237175 11702 tablet_bootstrap.cc:492] T 8478796107f549c483f0cf0600f8e7d5 P d5964533faa84adca8adf086f9059006: No bootstrap required, opened a new log
I20260709 14:56:10.237728 11702 ts_tablet_manager.cc:1403] T 8478796107f549c483f0cf0600f8e7d5 P d5964533faa84adca8adf086f9059006: Time spent bootstrapping tablet: real 0.062s	user 0.004s	sys 0.011s
I20260709 14:56:10.239867 11700 raft_consensus.cc:359] T 8478796107f549c483f0cf0600f8e7d5 P 9e17a122af294a6c94384a1c960ebb88 [term 0 FOLLOWER]: Replica starting. Triggering 0 pending ops. Active config: opid_index: -1 OBSOLETE_local: false peers { permanent_uuid: "d5964533faa84adca8adf086f9059006" member_type: VOTER last_known_addr { host: "127.10.41.65" port: 38745 } } peers { permanent_uuid: "ddb2a8be5b9a4971bb554cec8428d1df" member_type: VOTER last_known_addr { host: "127.10.41.66" port: 34465 } } peers { permanent_uuid: "9e17a122af294a6c94384a1c960ebb88" member_type: VOTER last_known_addr { host: "127.10.41.67" port: 44841 } }
I20260709 14:56:10.240521 11700 raft_consensus.cc:385] T 8478796107f549c483f0cf0600f8e7d5 P 9e17a122af294a6c94384a1c960ebb88 [term 0 FOLLOWER]: Consensus starting up: Expiring failure detector timer to make a prompt election more likely
I20260709 14:56:10.240782 11700 raft_consensus.cc:740] T 8478796107f549c483f0cf0600f8e7d5 P 9e17a122af294a6c94384a1c960ebb88 [term 0 FOLLOWER]: Becoming Follower/Learner. State: Replica: 9e17a122af294a6c94384a1c960ebb88, State: Initialized, Role: FOLLOWER
I20260709 14:56:10.240873 11702 raft_consensus.cc:359] T 8478796107f549c483f0cf0600f8e7d5 P d5964533faa84adca8adf086f9059006 [term 0 FOLLOWER]: Replica starting. Triggering 0 pending ops. Active config: opid_index: -1 OBSOLETE_local: false peers { permanent_uuid: "d5964533faa84adca8adf086f9059006" member_type: VOTER last_known_addr { host: "127.10.41.65" port: 38745 } } peers { permanent_uuid: "ddb2a8be5b9a4971bb554cec8428d1df" member_type: VOTER last_known_addr { host: "127.10.41.66" port: 34465 } } peers { permanent_uuid: "9e17a122af294a6c94384a1c960ebb88" member_type: VOTER last_known_addr { host: "127.10.41.67" port: 44841 } }
I20260709 14:56:10.241465 11700 consensus_queue.cc:260] T 8478796107f549c483f0cf0600f8e7d5 P 9e17a122af294a6c94384a1c960ebb88 [NON_LEADER]: Queue going to NON_LEADER mode. State: All replicated index: 0, Majority replicated index: 0, Committed index: 0, Last appended: 0.0, Last appended by leader: 0, Current term: 0, Majority size: -1, State: 0, Mode: NON_LEADER, active raft config: opid_index: -1 OBSOLETE_local: false peers { permanent_uuid: "d5964533faa84adca8adf086f9059006" member_type: VOTER last_known_addr { host: "127.10.41.65" port: 38745 } } peers { permanent_uuid: "ddb2a8be5b9a4971bb554cec8428d1df" member_type: VOTER last_known_addr { host: "127.10.41.66" port: 34465 } } peers { permanent_uuid: "9e17a122af294a6c94384a1c960ebb88" member_type: VOTER last_known_addr { host: "127.10.41.67" port: 44841 } }
I20260709 14:56:10.241773 11702 raft_consensus.cc:385] T 8478796107f549c483f0cf0600f8e7d5 P d5964533faa84adca8adf086f9059006 [term 0 FOLLOWER]: Consensus starting up: Expiring failure detector timer to make a prompt election more likely
I20260709 14:56:10.242376 11702 raft_consensus.cc:740] T 8478796107f549c483f0cf0600f8e7d5 P d5964533faa84adca8adf086f9059006 [term 0 FOLLOWER]: Becoming Follower/Learner. State: Replica: d5964533faa84adca8adf086f9059006, State: Initialized, Role: FOLLOWER
I20260709 14:56:10.243507 11700 ts_tablet_manager.cc:1434] T 8478796107f549c483f0cf0600f8e7d5 P 9e17a122af294a6c94384a1c960ebb88: Time spent starting tablet: real 0.008s	user 0.006s	sys 0.000s
I20260709 14:56:10.243191 11702 consensus_queue.cc:260] T 8478796107f549c483f0cf0600f8e7d5 P d5964533faa84adca8adf086f9059006 [NON_LEADER]: Queue going to NON_LEADER mode. State: All replicated index: 0, Majority replicated index: 0, Committed index: 0, Last appended: 0.0, Last appended by leader: 0, Current term: 0, Majority size: -1, State: 0, Mode: NON_LEADER, active raft config: opid_index: -1 OBSOLETE_local: false peers { permanent_uuid: "d5964533faa84adca8adf086f9059006" member_type: VOTER last_known_addr { host: "127.10.41.65" port: 38745 } } peers { permanent_uuid: "ddb2a8be5b9a4971bb554cec8428d1df" member_type: VOTER last_known_addr { host: "127.10.41.66" port: 34465 } } peers { permanent_uuid: "9e17a122af294a6c94384a1c960ebb88" member_type: VOTER last_known_addr { host: "127.10.41.67" port: 44841 } }
I20260709 14:56:10.244333 11700 tablet_bootstrap.cc:492] T 7f4decaaeb4b4a82a06ef04dbce1c42d P 9e17a122af294a6c94384a1c960ebb88: Bootstrap starting.
I20260709 14:56:10.245568 11702 ts_tablet_manager.cc:1434] T 8478796107f549c483f0cf0600f8e7d5 P d5964533faa84adca8adf086f9059006: Time spent starting tablet: real 0.008s	user 0.004s	sys 0.004s
I20260709 14:56:10.246440 11702 tablet_bootstrap.cc:492] T 47b471d568e24183aa20873ecf0eac84 P d5964533faa84adca8adf086f9059006: Bootstrap starting.
I20260709 14:56:10.249140 11893 raft_consensus.cc:2749] T a29e1ee23c584fc18703f6fcd047625d P ddb2a8be5b9a4971bb554cec8428d1df [term 1 FOLLOWER]: Leader pre-election lost for term 1. Reason: could not achieve majority
I20260709 14:56:10.252115 11702 tablet_bootstrap.cc:654] T 47b471d568e24183aa20873ecf0eac84 P d5964533faa84adca8adf086f9059006: Neither blocks nor log segments found. Creating new log.
I20260709 14:56:10.257525 11700 tablet_bootstrap.cc:654] T 7f4decaaeb4b4a82a06ef04dbce1c42d P 9e17a122af294a6c94384a1c960ebb88: Neither blocks nor log segments found. Creating new log.
I20260709 14:56:10.262889 11703 tablet_bootstrap.cc:654] T 6ec302c47f0a4e1b8eef01241719db04 P ddb2a8be5b9a4971bb554cec8428d1df: Neither blocks nor log segments found. Creating new log.
I20260709 14:56:10.263890 11702 tablet_bootstrap.cc:492] T 47b471d568e24183aa20873ecf0eac84 P d5964533faa84adca8adf086f9059006: No bootstrap required, opened a new log
I20260709 14:56:10.264314 11702 ts_tablet_manager.cc:1403] T 47b471d568e24183aa20873ecf0eac84 P d5964533faa84adca8adf086f9059006: Time spent bootstrapping tablet: real 0.018s	user 0.007s	sys 0.001s
I20260709 14:56:10.266723 11702 raft_consensus.cc:359] T 47b471d568e24183aa20873ecf0eac84 P d5964533faa84adca8adf086f9059006 [term 0 FOLLOWER]: Replica starting. Triggering 0 pending ops. Active config: opid_index: -1 OBSOLETE_local: false peers { permanent_uuid: "d5964533faa84adca8adf086f9059006" member_type: VOTER last_known_addr { host: "127.10.41.65" port: 38745 } } peers { permanent_uuid: "ddb2a8be5b9a4971bb554cec8428d1df" member_type: VOTER last_known_addr { host: "127.10.41.66" port: 34465 } } peers { permanent_uuid: "9e17a122af294a6c94384a1c960ebb88" member_type: VOTER last_known_addr { host: "127.10.41.67" port: 44841 } }
I20260709 14:56:10.267329 11702 raft_consensus.cc:385] T 47b471d568e24183aa20873ecf0eac84 P d5964533faa84adca8adf086f9059006 [term 0 FOLLOWER]: Consensus starting up: Expiring failure detector timer to make a prompt election more likely
I20260709 14:56:10.267597 11702 raft_consensus.cc:740] T 47b471d568e24183aa20873ecf0eac84 P d5964533faa84adca8adf086f9059006 [term 0 FOLLOWER]: Becoming Follower/Learner. State: Replica: d5964533faa84adca8adf086f9059006, State: Initialized, Role: FOLLOWER
I20260709 14:56:10.268141 11702 consensus_queue.cc:260] T 47b471d568e24183aa20873ecf0eac84 P d5964533faa84adca8adf086f9059006 [NON_LEADER]: Queue going to NON_LEADER mode. State: All replicated index: 0, Majority replicated index: 0, Committed index: 0, Last appended: 0.0, Last appended by leader: 0, Current term: 0, Majority size: -1, State: 0, Mode: NON_LEADER, active raft config: opid_index: -1 OBSOLETE_local: false peers { permanent_uuid: "d5964533faa84adca8adf086f9059006" member_type: VOTER last_known_addr { host: "127.10.41.65" port: 38745 } } peers { permanent_uuid: "ddb2a8be5b9a4971bb554cec8428d1df" member_type: VOTER last_known_addr { host: "127.10.41.66" port: 34465 } } peers { permanent_uuid: "9e17a122af294a6c94384a1c960ebb88" member_type: VOTER last_known_addr { host: "127.10.41.67" port: 44841 } }
I20260709 14:56:10.268847 11757 consensus_queue.cc:1048] T a08212575d494ff88063b3db71510a81 P d5964533faa84adca8adf086f9059006 [LEADER]: Connected to new peer: Peer: permanent_uuid: "ddb2a8be5b9a4971bb554cec8428d1df" member_type: VOTER last_known_addr { host: "127.10.41.66" port: 34465 }, Status: LMP_MISMATCH, Last received: 0.0, Next index: 1, Last known committed idx: 0, Time since last communication: 0.001s
I20260709 14:56:10.270105 11702 ts_tablet_manager.cc:1434] T 47b471d568e24183aa20873ecf0eac84 P d5964533faa84adca8adf086f9059006: Time spent starting tablet: real 0.006s	user 0.002s	sys 0.002s
I20260709 14:56:10.272789 11702 tablet_bootstrap.cc:492] T fde9a94c3b0d4129906351bbb7b87b5e P d5964533faa84adca8adf086f9059006: Bootstrap starting.
I20260709 14:56:10.278187 11700 tablet_bootstrap.cc:492] T 7f4decaaeb4b4a82a06ef04dbce1c42d P 9e17a122af294a6c94384a1c960ebb88: No bootstrap required, opened a new log
I20260709 14:56:10.278621 11700 ts_tablet_manager.cc:1403] T 7f4decaaeb4b4a82a06ef04dbce1c42d P 9e17a122af294a6c94384a1c960ebb88: Time spent bootstrapping tablet: real 0.034s	user 0.014s	sys 0.000s
I20260709 14:56:10.281177 11700 raft_consensus.cc:359] T 7f4decaaeb4b4a82a06ef04dbce1c42d P 9e17a122af294a6c94384a1c960ebb88 [term 0 FOLLOWER]: Replica starting. Triggering 0 pending ops. Active config: opid_index: -1 OBSOLETE_local: false peers { permanent_uuid: "d5964533faa84adca8adf086f9059006" member_type: VOTER last_known_addr { host: "127.10.41.65" port: 38745 } } peers { permanent_uuid: "ddb2a8be5b9a4971bb554cec8428d1df" member_type: VOTER last_known_addr { host: "127.10.41.66" port: 34465 } } peers { permanent_uuid: "9e17a122af294a6c94384a1c960ebb88" member_type: VOTER last_known_addr { host: "127.10.41.67" port: 44841 } }
I20260709 14:56:10.281845 11700 raft_consensus.cc:385] T 7f4decaaeb4b4a82a06ef04dbce1c42d P 9e17a122af294a6c94384a1c960ebb88 [term 0 FOLLOWER]: Consensus starting up: Expiring failure detector timer to make a prompt election more likely
I20260709 14:56:10.282106 11700 raft_consensus.cc:740] T 7f4decaaeb4b4a82a06ef04dbce1c42d P 9e17a122af294a6c94384a1c960ebb88 [term 0 FOLLOWER]: Becoming Follower/Learner. State: Replica: 9e17a122af294a6c94384a1c960ebb88, State: Initialized, Role: FOLLOWER
I20260709 14:56:10.282878 11700 consensus_queue.cc:260] T 7f4decaaeb4b4a82a06ef04dbce1c42d P 9e17a122af294a6c94384a1c960ebb88 [NON_LEADER]: Queue going to NON_LEADER mode. State: All replicated index: 0, Majority replicated index: 0, Committed index: 0, Last appended: 0.0, Last appended by leader: 0, Current term: 0, Majority size: -1, State: 0, Mode: NON_LEADER, active raft config: opid_index: -1 OBSOLETE_local: false peers { permanent_uuid: "d5964533faa84adca8adf086f9059006" member_type: VOTER last_known_addr { host: "127.10.41.65" port: 38745 } } peers { permanent_uuid: "ddb2a8be5b9a4971bb554cec8428d1df" member_type: VOTER last_known_addr { host: "127.10.41.66" port: 34465 } } peers { permanent_uuid: "9e17a122af294a6c94384a1c960ebb88" member_type: VOTER last_known_addr { host: "127.10.41.67" port: 44841 } }
I20260709 14:56:10.285370 11700 ts_tablet_manager.cc:1434] T 7f4decaaeb4b4a82a06ef04dbce1c42d P 9e17a122af294a6c94384a1c960ebb88: Time spent starting tablet: real 0.006s	user 0.006s	sys 0.000s
I20260709 14:56:10.286227 11700 tablet_bootstrap.cc:492] T fde9a94c3b0d4129906351bbb7b87b5e P 9e17a122af294a6c94384a1c960ebb88: Bootstrap starting.
I20260709 14:56:10.287191 11702 tablet_bootstrap.cc:654] T fde9a94c3b0d4129906351bbb7b87b5e P d5964533faa84adca8adf086f9059006: Neither blocks nor log segments found. Creating new log.
I20260709 14:56:10.291795 11700 tablet_bootstrap.cc:654] T fde9a94c3b0d4129906351bbb7b87b5e P 9e17a122af294a6c94384a1c960ebb88: Neither blocks nor log segments found. Creating new log.
W20260709 14:56:10.301992 11624 consensus_peers.cc:597] T 31abc7f9be9745acbc24fbc877122482 P 9e17a122af294a6c94384a1c960ebb88 -> Peer ddb2a8be5b9a4971bb554cec8428d1df (127.10.41.66:34465): Couldn't send request to peer ddb2a8be5b9a4971bb554cec8428d1df. Error code: TABLET_NOT_RUNNING (12). Status: Illegal state: Tablet not RUNNING: INITIALIZED. This is attempt 1: this message will repeat every 5th retry.
I20260709 14:56:10.303119 11754 raft_consensus.cc:493] T 181eb198ea6a40689d8f66981350bfa0 P 9e17a122af294a6c94384a1c960ebb88 [term 0 FOLLOWER]: Starting pre-election (no leader contacted us within the election timeout)
I20260709 14:56:10.303756 11754 raft_consensus.cc:515] T 181eb198ea6a40689d8f66981350bfa0 P 9e17a122af294a6c94384a1c960ebb88 [term 0 FOLLOWER]: Starting pre-election with config: opid_index: -1 OBSOLETE_local: false peers { permanent_uuid: "d5964533faa84adca8adf086f9059006" member_type: VOTER last_known_addr { host: "127.10.41.65" port: 38745 } } peers { permanent_uuid: "ddb2a8be5b9a4971bb554cec8428d1df" member_type: VOTER last_known_addr { host: "127.10.41.66" port: 34465 } } peers { permanent_uuid: "9e17a122af294a6c94384a1c960ebb88" member_type: VOTER last_known_addr { host: "127.10.41.67" port: 44841 } }
I20260709 14:56:10.307262 11757 raft_consensus.cc:493] T 9efe25392a124c888832900e95dc9af2 P d5964533faa84adca8adf086f9059006 [term 0 FOLLOWER]: Starting pre-election (no leader contacted us within the election timeout)
I20260709 14:56:10.307323 11508 tablet_service.cc:1917] Received RequestConsensusVote() RPC: tablet_id: "181eb198ea6a40689d8f66981350bfa0" candidate_uuid: "9e17a122af294a6c94384a1c960ebb88" candidate_term: 1 candidate_status { last_received { term: 0 index: 0 } } ignore_live_leader: false dest_uuid: "d5964533faa84adca8adf086f9059006" is_pre_election: true
I20260709 14:56:10.308284 11508 raft_consensus.cc:2468] T 181eb198ea6a40689d8f66981350bfa0 P d5964533faa84adca8adf086f9059006 [term 0 FOLLOWER]: Leader pre-election vote request: Granting yes vote for candidate 9e17a122af294a6c94384a1c960ebb88 in term 0.
I20260709 14:56:10.308032 11757 raft_consensus.cc:515] T 9efe25392a124c888832900e95dc9af2 P d5964533faa84adca8adf086f9059006 [term 0 FOLLOWER]: Starting pre-election with config: opid_index: -1 OBSOLETE_local: false peers { permanent_uuid: "d5964533faa84adca8adf086f9059006" member_type: VOTER last_known_addr { host: "127.10.41.65" port: 38745 } } peers { permanent_uuid: "ddb2a8be5b9a4971bb554cec8428d1df" member_type: VOTER last_known_addr { host: "127.10.41.66" port: 34465 } } peers { permanent_uuid: "9e17a122af294a6c94384a1c960ebb88" member_type: VOTER last_known_addr { host: "127.10.41.67" port: 44841 } }
I20260709 14:56:10.309599 11623 leader_election.cc:304] T 181eb198ea6a40689d8f66981350bfa0 P 9e17a122af294a6c94384a1c960ebb88 [CANDIDATE]: Term 1 pre-election: Election decided. Result: candidate won. Election summary: received 2 responses out of 3 voters: 2 yes votes; 0 no votes. yes voters: 9e17a122af294a6c94384a1c960ebb88, d5964533faa84adca8adf086f9059006; no voters: 
I20260709 14:56:10.310436 11808 raft_consensus.cc:2804] T 181eb198ea6a40689d8f66981350bfa0 P 9e17a122af294a6c94384a1c960ebb88 [term 0 FOLLOWER]: Leader pre-election won for term 1
I20260709 14:56:10.310776 11808 raft_consensus.cc:493] T 181eb198ea6a40689d8f66981350bfa0 P 9e17a122af294a6c94384a1c960ebb88 [term 0 FOLLOWER]: Starting leader election (no leader contacted us within the election timeout)
I20260709 14:56:10.311103 11808 raft_consensus.cc:3060] T 181eb198ea6a40689d8f66981350bfa0 P 9e17a122af294a6c94384a1c960ebb88 [term 0 FOLLOWER]: Advancing to term 1
I20260709 14:56:10.312479 11586 tablet_service.cc:1917] Received RequestConsensusVote() RPC: tablet_id: "181eb198ea6a40689d8f66981350bfa0" candidate_uuid: "9e17a122af294a6c94384a1c960ebb88" candidate_term: 1 candidate_status { last_received { term: 0 index: 0 } } ignore_live_leader: false dest_uuid: "ddb2a8be5b9a4971bb554cec8428d1df" is_pre_election: true
W20260709 14:56:10.314268 11624 leader_election.cc:343] T 181eb198ea6a40689d8f66981350bfa0 P 9e17a122af294a6c94384a1c960ebb88 [CANDIDATE]: Term 1 pre-election: Tablet error from VoteRequest() call to peer ddb2a8be5b9a4971bb554cec8428d1df (127.10.41.66:34465): Illegal state: must be running to vote when last-logged opid is not known
I20260709 14:56:10.310783 11754 leader_election.cc:290] T 181eb198ea6a40689d8f66981350bfa0 P 9e17a122af294a6c94384a1c960ebb88 [CANDIDATE]: Term 1 pre-election: Requested pre-vote from peers d5964533faa84adca8adf086f9059006 (127.10.41.65:38745), ddb2a8be5b9a4971bb554cec8428d1df (127.10.41.66:34465)
I20260709 14:56:10.317745 11808 raft_consensus.cc:515] T 181eb198ea6a40689d8f66981350bfa0 P 9e17a122af294a6c94384a1c960ebb88 [term 1 FOLLOWER]: Starting leader election with config: opid_index: -1 OBSOLETE_local: false peers { permanent_uuid: "d5964533faa84adca8adf086f9059006" member_type: VOTER last_known_addr { host: "127.10.41.65" port: 38745 } } peers { permanent_uuid: "ddb2a8be5b9a4971bb554cec8428d1df" member_type: VOTER last_known_addr { host: "127.10.41.66" port: 34465 } } peers { permanent_uuid: "9e17a122af294a6c94384a1c960ebb88" member_type: VOTER last_known_addr { host: "127.10.41.67" port: 44841 } }
I20260709 14:56:10.320298 11757 leader_election.cc:290] T 9efe25392a124c888832900e95dc9af2 P d5964533faa84adca8adf086f9059006 [CANDIDATE]: Term 1 pre-election: Requested pre-vote from peers ddb2a8be5b9a4971bb554cec8428d1df (127.10.41.66:34465), 9e17a122af294a6c94384a1c960ebb88 (127.10.41.67:44841)
I20260709 14:56:10.322892 11657 tablet_service.cc:1917] Received RequestConsensusVote() RPC: tablet_id: "9efe25392a124c888832900e95dc9af2" candidate_uuid: "d5964533faa84adca8adf086f9059006" candidate_term: 1 candidate_status { last_received { term: 0 index: 0 } } ignore_live_leader: false dest_uuid: "9e17a122af294a6c94384a1c960ebb88" is_pre_election: true
I20260709 14:56:10.323393 11585 tablet_service.cc:1917] Received RequestConsensusVote() RPC: tablet_id: "181eb198ea6a40689d8f66981350bfa0" candidate_uuid: "9e17a122af294a6c94384a1c960ebb88" candidate_term: 1 candidate_status { last_received { term: 0 index: 0 } } ignore_live_leader: false dest_uuid: "ddb2a8be5b9a4971bb554cec8428d1df"
I20260709 14:56:10.323781 11657 raft_consensus.cc:2468] T 9efe25392a124c888832900e95dc9af2 P 9e17a122af294a6c94384a1c960ebb88 [term 0 FOLLOWER]: Leader pre-election vote request: Granting yes vote for candidate d5964533faa84adca8adf086f9059006 in term 0.
W20260709 14:56:10.325320 11624 leader_election.cc:343] T 181eb198ea6a40689d8f66981350bfa0 P 9e17a122af294a6c94384a1c960ebb88 [CANDIDATE]: Term 1 election: Tablet error from VoteRequest() call to peer ddb2a8be5b9a4971bb554cec8428d1df (127.10.41.66:34465): Illegal state: must be running to vote when last-logged opid is not known
I20260709 14:56:10.326628 11508 tablet_service.cc:1917] Received RequestConsensusVote() RPC: tablet_id: "181eb198ea6a40689d8f66981350bfa0" candidate_uuid: "9e17a122af294a6c94384a1c960ebb88" candidate_term: 1 candidate_status { last_received { term: 0 index: 0 } } ignore_live_leader: false dest_uuid: "d5964533faa84adca8adf086f9059006"
I20260709 14:56:10.327404 11508 raft_consensus.cc:3060] T 181eb198ea6a40689d8f66981350bfa0 P d5964533faa84adca8adf086f9059006 [term 0 FOLLOWER]: Advancing to term 1
I20260709 14:56:10.326048 11477 leader_election.cc:304] T 9efe25392a124c888832900e95dc9af2 P d5964533faa84adca8adf086f9059006 [CANDIDATE]: Term 1 pre-election: Election decided. Result: candidate won. Election summary: received 2 responses out of 3 voters: 2 yes votes; 0 no votes. yes voters: 9e17a122af294a6c94384a1c960ebb88, d5964533faa84adca8adf086f9059006; no voters: 
I20260709 14:56:10.319016 11586 tablet_service.cc:1917] Received RequestConsensusVote() RPC: tablet_id: "9efe25392a124c888832900e95dc9af2" candidate_uuid: "d5964533faa84adca8adf086f9059006" candidate_term: 1 candidate_status { last_received { term: 0 index: 0 } } ignore_live_leader: false dest_uuid: "ddb2a8be5b9a4971bb554cec8428d1df" is_pre_election: true
W20260709 14:56:10.332700 11475 leader_election.cc:343] T 9efe25392a124c888832900e95dc9af2 P d5964533faa84adca8adf086f9059006 [CANDIDATE]: Term 1 pre-election: Tablet error from VoteRequest() call to peer ddb2a8be5b9a4971bb554cec8428d1df (127.10.41.66:34465): Illegal state: must be running to vote when last-logged opid is not known
I20260709 14:56:10.333964 11757 raft_consensus.cc:2804] T 9efe25392a124c888832900e95dc9af2 P d5964533faa84adca8adf086f9059006 [term 0 FOLLOWER]: Leader pre-election won for term 1
I20260709 14:56:10.338510 11757 raft_consensus.cc:493] T 9efe25392a124c888832900e95dc9af2 P d5964533faa84adca8adf086f9059006 [term 0 FOLLOWER]: Starting leader election (no leader contacted us within the election timeout)
I20260709 14:56:10.338892 11757 raft_consensus.cc:3060] T 9efe25392a124c888832900e95dc9af2 P d5964533faa84adca8adf086f9059006 [term 0 FOLLOWER]: Advancing to term 1
W20260709 14:56:10.362812 11904 log.cc:927] Time spent T a08212575d494ff88063b3db71510a81 P ddb2a8be5b9a4971bb554cec8428d1df: Append to log took a long time: real 0.078s	user 0.000s	sys 0.000s
I20260709 14:56:10.326777 11808 leader_election.cc:290] T 181eb198ea6a40689d8f66981350bfa0 P 9e17a122af294a6c94384a1c960ebb88 [CANDIDATE]: Term 1 election: Requested vote from peers d5964533faa84adca8adf086f9059006 (127.10.41.65:38745), ddb2a8be5b9a4971bb554cec8428d1df (127.10.41.66:34465)
I20260709 14:56:10.367079 11508 raft_consensus.cc:2468] T 181eb198ea6a40689d8f66981350bfa0 P d5964533faa84adca8adf086f9059006 [term 1 FOLLOWER]: Leader election vote request: Granting yes vote for candidate 9e17a122af294a6c94384a1c960ebb88 in term 1.
I20260709 14:56:10.368675 11623 leader_election.cc:304] T 181eb198ea6a40689d8f66981350bfa0 P 9e17a122af294a6c94384a1c960ebb88 [CANDIDATE]: Term 1 election: Election decided. Result: candidate won. Election summary: received 3 responses out of 3 voters: 2 yes votes; 1 no votes. yes voters: 9e17a122af294a6c94384a1c960ebb88, d5964533faa84adca8adf086f9059006; no voters: ddb2a8be5b9a4971bb554cec8428d1df
I20260709 14:56:10.373109 11808 raft_consensus.cc:2804] T 181eb198ea6a40689d8f66981350bfa0 P 9e17a122af294a6c94384a1c960ebb88 [term 1 FOLLOWER]: Leader election won for term 1
I20260709 14:56:10.373769 11808 raft_consensus.cc:697] T 181eb198ea6a40689d8f66981350bfa0 P 9e17a122af294a6c94384a1c960ebb88 [term 1 LEADER]: Becoming Leader. State: Replica: 9e17a122af294a6c94384a1c960ebb88, State: Running, Role: LEADER
I20260709 14:56:10.374884 11808 consensus_queue.cc:237] T 181eb198ea6a40689d8f66981350bfa0 P 9e17a122af294a6c94384a1c960ebb88 [LEADER]: Queue going to LEADER mode. State: All replicated index: 0, Majority replicated index: 0, Committed index: 0, Last appended: 0.0, Last appended by leader: 0, Current term: 1, Majority size: 2, State: 0, Mode: LEADER, active raft config: opid_index: -1 OBSOLETE_local: false peers { permanent_uuid: "d5964533faa84adca8adf086f9059006" member_type: VOTER last_known_addr { host: "127.10.41.65" port: 38745 } } peers { permanent_uuid: "ddb2a8be5b9a4971bb554cec8428d1df" member_type: VOTER last_known_addr { host: "127.10.41.66" port: 34465 } } peers { permanent_uuid: "9e17a122af294a6c94384a1c960ebb88" member_type: VOTER last_known_addr { host: "127.10.41.67" port: 44841 } }
I20260709 14:56:10.380409 11757 raft_consensus.cc:515] T 9efe25392a124c888832900e95dc9af2 P d5964533faa84adca8adf086f9059006 [term 1 FOLLOWER]: Starting leader election with config: opid_index: -1 OBSOLETE_local: false peers { permanent_uuid: "d5964533faa84adca8adf086f9059006" member_type: VOTER last_known_addr { host: "127.10.41.65" port: 38745 } } peers { permanent_uuid: "ddb2a8be5b9a4971bb554cec8428d1df" member_type: VOTER last_known_addr { host: "127.10.41.66" port: 34465 } } peers { permanent_uuid: "9e17a122af294a6c94384a1c960ebb88" member_type: VOTER last_known_addr { host: "127.10.41.67" port: 44841 } }
I20260709 14:56:10.384313 11757 leader_election.cc:290] T 9efe25392a124c888832900e95dc9af2 P d5964533faa84adca8adf086f9059006 [CANDIDATE]: Term 1 election: Requested vote from peers ddb2a8be5b9a4971bb554cec8428d1df (127.10.41.66:34465), 9e17a122af294a6c94384a1c960ebb88 (127.10.41.67:44841)
I20260709 14:56:10.385082 11703 tablet_bootstrap.cc:492] T 6ec302c47f0a4e1b8eef01241719db04 P ddb2a8be5b9a4971bb554cec8428d1df: No bootstrap required, opened a new log
I20260709 14:56:10.385697 11703 ts_tablet_manager.cc:1403] T 6ec302c47f0a4e1b8eef01241719db04 P ddb2a8be5b9a4971bb554cec8428d1df: Time spent bootstrapping tablet: real 0.190s	user 0.034s	sys 0.058s
I20260709 14:56:10.427000 11583 tablet_service.cc:1917] Received RequestConsensusVote() RPC: tablet_id: "9efe25392a124c888832900e95dc9af2" candidate_uuid: "d5964533faa84adca8adf086f9059006" candidate_term: 1 candidate_status { last_received { term: 0 index: 0 } } ignore_live_leader: false dest_uuid: "ddb2a8be5b9a4971bb554cec8428d1df"
I20260709 14:56:10.434902 11703 raft_consensus.cc:359] T 6ec302c47f0a4e1b8eef01241719db04 P ddb2a8be5b9a4971bb554cec8428d1df [term 0 FOLLOWER]: Replica starting. Triggering 0 pending ops. Active config: opid_index: -1 OBSOLETE_local: false peers { permanent_uuid: "d5964533faa84adca8adf086f9059006" member_type: VOTER last_known_addr { host: "127.10.41.65" port: 38745 } } peers { permanent_uuid: "ddb2a8be5b9a4971bb554cec8428d1df" member_type: VOTER last_known_addr { host: "127.10.41.66" port: 34465 } } peers { permanent_uuid: "9e17a122af294a6c94384a1c960ebb88" member_type: VOTER last_known_addr { host: "127.10.41.67" port: 44841 } }
I20260709 14:56:10.436522 11703 raft_consensus.cc:385] T 6ec302c47f0a4e1b8eef01241719db04 P ddb2a8be5b9a4971bb554cec8428d1df [term 0 FOLLOWER]: Consensus starting up: Expiring failure detector timer to make a prompt election more likely
I20260709 14:56:10.436903 11703 raft_consensus.cc:740] T 6ec302c47f0a4e1b8eef01241719db04 P ddb2a8be5b9a4971bb554cec8428d1df [term 0 FOLLOWER]: Becoming Follower/Learner. State: Replica: ddb2a8be5b9a4971bb554cec8428d1df, State: Initialized, Role: FOLLOWER
I20260709 14:56:10.437867 11703 consensus_queue.cc:260] T 6ec302c47f0a4e1b8eef01241719db04 P ddb2a8be5b9a4971bb554cec8428d1df [NON_LEADER]: Queue going to NON_LEADER mode. State: All replicated index: 0, Majority replicated index: 0, Committed index: 0, Last appended: 0.0, Last appended by leader: 0, Current term: 0, Majority size: -1, State: 0, Mode: NON_LEADER, active raft config: opid_index: -1 OBSOLETE_local: false peers { permanent_uuid: "d5964533faa84adca8adf086f9059006" member_type: VOTER last_known_addr { host: "127.10.41.65" port: 38745 } } peers { permanent_uuid: "ddb2a8be5b9a4971bb554cec8428d1df" member_type: VOTER last_known_addr { host: "127.10.41.66" port: 34465 } } peers { permanent_uuid: "9e17a122af294a6c94384a1c960ebb88" member_type: VOTER last_known_addr { host: "127.10.41.67" port: 44841 } }
W20260709 14:56:10.444813 11475 leader_election.cc:343] T 9efe25392a124c888832900e95dc9af2 P d5964533faa84adca8adf086f9059006 [CANDIDATE]: Term 1 election: Tablet error from VoteRequest() call to peer ddb2a8be5b9a4971bb554cec8428d1df (127.10.41.66:34465): Illegal state: must be running to vote when last-logged opid is not known
I20260709 14:56:10.447983 11660 tablet_service.cc:1917] Received RequestConsensusVote() RPC: tablet_id: "9efe25392a124c888832900e95dc9af2" candidate_uuid: "d5964533faa84adca8adf086f9059006" candidate_term: 1 candidate_status { last_received { term: 0 index: 0 } } ignore_live_leader: false dest_uuid: "9e17a122af294a6c94384a1c960ebb88"
I20260709 14:56:10.460309 11703 ts_tablet_manager.cc:1434] T 6ec302c47f0a4e1b8eef01241719db04 P ddb2a8be5b9a4971bb554cec8428d1df: Time spent starting tablet: real 0.074s	user 0.010s	sys 0.005s
I20260709 14:56:10.461316 11702 tablet_bootstrap.cc:492] T fde9a94c3b0d4129906351bbb7b87b5e P d5964533faa84adca8adf086f9059006: No bootstrap required, opened a new log
I20260709 14:56:10.462839 11702 ts_tablet_manager.cc:1403] T fde9a94c3b0d4129906351bbb7b87b5e P d5964533faa84adca8adf086f9059006: Time spent bootstrapping tablet: real 0.190s	user 0.047s	sys 0.059s
I20260709 14:56:10.463199 11660 raft_consensus.cc:3060] T 9efe25392a124c888832900e95dc9af2 P 9e17a122af294a6c94384a1c960ebb88 [term 0 FOLLOWER]: Advancing to term 1
I20260709 14:56:10.467577 11700 tablet_bootstrap.cc:492] T fde9a94c3b0d4129906351bbb7b87b5e P 9e17a122af294a6c94384a1c960ebb88: No bootstrap required, opened a new log
I20260709 14:56:10.468407 11700 ts_tablet_manager.cc:1403] T fde9a94c3b0d4129906351bbb7b87b5e P 9e17a122af294a6c94384a1c960ebb88: Time spent bootstrapping tablet: real 0.182s	user 0.023s	sys 0.040s
I20260709 14:56:10.472049 11752 raft_consensus.cc:493] T 8478796107f549c483f0cf0600f8e7d5 P 9e17a122af294a6c94384a1c960ebb88 [term 0 FOLLOWER]: Starting pre-election (no leader contacted us within the election timeout)
I20260709 14:56:10.472157 11700 raft_consensus.cc:359] T fde9a94c3b0d4129906351bbb7b87b5e P 9e17a122af294a6c94384a1c960ebb88 [term 0 FOLLOWER]: Replica starting. Triggering 0 pending ops. Active config: opid_index: -1 OBSOLETE_local: false peers { permanent_uuid: "d5964533faa84adca8adf086f9059006" member_type: VOTER last_known_addr { host: "127.10.41.65" port: 38745 } } peers { permanent_uuid: "ddb2a8be5b9a4971bb554cec8428d1df" member_type: VOTER last_known_addr { host: "127.10.41.66" port: 34465 } } peers { permanent_uuid: "9e17a122af294a6c94384a1c960ebb88" member_type: VOTER last_known_addr { host: "127.10.41.67" port: 44841 } }
I20260709 14:56:10.473558 11700 raft_consensus.cc:385] T fde9a94c3b0d4129906351bbb7b87b5e P 9e17a122af294a6c94384a1c960ebb88 [term 0 FOLLOWER]: Consensus starting up: Expiring failure detector timer to make a prompt election more likely
I20260709 14:56:10.473270 11883 consensus_queue.cc:1048] T 31abc7f9be9745acbc24fbc877122482 P 9e17a122af294a6c94384a1c960ebb88 [LEADER]: Connected to new peer: Peer: permanent_uuid: "d5964533faa84adca8adf086f9059006" member_type: VOTER last_known_addr { host: "127.10.41.65" port: 38745 }, Status: LMP_MISMATCH, Last received: 0.0, Next index: 1, Last known committed idx: 0, Time since last communication: 0.001s
I20260709 14:56:10.473884 11700 raft_consensus.cc:740] T fde9a94c3b0d4129906351bbb7b87b5e P 9e17a122af294a6c94384a1c960ebb88 [term 0 FOLLOWER]: Becoming Follower/Learner. State: Replica: 9e17a122af294a6c94384a1c960ebb88, State: Initialized, Role: FOLLOWER
I20260709 14:56:10.480181 11756 raft_consensus.cc:493] T 8478796107f549c483f0cf0600f8e7d5 P d5964533faa84adca8adf086f9059006 [term 0 FOLLOWER]: Starting pre-election (no leader contacted us within the election timeout)
