I20260709 14:46:22.635514  1786 leader_election.cc:290] T 1a9698a04bbf482f8864334b1303fa03 P ae5b5969428b472da5590d615a319678 [CANDIDATE]: Term 1 pre-election: Requested pre-vote from peers ef5eb53fcba14ad990e890d914703705 (127.0.107.193:38927), ea7ec99a19db477198b7bc46c372a881 (127.0.107.194:40907)
I20260709 14:46:22.640205  1598 raft_consensus.cc:3060] T 4bdb987ed2d4488fa707a4e7acdf1486 P ea7ec99a19db477198b7bc46c372a881 [term 0 FOLLOWER]: Advancing to term 1
W20260709 14:46:22.629693  1642 leader_election.cc:343] T 7c469f8b73c042a98edf187b32548296 P ae5b5969428b472da5590d615a319678 [CANDIDATE]: Term 1 pre-election: Tablet error from VoteRequest() call to peer ea7ec99a19db477198b7bc46c372a881 (127.0.107.194:40907): Illegal state: must be running to vote when last-logged opid is not known
W20260709 14:46:22.645906  1493 leader_election.cc:343] T 1a9698a04bbf482f8864334b1303fa03 P ef5eb53fcba14ad990e890d914703705 [CANDIDATE]: Term 1 pre-election: Tablet error from VoteRequest() call to peer ea7ec99a19db477198b7bc46c372a881 (127.0.107.194:40907): Illegal state: must be running to vote when last-logged opid is not known
I20260709 14:46:22.656172  1957 raft_consensus.cc:2749] T b362453da5e34423a07e8941d3aba4cc P ae5b5969428b472da5590d615a319678 [term 1 FOLLOWER]: Leader pre-election lost for term 1. Reason: could not achieve majority
I20260709 14:46:22.668282  1965 leader_election.cc:290] T d74ecec5a2244ba8af299e0b1352f640 P ae5b5969428b472da5590d615a319678 [CANDIDATE]: Term 2 pre-election: Requested pre-vote from peers ef5eb53fcba14ad990e890d914703705 (127.0.107.193:38927), ea7ec99a19db477198b7bc46c372a881 (127.0.107.194:40907)
I20260709 14:46:22.668977  1521 tablet_service.cc:1917] Received RequestConsensusVote() RPC: tablet_id: "71e27ac1dc9942c5b97262ca415e16a5" candidate_uuid: "ea7ec99a19db477198b7bc46c372a881" candidate_term: 1 candidate_status { last_received { term: 0 index: 0 } } ignore_live_leader: false dest_uuid: "ef5eb53fcba14ad990e890d914703705" is_pre_election: true
I20260709 14:46:22.671039  1565 leader_election.cc:304] T f73007a790124ee99bd676b1ef8e896a P ea7ec99a19db477198b7bc46c372a881 [CANDIDATE]: Term 1 pre-election: Election decided. Result: candidate lost. Election summary: received 3 responses out of 3 voters: 1 yes votes; 2 no votes. yes voters: ea7ec99a19db477198b7bc46c372a881; no voters: ae5b5969428b472da5590d615a319678, ef5eb53fcba14ad990e890d914703705
I20260709 14:46:22.674628  1958 raft_consensus.cc:2749] T f73007a790124ee99bd676b1ef8e896a P ea7ec99a19db477198b7bc46c372a881 [term 1 FOLLOWER]: Leader pre-election lost for term 1. Reason: could not achieve majority
I20260709 14:46:22.675087  1524 tablet_service.cc:1917] Received RequestConsensusVote() RPC: tablet_id: "997368a5eb4e4e4793ccfebebf7fc5e7" candidate_uuid: "ea7ec99a19db477198b7bc46c372a881" candidate_term: 1 candidate_status { last_received { term: 0 index: 0 } } ignore_live_leader: false dest_uuid: "ef5eb53fcba14ad990e890d914703705"
I20260709 14:46:22.676910  1672 tablet_service.cc:1917] Received RequestConsensusVote() RPC: tablet_id: "997368a5eb4e4e4793ccfebebf7fc5e7" candidate_uuid: "ea7ec99a19db477198b7bc46c372a881" candidate_term: 1 candidate_status { last_received { term: 0 index: 0 } } ignore_live_leader: false dest_uuid: "ae5b5969428b472da5590d615a319678"
I20260709 14:46:22.677517  1672 raft_consensus.cc:3060] T 997368a5eb4e4e4793ccfebebf7fc5e7 P ae5b5969428b472da5590d615a319678 [term 0 FOLLOWER]: Advancing to term 1
I20260709 14:46:22.677708  1745 leader_election.cc:290] T 997368a5eb4e4e4793ccfebebf7fc5e7 P ea7ec99a19db477198b7bc46c372a881 [CANDIDATE]: Term 1 election: Requested vote from peers ef5eb53fcba14ad990e890d914703705 (127.0.107.193:38927), ae5b5969428b472da5590d615a319678 (127.0.107.195:38431)
I20260709 14:46:22.679351  1597 tablet_service.cc:1917] Received RequestConsensusVote() RPC: tablet_id: "a119f776dde8407ebdd9c89799ff2d09" candidate_uuid: "ef5eb53fcba14ad990e890d914703705" candidate_term: 1 candidate_status { last_received { term: 0 index: 0 } } ignore_live_leader: false dest_uuid: "ea7ec99a19db477198b7bc46c372a881"
I20260709 14:46:22.661331  1803 raft_consensus.cc:697] T 71e6c45349864b3d91f303afb5bffedf P ea7ec99a19db477198b7bc46c372a881 [term 1 LEADER]: Becoming Leader. State: Replica: ea7ec99a19db477198b7bc46c372a881, State: Running, Role: LEADER
I20260709 14:46:22.666182  1520 tablet_service.cc:1917] Received RequestConsensusVote() RPC: tablet_id: "4bdb987ed2d4488fa707a4e7acdf1486" candidate_uuid: "ea7ec99a19db477198b7bc46c372a881" candidate_term: 1 candidate_status { last_received { term: 0 index: 0 } } ignore_live_leader: false dest_uuid: "ef5eb53fcba14ad990e890d914703705" is_pre_election: true
I20260709 14:46:22.670337  1974 consensus_queue.cc:1048] T 6932086fa0214153b6884dca70e247a8 P ea7ec99a19db477198b7bc46c372a881 [LEADER]: Connected to new peer: Peer: permanent_uuid: "ae5b5969428b472da5590d615a319678" member_type: VOTER last_known_addr { host: "127.0.107.195" port: 38431 }, Status: LMP_MISMATCH, Last received: 0.0, Next index: 1, Last known committed idx: 0, Time since last communication: 0.042s
I20260709 14:46:22.683684  1521 raft_consensus.cc:2468] T 71e27ac1dc9942c5b97262ca415e16a5 P ef5eb53fcba14ad990e890d914703705 [term 0 FOLLOWER]: Leader pre-election vote request: Granting yes vote for candidate ea7ec99a19db477198b7bc46c372a881 in term 0.
W20260709 14:46:22.670396  1642 outbound_call.cc:321] RPC callback for RPC call kudu.consensus.ConsensusService.RequestConsensusVote -> {remote=127.0.107.194:40907, user_credentials={real_user=slave}} blocked reactor thread for 43911.6us
I20260709 14:46:22.704088  1670 tablet_service.cc:1917] Received RequestConsensusVote() RPC: tablet_id: "71e27ac1dc9942c5b97262ca415e16a5" candidate_uuid: "ea7ec99a19db477198b7bc46c372a881" candidate_term: 1 candidate_status { last_received { term: 0 index: 0 } } ignore_live_leader: false dest_uuid: "ae5b5969428b472da5590d615a319678" is_pre_election: true
I20260709 14:46:22.699919  1600 raft_consensus.cc:3060] T 9b9f9d0b3ca4453bbf60e792a69e271c P ea7ec99a19db477198b7bc46c372a881 [term 0 FOLLOWER]: Advancing to term 1
I20260709 14:46:22.704334  1966 consensus_queue.cc:1048] T b362453da5e34423a07e8941d3aba4cc P ea7ec99a19db477198b7bc46c372a881 [LEADER]: Connected to new peer: Peer: permanent_uuid: "ef5eb53fcba14ad990e890d914703705" member_type: VOTER last_known_addr { host: "127.0.107.193" port: 38927 }, Status: LMP_MISMATCH, Last received: 0.0, Next index: 1, Last known committed idx: 0, Time since last communication: 0.012s
I20260709 14:46:22.717290  1597 tablet_service.cc:1917] Received RequestConsensusVote() RPC: tablet_id: "1a9698a04bbf482f8864334b1303fa03" candidate_uuid: "ae5b5969428b472da5590d615a319678" candidate_term: 1 candidate_status { last_received { term: 0 index: 0 } } ignore_live_leader: false dest_uuid: "ea7ec99a19db477198b7bc46c372a881" is_pre_election: true
I20260709 14:46:22.721096  1718 raft_consensus.cc:359] T 997368a5eb4e4e4793ccfebebf7fc5e7 P ef5eb53fcba14ad990e890d914703705 [term 0 FOLLOWER]: Replica starting. Triggering 0 pending ops. Active config: opid_index: -1 OBSOLETE_local: false peers { permanent_uuid: "ef5eb53fcba14ad990e890d914703705" member_type: VOTER last_known_addr { host: "127.0.107.193" port: 38927 } } peers { permanent_uuid: "ea7ec99a19db477198b7bc46c372a881" member_type: VOTER last_known_addr { host: "127.0.107.194" port: 40907 } } peers { permanent_uuid: "ae5b5969428b472da5590d615a319678" member_type: VOTER last_known_addr { host: "127.0.107.195" port: 38431 } }
I20260709 14:46:22.721650  1718 raft_consensus.cc:385] T 997368a5eb4e4e4793ccfebebf7fc5e7 P ef5eb53fcba14ad990e890d914703705 [term 0 FOLLOWER]: Consensus starting up: Expiring failure detector timer to make a prompt election more likely
I20260709 14:46:22.721871  1718 raft_consensus.cc:740] T 997368a5eb4e4e4793ccfebebf7fc5e7 P ef5eb53fcba14ad990e890d914703705 [term 0 FOLLOWER]: Becoming Follower/Learner. State: Replica: ef5eb53fcba14ad990e890d914703705, State: Initialized, Role: FOLLOWER
I20260709 14:46:22.722352  1718 consensus_queue.cc:260] T 997368a5eb4e4e4793ccfebebf7fc5e7 P ef5eb53fcba14ad990e890d914703705 [NON_LEADER]: Queue going to NON_LEADER mode. State: All replicated index: 0, Majority replicated index: 0, Committed index: 0, Last appended: 0.0, Last appended by leader: 0, Current term: 0, Majority size: -1, State: 0, Mode: NON_LEADER, active raft config: opid_index: -1 OBSOLETE_local: false peers { permanent_uuid: "ef5eb53fcba14ad990e890d914703705" member_type: VOTER last_known_addr { host: "127.0.107.193" port: 38927 } } peers { permanent_uuid: "ea7ec99a19db477198b7bc46c372a881" member_type: VOTER last_known_addr { host: "127.0.107.194" port: 40907 } } peers { permanent_uuid: "ae5b5969428b472da5590d615a319678" member_type: VOTER last_known_addr { host: "127.0.107.195" port: 38431 } }
I20260709 14:46:22.727726  1717 tablet_bootstrap.cc:492] T 032a5ab9a516488eb8c0c6ce0db53bf3 P ae5b5969428b472da5590d615a319678: No bootstrap required, opened a new log
I20260709 14:46:22.728189  1717 ts_tablet_manager.cc:1403] T 032a5ab9a516488eb8c0c6ce0db53bf3 P ae5b5969428b472da5590d615a319678: Time spent bootstrapping tablet: real 0.414s	user 0.028s	sys 0.012s
I20260709 14:46:22.728998  1963 consensus_queue.cc:1048] T 7d89093c6f6e4c20b1c8921ec9b032fc P ef5eb53fcba14ad990e890d914703705 [LEADER]: Connected to new peer: Peer: permanent_uuid: "ae5b5969428b472da5590d615a319678" member_type: VOTER last_known_addr { host: "127.0.107.195" port: 38431 }, Status: LMP_MISMATCH, Last received: 0.0, Next index: 1, Last known committed idx: 0, Time since last communication: 0.001s
I20260709 14:46:22.732460  1718 ts_tablet_manager.cc:1434] T 997368a5eb4e4e4793ccfebebf7fc5e7 P ef5eb53fcba14ad990e890d914703705: Time spent starting tablet: real 0.091s	user 0.005s	sys 0.001s
I20260709 14:46:22.733204  1718 tablet_bootstrap.cc:492] T c1da8af6ed7d452aa656fa7da36ce6cc P ef5eb53fcba14ad990e890d914703705: Bootstrap starting.
I20260709 14:46:22.723393  1803 consensus_queue.cc:237] T 71e6c45349864b3d91f303afb5bffedf P ea7ec99a19db477198b7bc46c372a881 [LEADER]: Queue going to LEADER mode. State: All replicated index: 0, Majority replicated index: 0, Committed index: 0, Last appended: 0.0, Last appended by leader: 0, Current term: 1, Majority size: 2, State: 0, Mode: LEADER, active raft config: opid_index: -1 OBSOLETE_local: false peers { permanent_uuid: "ef5eb53fcba14ad990e890d914703705" member_type: VOTER last_known_addr { host: "127.0.107.193" port: 38927 } } peers { permanent_uuid: "ea7ec99a19db477198b7bc46c372a881" member_type: VOTER last_known_addr { host: "127.0.107.194" port: 40907 } } peers { permanent_uuid: "ae5b5969428b472da5590d615a319678" member_type: VOTER last_known_addr { host: "127.0.107.195" port: 38431 } }
I20260709 14:46:22.735757  1717 raft_consensus.cc:359] T 032a5ab9a516488eb8c0c6ce0db53bf3 P ae5b5969428b472da5590d615a319678 [term 0 FOLLOWER]: Replica starting. Triggering 0 pending ops. Active config: opid_index: -1 OBSOLETE_local: false peers { permanent_uuid: "ef5eb53fcba14ad990e890d914703705" member_type: VOTER last_known_addr { host: "127.0.107.193" port: 38927 } } peers { permanent_uuid: "ea7ec99a19db477198b7bc46c372a881" member_type: VOTER last_known_addr { host: "127.0.107.194" port: 40907 } } peers { permanent_uuid: "ae5b5969428b472da5590d615a319678" member_type: VOTER last_known_addr { host: "127.0.107.195" port: 38431 } }
W20260709 14:46:22.743397  1565 outbound_call.cc:321] RPC callback for RPC call kudu.consensus.ConsensusService.UpdateConsensus -> {remote=127.0.107.193:38927, user_credentials={real_user=slave}} blocked reactor thread for 68879.8us
I20260709 14:46:22.743891  1717 raft_consensus.cc:385] T 032a5ab9a516488eb8c0c6ce0db53bf3 P ae5b5969428b472da5590d615a319678 [term 0 FOLLOWER]: Consensus starting up: Expiring failure detector timer to make a prompt election more likely
I20260709 14:46:22.744421  1717 raft_consensus.cc:740] T 032a5ab9a516488eb8c0c6ce0db53bf3 P ae5b5969428b472da5590d615a319678 [term 0 FOLLOWER]: Becoming Follower/Learner. State: Replica: ae5b5969428b472da5590d615a319678, State: Initialized, Role: FOLLOWER
I20260709 14:46:22.753955  1717 consensus_queue.cc:260] T 032a5ab9a516488eb8c0c6ce0db53bf3 P ae5b5969428b472da5590d615a319678 [NON_LEADER]: Queue going to NON_LEADER mode. State: All replicated index: 0, Majority replicated index: 0, Committed index: 0, Last appended: 0.0, Last appended by leader: 0, Current term: 0, Majority size: -1, State: 0, Mode: NON_LEADER, active raft config: opid_index: -1 OBSOLETE_local: false peers { permanent_uuid: "ef5eb53fcba14ad990e890d914703705" member_type: VOTER last_known_addr { host: "127.0.107.193" port: 38927 } } peers { permanent_uuid: "ea7ec99a19db477198b7bc46c372a881" member_type: VOTER last_known_addr { host: "127.0.107.194" port: 40907 } } peers { permanent_uuid: "ae5b5969428b472da5590d615a319678" member_type: VOTER last_known_addr { host: "127.0.107.195" port: 38431 } }
I20260709 14:46:22.758553  1595 tablet_service.cc:1917] Received RequestConsensusVote() RPC: tablet_id: "d74ecec5a2244ba8af299e0b1352f640" candidate_uuid: "ae5b5969428b472da5590d615a319678" candidate_term: 2 candidate_status { last_received { term: 1 index: 1 } } ignore_live_leader: false dest_uuid: "ea7ec99a19db477198b7bc46c372a881" is_pre_election: true
I20260709 14:46:22.760514  1954 raft_consensus.cc:515] T a119f776dde8407ebdd9c89799ff2d09 P ea7ec99a19db477198b7bc46c372a881 [term 1 FOLLOWER]: Starting leader election with config: opid_index: -1 OBSOLETE_local: false peers { permanent_uuid: "ef5eb53fcba14ad990e890d914703705" member_type: VOTER last_known_addr { host: "127.0.107.193" port: 38927 } } peers { permanent_uuid: "ea7ec99a19db477198b7bc46c372a881" member_type: VOTER last_known_addr { host: "127.0.107.194" port: 40907 } } peers { permanent_uuid: "ae5b5969428b472da5590d615a319678" member_type: VOTER last_known_addr { host: "127.0.107.195" port: 38431 } }
I20260709 14:46:22.765007  1565 leader_election.cc:304] T 71e27ac1dc9942c5b97262ca415e16a5 P ea7ec99a19db477198b7bc46c372a881 [CANDIDATE]: Term 1 pre-election: Election decided. Result: candidate won. Election summary: received 2 responses out of 3 voters: 2 yes votes; 0 no votes. yes voters: ea7ec99a19db477198b7bc46c372a881, ef5eb53fcba14ad990e890d914703705; no voters: 
I20260709 14:46:22.752204  1668 tablet_service.cc:1917] Received RequestConsensusVote() RPC: tablet_id: "a119f776dde8407ebdd9c89799ff2d09" candidate_uuid: "ef5eb53fcba14ad990e890d914703705" candidate_term: 1 candidate_status { last_received { term: 0 index: 0 } } ignore_live_leader: false dest_uuid: "ae5b5969428b472da5590d615a319678"
I20260709 14:46:22.766268  1717 ts_tablet_manager.cc:1434] T 032a5ab9a516488eb8c0c6ce0db53bf3 P ae5b5969428b472da5590d615a319678: Time spent starting tablet: real 0.038s	user 0.005s	sys 0.003s
I20260709 14:46:22.775785  1565 leader_election.cc:304] T 4bdb987ed2d4488fa707a4e7acdf1486 P ea7ec99a19db477198b7bc46c372a881 [CANDIDATE]: Term 1 pre-election: Election decided. Result: candidate lost. Election summary: received 3 responses out of 3 voters: 1 yes votes; 2 no votes. yes voters: ea7ec99a19db477198b7bc46c372a881; no voters: ae5b5969428b472da5590d615a319678, ef5eb53fcba14ad990e890d914703705
I20260709 14:46:22.806913  1717 tablet_bootstrap.cc:492] T 61f11b3b7e604e51aaf4d15c5be731a1 P ae5b5969428b472da5590d615a319678: Bootstrap starting.
I20260709 14:46:22.800220  1969 raft_consensus.cc:2804] T 71e27ac1dc9942c5b97262ca415e16a5 P ea7ec99a19db477198b7bc46c372a881 [term 0 FOLLOWER]: Leader pre-election won for term 1
I20260709 14:46:22.800573  1854 raft_consensus.cc:493] T 997368a5eb4e4e4793ccfebebf7fc5e7 P ef5eb53fcba14ad990e890d914703705 [term 0 FOLLOWER]: Starting pre-election (no leader contacted us within the election timeout)
I20260709 14:46:22.816915  1595 raft_consensus.cc:2393] T d74ecec5a2244ba8af299e0b1352f640 P ea7ec99a19db477198b7bc46c372a881 [term 2 FOLLOWER]: Leader pre-election vote request: Denying vote to candidate ae5b5969428b472da5590d615a319678 in current term 2: Already voted for candidate ea7ec99a19db477198b7bc46c372a881 in this term.
W20260709 14:46:22.810257  1642 leader_election.cc:343] T 1a9698a04bbf482f8864334b1303fa03 P ae5b5969428b472da5590d615a319678 [CANDIDATE]: Term 1 pre-election: Tablet error from VoteRequest() call to peer ea7ec99a19db477198b7bc46c372a881 (127.0.107.194:40907): Illegal state: must be running to vote when last-logged opid is not known
I20260709 14:46:22.814936  1602 raft_consensus.cc:2393] T a119f776dde8407ebdd9c89799ff2d09 P ea7ec99a19db477198b7bc46c372a881 [term 1 FOLLOWER]: Leader pre-election vote request: Denying vote to candidate ef5eb53fcba14ad990e890d914703705 in current term 1: Already voted for candidate ea7ec99a19db477198b7bc46c372a881 in this term.
I20260709 14:46:22.817734  1668 raft_consensus.cc:3060] T a119f776dde8407ebdd9c89799ff2d09 P ae5b5969428b472da5590d615a319678 [term 0 FOLLOWER]: Advancing to term 1
I20260709 14:46:22.843170  1969 raft_consensus.cc:493] T 71e27ac1dc9942c5b97262ca415e16a5 P ea7ec99a19db477198b7bc46c372a881 [term 0 FOLLOWER]: Starting leader election (no leader contacted us within the election timeout)
I20260709 14:46:22.856336  1969 raft_consensus.cc:3060] T 71e27ac1dc9942c5b97262ca415e16a5 P ea7ec99a19db477198b7bc46c372a881 [term 0 FOLLOWER]: Advancing to term 1
I20260709 14:46:22.818938  1672 raft_consensus.cc:2468] T 997368a5eb4e4e4793ccfebebf7fc5e7 P ae5b5969428b472da5590d615a319678 [term 1 FOLLOWER]: Leader election vote request: Granting yes vote for candidate ea7ec99a19db477198b7bc46c372a881 in term 1.
I20260709 14:46:22.804562  1972 consensus_queue.cc:1048] T b362453da5e34423a07e8941d3aba4cc P ea7ec99a19db477198b7bc46c372a881 [LEADER]: Connected to new peer: Peer: permanent_uuid: "ae5b5969428b472da5590d615a319678" member_type: VOTER last_known_addr { host: "127.0.107.195" port: 38431 }, Status: LMP_MISMATCH, Last received: 0.0, Next index: 1, Last known committed idx: 0, Time since last communication: 0.085s
I20260709 14:46:22.832736  1854 raft_consensus.cc:515] T 997368a5eb4e4e4793ccfebebf7fc5e7 P ef5eb53fcba14ad990e890d914703705 [term 0 FOLLOWER]: Starting pre-election with config: opid_index: -1 OBSOLETE_local: false peers { permanent_uuid: "ef5eb53fcba14ad990e890d914703705" member_type: VOTER last_known_addr { host: "127.0.107.193" port: 38927 } } peers { permanent_uuid: "ea7ec99a19db477198b7bc46c372a881" member_type: VOTER last_known_addr { host: "127.0.107.194" port: 40907 } } peers { permanent_uuid: "ae5b5969428b472da5590d615a319678" member_type: VOTER last_known_addr { host: "127.0.107.195" port: 38431 } }
I20260709 14:46:22.874568  1717 tablet_bootstrap.cc:654] T 61f11b3b7e604e51aaf4d15c5be731a1 P ae5b5969428b472da5590d615a319678: Neither blocks nor log segments found. Creating new log.
I20260709 14:46:22.871191  1887 raft_consensus.cc:515] T 71e27ac1dc9942c5b97262ca415e16a5 P ae5b5969428b472da5590d615a319678 [term 1 FOLLOWER]: Starting leader election with config: opid_index: -1 OBSOLETE_local: false peers { permanent_uuid: "ef5eb53fcba14ad990e890d914703705" member_type: VOTER last_known_addr { host: "127.0.107.193" port: 38927 } } peers { permanent_uuid: "ea7ec99a19db477198b7bc46c372a881" member_type: VOTER last_known_addr { host: "127.0.107.194" port: 40907 } } peers { permanent_uuid: "ae5b5969428b472da5590d615a319678" member_type: VOTER last_known_addr { host: "127.0.107.195" port: 38431 } }
I20260709 14:46:22.904081  1670 raft_consensus.cc:2393] T 71e27ac1dc9942c5b97262ca415e16a5 P ae5b5969428b472da5590d615a319678 [term 1 FOLLOWER]: Leader pre-election vote request: Denying vote to candidate ea7ec99a19db477198b7bc46c372a881 in current term 1: Already voted for candidate ae5b5969428b472da5590d615a319678 in this term.
I20260709 14:46:22.904559  1960 raft_consensus.cc:493] T d74ecec5a2244ba8af299e0b1352f640 P ef5eb53fcba14ad990e890d914703705 [term 2 FOLLOWER]: Starting pre-election (no leader contacted us within the election timeout)
I20260709 14:46:22.908150  1718 tablet_bootstrap.cc:654] T c1da8af6ed7d452aa656fa7da36ce6cc P ef5eb53fcba14ad990e890d914703705: Neither blocks nor log segments found. Creating new log.
I20260709 14:46:22.907878  1960 raft_consensus.cc:515] T d74ecec5a2244ba8af299e0b1352f640 P ef5eb53fcba14ad990e890d914703705 [term 2 FOLLOWER]: Starting pre-election with config: opid_index: -1 OBSOLETE_local: false peers { permanent_uuid: "ef5eb53fcba14ad990e890d914703705" member_type: VOTER last_known_addr { host: "127.0.107.193" port: 38927 } } peers { permanent_uuid: "ea7ec99a19db477198b7bc46c372a881" member_type: VOTER last_known_addr { host: "127.0.107.194" port: 40907 } } peers { permanent_uuid: "ae5b5969428b472da5590d615a319678" member_type: VOTER last_known_addr { host: "127.0.107.195" port: 38431 } }
I20260709 14:46:22.906533  1887 leader_election.cc:290] T 71e27ac1dc9942c5b97262ca415e16a5 P ae5b5969428b472da5590d615a319678 [CANDIDATE]: Term 1 election: Requested vote from peers ef5eb53fcba14ad990e890d914703705 (127.0.107.193:38927), ea7ec99a19db477198b7bc46c372a881 (127.0.107.194:40907)
I20260709 14:46:22.906826  1954 leader_election.cc:290] T a119f776dde8407ebdd9c89799ff2d09 P ea7ec99a19db477198b7bc46c372a881 [CANDIDATE]: Term 1 election: Requested vote from peers ef5eb53fcba14ad990e890d914703705 (127.0.107.193:38927), ae5b5969428b472da5590d615a319678 (127.0.107.195:38431)
I20260709 14:46:22.911384  1960 leader_election.cc:290] T d74ecec5a2244ba8af299e0b1352f640 P ef5eb53fcba14ad990e890d914703705 [CANDIDATE]: Term 3 pre-election: Requested pre-vote from peers ea7ec99a19db477198b7bc46c372a881 (127.0.107.194:40907), ae5b5969428b472da5590d615a319678 (127.0.107.195:38431)
I20260709 14:46:22.914443  1597 tablet_service.cc:1917] Received RequestConsensusVote() RPC: tablet_id: "71e27ac1dc9942c5b97262ca415e16a5" candidate_uuid: "ae5b5969428b472da5590d615a319678" candidate_term: 1 candidate_status { last_received { term: 0 index: 0 } } ignore_live_leader: false dest_uuid: "ea7ec99a19db477198b7bc46c372a881"
I20260709 14:46:22.901644  1974 raft_consensus.cc:2749] T 4bdb987ed2d4488fa707a4e7acdf1486 P ea7ec99a19db477198b7bc46c372a881 [term 1 FOLLOWER]: Leader pre-election lost for term 1. Reason: could not achieve majority
I20260709 14:46:22.938745  1854 leader_election.cc:290] T 997368a5eb4e4e4793ccfebebf7fc5e7 P ef5eb53fcba14ad990e890d914703705 [CANDIDATE]: Term 1 pre-election: Requested pre-vote from peers ea7ec99a19db477198b7bc46c372a881 (127.0.107.194:40907), ae5b5969428b472da5590d615a319678 (127.0.107.195:38431)
I20260709 14:46:22.961616  1668 raft_consensus.cc:2468] T a119f776dde8407ebdd9c89799ff2d09 P ae5b5969428b472da5590d615a319678 [term 1 FOLLOWER]: Leader election vote request: Granting yes vote for candidate ef5eb53fcba14ad990e890d914703705 in term 1.
I20260709 14:46:22.965224  1717 tablet_bootstrap.cc:492] T 61f11b3b7e604e51aaf4d15c5be731a1 P ae5b5969428b472da5590d615a319678: No bootstrap required, opened a new log
I20260709 14:46:22.965878  1717 ts_tablet_manager.cc:1403] T 61f11b3b7e604e51aaf4d15c5be731a1 P ae5b5969428b472da5590d615a319678: Time spent bootstrapping tablet: real 0.159s	user 0.015s	sys 0.007s
I20260709 14:46:22.967988  1524 raft_consensus.cc:3060] T 997368a5eb4e4e4793ccfebebf7fc5e7 P ef5eb53fcba14ad990e890d914703705 [term 0 FOLLOWER]: Advancing to term 1
I20260709 14:46:22.963063  1969 raft_consensus.cc:515] T 71e27ac1dc9942c5b97262ca415e16a5 P ea7ec99a19db477198b7bc46c372a881 [term 1 FOLLOWER]: Starting leader election with config: opid_index: -1 OBSOLETE_local: false peers { permanent_uuid: "ef5eb53fcba14ad990e890d914703705" member_type: VOTER last_known_addr { host: "127.0.107.193" port: 38927 } } peers { permanent_uuid: "ea7ec99a19db477198b7bc46c372a881" member_type: VOTER last_known_addr { host: "127.0.107.194" port: 40907 } } peers { permanent_uuid: "ae5b5969428b472da5590d615a319678" member_type: VOTER last_known_addr { host: "127.0.107.195" port: 38431 } }
I20260709 14:46:22.976172  1718 tablet_bootstrap.cc:492] T c1da8af6ed7d452aa656fa7da36ce6cc P ef5eb53fcba14ad990e890d914703705: No bootstrap required, opened a new log
I20260709 14:46:22.976626  1718 ts_tablet_manager.cc:1403] T c1da8af6ed7d452aa656fa7da36ce6cc P ef5eb53fcba14ad990e890d914703705: Time spent bootstrapping tablet: real 0.244s	user 0.015s	sys 0.007s
I20260709 14:46:22.980446  1524 raft_consensus.cc:2468] T 997368a5eb4e4e4793ccfebebf7fc5e7 P ef5eb53fcba14ad990e890d914703705 [term 1 FOLLOWER]: Leader election vote request: Granting yes vote for candidate ea7ec99a19db477198b7bc46c372a881 in term 1.
I20260709 14:46:22.981191  1718 raft_consensus.cc:359] T c1da8af6ed7d452aa656fa7da36ce6cc P ef5eb53fcba14ad990e890d914703705 [term 0 FOLLOWER]: Replica starting. Triggering 0 pending ops. Active config: opid_index: -1 OBSOLETE_local: false peers { permanent_uuid: "ef5eb53fcba14ad990e890d914703705" member_type: VOTER last_known_addr { host: "127.0.107.193" port: 38927 } } peers { permanent_uuid: "ea7ec99a19db477198b7bc46c372a881" member_type: VOTER last_known_addr { host: "127.0.107.194" port: 40907 } } peers { permanent_uuid: "ae5b5969428b472da5590d615a319678" member_type: VOTER last_known_addr { host: "127.0.107.195" port: 38431 } }
I20260709 14:46:22.981812  1718 raft_consensus.cc:385] T c1da8af6ed7d452aa656fa7da36ce6cc P ef5eb53fcba14ad990e890d914703705 [term 0 FOLLOWER]: Consensus starting up: Expiring failure detector timer to make a prompt election more likely
I20260709 14:46:22.982052  1718 raft_consensus.cc:740] T c1da8af6ed7d452aa656fa7da36ce6cc P ef5eb53fcba14ad990e890d914703705 [term 0 FOLLOWER]: Becoming Follower/Learner. State: Replica: ef5eb53fcba14ad990e890d914703705, State: Initialized, Role: FOLLOWER
I20260709 14:46:22.982611  1718 consensus_queue.cc:260] T c1da8af6ed7d452aa656fa7da36ce6cc P ef5eb53fcba14ad990e890d914703705 [NON_LEADER]: Queue going to NON_LEADER mode. State: All replicated index: 0, Majority replicated index: 0, Committed index: 0, Last appended: 0.0, Last appended by leader: 0, Current term: 0, Majority size: -1, State: 0, Mode: NON_LEADER, active raft config: opid_index: -1 OBSOLETE_local: false peers { permanent_uuid: "ef5eb53fcba14ad990e890d914703705" member_type: VOTER last_known_addr { host: "127.0.107.193" port: 38927 } } peers { permanent_uuid: "ea7ec99a19db477198b7bc46c372a881" member_type: VOTER last_known_addr { host: "127.0.107.194" port: 40907 } } peers { permanent_uuid: "ae5b5969428b472da5590d615a319678" member_type: VOTER last_known_addr { host: "127.0.107.195" port: 38431 } }
I20260709 14:46:22.984246  1718 ts_tablet_manager.cc:1434] T c1da8af6ed7d452aa656fa7da36ce6cc P ef5eb53fcba14ad990e890d914703705: Time spent starting tablet: real 0.007s	user 0.006s	sys 0.000s
I20260709 14:46:22.984319  1597 raft_consensus.cc:2393] T 71e27ac1dc9942c5b97262ca415e16a5 P ea7ec99a19db477198b7bc46c372a881 [term 1 FOLLOWER]: Leader election vote request: Denying vote to candidate ae5b5969428b472da5590d615a319678 in current term 1: Already voted for candidate ea7ec99a19db477198b7bc46c372a881 in this term.
I20260709 14:46:22.985219  1718 tablet_bootstrap.cc:492] T 7c469f8b73c042a98edf187b32548296 P ef5eb53fcba14ad990e890d914703705: Bootstrap starting.
I20260709 14:46:22.988041  1717 raft_consensus.cc:359] T 61f11b3b7e604e51aaf4d15c5be731a1 P ae5b5969428b472da5590d615a319678 [term 0 FOLLOWER]: Replica starting. Triggering 0 pending ops. Active config: opid_index: -1 OBSOLETE_local: false peers { permanent_uuid: "ef5eb53fcba14ad990e890d914703705" member_type: VOTER last_known_addr { host: "127.0.107.193" port: 38927 } } peers { permanent_uuid: "ea7ec99a19db477198b7bc46c372a881" member_type: VOTER last_known_addr { host: "127.0.107.194" port: 40907 } } peers { permanent_uuid: "ae5b5969428b472da5590d615a319678" member_type: VOTER last_known_addr { host: "127.0.107.195" port: 38431 } }
I20260709 14:46:22.988709  1717 raft_consensus.cc:385] T 61f11b3b7e604e51aaf4d15c5be731a1 P ae5b5969428b472da5590d615a319678 [term 0 FOLLOWER]: Consensus starting up: Expiring failure detector timer to make a prompt election more likely
I20260709 14:46:22.988966  1717 raft_consensus.cc:740] T 61f11b3b7e604e51aaf4d15c5be731a1 P ae5b5969428b472da5590d615a319678 [term 0 FOLLOWER]: Becoming Follower/Learner. State: Replica: ae5b5969428b472da5590d615a319678, State: Initialized, Role: FOLLOWER
I20260709 14:46:22.989589  1717 consensus_queue.cc:260] T 61f11b3b7e604e51aaf4d15c5be731a1 P ae5b5969428b472da5590d615a319678 [NON_LEADER]: Queue going to NON_LEADER mode. State: All replicated index: 0, Majority replicated index: 0, Committed index: 0, Last appended: 0.0, Last appended by leader: 0, Current term: 0, Majority size: -1, State: 0, Mode: NON_LEADER, active raft config: opid_index: -1 OBSOLETE_local: false peers { permanent_uuid: "ef5eb53fcba14ad990e890d914703705" member_type: VOTER last_known_addr { host: "127.0.107.193" port: 38927 } } peers { permanent_uuid: "ea7ec99a19db477198b7bc46c372a881" member_type: VOTER last_known_addr { host: "127.0.107.194" port: 40907 } } peers { permanent_uuid: "ae5b5969428b472da5590d615a319678" member_type: VOTER last_known_addr { host: "127.0.107.195" port: 38431 } }
I20260709 14:46:22.991739  1717 ts_tablet_manager.cc:1434] T 61f11b3b7e604e51aaf4d15c5be731a1 P ae5b5969428b472da5590d615a319678: Time spent starting tablet: real 0.025s	user 0.006s	sys 0.000s
I20260709 14:46:22.991945  1718 tablet_bootstrap.cc:654] T 7c469f8b73c042a98edf187b32548296 P ef5eb53fcba14ad990e890d914703705: Neither blocks nor log segments found. Creating new log.
I20260709 14:46:22.992714  1674 tablet_service.cc:1917] Received RequestConsensusVote() RPC: tablet_id: "d74ecec5a2244ba8af299e0b1352f640" candidate_uuid: "ef5eb53fcba14ad990e890d914703705" candidate_term: 3 candidate_status { last_received { term: 1 index: 1 } } ignore_live_leader: false dest_uuid: "ae5b5969428b472da5590d615a319678" is_pre_election: true
I20260709 14:46:22.993074  1717 tablet_bootstrap.cc:492] T 9b4efe55d9754bffaef2e973e3735c9c P ae5b5969428b472da5590d615a319678: Bootstrap starting.
I20260709 14:46:22.993290  1674 raft_consensus.cc:2468] T d74ecec5a2244ba8af299e0b1352f640 P ae5b5969428b472da5590d615a319678 [term 1 FOLLOWER]: Leader pre-election vote request: Granting yes vote for candidate ef5eb53fcba14ad990e890d914703705 in term 1.
I20260709 14:46:22.994270  1672 tablet_service.cc:1917] Received RequestConsensusVote() RPC: tablet_id: "997368a5eb4e4e4793ccfebebf7fc5e7" candidate_uuid: "ef5eb53fcba14ad990e890d914703705" candidate_term: 1 candidate_status { last_received { term: 0 index: 0 } } ignore_live_leader: false dest_uuid: "ae5b5969428b472da5590d615a319678" is_pre_election: true
I20260709 14:46:22.994978  1672 raft_consensus.cc:2393] T 997368a5eb4e4e4793ccfebebf7fc5e7 P ae5b5969428b472da5590d615a319678 [term 1 FOLLOWER]: Leader pre-election vote request: Denying vote to candidate ef5eb53fcba14ad990e890d914703705 in current term 1: Already voted for candidate ea7ec99a19db477198b7bc46c372a881 in this term.
I20260709 14:46:22.999125  1718 tablet_bootstrap.cc:492] T 7c469f8b73c042a98edf187b32548296 P ef5eb53fcba14ad990e890d914703705: No bootstrap required, opened a new log
I20260709 14:46:22.999645  1718 ts_tablet_manager.cc:1403] T 7c469f8b73c042a98edf187b32548296 P ef5eb53fcba14ad990e890d914703705: Time spent bootstrapping tablet: real 0.015s	user 0.009s	sys 0.002s
W20260709 14:46:23.000679  1639 outbound_call.cc:321] RPC callback for RPC call kudu.consensus.ConsensusService.RequestConsensusVote -> {remote=127.0.107.193:38927, user_credentials={real_user=slave}} blocked reactor thread for 400124us
I20260709 14:46:23.004357  1716 tablet_bootstrap.cc:492] T c1da8af6ed7d452aa656fa7da36ce6cc P ea7ec99a19db477198b7bc46c372a881: Bootstrap starting.
I20260709 14:46:23.009079  1521 tablet_service.cc:1917] Received RequestConsensusVote() RPC: tablet_id: "a119f776dde8407ebdd9c89799ff2d09" candidate_uuid: "ea7ec99a19db477198b7bc46c372a881" candidate_term: 1 candidate_status { last_received { term: 0 index: 0 } } ignore_live_leader: false dest_uuid: "ef5eb53fcba14ad990e890d914703705"
I20260709 14:46:23.009871  1521 raft_consensus.cc:2393] T a119f776dde8407ebdd9c89799ff2d09 P ef5eb53fcba14ad990e890d914703705 [term 1 FOLLOWER]: Leader election vote request: Denying vote to candidate ea7ec99a19db477198b7bc46c372a881 in current term 1: Already voted for candidate ef5eb53fcba14ad990e890d914703705 in this term.
I20260709 14:46:23.011555  1523 tablet_service.cc:1917] Received RequestConsensusVote() RPC: tablet_id: "71e27ac1dc9942c5b97262ca415e16a5" candidate_uuid: "ea7ec99a19db477198b7bc46c372a881" candidate_term: 1 candidate_status { last_received { term: 0 index: 0 } } ignore_live_leader: false dest_uuid: "ef5eb53fcba14ad990e890d914703705"
I20260709 14:46:23.012171  1523 raft_consensus.cc:3060] T 71e27ac1dc9942c5b97262ca415e16a5 P ef5eb53fcba14ad990e890d914703705 [term 0 FOLLOWER]: Advancing to term 1
I20260709 14:46:23.007017  1565 leader_election.cc:304] T 997368a5eb4e4e4793ccfebebf7fc5e7 P ea7ec99a19db477198b7bc46c372a881 [CANDIDATE]: Term 1 election: Election decided. Result: candidate won. Election summary: received 2 responses out of 3 voters: 2 yes votes; 0 no votes. yes voters: ea7ec99a19db477198b7bc46c372a881, ef5eb53fcba14ad990e890d914703705; no voters: 
I20260709 14:46:23.013311  1803 raft_consensus.cc:2804] T 997368a5eb4e4e4793ccfebebf7fc5e7 P ea7ec99a19db477198b7bc46c372a881 [term 1 FOLLOWER]: Leader election won for term 1
I20260709 14:46:23.013746  1803 raft_consensus.cc:697] T 997368a5eb4e4e4793ccfebebf7fc5e7 P ea7ec99a19db477198b7bc46c372a881 [term 1 LEADER]: Becoming Leader. State: Replica: ea7ec99a19db477198b7bc46c372a881, State: Running, Role: LEADER
I20260709 14:46:23.013969  1676 tablet_service.cc:1917] Received RequestConsensusVote() RPC: tablet_id: "a119f776dde8407ebdd9c89799ff2d09" candidate_uuid: "ea7ec99a19db477198b7bc46c372a881" candidate_term: 1 candidate_status { last_received { term: 0 index: 0 } } ignore_live_leader: false dest_uuid: "ae5b5969428b472da5590d615a319678"
I20260709 14:46:23.014606  1676 raft_consensus.cc:2393] T a119f776dde8407ebdd9c89799ff2d09 P ae5b5969428b472da5590d615a319678 [term 1 FOLLOWER]: Leader election vote request: Denying vote to candidate ea7ec99a19db477198b7bc46c372a881 in current term 1: Already voted for candidate ef5eb53fcba14ad990e890d914703705 in this term.
I20260709 14:46:23.014514  1803 consensus_queue.cc:237] T 997368a5eb4e4e4793ccfebebf7fc5e7 P ea7ec99a19db477198b7bc46c372a881 [LEADER]: Queue going to LEADER mode. State: All replicated index: 0, Majority replicated index: 0, Committed index: 0, Last appended: 0.0, Last appended by leader: 0, Current term: 1, Majority size: 2, State: 0, Mode: LEADER, active raft config: opid_index: -1 OBSOLETE_local: false peers { permanent_uuid: "ef5eb53fcba14ad990e890d914703705" member_type: VOTER last_known_addr { host: "127.0.107.193" port: 38927 } } peers { permanent_uuid: "ea7ec99a19db477198b7bc46c372a881" member_type: VOTER last_known_addr { host: "127.0.107.194" port: 40907 } } peers { permanent_uuid: "ae5b5969428b472da5590d615a319678" member_type: VOTER last_known_addr { host: "127.0.107.195" port: 38431 } }
I20260709 14:46:23.017330  1674 tablet_service.cc:1917] Received RequestConsensusVote() RPC: tablet_id: "71e27ac1dc9942c5b97262ca415e16a5" candidate_uuid: "ea7ec99a19db477198b7bc46c372a881" candidate_term: 1 candidate_status { last_received { term: 0 index: 0 } } ignore_live_leader: false dest_uuid: "ae5b5969428b472da5590d615a319678"
I20260709 14:46:23.018204  1674 raft_consensus.cc:2393] T 71e27ac1dc9942c5b97262ca415e16a5 P ae5b5969428b472da5590d615a319678 [term 1 FOLLOWER]: Leader election vote request: Denying vote to candidate ea7ec99a19db477198b7bc46c372a881 in current term 1: Already voted for candidate ae5b5969428b472da5590d615a319678 in this term.
I20260709 14:46:23.021677  1594 tablet_service.cc:1917] Received RequestConsensusVote() RPC: tablet_id: "d74ecec5a2244ba8af299e0b1352f640" candidate_uuid: "ef5eb53fcba14ad990e890d914703705" candidate_term: 3 candidate_status { last_received { term: 1 index: 1 } } ignore_live_leader: false dest_uuid: "ea7ec99a19db477198b7bc46c372a881" is_pre_election: true
I20260709 14:46:23.022326  1594 raft_consensus.cc:2468] T d74ecec5a2244ba8af299e0b1352f640 P ea7ec99a19db477198b7bc46c372a881 [term 2 FOLLOWER]: Leader pre-election vote request: Granting yes vote for candidate ef5eb53fcba14ad990e890d914703705 in term 2.
I20260709 14:46:23.008641  1968 consensus_queue.cc:1048] T 6932086fa0214153b6884dca70e247a8 P ea7ec99a19db477198b7bc46c372a881 [LEADER]: Connected to new peer: Peer: permanent_uuid: "ef5eb53fcba14ad990e890d914703705" member_type: VOTER last_known_addr { host: "127.0.107.193" port: 38927 }, Status: LMP_MISMATCH, Last received: 0.0, Next index: 1, Last known committed idx: 0, Time since last communication: 0.014s
I20260709 14:46:23.025919  1594 tablet_service.cc:1917] Received RequestConsensusVote() RPC: tablet_id: "997368a5eb4e4e4793ccfebebf7fc5e7" candidate_uuid: "ef5eb53fcba14ad990e890d914703705" candidate_term: 1 candidate_status { last_received { term: 0 index: 0 } } ignore_live_leader: false dest_uuid: "ea7ec99a19db477198b7bc46c372a881" is_pre_election: true
I20260709 14:46:23.029805  1718 raft_consensus.cc:359] T 7c469f8b73c042a98edf187b32548296 P ef5eb53fcba14ad990e890d914703705 [term 0 FOLLOWER]: Replica starting. Triggering 0 pending ops. Active config: opid_index: -1 OBSOLETE_local: false peers { permanent_uuid: "ef5eb53fcba14ad990e890d914703705" member_type: VOTER last_known_addr { host: "127.0.107.193" port: 38927 } } peers { permanent_uuid: "ea7ec99a19db477198b7bc46c372a881" member_type: VOTER last_known_addr { host: "127.0.107.194" port: 40907 } } peers { permanent_uuid: "ae5b5969428b472da5590d615a319678" member_type: VOTER last_known_addr { host: "127.0.107.195" port: 38431 } }
I20260709 14:46:23.031970  1718 raft_consensus.cc:385] T 7c469f8b73c042a98edf187b32548296 P ef5eb53fcba14ad990e890d914703705 [term 0 FOLLOWER]: Consensus starting up: Expiring failure detector timer to make a prompt election more likely
I20260709 14:46:23.032246  1718 raft_consensus.cc:740] T 7c469f8b73c042a98edf187b32548296 P ef5eb53fcba14ad990e890d914703705 [term 0 FOLLOWER]: Becoming Follower/Learner. State: Replica: ef5eb53fcba14ad990e890d914703705, State: Initialized, Role: FOLLOWER
I20260709 14:46:23.033296  1718 consensus_queue.cc:260] T 7c469f8b73c042a98edf187b32548296 P ef5eb53fcba14ad990e890d914703705 [NON_LEADER]: Queue going to NON_LEADER mode. State: All replicated index: 0, Majority replicated index: 0, Committed index: 0, Last appended: 0.0, Last appended by leader: 0, Current term: 0, Majority size: -1, State: 0, Mode: NON_LEADER, active raft config: opid_index: -1 OBSOLETE_local: false peers { permanent_uuid: "ef5eb53fcba14ad990e890d914703705" member_type: VOTER last_known_addr { host: "127.0.107.193" port: 38927 } } peers { permanent_uuid: "ea7ec99a19db477198b7bc46c372a881" member_type: VOTER last_known_addr { host: "127.0.107.194" port: 40907 } } peers { permanent_uuid: "ae5b5969428b472da5590d615a319678" member_type: VOTER last_known_addr { host: "127.0.107.195" port: 38431 } }
I20260709 14:46:23.030757  1851 consensus_queue.cc:1048] T 4bdb987ed2d4488fa707a4e7acdf1486 P ef5eb53fcba14ad990e890d914703705 [LEADER]: Connected to new peer: Peer: permanent_uuid: "ea7ec99a19db477198b7bc46c372a881" member_type: VOTER last_known_addr { host: "127.0.107.194" port: 40907 }, Status: LMP_MISMATCH, Last received: 0.0, Next index: 1, Last known committed idx: 0, Time since last communication: 0.003s
I20260709 14:46:23.035775  1718 ts_tablet_manager.cc:1434] T 7c469f8b73c042a98edf187b32548296 P ef5eb53fcba14ad990e890d914703705: Time spent starting tablet: real 0.036s	user 0.003s	sys 0.005s
I20260709 14:46:23.036401  1968 raft_consensus.cc:493] T 7314d34dfbd04de6ac93e9a9d2e297fc P ea7ec99a19db477198b7bc46c372a881 [term 0 FOLLOWER]: Starting pre-election (no leader contacted us within the election timeout)
I20260709 14:46:23.037083  1968 raft_consensus.cc:515] T 7314d34dfbd04de6ac93e9a9d2e297fc P ea7ec99a19db477198b7bc46c372a881 [term 0 FOLLOWER]: Starting pre-election with config: opid_index: -1 OBSOLETE_local: false peers { permanent_uuid: "ef5eb53fcba14ad990e890d914703705" member_type: VOTER last_known_addr { host: "127.0.107.193" port: 38927 } } peers { permanent_uuid: "ea7ec99a19db477198b7bc46c372a881" member_type: VOTER last_known_addr { host: "127.0.107.194" port: 40907 } } peers { permanent_uuid: "ae5b5969428b472da5590d615a319678" member_type: VOTER last_known_addr { host: "127.0.107.195" port: 38431 } }
I20260709 14:46:23.037695  1718 tablet_bootstrap.cc:492] T 8a4e22da2ba44e54b474639f6af55730 P ef5eb53fcba14ad990e890d914703705: Bootstrap starting.
I20260709 14:46:22.988013  1969 leader_election.cc:290] T 71e27ac1dc9942c5b97262ca415e16a5 P ea7ec99a19db477198b7bc46c372a881 [CANDIDATE]: Term 1 election: Requested vote from peers ef5eb53fcba14ad990e890d914703705 (127.0.107.193:38927), ae5b5969428b472da5590d615a319678 (127.0.107.195:38431)
I20260709 14:46:23.039075  1520 tablet_service.cc:1917] Received RequestConsensusVote() RPC: tablet_id: "7c469f8b73c042a98edf187b32548296" candidate_uuid: "ae5b5969428b472da5590d615a319678" candidate_term: 1 candidate_status { last_received { term: 0 index: 0 } } ignore_live_leader: false dest_uuid: "ef5eb53fcba14ad990e890d914703705" is_pre_election: true
I20260709 14:46:23.039798  1520 raft_consensus.cc:2468] T 7c469f8b73c042a98edf187b32548296 P ef5eb53fcba14ad990e890d914703705 [term 0 FOLLOWER]: Leader pre-election vote request: Granting yes vote for candidate ae5b5969428b472da5590d615a319678 in term 0.
I20260709 14:46:23.033854  1490 leader_election.cc:304] T 1a9698a04bbf482f8864334b1303fa03 P ef5eb53fcba14ad990e890d914703705 [CANDIDATE]: Term 1 pre-election: Election decided. Result: candidate won. Election summary: received 3 responses out of 3 voters: 2 yes votes; 1 no votes. yes voters: ae5b5969428b472da5590d615a319678, ef5eb53fcba14ad990e890d914703705; no voters: ea7ec99a19db477198b7bc46c372a881
I20260709 14:46:23.041587  1851 raft_consensus.cc:2804] T 1a9698a04bbf482f8864334b1303fa03 P ef5eb53fcba14ad990e890d914703705 [term 0 FOLLOWER]: Leader pre-election won for term 1
I20260709 14:46:23.041941  1851 raft_consensus.cc:493] T 1a9698a04bbf482f8864334b1303fa03 P ef5eb53fcba14ad990e890d914703705 [term 0 FOLLOWER]: Starting leader election (no leader contacted us within the election timeout)
I20260709 14:46:23.042266  1851 raft_consensus.cc:3060] T 1a9698a04bbf482f8864334b1303fa03 P ef5eb53fcba14ad990e890d914703705 [term 0 FOLLOWER]: Advancing to term 1
I20260709 14:46:23.046042  1718 tablet_bootstrap.cc:654] T 8a4e22da2ba44e54b474639f6af55730 P ef5eb53fcba14ad990e890d914703705: Neither blocks nor log segments found. Creating new log.
I20260709 14:46:23.048530  1521 tablet_service.cc:1917] Received RequestConsensusVote() RPC: tablet_id: "1a9698a04bbf482f8864334b1303fa03" candidate_uuid: "ae5b5969428b472da5590d615a319678" candidate_term: 1 candidate_status { last_received { term: 0 index: 0 } } ignore_live_leader: false dest_uuid: "ef5eb53fcba14ad990e890d914703705" is_pre_election: true
I20260709 14:46:23.050290  1524 tablet_service.cc:1917] Received RequestConsensusVote() RPC: tablet_id: "d74ecec5a2244ba8af299e0b1352f640" candidate_uuid: "ae5b5969428b472da5590d615a319678" candidate_term: 2 candidate_status { last_received { term: 1 index: 1 } } ignore_live_leader: false dest_uuid: "ef5eb53fcba14ad990e890d914703705" is_pre_election: true
I20260709 14:46:23.050089  1523 raft_consensus.cc:2468] T 71e27ac1dc9942c5b97262ca415e16a5 P ef5eb53fcba14ad990e890d914703705 [term 1 FOLLOWER]: Leader election vote request: Granting yes vote for candidate ea7ec99a19db477198b7bc46c372a881 in term 1.
I20260709 14:46:23.050896  1524 raft_consensus.cc:2468] T d74ecec5a2244ba8af299e0b1352f640 P ef5eb53fcba14ad990e890d914703705 [term 2 FOLLOWER]: Leader pre-election vote request: Granting yes vote for candidate ae5b5969428b472da5590d615a319678 in term 2.
I20260709 14:46:23.056430  1490 leader_election.cc:304] T a119f776dde8407ebdd9c89799ff2d09 P ef5eb53fcba14ad990e890d914703705 [CANDIDATE]: Term 1 election: Election decided. Result: candidate won. Election summary: received 3 responses out of 3 voters: 2 yes votes; 1 no votes. yes voters: ae5b5969428b472da5590d615a319678, ef5eb53fcba14ad990e890d914703705; no voters: ea7ec99a19db477198b7bc46c372a881
I20260709 14:46:23.058182  1716 tablet_bootstrap.cc:654] T c1da8af6ed7d452aa656fa7da36ce6cc P ea7ec99a19db477198b7bc46c372a881: Neither blocks nor log segments found. Creating new log.
I20260709 14:46:23.060240  1718 tablet_bootstrap.cc:492] T 8a4e22da2ba44e54b474639f6af55730 P ef5eb53fcba14ad990e890d914703705: No bootstrap required, opened a new log
I20260709 14:46:23.060719  1718 ts_tablet_manager.cc:1403] T 8a4e22da2ba44e54b474639f6af55730 P ef5eb53fcba14ad990e890d914703705: Time spent bootstrapping tablet: real 0.023s	user 0.009s	sys 0.010s
I20260709 14:46:23.061564  1717 tablet_bootstrap.cc:654] T 9b4efe55d9754bffaef2e973e3735c9c P ae5b5969428b472da5590d615a319678: Neither blocks nor log segments found. Creating new log.
I20260709 14:46:23.064946  1525 tablet_service.cc:1917] Received RequestConsensusVote() RPC: tablet_id: "71e27ac1dc9942c5b97262ca415e16a5" candidate_uuid: "ae5b5969428b472da5590d615a319678" candidate_term: 1 candidate_status { last_received { term: 0 index: 0 } } ignore_live_leader: false dest_uuid: "ef5eb53fcba14ad990e890d914703705"
I20260709 14:46:23.065724  1525 raft_consensus.cc:2393] T 71e27ac1dc9942c5b97262ca415e16a5 P ef5eb53fcba14ad990e890d914703705 [term 1 FOLLOWER]: Leader election vote request: Denying vote to candidate ae5b5969428b472da5590d615a319678 in current term 1: Already voted for candidate ea7ec99a19db477198b7bc46c372a881 in this term.
I20260709 14:46:23.069330  1960 raft_consensus.cc:2804] T a119f776dde8407ebdd9c89799ff2d09 P ef5eb53fcba14ad990e890d914703705 [term 1 FOLLOWER]: Leader election won for term 1
I20260709 14:46:23.069806  1960 raft_consensus.cc:697] T a119f776dde8407ebdd9c89799ff2d09 P ef5eb53fcba14ad990e890d914703705 [term 1 LEADER]: Becoming Leader. State: Replica: ef5eb53fcba14ad990e890d914703705, State: Running, Role: LEADER
I20260709 14:46:23.070469  1718 raft_consensus.cc:359] T 8a4e22da2ba44e54b474639f6af55730 P ef5eb53fcba14ad990e890d914703705 [term 0 FOLLOWER]: Replica starting. Triggering 0 pending ops. Active config: opid_index: -1 OBSOLETE_local: false peers { permanent_uuid: "ef5eb53fcba14ad990e890d914703705" member_type: VOTER last_known_addr { host: "127.0.107.193" port: 38927 } } peers { permanent_uuid: "ea7ec99a19db477198b7bc46c372a881" member_type: VOTER last_known_addr { host: "127.0.107.194" port: 40907 } } peers { permanent_uuid: "ae5b5969428b472da5590d615a319678" member_type: VOTER last_known_addr { host: "127.0.107.195" port: 38431 } }
I20260709 14:46:23.070555  1960 consensus_queue.cc:237] T a119f776dde8407ebdd9c89799ff2d09 P ef5eb53fcba14ad990e890d914703705 [LEADER]: Queue going to LEADER mode. State: All replicated index: 0, Majority replicated index: 0, Committed index: 0, Last appended: 0.0, Last appended by leader: 0, Current term: 1, Majority size: 2, State: 0, Mode: LEADER, active raft config: opid_index: -1 OBSOLETE_local: false peers { permanent_uuid: "ef5eb53fcba14ad990e890d914703705" member_type: VOTER last_known_addr { host: "127.0.107.193" port: 38927 } } peers { permanent_uuid: "ea7ec99a19db477198b7bc46c372a881" member_type: VOTER last_known_addr { host: "127.0.107.194" port: 40907 } } peers { permanent_uuid: "ae5b5969428b472da5590d615a319678" member_type: VOTER last_known_addr { host: "127.0.107.195" port: 38431 } }
I20260709 14:46:23.071269  1718 raft_consensus.cc:385] T 8a4e22da2ba44e54b474639f6af55730 P ef5eb53fcba14ad990e890d914703705 [term 0 FOLLOWER]: Consensus starting up: Expiring failure detector timer to make a prompt election more likely
I20260709 14:46:23.071765  1718 raft_consensus.cc:740] T 8a4e22da2ba44e54b474639f6af55730 P ef5eb53fcba14ad990e890d914703705 [term 0 FOLLOWER]: Becoming Follower/Learner. State: Replica: ef5eb53fcba14ad990e890d914703705, State: Initialized, Role: FOLLOWER
I20260709 14:46:23.072568  1718 consensus_queue.cc:260] T 8a4e22da2ba44e54b474639f6af55730 P ef5eb53fcba14ad990e890d914703705 [NON_LEADER]: Queue going to NON_LEADER mode. State: All replicated index: 0, Majority replicated index: 0, Committed index: 0, Last appended: 0.0, Last appended by leader: 0, Current term: 0, Majority size: -1, State: 0, Mode: NON_LEADER, active raft config: opid_index: -1 OBSOLETE_local: false peers { permanent_uuid: "ef5eb53fcba14ad990e890d914703705" member_type: VOTER last_known_addr { host: "127.0.107.193" port: 38927 } } peers { permanent_uuid: "ea7ec99a19db477198b7bc46c372a881" member_type: VOTER last_known_addr { host: "127.0.107.194" port: 40907 } } peers { permanent_uuid: "ae5b5969428b472da5590d615a319678" member_type: VOTER last_known_addr { host: "127.0.107.195" port: 38431 } }
I20260709 14:46:23.075088  1718 ts_tablet_manager.cc:1434] T 8a4e22da2ba44e54b474639f6af55730 P ef5eb53fcba14ad990e890d914703705: Time spent starting tablet: real 0.014s	user 0.005s	sys 0.000s
I20260709 14:46:23.076205  1718 tablet_bootstrap.cc:492] T 33d280fac8094de7bc2f65ee2333b0be P ef5eb53fcba14ad990e890d914703705: Bootstrap starting.
I20260709 14:46:23.078877  1490 leader_election.cc:304] T d74ecec5a2244ba8af299e0b1352f640 P ef5eb53fcba14ad990e890d914703705 [CANDIDATE]: Term 3 pre-election: Election decided. Result: candidate won. Election summary: received 2 responses out of 3 voters: 2 yes votes; 0 no votes. yes voters: ae5b5969428b472da5590d615a319678, ef5eb53fcba14ad990e890d914703705; no voters: 
I20260709 14:46:23.079602  1956 raft_consensus.cc:2804] T d74ecec5a2244ba8af299e0b1352f640 P ef5eb53fcba14ad990e890d914703705 [term 2 FOLLOWER]: Leader pre-election won for term 3
