I20260709 14:46:07.935452  1124 raft_consensus.cc:2468] T 4d12a6e387ad463e917f158b133df852 P b7d1dcbaa86146f898c09055d32f45e0 [term 2 FOLLOWER]: Leader election vote request: Granting yes vote for candidate 1da9ebe4a9e74d04b4bd9851a173a72f in term 2.
I20260709 14:46:07.932305  1123 raft_consensus.cc:3060] T cb72766f3ab84254bac6c2e8133f8d63 P b7d1dcbaa86146f898c09055d32f45e0 [term 1 FOLLOWER]: Advancing to term 2
I20260709 14:46:07.939435  1047 leader_election.cc:290] T cb72766f3ab84254bac6c2e8133f8d63 P 1da9ebe4a9e74d04b4bd9851a173a72f [CANDIDATE]: Term 2 election: Requested vote from peers b7d1dcbaa86146f898c09055d32f45e0 (127.0.107.194:37169), 9e3934ef135b494b843525640bc85c4f (127.0.107.195:39739)
I20260709 14:46:07.942658   946 catalog_manager.cc:5697] T 4d12a6e387ad463e917f158b133df852 P 1da9ebe4a9e74d04b4bd9851a173a72f reported cstate change: term changed from 1 to 2, leader changed from 9e3934ef135b494b843525640bc85c4f (127.0.107.195) to 1da9ebe4a9e74d04b4bd9851a173a72f (127.0.107.193). New cstate: current_term: 2 leader_uuid: "1da9ebe4a9e74d04b4bd9851a173a72f" committed_config { opid_index: -1 OBSOLETE_local: false peers { permanent_uuid: "1da9ebe4a9e74d04b4bd9851a173a72f" member_type: VOTER last_known_addr { host: "127.0.107.193" port: 37897 } health_report { overall_health: HEALTHY } } peers { permanent_uuid: "b7d1dcbaa86146f898c09055d32f45e0" member_type: VOTER last_known_addr { host: "127.0.107.194" port: 37169 } health_report { overall_health: UNKNOWN } } peers { permanent_uuid: "9e3934ef135b494b843525640bc85c4f" member_type: VOTER last_known_addr { host: "127.0.107.195" port: 39739 } health_report { overall_health: UNKNOWN } } }
I20260709 14:46:07.945214  1198 raft_consensus.cc:2468] T cb72766f3ab84254bac6c2e8133f8d63 P 9e3934ef135b494b843525640bc85c4f [term 2 FOLLOWER]: Leader election vote request: Granting yes vote for candidate 1da9ebe4a9e74d04b4bd9851a173a72f in term 2.
I20260709 14:46:07.945168  1123 raft_consensus.cc:2468] T cb72766f3ab84254bac6c2e8133f8d63 P b7d1dcbaa86146f898c09055d32f45e0 [term 2 FOLLOWER]: Leader election vote request: Granting yes vote for candidate 1da9ebe4a9e74d04b4bd9851a173a72f in term 2.
I20260709 14:46:07.946341  1015 leader_election.cc:304] T cb72766f3ab84254bac6c2e8133f8d63 P 1da9ebe4a9e74d04b4bd9851a173a72f [CANDIDATE]: Term 2 election: Election decided. Result: candidate won. Election summary: received 2 responses out of 3 voters: 2 yes votes; 0 no votes. yes voters: 1da9ebe4a9e74d04b4bd9851a173a72f, b7d1dcbaa86146f898c09055d32f45e0; no voters: 
I20260709 14:46:07.946936  1307 raft_consensus.cc:2804] T cb72766f3ab84254bac6c2e8133f8d63 P 1da9ebe4a9e74d04b4bd9851a173a72f [term 2 FOLLOWER]: Leader election won for term 2
I20260709 14:46:07.947443  1307 raft_consensus.cc:697] T cb72766f3ab84254bac6c2e8133f8d63 P 1da9ebe4a9e74d04b4bd9851a173a72f [term 2 LEADER]: Becoming Leader. State: Replica: 1da9ebe4a9e74d04b4bd9851a173a72f, State: Running, Role: LEADER
I20260709 14:46:07.948247  1307 consensus_queue.cc:237] T cb72766f3ab84254bac6c2e8133f8d63 P 1da9ebe4a9e74d04b4bd9851a173a72f [LEADER]: Queue going to LEADER mode. State: All replicated index: 0, Majority replicated index: 1, Committed index: 1, Last appended: 1.1, Last appended by leader: 1, Current term: 2, Majority size: 2, State: 0, Mode: LEADER, active raft config: opid_index: -1 OBSOLETE_local: false peers { permanent_uuid: "1da9ebe4a9e74d04b4bd9851a173a72f" member_type: VOTER last_known_addr { host: "127.0.107.193" port: 37897 } } peers { permanent_uuid: "b7d1dcbaa86146f898c09055d32f45e0" member_type: VOTER last_known_addr { host: "127.0.107.194" port: 37169 } } peers { permanent_uuid: "9e3934ef135b494b843525640bc85c4f" member_type: VOTER last_known_addr { host: "127.0.107.195" port: 39739 } }
I20260709 14:46:07.957056   946 catalog_manager.cc:5697] T cb72766f3ab84254bac6c2e8133f8d63 P 1da9ebe4a9e74d04b4bd9851a173a72f reported cstate change: term changed from 1 to 2, leader changed from 9e3934ef135b494b843525640bc85c4f (127.0.107.195) to 1da9ebe4a9e74d04b4bd9851a173a72f (127.0.107.193). New cstate: current_term: 2 leader_uuid: "1da9ebe4a9e74d04b4bd9851a173a72f" committed_config { opid_index: -1 OBSOLETE_local: false peers { permanent_uuid: "1da9ebe4a9e74d04b4bd9851a173a72f" member_type: VOTER last_known_addr { host: "127.0.107.193" port: 37897 } health_report { overall_health: HEALTHY } } peers { permanent_uuid: "b7d1dcbaa86146f898c09055d32f45e0" member_type: VOTER last_known_addr { host: "127.0.107.194" port: 37169 } health_report { overall_health: UNKNOWN } } peers { permanent_uuid: "9e3934ef135b494b843525640bc85c4f" member_type: VOTER last_known_addr { host: "127.0.107.195" port: 39739 } health_report { overall_health: UNKNOWN } } }
I20260709 14:46:08.118733  1273 raft_consensus.cc:993] T 0a9c59fdca3c4889ae1c83fcb9f43b1e P b7d1dcbaa86146f898c09055d32f45e0: : Instructing follower 1da9ebe4a9e74d04b4bd9851a173a72f to start an election
I20260709 14:46:08.119560  1276 raft_consensus.cc:1081] T 0a9c59fdca3c4889ae1c83fcb9f43b1e P b7d1dcbaa86146f898c09055d32f45e0 [term 1 LEADER]: Signalling peer 1da9ebe4a9e74d04b4bd9851a173a72f to start an election
I20260709 14:46:08.120965  1047 tablet_service.cc:2044] Received Run Leader Election RPC: tablet_id: "0a9c59fdca3c4889ae1c83fcb9f43b1e"
dest_uuid: "1da9ebe4a9e74d04b4bd9851a173a72f"
 from {username='slave'} at 127.0.0.1:40760
I20260709 14:46:08.121376  1047 raft_consensus.cc:493] T 0a9c59fdca3c4889ae1c83fcb9f43b1e P 1da9ebe4a9e74d04b4bd9851a173a72f [term 1 FOLLOWER]: Starting forced leader election (received explicit request)
I20260709 14:46:08.121608  1047 raft_consensus.cc:3060] T 0a9c59fdca3c4889ae1c83fcb9f43b1e P 1da9ebe4a9e74d04b4bd9851a173a72f [term 1 FOLLOWER]: Advancing to term 2
I20260709 14:46:08.125950  1047 raft_consensus.cc:515] T 0a9c59fdca3c4889ae1c83fcb9f43b1e P 1da9ebe4a9e74d04b4bd9851a173a72f [term 2 FOLLOWER]: Starting forced leader election with config: opid_index: -1 OBSOLETE_local: false peers { permanent_uuid: "1da9ebe4a9e74d04b4bd9851a173a72f" member_type: VOTER last_known_addr { host: "127.0.107.193" port: 37897 } } peers { permanent_uuid: "b7d1dcbaa86146f898c09055d32f45e0" member_type: VOTER last_known_addr { host: "127.0.107.194" port: 37169 } } peers { permanent_uuid: "9e3934ef135b494b843525640bc85c4f" member_type: VOTER last_known_addr { host: "127.0.107.195" port: 39739 } }
I20260709 14:46:08.127494  1047 leader_election.cc:290] T 0a9c59fdca3c4889ae1c83fcb9f43b1e P 1da9ebe4a9e74d04b4bd9851a173a72f [CANDIDATE]: Term 2 election: Requested vote from peers b7d1dcbaa86146f898c09055d32f45e0 (127.0.107.194:37169), 9e3934ef135b494b843525640bc85c4f (127.0.107.195:39739)
I20260709 14:46:08.128227  1123 tablet_service.cc:1917] Received RequestConsensusVote() RPC: tablet_id: "0a9c59fdca3c4889ae1c83fcb9f43b1e" candidate_uuid: "1da9ebe4a9e74d04b4bd9851a173a72f" candidate_term: 2 candidate_status { last_received { term: 1 index: 1 } } ignore_live_leader: true dest_uuid: "b7d1dcbaa86146f898c09055d32f45e0"
I20260709 14:46:08.128489  1199 tablet_service.cc:1917] Received RequestConsensusVote() RPC: tablet_id: "0a9c59fdca3c4889ae1c83fcb9f43b1e" candidate_uuid: "1da9ebe4a9e74d04b4bd9851a173a72f" candidate_term: 2 candidate_status { last_received { term: 1 index: 1 } } ignore_live_leader: true dest_uuid: "9e3934ef135b494b843525640bc85c4f"
I20260709 14:46:08.128811  1123 raft_consensus.cc:3055] T 0a9c59fdca3c4889ae1c83fcb9f43b1e P b7d1dcbaa86146f898c09055d32f45e0 [term 1 LEADER]: Stepping down as leader of term 1
I20260709 14:46:08.129130  1199 raft_consensus.cc:3060] T 0a9c59fdca3c4889ae1c83fcb9f43b1e P 9e3934ef135b494b843525640bc85c4f [term 1 FOLLOWER]: Advancing to term 2
I20260709 14:46:08.129184  1123 raft_consensus.cc:740] T 0a9c59fdca3c4889ae1c83fcb9f43b1e P b7d1dcbaa86146f898c09055d32f45e0 [term 1 LEADER]: Becoming Follower/Learner. State: Replica: b7d1dcbaa86146f898c09055d32f45e0, State: Running, Role: LEADER
I20260709 14:46:08.129968  1123 consensus_queue.cc:260] T 0a9c59fdca3c4889ae1c83fcb9f43b1e P b7d1dcbaa86146f898c09055d32f45e0 [NON_LEADER]: Queue going to NON_LEADER mode. State: All replicated index: 0, Majority replicated index: 1, Committed index: 1, Last appended: 1.1, Last appended by leader: 1, Current term: 1, Majority size: -1, State: 0, Mode: NON_LEADER, active raft config: opid_index: -1 OBSOLETE_local: false peers { permanent_uuid: "1da9ebe4a9e74d04b4bd9851a173a72f" member_type: VOTER last_known_addr { host: "127.0.107.193" port: 37897 } } peers { permanent_uuid: "b7d1dcbaa86146f898c09055d32f45e0" member_type: VOTER last_known_addr { host: "127.0.107.194" port: 37169 } } peers { permanent_uuid: "9e3934ef135b494b843525640bc85c4f" member_type: VOTER last_known_addr { host: "127.0.107.195" port: 39739 } }
I20260709 14:46:08.130853  1123 raft_consensus.cc:3060] T 0a9c59fdca3c4889ae1c83fcb9f43b1e P b7d1dcbaa86146f898c09055d32f45e0 [term 1 FOLLOWER]: Advancing to term 2
I20260709 14:46:08.133997  1199 raft_consensus.cc:2468] T 0a9c59fdca3c4889ae1c83fcb9f43b1e P 9e3934ef135b494b843525640bc85c4f [term 2 FOLLOWER]: Leader election vote request: Granting yes vote for candidate 1da9ebe4a9e74d04b4bd9851a173a72f in term 2.
I20260709 14:46:08.134961  1016 leader_election.cc:304] T 0a9c59fdca3c4889ae1c83fcb9f43b1e P 1da9ebe4a9e74d04b4bd9851a173a72f [CANDIDATE]: Term 2 election: Election decided. Result: candidate won. Election summary: received 2 responses out of 3 voters: 2 yes votes; 0 no votes. yes voters: 1da9ebe4a9e74d04b4bd9851a173a72f, 9e3934ef135b494b843525640bc85c4f; no voters: 
I20260709 14:46:08.135774  1307 raft_consensus.cc:2804] T 0a9c59fdca3c4889ae1c83fcb9f43b1e P 1da9ebe4a9e74d04b4bd9851a173a72f [term 2 FOLLOWER]: Leader election won for term 2
I20260709 14:46:08.135784  1123 raft_consensus.cc:2468] T 0a9c59fdca3c4889ae1c83fcb9f43b1e P b7d1dcbaa86146f898c09055d32f45e0 [term 2 FOLLOWER]: Leader election vote request: Granting yes vote for candidate 1da9ebe4a9e74d04b4bd9851a173a72f in term 2.
I20260709 14:46:08.136272  1307 raft_consensus.cc:697] T 0a9c59fdca3c4889ae1c83fcb9f43b1e P 1da9ebe4a9e74d04b4bd9851a173a72f [term 2 LEADER]: Becoming Leader. State: Replica: 1da9ebe4a9e74d04b4bd9851a173a72f, State: Running, Role: LEADER
I20260709 14:46:08.137111  1307 consensus_queue.cc:237] T 0a9c59fdca3c4889ae1c83fcb9f43b1e P 1da9ebe4a9e74d04b4bd9851a173a72f [LEADER]: Queue going to LEADER mode. State: All replicated index: 0, Majority replicated index: 1, Committed index: 1, Last appended: 1.1, Last appended by leader: 1, Current term: 2, Majority size: 2, State: 0, Mode: LEADER, active raft config: opid_index: -1 OBSOLETE_local: false peers { permanent_uuid: "1da9ebe4a9e74d04b4bd9851a173a72f" member_type: VOTER last_known_addr { host: "127.0.107.193" port: 37897 } } peers { permanent_uuid: "b7d1dcbaa86146f898c09055d32f45e0" member_type: VOTER last_known_addr { host: "127.0.107.194" port: 37169 } } peers { permanent_uuid: "9e3934ef135b494b843525640bc85c4f" member_type: VOTER last_known_addr { host: "127.0.107.195" port: 39739 } }
I20260709 14:46:08.141779  1273 consensus_queue.cc:1048] T dbdbfebe01d047b1878691d98cbd17be P b7d1dcbaa86146f898c09055d32f45e0 [LEADER]: Connected to new peer: Peer: permanent_uuid: "1da9ebe4a9e74d04b4bd9851a173a72f" member_type: VOTER last_known_addr { host: "127.0.107.193" port: 37897 }, Status: LMP_MISMATCH, Last received: 0.0, Next index: 1, Last known committed idx: 0, Time since last communication: 0.000s
I20260709 14:46:08.144198  1273 consensus_queue.cc:1048] T dbdbfebe01d047b1878691d98cbd17be P b7d1dcbaa86146f898c09055d32f45e0 [LEADER]: Connected to new peer: Peer: permanent_uuid: "9e3934ef135b494b843525640bc85c4f" member_type: VOTER last_known_addr { host: "127.0.107.195" port: 39739 }, Status: LMP_MISMATCH, Last received: 0.0, Next index: 1, Last known committed idx: 0, Time since last communication: 0.000s
I20260709 14:46:08.145840   946 catalog_manager.cc:5697] T 0a9c59fdca3c4889ae1c83fcb9f43b1e P 1da9ebe4a9e74d04b4bd9851a173a72f reported cstate change: term changed from 1 to 2, leader changed from b7d1dcbaa86146f898c09055d32f45e0 (127.0.107.194) to 1da9ebe4a9e74d04b4bd9851a173a72f (127.0.107.193). New cstate: current_term: 2 leader_uuid: "1da9ebe4a9e74d04b4bd9851a173a72f" committed_config { opid_index: -1 OBSOLETE_local: false peers { permanent_uuid: "1da9ebe4a9e74d04b4bd9851a173a72f" member_type: VOTER last_known_addr { host: "127.0.107.193" port: 37897 } health_report { overall_health: HEALTHY } } peers { permanent_uuid: "b7d1dcbaa86146f898c09055d32f45e0" member_type: VOTER last_known_addr { host: "127.0.107.194" port: 37169 } health_report { overall_health: UNKNOWN } } peers { permanent_uuid: "9e3934ef135b494b843525640bc85c4f" member_type: VOTER last_known_addr { host: "127.0.107.195" port: 39739 } health_report { overall_health: UNKNOWN } } }
I20260709 14:46:08.152580  1273 raft_consensus.cc:993] T dbdbfebe01d047b1878691d98cbd17be P b7d1dcbaa86146f898c09055d32f45e0: : Instructing follower 9e3934ef135b494b843525640bc85c4f to start an election
I20260709 14:46:08.153004  1273 raft_consensus.cc:1081] T dbdbfebe01d047b1878691d98cbd17be P b7d1dcbaa86146f898c09055d32f45e0 [term 1 LEADER]: Signalling peer 9e3934ef135b494b843525640bc85c4f to start an election
I20260709 14:46:08.156594  1199 tablet_service.cc:2044] Received Run Leader Election RPC: tablet_id: "dbdbfebe01d047b1878691d98cbd17be"
dest_uuid: "9e3934ef135b494b843525640bc85c4f"
 from {username='slave'} at 127.0.0.1:52750
I20260709 14:46:08.159603  1199 raft_consensus.cc:493] T dbdbfebe01d047b1878691d98cbd17be P 9e3934ef135b494b843525640bc85c4f [term 1 FOLLOWER]: Starting forced leader election (received explicit request)
I20260709 14:46:08.160146  1199 raft_consensus.cc:3060] T dbdbfebe01d047b1878691d98cbd17be P 9e3934ef135b494b843525640bc85c4f [term 1 FOLLOWER]: Advancing to term 2
I20260709 14:46:08.167048  1199 raft_consensus.cc:515] T dbdbfebe01d047b1878691d98cbd17be P 9e3934ef135b494b843525640bc85c4f [term 2 FOLLOWER]: Starting forced leader election with config: opid_index: -1 OBSOLETE_local: false peers { permanent_uuid: "1da9ebe4a9e74d04b4bd9851a173a72f" member_type: VOTER last_known_addr { host: "127.0.107.193" port: 37897 } } peers { permanent_uuid: "b7d1dcbaa86146f898c09055d32f45e0" member_type: VOTER last_known_addr { host: "127.0.107.194" port: 37169 } } peers { permanent_uuid: "9e3934ef135b494b843525640bc85c4f" member_type: VOTER last_known_addr { host: "127.0.107.195" port: 39739 } }
I20260709 14:46:08.168941  1199 leader_election.cc:290] T dbdbfebe01d047b1878691d98cbd17be P 9e3934ef135b494b843525640bc85c4f [CANDIDATE]: Term 2 election: Requested vote from peers 1da9ebe4a9e74d04b4bd9851a173a72f (127.0.107.193:37897), b7d1dcbaa86146f898c09055d32f45e0 (127.0.107.194:37169)
I20260709 14:46:08.169560  1047 tablet_service.cc:1917] Received RequestConsensusVote() RPC: tablet_id: "dbdbfebe01d047b1878691d98cbd17be" candidate_uuid: "9e3934ef135b494b843525640bc85c4f" candidate_term: 2 candidate_status { last_received { term: 1 index: 1 } } ignore_live_leader: true dest_uuid: "1da9ebe4a9e74d04b4bd9851a173a72f"
I20260709 14:46:08.169970  1123 tablet_service.cc:1917] Received RequestConsensusVote() RPC: tablet_id: "dbdbfebe01d047b1878691d98cbd17be" candidate_uuid: "9e3934ef135b494b843525640bc85c4f" candidate_term: 2 candidate_status { last_received { term: 1 index: 1 } } ignore_live_leader: true dest_uuid: "b7d1dcbaa86146f898c09055d32f45e0"
I20260709 14:46:08.170207  1047 raft_consensus.cc:3060] T dbdbfebe01d047b1878691d98cbd17be P 1da9ebe4a9e74d04b4bd9851a173a72f [term 1 FOLLOWER]: Advancing to term 2
I20260709 14:46:08.170589  1123 raft_consensus.cc:3055] T dbdbfebe01d047b1878691d98cbd17be P b7d1dcbaa86146f898c09055d32f45e0 [term 1 LEADER]: Stepping down as leader of term 1
I20260709 14:46:08.171411  1123 raft_consensus.cc:740] T dbdbfebe01d047b1878691d98cbd17be P b7d1dcbaa86146f898c09055d32f45e0 [term 1 LEADER]: Becoming Follower/Learner. State: Replica: b7d1dcbaa86146f898c09055d32f45e0, State: Running, Role: LEADER
I20260709 14:46:08.172196  1123 consensus_queue.cc:260] T dbdbfebe01d047b1878691d98cbd17be P b7d1dcbaa86146f898c09055d32f45e0 [NON_LEADER]: Queue going to NON_LEADER mode. State: All replicated index: 0, Majority replicated index: 1, Committed index: 1, Last appended: 1.1, Last appended by leader: 1, Current term: 1, Majority size: -1, State: 0, Mode: NON_LEADER, active raft config: opid_index: -1 OBSOLETE_local: false peers { permanent_uuid: "1da9ebe4a9e74d04b4bd9851a173a72f" member_type: VOTER last_known_addr { host: "127.0.107.193" port: 37897 } } peers { permanent_uuid: "b7d1dcbaa86146f898c09055d32f45e0" member_type: VOTER last_known_addr { host: "127.0.107.194" port: 37169 } } peers { permanent_uuid: "9e3934ef135b494b843525640bc85c4f" member_type: VOTER last_known_addr { host: "127.0.107.195" port: 39739 } }
I20260709 14:46:08.173554  1123 raft_consensus.cc:3060] T dbdbfebe01d047b1878691d98cbd17be P b7d1dcbaa86146f898c09055d32f45e0 [term 1 FOLLOWER]: Advancing to term 2
I20260709 14:46:08.177800  1047 raft_consensus.cc:2468] T dbdbfebe01d047b1878691d98cbd17be P 1da9ebe4a9e74d04b4bd9851a173a72f [term 2 FOLLOWER]: Leader election vote request: Granting yes vote for candidate 9e3934ef135b494b843525640bc85c4f in term 2.
I20260709 14:46:08.178889  1163 leader_election.cc:304] T dbdbfebe01d047b1878691d98cbd17be P 9e3934ef135b494b843525640bc85c4f [CANDIDATE]: Term 2 election: Election decided. Result: candidate won. Election summary: received 2 responses out of 3 voters: 2 yes votes; 0 no votes. yes voters: 1da9ebe4a9e74d04b4bd9851a173a72f, 9e3934ef135b494b843525640bc85c4f; no voters: 
I20260709 14:46:08.179615  1289 raft_consensus.cc:2804] T dbdbfebe01d047b1878691d98cbd17be P 9e3934ef135b494b843525640bc85c4f [term 2 FOLLOWER]: Leader election won for term 2
I20260709 14:46:08.180029  1289 raft_consensus.cc:697] T dbdbfebe01d047b1878691d98cbd17be P 9e3934ef135b494b843525640bc85c4f [term 2 LEADER]: Becoming Leader. State: Replica: 9e3934ef135b494b843525640bc85c4f, State: Running, Role: LEADER
I20260709 14:46:08.180169  1123 raft_consensus.cc:2468] T dbdbfebe01d047b1878691d98cbd17be P b7d1dcbaa86146f898c09055d32f45e0 [term 2 FOLLOWER]: Leader election vote request: Granting yes vote for candidate 9e3934ef135b494b843525640bc85c4f in term 2.
I20260709 14:46:08.180845  1289 consensus_queue.cc:237] T dbdbfebe01d047b1878691d98cbd17be P 9e3934ef135b494b843525640bc85c4f [LEADER]: Queue going to LEADER mode. State: All replicated index: 0, Majority replicated index: 1, Committed index: 1, Last appended: 1.1, Last appended by leader: 1, Current term: 2, Majority size: 2, State: 0, Mode: LEADER, active raft config: opid_index: -1 OBSOLETE_local: false peers { permanent_uuid: "1da9ebe4a9e74d04b4bd9851a173a72f" member_type: VOTER last_known_addr { host: "127.0.107.193" port: 37897 } } peers { permanent_uuid: "b7d1dcbaa86146f898c09055d32f45e0" member_type: VOTER last_known_addr { host: "127.0.107.194" port: 37169 } } peers { permanent_uuid: "9e3934ef135b494b843525640bc85c4f" member_type: VOTER last_known_addr { host: "127.0.107.195" port: 39739 } }
I20260709 14:46:08.187448   945 catalog_manager.cc:5697] T dbdbfebe01d047b1878691d98cbd17be P 9e3934ef135b494b843525640bc85c4f reported cstate change: term changed from 1 to 2, leader changed from b7d1dcbaa86146f898c09055d32f45e0 (127.0.107.194) to 9e3934ef135b494b843525640bc85c4f (127.0.107.195). New cstate: current_term: 2 leader_uuid: "9e3934ef135b494b843525640bc85c4f" committed_config { opid_index: -1 OBSOLETE_local: false peers { permanent_uuid: "1da9ebe4a9e74d04b4bd9851a173a72f" member_type: VOTER last_known_addr { host: "127.0.107.193" port: 37897 } health_report { overall_health: UNKNOWN } } peers { permanent_uuid: "b7d1dcbaa86146f898c09055d32f45e0" member_type: VOTER last_known_addr { host: "127.0.107.194" port: 37169 } health_report { overall_health: UNKNOWN } } peers { permanent_uuid: "9e3934ef135b494b843525640bc85c4f" member_type: VOTER last_known_addr { host: "127.0.107.195" port: 39739 } health_report { overall_health: HEALTHY } } }
I20260709 14:46:08.297873  1047 raft_consensus.cc:3060] T 10ba37e0bd784ee4a4ec9f7b5e78072f P 1da9ebe4a9e74d04b4bd9851a173a72f [term 1 FOLLOWER]: Advancing to term 2
I20260709 14:46:08.303406  1047 raft_consensus.cc:1275] T 10ba37e0bd784ee4a4ec9f7b5e78072f P 1da9ebe4a9e74d04b4bd9851a173a72f [term 2 FOLLOWER]: Refusing update from remote peer b7d1dcbaa86146f898c09055d32f45e0: Log matching property violated. Preceding OpId in replica: term: 1 index: 1. Preceding OpId from leader: term: 2 index: 2. (index mismatch)
I20260709 14:46:08.304643  1276 consensus_queue.cc:1048] T 10ba37e0bd784ee4a4ec9f7b5e78072f P b7d1dcbaa86146f898c09055d32f45e0 [LEADER]: Connected to new peer: Peer: permanent_uuid: "1da9ebe4a9e74d04b4bd9851a173a72f" member_type: VOTER last_known_addr { host: "127.0.107.193" port: 37897 }, Status: LMP_MISMATCH, Last received: 0.0, Next index: 2, Last known committed idx: 1, Time since last communication: 0.000s
I20260709 14:46:08.313082  1199 raft_consensus.cc:1275] T 10ba37e0bd784ee4a4ec9f7b5e78072f P 9e3934ef135b494b843525640bc85c4f [term 2 FOLLOWER]: Refusing update from remote peer b7d1dcbaa86146f898c09055d32f45e0: Log matching property violated. Preceding OpId in replica: term: 1 index: 1. Preceding OpId from leader: term: 2 index: 2. (index mismatch)
I20260709 14:46:08.314601  1273 consensus_queue.cc:1048] T 10ba37e0bd784ee4a4ec9f7b5e78072f P b7d1dcbaa86146f898c09055d32f45e0 [LEADER]: Connected to new peer: Peer: permanent_uuid: "9e3934ef135b494b843525640bc85c4f" member_type: VOTER last_known_addr { host: "127.0.107.195" port: 39739 }, Status: LMP_MISMATCH, Last received: 0.0, Next index: 2, Last known committed idx: 1, Time since last communication: 0.000s
I20260709 14:46:08.317585  1123 raft_consensus.cc:1275] T 8585727fc6454aaa9e549d4ff9d9b108 P b7d1dcbaa86146f898c09055d32f45e0 [term 2 FOLLOWER]: Refusing update from remote peer 1da9ebe4a9e74d04b4bd9851a173a72f: Log matching property violated. Preceding OpId in replica: term: 1 index: 1. Preceding OpId from leader: term: 2 index: 2. (index mismatch)
I20260709 14:46:08.322757  1307 consensus_queue.cc:1048] T 8585727fc6454aaa9e549d4ff9d9b108 P 1da9ebe4a9e74d04b4bd9851a173a72f [LEADER]: Connected to new peer: Peer: permanent_uuid: "b7d1dcbaa86146f898c09055d32f45e0" member_type: VOTER last_known_addr { host: "127.0.107.194" port: 37169 }, Status: LMP_MISMATCH, Last received: 0.0, Next index: 2, Last known committed idx: 1, Time since last communication: 0.001s
I20260709 14:46:08.330145  1199 raft_consensus.cc:1275] T cb72766f3ab84254bac6c2e8133f8d63 P 9e3934ef135b494b843525640bc85c4f [term 2 FOLLOWER]: Refusing update from remote peer 1da9ebe4a9e74d04b4bd9851a173a72f: Log matching property violated. Preceding OpId in replica: term: 1 index: 1. Preceding OpId from leader: term: 2 index: 2. (index mismatch)
I20260709 14:46:08.332263  1311 consensus_queue.cc:1048] T cb72766f3ab84254bac6c2e8133f8d63 P 1da9ebe4a9e74d04b4bd9851a173a72f [LEADER]: Connected to new peer: Peer: permanent_uuid: "9e3934ef135b494b843525640bc85c4f" member_type: VOTER last_known_addr { host: "127.0.107.195" port: 39739 }, Status: LMP_MISMATCH, Last received: 0.0, Next index: 2, Last known committed idx: 1, Time since last communication: 0.000s
I20260709 14:46:08.333372  1198 raft_consensus.cc:1275] T 8585727fc6454aaa9e549d4ff9d9b108 P 9e3934ef135b494b843525640bc85c4f [term 2 FOLLOWER]: Refusing update from remote peer 1da9ebe4a9e74d04b4bd9851a173a72f: Log matching property violated. Preceding OpId in replica: term: 1 index: 1. Preceding OpId from leader: term: 2 index: 2. (index mismatch)
I20260709 14:46:08.334890  1311 consensus_queue.cc:1048] T 8585727fc6454aaa9e549d4ff9d9b108 P 1da9ebe4a9e74d04b4bd9851a173a72f [LEADER]: Connected to new peer: Peer: permanent_uuid: "9e3934ef135b494b843525640bc85c4f" member_type: VOTER last_known_addr { host: "127.0.107.195" port: 39739 }, Status: LMP_MISMATCH, Last received: 0.0, Next index: 2, Last known committed idx: 1, Time since last communication: 0.000s
I20260709 14:46:08.344566  1123 raft_consensus.cc:1275] T cb72766f3ab84254bac6c2e8133f8d63 P b7d1dcbaa86146f898c09055d32f45e0 [term 2 FOLLOWER]: Refusing update from remote peer 1da9ebe4a9e74d04b4bd9851a173a72f: Log matching property violated. Preceding OpId in replica: term: 1 index: 1. Preceding OpId from leader: term: 2 index: 2. (index mismatch)
I20260709 14:46:08.347585  1328 consensus_queue.cc:1048] T cb72766f3ab84254bac6c2e8133f8d63 P 1da9ebe4a9e74d04b4bd9851a173a72f [LEADER]: Connected to new peer: Peer: permanent_uuid: "b7d1dcbaa86146f898c09055d32f45e0" member_type: VOTER last_known_addr { host: "127.0.107.194" port: 37169 }, Status: LMP_MISMATCH, Last received: 0.0, Next index: 2, Last known committed idx: 1, Time since last communication: 0.000s
I20260709 14:46:08.351136  1198 raft_consensus.cc:1275] T 4d12a6e387ad463e917f158b133df852 P 9e3934ef135b494b843525640bc85c4f [term 2 FOLLOWER]: Refusing update from remote peer 1da9ebe4a9e74d04b4bd9851a173a72f: Log matching property violated. Preceding OpId in replica: term: 1 index: 1. Preceding OpId from leader: term: 2 index: 2. (index mismatch)
I20260709 14:46:08.353050  1307 consensus_queue.cc:1048] T 4d12a6e387ad463e917f158b133df852 P 1da9ebe4a9e74d04b4bd9851a173a72f [LEADER]: Connected to new peer: Peer: permanent_uuid: "9e3934ef135b494b843525640bc85c4f" member_type: VOTER last_known_addr { host: "127.0.107.195" port: 39739 }, Status: LMP_MISMATCH, Last received: 0.0, Next index: 2, Last known committed idx: 1, Time since last communication: 0.000s
I20260709 14:46:08.361624  1124 raft_consensus.cc:1275] T 4d12a6e387ad463e917f158b133df852 P b7d1dcbaa86146f898c09055d32f45e0 [term 2 FOLLOWER]: Refusing update from remote peer 1da9ebe4a9e74d04b4bd9851a173a72f: Log matching property violated. Preceding OpId in replica: term: 1 index: 1. Preceding OpId from leader: term: 2 index: 2. (index mismatch)
I20260709 14:46:08.363160  1311 consensus_queue.cc:1048] T 4d12a6e387ad463e917f158b133df852 P 1da9ebe4a9e74d04b4bd9851a173a72f [LEADER]: Connected to new peer: Peer: permanent_uuid: "b7d1dcbaa86146f898c09055d32f45e0" member_type: VOTER last_known_addr { host: "127.0.107.194" port: 37169 }, Status: LMP_MISMATCH, Last received: 0.0, Next index: 2, Last known committed idx: 1, Time since last communication: 0.000s
I20260709 14:46:08.523120  1199 raft_consensus.cc:1275] T 0a9c59fdca3c4889ae1c83fcb9f43b1e P 9e3934ef135b494b843525640bc85c4f [term 2 FOLLOWER]: Refusing update from remote peer 1da9ebe4a9e74d04b4bd9851a173a72f: Log matching property violated. Preceding OpId in replica: term: 1 index: 1. Preceding OpId from leader: term: 2 index: 2. (index mismatch)
I20260709 14:46:08.524451  1328 consensus_queue.cc:1048] T 0a9c59fdca3c4889ae1c83fcb9f43b1e P 1da9ebe4a9e74d04b4bd9851a173a72f [LEADER]: Connected to new peer: Peer: permanent_uuid: "9e3934ef135b494b843525640bc85c4f" member_type: VOTER last_known_addr { host: "127.0.107.195" port: 39739 }, Status: LMP_MISMATCH, Last received: 0.0, Next index: 2, Last known committed idx: 1, Time since last communication: 0.000s
I20260709 14:46:08.534529  1124 raft_consensus.cc:1275] T 0a9c59fdca3c4889ae1c83fcb9f43b1e P b7d1dcbaa86146f898c09055d32f45e0 [term 2 FOLLOWER]: Refusing update from remote peer 1da9ebe4a9e74d04b4bd9851a173a72f: Log matching property violated. Preceding OpId in replica: term: 1 index: 1. Preceding OpId from leader: term: 2 index: 2. (index mismatch)
I20260709 14:46:08.535833  1328 consensus_queue.cc:1048] T 0a9c59fdca3c4889ae1c83fcb9f43b1e P 1da9ebe4a9e74d04b4bd9851a173a72f [LEADER]: Connected to new peer: Peer: permanent_uuid: "b7d1dcbaa86146f898c09055d32f45e0" member_type: VOTER last_known_addr { host: "127.0.107.194" port: 37169 }, Status: LMP_MISMATCH, Last received: 0.0, Next index: 2, Last known committed idx: 1, Time since last communication: 0.000s
I20260709 14:46:08.597395  1047 raft_consensus.cc:1275] T dbdbfebe01d047b1878691d98cbd17be P 1da9ebe4a9e74d04b4bd9851a173a72f [term 2 FOLLOWER]: Refusing update from remote peer 9e3934ef135b494b843525640bc85c4f: Log matching property violated. Preceding OpId in replica: term: 1 index: 1. Preceding OpId from leader: term: 2 index: 2. (index mismatch)
I20260709 14:46:08.598572  1251 consensus_queue.cc:1048] T dbdbfebe01d047b1878691d98cbd17be P 9e3934ef135b494b843525640bc85c4f [LEADER]: Connected to new peer: Peer: permanent_uuid: "1da9ebe4a9e74d04b4bd9851a173a72f" member_type: VOTER last_known_addr { host: "127.0.107.193" port: 37897 }, Status: LMP_MISMATCH, Last received: 0.0, Next index: 2, Last known committed idx: 1, Time since last communication: 0.000s
I20260709 14:46:08.606395  1124 raft_consensus.cc:1275] T dbdbfebe01d047b1878691d98cbd17be P b7d1dcbaa86146f898c09055d32f45e0 [term 2 FOLLOWER]: Refusing update from remote peer 9e3934ef135b494b843525640bc85c4f: Log matching property violated. Preceding OpId in replica: term: 1 index: 1. Preceding OpId from leader: term: 2 index: 2. (index mismatch)
I20260709 14:46:08.608266  1251 consensus_queue.cc:1048] T dbdbfebe01d047b1878691d98cbd17be P 9e3934ef135b494b843525640bc85c4f [LEADER]: Connected to new peer: Peer: permanent_uuid: "b7d1dcbaa86146f898c09055d32f45e0" member_type: VOTER last_known_addr { host: "127.0.107.194" port: 37169 }, Status: LMP_MISMATCH, Last received: 0.0, Next index: 2, Last known committed idx: 1, Time since last communication: 0.000s
I20260709 14:46:10.768705   431 auto_leader_rebalancer-test.cc:410] The leader distribution is 
I20260709 14:46:10.769672   431 auto_leader_rebalancer.cc:141] leader rebalance for table test-workload
I20260709 14:46:10.784729  1047 tablet_service.cc:2072] Received LeaderStepDown RPC: tablet_id: "4d12a6e387ad463e917f158b133df852"
dest_uuid: "1da9ebe4a9e74d04b4bd9851a173a72f"
mode: GRACEFUL
new_leader_uuid: "9e3934ef135b494b843525640bc85c4f"
 from {username='slave'} at 127.0.0.1:40770
I20260709 14:46:10.785207  1047 raft_consensus.cc:606] T 4d12a6e387ad463e917f158b133df852 P 1da9ebe4a9e74d04b4bd9851a173a72f [term 2 LEADER]: Received request to transfer leadership to TS 9e3934ef135b494b843525640bc85c4f
I20260709 14:46:10.787328  1047 tablet_service.cc:2072] Received LeaderStepDown RPC: tablet_id: "8585727fc6454aaa9e549d4ff9d9b108"
dest_uuid: "1da9ebe4a9e74d04b4bd9851a173a72f"
mode: GRACEFUL
new_leader_uuid: "9e3934ef135b494b843525640bc85c4f"
 from {username='slave'} at 127.0.0.1:40770
I20260709 14:46:10.787776  1047 raft_consensus.cc:606] T 8585727fc6454aaa9e549d4ff9d9b108 P 1da9ebe4a9e74d04b4bd9851a173a72f [term 2 LEADER]: Received request to transfer leadership to TS 9e3934ef135b494b843525640bc85c4f
I20260709 14:46:10.788604   431 auto_leader_rebalancer.cc:452] table: test-workload, leader rebalance finish, leader transfer count: 2
I20260709 14:46:10.789000   431 auto_leader_rebalancer.cc:527] All tables' leader rebalancing finished this round
I20260709 14:46:11.143303  1328 raft_consensus.cc:993] T 4d12a6e387ad463e917f158b133df852 P 1da9ebe4a9e74d04b4bd9851a173a72f: : Instructing follower 9e3934ef135b494b843525640bc85c4f to start an election
I20260709 14:46:11.143729  1335 raft_consensus.cc:1081] T 4d12a6e387ad463e917f158b133df852 P 1da9ebe4a9e74d04b4bd9851a173a72f [term 2 LEADER]: Signalling peer 9e3934ef135b494b843525640bc85c4f to start an election
I20260709 14:46:11.144989  1198 tablet_service.cc:2044] Received Run Leader Election RPC: tablet_id: "4d12a6e387ad463e917f158b133df852"
dest_uuid: "9e3934ef135b494b843525640bc85c4f"
 from {username='slave'} at 127.0.0.1:52764
I20260709 14:46:11.145430  1198 raft_consensus.cc:493] T 4d12a6e387ad463e917f158b133df852 P 9e3934ef135b494b843525640bc85c4f [term 2 FOLLOWER]: Starting forced leader election (received explicit request)
I20260709 14:46:11.145666  1198 raft_consensus.cc:3060] T 4d12a6e387ad463e917f158b133df852 P 9e3934ef135b494b843525640bc85c4f [term 2 FOLLOWER]: Advancing to term 3
I20260709 14:46:11.150256  1198 raft_consensus.cc:515] T 4d12a6e387ad463e917f158b133df852 P 9e3934ef135b494b843525640bc85c4f [term 3 FOLLOWER]: Starting forced leader election with config: opid_index: -1 OBSOLETE_local: false peers { permanent_uuid: "1da9ebe4a9e74d04b4bd9851a173a72f" member_type: VOTER last_known_addr { host: "127.0.107.193" port: 37897 } } peers { permanent_uuid: "b7d1dcbaa86146f898c09055d32f45e0" member_type: VOTER last_known_addr { host: "127.0.107.194" port: 37169 } } peers { permanent_uuid: "9e3934ef135b494b843525640bc85c4f" member_type: VOTER last_known_addr { host: "127.0.107.195" port: 39739 } }
I20260709 14:46:11.152061  1198 leader_election.cc:290] T 4d12a6e387ad463e917f158b133df852 P 9e3934ef135b494b843525640bc85c4f [CANDIDATE]: Term 3 election: Requested vote from peers 1da9ebe4a9e74d04b4bd9851a173a72f (127.0.107.193:37897), b7d1dcbaa86146f898c09055d32f45e0 (127.0.107.194:37169)
I20260709 14:46:11.152760  1047 tablet_service.cc:1917] Received RequestConsensusVote() RPC: tablet_id: "4d12a6e387ad463e917f158b133df852" candidate_uuid: "9e3934ef135b494b843525640bc85c4f" candidate_term: 3 candidate_status { last_received { term: 2 index: 2 } } ignore_live_leader: true dest_uuid: "1da9ebe4a9e74d04b4bd9851a173a72f"
I20260709 14:46:11.153229  1047 raft_consensus.cc:3055] T 4d12a6e387ad463e917f158b133df852 P 1da9ebe4a9e74d04b4bd9851a173a72f [term 2 LEADER]: Stepping down as leader of term 2
I20260709 14:46:11.153234  1124 tablet_service.cc:1917] Received RequestConsensusVote() RPC: tablet_id: "4d12a6e387ad463e917f158b133df852" candidate_uuid: "9e3934ef135b494b843525640bc85c4f" candidate_term: 3 candidate_status { last_received { term: 2 index: 2 } } ignore_live_leader: true dest_uuid: "b7d1dcbaa86146f898c09055d32f45e0"
I20260709 14:46:11.153678  1047 raft_consensus.cc:740] T 4d12a6e387ad463e917f158b133df852 P 1da9ebe4a9e74d04b4bd9851a173a72f [term 2 LEADER]: Becoming Follower/Learner. State: Replica: 1da9ebe4a9e74d04b4bd9851a173a72f, State: Running, Role: LEADER
I20260709 14:46:11.153903  1124 raft_consensus.cc:3060] T 4d12a6e387ad463e917f158b133df852 P b7d1dcbaa86146f898c09055d32f45e0 [term 2 FOLLOWER]: Advancing to term 3
I20260709 14:46:11.154392  1047 consensus_queue.cc:260] T 4d12a6e387ad463e917f158b133df852 P 1da9ebe4a9e74d04b4bd9851a173a72f [NON_LEADER]: Queue going to NON_LEADER mode. State: All replicated index: 0, Majority replicated index: 2, Committed index: 2, Last appended: 2.2, Last appended by leader: 2, Current term: 2, Majority size: -1, State: 0, Mode: NON_LEADER, active raft config: opid_index: -1 OBSOLETE_local: false peers { permanent_uuid: "1da9ebe4a9e74d04b4bd9851a173a72f" member_type: VOTER last_known_addr { host: "127.0.107.193" port: 37897 } } peers { permanent_uuid: "b7d1dcbaa86146f898c09055d32f45e0" member_type: VOTER last_known_addr { host: "127.0.107.194" port: 37169 } } peers { permanent_uuid: "9e3934ef135b494b843525640bc85c4f" member_type: VOTER last_known_addr { host: "127.0.107.195" port: 39739 } }
I20260709 14:46:11.155304  1047 raft_consensus.cc:3060] T 4d12a6e387ad463e917f158b133df852 P 1da9ebe4a9e74d04b4bd9851a173a72f [term 2 FOLLOWER]: Advancing to term 3
I20260709 14:46:11.158341  1124 raft_consensus.cc:2468] T 4d12a6e387ad463e917f158b133df852 P b7d1dcbaa86146f898c09055d32f45e0 [term 3 FOLLOWER]: Leader election vote request: Granting yes vote for candidate 9e3934ef135b494b843525640bc85c4f in term 3.
I20260709 14:46:11.159386  1164 leader_election.cc:304] T 4d12a6e387ad463e917f158b133df852 P 9e3934ef135b494b843525640bc85c4f [CANDIDATE]: Term 3 election: Election decided. Result: candidate won. Election summary: received 2 responses out of 3 voters: 2 yes votes; 0 no votes. yes voters: 9e3934ef135b494b843525640bc85c4f, b7d1dcbaa86146f898c09055d32f45e0; no voters: 
I20260709 14:46:11.159550  1047 raft_consensus.cc:2468] T 4d12a6e387ad463e917f158b133df852 P 1da9ebe4a9e74d04b4bd9851a173a72f [term 3 FOLLOWER]: Leader election vote request: Granting yes vote for candidate 9e3934ef135b494b843525640bc85c4f in term 3.
I20260709 14:46:11.160069  1331 raft_consensus.cc:2804] T 4d12a6e387ad463e917f158b133df852 P 9e3934ef135b494b843525640bc85c4f [term 3 FOLLOWER]: Leader election won for term 3
I20260709 14:46:11.161041  1331 raft_consensus.cc:697] T 4d12a6e387ad463e917f158b133df852 P 9e3934ef135b494b843525640bc85c4f [term 3 LEADER]: Becoming Leader. State: Replica: 9e3934ef135b494b843525640bc85c4f, State: Running, Role: LEADER
I20260709 14:46:11.161818  1331 consensus_queue.cc:237] T 4d12a6e387ad463e917f158b133df852 P 9e3934ef135b494b843525640bc85c4f [LEADER]: Queue going to LEADER mode. State: All replicated index: 0, Majority replicated index: 2, Committed index: 2, Last appended: 2.2, Last appended by leader: 2, Current term: 3, Majority size: 2, State: 0, Mode: LEADER, active raft config: opid_index: -1 OBSOLETE_local: false peers { permanent_uuid: "1da9ebe4a9e74d04b4bd9851a173a72f" member_type: VOTER last_known_addr { host: "127.0.107.193" port: 37897 } } peers { permanent_uuid: "b7d1dcbaa86146f898c09055d32f45e0" member_type: VOTER last_known_addr { host: "127.0.107.194" port: 37169 } } peers { permanent_uuid: "9e3934ef135b494b843525640bc85c4f" member_type: VOTER last_known_addr { host: "127.0.107.195" port: 39739 } }
I20260709 14:46:11.169180   946 catalog_manager.cc:5697] T 4d12a6e387ad463e917f158b133df852 P 9e3934ef135b494b843525640bc85c4f reported cstate change: term changed from 2 to 3, leader changed from 1da9ebe4a9e74d04b4bd9851a173a72f (127.0.107.193) to 9e3934ef135b494b843525640bc85c4f (127.0.107.195). New cstate: current_term: 3 leader_uuid: "9e3934ef135b494b843525640bc85c4f" committed_config { opid_index: -1 OBSOLETE_local: false peers { permanent_uuid: "1da9ebe4a9e74d04b4bd9851a173a72f" member_type: VOTER last_known_addr { host: "127.0.107.193" port: 37897 } health_report { overall_health: UNKNOWN } } peers { permanent_uuid: "b7d1dcbaa86146f898c09055d32f45e0" member_type: VOTER last_known_addr { host: "127.0.107.194" port: 37169 } health_report { overall_health: UNKNOWN } } peers { permanent_uuid: "9e3934ef135b494b843525640bc85c4f" member_type: VOTER last_known_addr { host: "127.0.107.195" port: 39739 } health_report { overall_health: HEALTHY } } }
I20260709 14:46:11.315143  1328 raft_consensus.cc:993] T 8585727fc6454aaa9e549d4ff9d9b108 P 1da9ebe4a9e74d04b4bd9851a173a72f: : Instructing follower 9e3934ef135b494b843525640bc85c4f to start an election
I20260709 14:46:11.315623  1335 raft_consensus.cc:1081] T 8585727fc6454aaa9e549d4ff9d9b108 P 1da9ebe4a9e74d04b4bd9851a173a72f [term 2 LEADER]: Signalling peer 9e3934ef135b494b843525640bc85c4f to start an election
I20260709 14:46:11.317082  1198 tablet_service.cc:2044] Received Run Leader Election RPC: tablet_id: "8585727fc6454aaa9e549d4ff9d9b108"
dest_uuid: "9e3934ef135b494b843525640bc85c4f"
 from {username='slave'} at 127.0.0.1:52764
I20260709 14:46:11.317589  1198 raft_consensus.cc:493] T 8585727fc6454aaa9e549d4ff9d9b108 P 9e3934ef135b494b843525640bc85c4f [term 2 FOLLOWER]: Starting forced leader election (received explicit request)
I20260709 14:46:11.317826  1198 raft_consensus.cc:3060] T 8585727fc6454aaa9e549d4ff9d9b108 P 9e3934ef135b494b843525640bc85c4f [term 2 FOLLOWER]: Advancing to term 3
I20260709 14:46:11.322289  1198 raft_consensus.cc:515] T 8585727fc6454aaa9e549d4ff9d9b108 P 9e3934ef135b494b843525640bc85c4f [term 3 FOLLOWER]: Starting forced leader election with config: opid_index: -1 OBSOLETE_local: false peers { permanent_uuid: "1da9ebe4a9e74d04b4bd9851a173a72f" member_type: VOTER last_known_addr { host: "127.0.107.193" port: 37897 } } peers { permanent_uuid: "b7d1dcbaa86146f898c09055d32f45e0" member_type: VOTER last_known_addr { host: "127.0.107.194" port: 37169 } } peers { permanent_uuid: "9e3934ef135b494b843525640bc85c4f" member_type: VOTER last_known_addr { host: "127.0.107.195" port: 39739 } }
I20260709 14:46:11.323912  1198 leader_election.cc:290] T 8585727fc6454aaa9e549d4ff9d9b108 P 9e3934ef135b494b843525640bc85c4f [CANDIDATE]: Term 3 election: Requested vote from peers 1da9ebe4a9e74d04b4bd9851a173a72f (127.0.107.193:37897), b7d1dcbaa86146f898c09055d32f45e0 (127.0.107.194:37169)
I20260709 14:46:11.324612  1047 tablet_service.cc:1917] Received RequestConsensusVote() RPC: tablet_id: "8585727fc6454aaa9e549d4ff9d9b108" candidate_uuid: "9e3934ef135b494b843525640bc85c4f" candidate_term: 3 candidate_status { last_received { term: 2 index: 2 } } ignore_live_leader: true dest_uuid: "1da9ebe4a9e74d04b4bd9851a173a72f"
I20260709 14:46:11.324966  1124 tablet_service.cc:1917] Received RequestConsensusVote() RPC: tablet_id: "8585727fc6454aaa9e549d4ff9d9b108" candidate_uuid: "9e3934ef135b494b843525640bc85c4f" candidate_term: 3 candidate_status { last_received { term: 2 index: 2 } } ignore_live_leader: true dest_uuid: "b7d1dcbaa86146f898c09055d32f45e0"
I20260709 14:46:11.325117  1047 raft_consensus.cc:3055] T 8585727fc6454aaa9e549d4ff9d9b108 P 1da9ebe4a9e74d04b4bd9851a173a72f [term 2 LEADER]: Stepping down as leader of term 2
I20260709 14:46:11.325479  1124 raft_consensus.cc:3060] T 8585727fc6454aaa9e549d4ff9d9b108 P b7d1dcbaa86146f898c09055d32f45e0 [term 2 FOLLOWER]: Advancing to term 3
I20260709 14:46:11.325487  1047 raft_consensus.cc:740] T 8585727fc6454aaa9e549d4ff9d9b108 P 1da9ebe4a9e74d04b4bd9851a173a72f [term 2 LEADER]: Becoming Follower/Learner. State: Replica: 1da9ebe4a9e74d04b4bd9851a173a72f, State: Running, Role: LEADER
I20260709 14:46:11.326404  1047 consensus_queue.cc:260] T 8585727fc6454aaa9e549d4ff9d9b108 P 1da9ebe4a9e74d04b4bd9851a173a72f [NON_LEADER]: Queue going to NON_LEADER mode. State: All replicated index: 0, Majority replicated index: 2, Committed index: 2, Last appended: 2.2, Last appended by leader: 2, Current term: 2, Majority size: -1, State: 0, Mode: NON_LEADER, active raft config: opid_index: -1 OBSOLETE_local: false peers { permanent_uuid: "1da9ebe4a9e74d04b4bd9851a173a72f" member_type: VOTER last_known_addr { host: "127.0.107.193" port: 37897 } } peers { permanent_uuid: "b7d1dcbaa86146f898c09055d32f45e0" member_type: VOTER last_known_addr { host: "127.0.107.194" port: 37169 } } peers { permanent_uuid: "9e3934ef135b494b843525640bc85c4f" member_type: VOTER last_known_addr { host: "127.0.107.195" port: 39739 } }
I20260709 14:46:11.327617  1047 raft_consensus.cc:3060] T 8585727fc6454aaa9e549d4ff9d9b108 P 1da9ebe4a9e74d04b4bd9851a173a72f [term 2 FOLLOWER]: Advancing to term 3
I20260709 14:46:11.330307  1124 raft_consensus.cc:2468] T 8585727fc6454aaa9e549d4ff9d9b108 P b7d1dcbaa86146f898c09055d32f45e0 [term 3 FOLLOWER]: Leader election vote request: Granting yes vote for candidate 9e3934ef135b494b843525640bc85c4f in term 3.
I20260709 14:46:11.331171  1164 leader_election.cc:304] T 8585727fc6454aaa9e549d4ff9d9b108 P 9e3934ef135b494b843525640bc85c4f [CANDIDATE]: Term 3 election: Election decided. Result: candidate won. Election summary: received 2 responses out of 3 voters: 2 yes votes; 0 no votes. yes voters: 9e3934ef135b494b843525640bc85c4f, b7d1dcbaa86146f898c09055d32f45e0; no voters: 
I20260709 14:46:11.331943  1331 raft_consensus.cc:2804] T 8585727fc6454aaa9e549d4ff9d9b108 P 9e3934ef135b494b843525640bc85c4f [term 3 FOLLOWER]: Leader election won for term 3
I20260709 14:46:11.332350  1331 raft_consensus.cc:697] T 8585727fc6454aaa9e549d4ff9d9b108 P 9e3934ef135b494b843525640bc85c4f [term 3 LEADER]: Becoming Leader. State: Replica: 9e3934ef135b494b843525640bc85c4f, State: Running, Role: LEADER
I20260709 14:46:11.332499  1047 raft_consensus.cc:2468] T 8585727fc6454aaa9e549d4ff9d9b108 P 1da9ebe4a9e74d04b4bd9851a173a72f [term 3 FOLLOWER]: Leader election vote request: Granting yes vote for candidate 9e3934ef135b494b843525640bc85c4f in term 3.
I20260709 14:46:11.333135  1331 consensus_queue.cc:237] T 8585727fc6454aaa9e549d4ff9d9b108 P 9e3934ef135b494b843525640bc85c4f [LEADER]: Queue going to LEADER mode. State: All replicated index: 0, Majority replicated index: 2, Committed index: 2, Last appended: 2.2, Last appended by leader: 2, Current term: 3, Majority size: 2, State: 0, Mode: LEADER, active raft config: opid_index: -1 OBSOLETE_local: false peers { permanent_uuid: "1da9ebe4a9e74d04b4bd9851a173a72f" member_type: VOTER last_known_addr { host: "127.0.107.193" port: 37897 } } peers { permanent_uuid: "b7d1dcbaa86146f898c09055d32f45e0" member_type: VOTER last_known_addr { host: "127.0.107.194" port: 37169 } } peers { permanent_uuid: "9e3934ef135b494b843525640bc85c4f" member_type: VOTER last_known_addr { host: "127.0.107.195" port: 39739 } }
I20260709 14:46:11.339416   946 catalog_manager.cc:5697] T 8585727fc6454aaa9e549d4ff9d9b108 P 9e3934ef135b494b843525640bc85c4f reported cstate change: term changed from 2 to 3, leader changed from 1da9ebe4a9e74d04b4bd9851a173a72f (127.0.107.193) to 9e3934ef135b494b843525640bc85c4f (127.0.107.195). New cstate: current_term: 3 leader_uuid: "9e3934ef135b494b843525640bc85c4f" committed_config { opid_index: -1 OBSOLETE_local: false peers { permanent_uuid: "1da9ebe4a9e74d04b4bd9851a173a72f" member_type: VOTER last_known_addr { host: "127.0.107.193" port: 37897 } health_report { overall_health: UNKNOWN } } peers { permanent_uuid: "b7d1dcbaa86146f898c09055d32f45e0" member_type: VOTER last_known_addr { host: "127.0.107.194" port: 37169 } health_report { overall_health: UNKNOWN } } peers { permanent_uuid: "9e3934ef135b494b843525640bc85c4f" member_type: VOTER last_known_addr { host: "127.0.107.195" port: 39739 } health_report { overall_health: HEALTHY } } }
I20260709 14:46:11.665392  1047 raft_consensus.cc:1275] T 4d12a6e387ad463e917f158b133df852 P 1da9ebe4a9e74d04b4bd9851a173a72f [term 3 FOLLOWER]: Refusing update from remote peer 9e3934ef135b494b843525640bc85c4f: Log matching property violated. Preceding OpId in replica: term: 2 index: 2. Preceding OpId from leader: term: 3 index: 3. (index mismatch)
I20260709 14:46:11.666535  1331 consensus_queue.cc:1048] T 4d12a6e387ad463e917f158b133df852 P 9e3934ef135b494b843525640bc85c4f [LEADER]: Connected to new peer: Peer: permanent_uuid: "1da9ebe4a9e74d04b4bd9851a173a72f" member_type: VOTER last_known_addr { host: "127.0.107.193" port: 37897 }, Status: LMP_MISMATCH, Last received: 0.0, Next index: 3, Last known committed idx: 2, Time since last communication: 0.000s
I20260709 14:46:11.684816  1124 raft_consensus.cc:1275] T 4d12a6e387ad463e917f158b133df852 P b7d1dcbaa86146f898c09055d32f45e0 [term 3 FOLLOWER]: Refusing update from remote peer 9e3934ef135b494b843525640bc85c4f: Log matching property violated. Preceding OpId in replica: term: 2 index: 2. Preceding OpId from leader: term: 3 index: 3. (index mismatch)
I20260709 14:46:11.686753  1331 consensus_queue.cc:1048] T 4d12a6e387ad463e917f158b133df852 P 9e3934ef135b494b843525640bc85c4f [LEADER]: Connected to new peer: Peer: permanent_uuid: "b7d1dcbaa86146f898c09055d32f45e0" member_type: VOTER last_known_addr { host: "127.0.107.194" port: 37169 }, Status: LMP_MISMATCH, Last received: 0.0, Next index: 3, Last known committed idx: 2, Time since last communication: 0.000s
I20260709 14:46:11.754841  1124 raft_consensus.cc:1275] T 8585727fc6454aaa9e549d4ff9d9b108 P b7d1dcbaa86146f898c09055d32f45e0 [term 3 FOLLOWER]: Refusing update from remote peer 9e3934ef135b494b843525640bc85c4f: Log matching property violated. Preceding OpId in replica: term: 2 index: 2. Preceding OpId from leader: term: 3 index: 3. (index mismatch)
I20260709 14:46:11.756098  1331 consensus_queue.cc:1048] T 8585727fc6454aaa9e549d4ff9d9b108 P 9e3934ef135b494b843525640bc85c4f [LEADER]: Connected to new peer: Peer: permanent_uuid: "b7d1dcbaa86146f898c09055d32f45e0" member_type: VOTER last_known_addr { host: "127.0.107.194" port: 37169 }, Status: LMP_MISMATCH, Last received: 0.0, Next index: 3, Last known committed idx: 2, Time since last communication: 0.000s
I20260709 14:46:11.764055  1047 raft_consensus.cc:1275] T 8585727fc6454aaa9e549d4ff9d9b108 P 1da9ebe4a9e74d04b4bd9851a173a72f [term 3 FOLLOWER]: Refusing update from remote peer 9e3934ef135b494b843525640bc85c4f: Log matching property violated. Preceding OpId in replica: term: 2 index: 2. Preceding OpId from leader: term: 3 index: 3. (index mismatch)
I20260709 14:46:11.765522  1336 consensus_queue.cc:1048] T 8585727fc6454aaa9e549d4ff9d9b108 P 9e3934ef135b494b843525640bc85c4f [LEADER]: Connected to new peer: Peer: permanent_uuid: "1da9ebe4a9e74d04b4bd9851a173a72f" member_type: VOTER last_known_addr { host: "127.0.107.193" port: 37897 }, Status: LMP_MISMATCH, Last received: 0.0, Next index: 3, Last known committed idx: 2, Time since last communication: 0.000s
I20260709 14:46:11.789738   431 auto_leader_rebalancer.cc:141] leader rebalance for table test-workload
I20260709 14:46:11.802647  1198 tablet_service.cc:2072] Received LeaderStepDown RPC: tablet_id: "4d12a6e387ad463e917f158b133df852"
dest_uuid: "9e3934ef135b494b843525640bc85c4f"
mode: GRACEFUL
new_leader_uuid: "1da9ebe4a9e74d04b4bd9851a173a72f"
 from {username='slave'} at 127.0.0.1:52778
I20260709 14:46:11.803143  1198 raft_consensus.cc:606] T 4d12a6e387ad463e917f158b133df852 P 9e3934ef135b494b843525640bc85c4f [term 3 LEADER]: Received request to transfer leadership to TS 1da9ebe4a9e74d04b4bd9851a173a72f
I20260709 14:46:11.812602  1198 tablet_service.cc:2072] Received LeaderStepDown RPC: tablet_id: "8585727fc6454aaa9e549d4ff9d9b108"
dest_uuid: "9e3934ef135b494b843525640bc85c4f"
mode: GRACEFUL
new_leader_uuid: "1da9ebe4a9e74d04b4bd9851a173a72f"
 from {username='slave'} at 127.0.0.1:52778
I20260709 14:46:11.813108  1198 raft_consensus.cc:606] T 8585727fc6454aaa9e549d4ff9d9b108 P 9e3934ef135b494b843525640bc85c4f [term 3 LEADER]: Received request to transfer leadership to TS 1da9ebe4a9e74d04b4bd9851a173a72f
I20260709 14:46:11.817566  1124 tablet_service.cc:2072] Received LeaderStepDown RPC: tablet_id: "10ba37e0bd784ee4a4ec9f7b5e78072f"
dest_uuid: "b7d1dcbaa86146f898c09055d32f45e0"
mode: GRACEFUL
new_leader_uuid: "1da9ebe4a9e74d04b4bd9851a173a72f"
 from {username='slave'} at 127.0.0.1:57938
