I20260709 14:55:53.800868 11301 raft_consensus.cc:2468] T b07891a5cff345039bde8eb3b5131cc2 P 08072b9b1e354ae5951ea76222a0d9b0 [term 0 FOLLOWER]: Leader pre-election vote request: Granting yes vote for candidate 7390bb92527c4a908e9a17b48c50a075 in term 0.
I20260709 14:55:53.802810 11341 leader_election.cc:304] T b07891a5cff345039bde8eb3b5131cc2 P 7390bb92527c4a908e9a17b48c50a075 [CANDIDATE]: Term 1 pre-election: Election decided. Result: candidate won. Election summary: received 2 responses out of 3 voters: 2 yes votes; 0 no votes. yes voters: 7390bb92527c4a908e9a17b48c50a075, c20d5431d60949f788f79159c05dc4ad; no voters: 
I20260709 14:55:53.802855 11491 raft_consensus.cc:359] T b2f7a902266e426296b84408bae634d0 P 08072b9b1e354ae5951ea76222a0d9b0 [term 0 FOLLOWER]: Replica starting. Triggering 0 pending ops. Active config: opid_index: -1 OBSOLETE_local: false peers { permanent_uuid: "08072b9b1e354ae5951ea76222a0d9b0" member_type: VOTER last_known_addr { host: "127.9.245.129" port: 35017 } } peers { permanent_uuid: "7390bb92527c4a908e9a17b48c50a075" member_type: VOTER last_known_addr { host: "127.9.245.130" port: 36431 } } peers { permanent_uuid: "c20d5431d60949f788f79159c05dc4ad" member_type: VOTER last_known_addr { host: "127.9.245.131" port: 35425 } }
I20260709 14:55:53.803535 11491 raft_consensus.cc:385] T b2f7a902266e426296b84408bae634d0 P 08072b9b1e354ae5951ea76222a0d9b0 [term 0 FOLLOWER]: Consensus starting up: Expiring failure detector timer to make a prompt election more likely
I20260709 14:55:53.803722 11558 raft_consensus.cc:2804] T b07891a5cff345039bde8eb3b5131cc2 P 7390bb92527c4a908e9a17b48c50a075 [term 0 FOLLOWER]: Leader pre-election won for term 1
I20260709 14:55:53.803813 11491 raft_consensus.cc:740] T b2f7a902266e426296b84408bae634d0 P 08072b9b1e354ae5951ea76222a0d9b0 [term 0 FOLLOWER]: Becoming Follower/Learner. State: Replica: 08072b9b1e354ae5951ea76222a0d9b0, State: Initialized, Role: FOLLOWER
I20260709 14:55:53.804111 11558 raft_consensus.cc:493] T b07891a5cff345039bde8eb3b5131cc2 P 7390bb92527c4a908e9a17b48c50a075 [term 0 FOLLOWER]: Starting leader election (no leader contacted us within the election timeout)
I20260709 14:55:53.804448 11558 raft_consensus.cc:3060] T b07891a5cff345039bde8eb3b5131cc2 P 7390bb92527c4a908e9a17b48c50a075 [term 0 FOLLOWER]: Advancing to term 1
I20260709 14:55:53.804579 11491 consensus_queue.cc:260] T b2f7a902266e426296b84408bae634d0 P 08072b9b1e354ae5951ea76222a0d9b0 [NON_LEADER]: Queue going to NON_LEADER mode. State: All replicated index: 0, Majority replicated index: 0, Committed index: 0, Last appended: 0.0, Last appended by leader: 0, Current term: 0, Majority size: -1, State: 0, Mode: NON_LEADER, active raft config: opid_index: -1 OBSOLETE_local: false peers { permanent_uuid: "08072b9b1e354ae5951ea76222a0d9b0" member_type: VOTER last_known_addr { host: "127.9.245.129" port: 35017 } } peers { permanent_uuid: "7390bb92527c4a908e9a17b48c50a075" member_type: VOTER last_known_addr { host: "127.9.245.130" port: 36431 } } peers { permanent_uuid: "c20d5431d60949f788f79159c05dc4ad" member_type: VOTER last_known_addr { host: "127.9.245.131" port: 35425 } }
I20260709 14:55:53.806493 11491 ts_tablet_manager.cc:1434] T b2f7a902266e426296b84408bae634d0 P 08072b9b1e354ae5951ea76222a0d9b0: Time spent starting tablet: real 0.006s	user 0.006s	sys 0.000s
I20260709 14:55:53.801753 11449 tablet_service.cc:1917] Received RequestConsensusVote() RPC: tablet_id: "69cc36a13dae4146b4cdca69d82bb61f" candidate_uuid: "7390bb92527c4a908e9a17b48c50a075" candidate_term: 1 candidate_status { last_received { term: 0 index: 0 } } ignore_live_leader: false dest_uuid: "c20d5431d60949f788f79159c05dc4ad"
I20260709 14:55:53.806885 11449 raft_consensus.cc:3060] T 69cc36a13dae4146b4cdca69d82bb61f P c20d5431d60949f788f79159c05dc4ad [term 0 FOLLOWER]: Advancing to term 1
I20260709 14:55:53.787950 11509 leader_election.cc:290] T 0ef5d310fc1f44d4ac7349801d67b0ee P 08072b9b1e354ae5951ea76222a0d9b0 [CANDIDATE]: Term 1 pre-election: Requested pre-vote from peers 7390bb92527c4a908e9a17b48c50a075 (127.9.245.130:36431), c20d5431d60949f788f79159c05dc4ad (127.9.245.131:35425)
I20260709 14:55:53.813308 11449 raft_consensus.cc:2468] T 69cc36a13dae4146b4cdca69d82bb61f P c20d5431d60949f788f79159c05dc4ad [term 1 FOLLOWER]: Leader election vote request: Granting yes vote for candidate 7390bb92527c4a908e9a17b48c50a075 in term 1.
I20260709 14:55:53.814092 11518 consensus_queue.cc:1048] T 31df1757c96347a6805921f68000658a P c20d5431d60949f788f79159c05dc4ad [LEADER]: Connected to new peer: Peer: permanent_uuid: "7390bb92527c4a908e9a17b48c50a075" member_type: VOTER last_known_addr { host: "127.9.245.130" port: 36431 }, Status: LMP_MISMATCH, Last received: 0.0, Next index: 1, Last known committed idx: 0, Time since last communication: 0.000s
I20260709 14:55:53.814682 11491 tablet_bootstrap.cc:492] T e2ec85eece884a9fba1c5cb97b50e71c P 08072b9b1e354ae5951ea76222a0d9b0: Bootstrap starting.
I20260709 14:55:53.815459 11558 raft_consensus.cc:515] T b07891a5cff345039bde8eb3b5131cc2 P 7390bb92527c4a908e9a17b48c50a075 [term 1 FOLLOWER]: Starting leader election with config: opid_index: -1 OBSOLETE_local: false peers { permanent_uuid: "08072b9b1e354ae5951ea76222a0d9b0" member_type: VOTER last_known_addr { host: "127.9.245.129" port: 35017 } } peers { permanent_uuid: "7390bb92527c4a908e9a17b48c50a075" member_type: VOTER last_known_addr { host: "127.9.245.130" port: 36431 } } peers { permanent_uuid: "c20d5431d60949f788f79159c05dc4ad" member_type: VOTER last_known_addr { host: "127.9.245.131" port: 35425 } }
I20260709 14:55:53.817461 11341 leader_election.cc:304] T 69cc36a13dae4146b4cdca69d82bb61f P 7390bb92527c4a908e9a17b48c50a075 [CANDIDATE]: Term 1 election: Election decided. Result: candidate won. Election summary: received 3 responses out of 3 voters: 2 yes votes; 1 no votes. yes voters: 7390bb92527c4a908e9a17b48c50a075, c20d5431d60949f788f79159c05dc4ad; no voters: 08072b9b1e354ae5951ea76222a0d9b0
I20260709 14:55:53.818058 11301 tablet_service.cc:1917] Received RequestConsensusVote() RPC: tablet_id: "b07891a5cff345039bde8eb3b5131cc2" candidate_uuid: "7390bb92527c4a908e9a17b48c50a075" candidate_term: 1 candidate_status { last_received { term: 0 index: 0 } } ignore_live_leader: false dest_uuid: "08072b9b1e354ae5951ea76222a0d9b0"
I20260709 14:55:53.820139 11301 raft_consensus.cc:3060] T b07891a5cff345039bde8eb3b5131cc2 P 08072b9b1e354ae5951ea76222a0d9b0 [term 0 FOLLOWER]: Advancing to term 1
I20260709 14:55:53.820880 11491 tablet_bootstrap.cc:654] T e2ec85eece884a9fba1c5cb97b50e71c P 08072b9b1e354ae5951ea76222a0d9b0: Neither blocks nor log segments found. Creating new log.
I20260709 14:55:53.828925 11497 raft_consensus.cc:493] T 3b8d0fac60284e5ea864493a1cc160f6 P 7390bb92527c4a908e9a17b48c50a075 [term 0 FOLLOWER]: Starting pre-election (no leader contacted us within the election timeout)
I20260709 14:55:53.829433 11497 raft_consensus.cc:515] T 3b8d0fac60284e5ea864493a1cc160f6 P 7390bb92527c4a908e9a17b48c50a075 [term 0 FOLLOWER]: Starting pre-election with config: opid_index: -1 OBSOLETE_local: false peers { permanent_uuid: "08072b9b1e354ae5951ea76222a0d9b0" member_type: VOTER last_known_addr { host: "127.9.245.129" port: 35017 } } peers { permanent_uuid: "7390bb92527c4a908e9a17b48c50a075" member_type: VOTER last_known_addr { host: "127.9.245.130" port: 36431 } } peers { permanent_uuid: "c20d5431d60949f788f79159c05dc4ad" member_type: VOTER last_known_addr { host: "127.9.245.131" port: 35425 } }
I20260709 14:55:53.831657 11497 leader_election.cc:290] T 3b8d0fac60284e5ea864493a1cc160f6 P 7390bb92527c4a908e9a17b48c50a075 [CANDIDATE]: Term 1 pre-election: Requested pre-vote from peers 08072b9b1e354ae5951ea76222a0d9b0 (127.9.245.129:35017), c20d5431d60949f788f79159c05dc4ad (127.9.245.131:35425)
I20260709 14:55:53.833420 11299 tablet_service.cc:1917] Received RequestConsensusVote() RPC: tablet_id: "3b8d0fac60284e5ea864493a1cc160f6" candidate_uuid: "7390bb92527c4a908e9a17b48c50a075" candidate_term: 1 candidate_status { last_received { term: 0 index: 0 } } ignore_live_leader: false dest_uuid: "08072b9b1e354ae5951ea76222a0d9b0" is_pre_election: true
W20260709 14:55:53.835034 11342 leader_election.cc:343] T 3b8d0fac60284e5ea864493a1cc160f6 P 7390bb92527c4a908e9a17b48c50a075 [CANDIDATE]: Term 1 pre-election: Tablet error from VoteRequest() call to peer 08072b9b1e354ae5951ea76222a0d9b0 (127.9.245.129:35017): Illegal state: must be running to vote when last-logged opid is not known
I20260709 14:55:53.836901 11449 tablet_service.cc:1917] Received RequestConsensusVote() RPC: tablet_id: "3b8d0fac60284e5ea864493a1cc160f6" candidate_uuid: "7390bb92527c4a908e9a17b48c50a075" candidate_term: 1 candidate_status { last_received { term: 0 index: 0 } } ignore_live_leader: false dest_uuid: "c20d5431d60949f788f79159c05dc4ad" is_pre_election: true
W20260709 14:55:53.838449 11341 leader_election.cc:343] T 3b8d0fac60284e5ea864493a1cc160f6 P 7390bb92527c4a908e9a17b48c50a075 [CANDIDATE]: Term 1 pre-election: Tablet error from VoteRequest() call to peer c20d5431d60949f788f79159c05dc4ad (127.9.245.131:35425): Illegal state: must be running to vote when last-logged opid is not known
I20260709 14:55:53.839433 11518 raft_consensus.cc:493] T dda9cfbc8b4c435caa7d392172c62154 P c20d5431d60949f788f79159c05dc4ad [term 0 FOLLOWER]: Starting pre-election (no leader contacted us within the election timeout)
I20260709 14:55:53.839995 11518 raft_consensus.cc:515] T dda9cfbc8b4c435caa7d392172c62154 P c20d5431d60949f788f79159c05dc4ad [term 0 FOLLOWER]: Starting pre-election with config: opid_index: -1 OBSOLETE_local: false peers { permanent_uuid: "08072b9b1e354ae5951ea76222a0d9b0" member_type: VOTER last_known_addr { host: "127.9.245.129" port: 35017 } } peers { permanent_uuid: "7390bb92527c4a908e9a17b48c50a075" member_type: VOTER last_known_addr { host: "127.9.245.130" port: 36431 } } peers { permanent_uuid: "c20d5431d60949f788f79159c05dc4ad" member_type: VOTER last_known_addr { host: "127.9.245.131" port: 35425 } }
I20260709 14:55:53.838969 11341 leader_election.cc:304] T 3b8d0fac60284e5ea864493a1cc160f6 P 7390bb92527c4a908e9a17b48c50a075 [CANDIDATE]: Term 1 pre-election: Election decided. Result: candidate lost. Election summary: received 3 responses out of 3 voters: 1 yes votes; 2 no votes. yes voters: 7390bb92527c4a908e9a17b48c50a075; no voters: 08072b9b1e354ae5951ea76222a0d9b0, c20d5431d60949f788f79159c05dc4ad
I20260709 14:55:53.842885 11299 tablet_service.cc:1917] Received RequestConsensusVote() RPC: tablet_id: "dda9cfbc8b4c435caa7d392172c62154" candidate_uuid: "c20d5431d60949f788f79159c05dc4ad" candidate_term: 1 candidate_status { last_received { term: 0 index: 0 } } ignore_live_leader: false dest_uuid: "08072b9b1e354ae5951ea76222a0d9b0" is_pre_election: true
I20260709 14:55:53.843549 11299 raft_consensus.cc:2468] T dda9cfbc8b4c435caa7d392172c62154 P 08072b9b1e354ae5951ea76222a0d9b0 [term 0 FOLLOWER]: Leader pre-election vote request: Granting yes vote for candidate c20d5431d60949f788f79159c05dc4ad in term 0.
I20260709 14:55:53.844812 11518 leader_election.cc:290] T dda9cfbc8b4c435caa7d392172c62154 P c20d5431d60949f788f79159c05dc4ad [CANDIDATE]: Term 1 pre-election: Requested pre-vote from peers 08072b9b1e354ae5951ea76222a0d9b0 (127.9.245.129:35017), 7390bb92527c4a908e9a17b48c50a075 (127.9.245.130:36431)
I20260709 14:55:53.844835 11416 leader_election.cc:304] T dda9cfbc8b4c435caa7d392172c62154 P c20d5431d60949f788f79159c05dc4ad [CANDIDATE]: Term 1 pre-election: Election decided. Result: candidate won. Election summary: received 2 responses out of 3 voters: 2 yes votes; 0 no votes. yes voters: 08072b9b1e354ae5951ea76222a0d9b0, c20d5431d60949f788f79159c05dc4ad; no voters: 
I20260709 14:55:53.842909 11497 raft_consensus.cc:2749] T 3b8d0fac60284e5ea864493a1cc160f6 P 7390bb92527c4a908e9a17b48c50a075 [term 0 FOLLOWER]: Leader pre-election lost for term 1. Reason: could not achieve majority
I20260709 14:55:53.845695 11375 tablet_service.cc:1917] Received RequestConsensusVote() RPC: tablet_id: "dda9cfbc8b4c435caa7d392172c62154" candidate_uuid: "c20d5431d60949f788f79159c05dc4ad" candidate_term: 1 candidate_status { last_received { term: 0 index: 0 } } ignore_live_leader: false dest_uuid: "7390bb92527c4a908e9a17b48c50a075" is_pre_election: true
I20260709 14:55:53.846892 11498 raft_consensus.cc:2804] T dda9cfbc8b4c435caa7d392172c62154 P c20d5431d60949f788f79159c05dc4ad [term 0 FOLLOWER]: Leader pre-election won for term 1
I20260709 14:55:53.847304 11498 raft_consensus.cc:493] T dda9cfbc8b4c435caa7d392172c62154 P c20d5431d60949f788f79159c05dc4ad [term 0 FOLLOWER]: Starting leader election (no leader contacted us within the election timeout)
I20260709 14:55:53.847661 11498 raft_consensus.cc:3060] T dda9cfbc8b4c435caa7d392172c62154 P c20d5431d60949f788f79159c05dc4ad [term 0 FOLLOWER]: Advancing to term 1
W20260709 14:55:53.848337 11414 leader_election.cc:343] T dda9cfbc8b4c435caa7d392172c62154 P c20d5431d60949f788f79159c05dc4ad [CANDIDATE]: Term 1 pre-election: Tablet error from VoteRequest() call to peer 7390bb92527c4a908e9a17b48c50a075 (127.9.245.130:36431): Illegal state: must be running to vote when last-logged opid is not known
I20260709 14:55:53.851713 11558 leader_election.cc:290] T b07891a5cff345039bde8eb3b5131cc2 P 7390bb92527c4a908e9a17b48c50a075 [CANDIDATE]: Term 1 election: Requested vote from peers 08072b9b1e354ae5951ea76222a0d9b0 (127.9.245.129:35017), c20d5431d60949f788f79159c05dc4ad (127.9.245.131:35425)
I20260709 14:55:53.822543 11521 raft_consensus.cc:2804] T 69cc36a13dae4146b4cdca69d82bb61f P 7390bb92527c4a908e9a17b48c50a075 [term 1 FOLLOWER]: Leader election won for term 1
I20260709 14:55:53.854301 11521 raft_consensus.cc:697] T 69cc36a13dae4146b4cdca69d82bb61f P 7390bb92527c4a908e9a17b48c50a075 [term 1 LEADER]: Becoming Leader. State: Replica: 7390bb92527c4a908e9a17b48c50a075, State: Running, Role: LEADER
I20260709 14:55:53.855180 11521 consensus_queue.cc:237] T 69cc36a13dae4146b4cdca69d82bb61f P 7390bb92527c4a908e9a17b48c50a075 [LEADER]: Queue going to LEADER mode. State: All replicated index: 0, Majority replicated index: 0, Committed index: 0, Last appended: 0.0, Last appended by leader: 0, Current term: 1, Majority size: 2, State: 0, Mode: LEADER, active raft config: opid_index: -1 OBSOLETE_local: false peers { permanent_uuid: "08072b9b1e354ae5951ea76222a0d9b0" member_type: VOTER last_known_addr { host: "127.9.245.129" port: 35017 } } peers { permanent_uuid: "7390bb92527c4a908e9a17b48c50a075" member_type: VOTER last_known_addr { host: "127.9.245.130" port: 36431 } } peers { permanent_uuid: "c20d5431d60949f788f79159c05dc4ad" member_type: VOTER last_known_addr { host: "127.9.245.131" port: 35425 } }
I20260709 14:55:53.856760 11498 raft_consensus.cc:515] T dda9cfbc8b4c435caa7d392172c62154 P c20d5431d60949f788f79159c05dc4ad [term 1 FOLLOWER]: Starting leader election with config: opid_index: -1 OBSOLETE_local: false peers { permanent_uuid: "08072b9b1e354ae5951ea76222a0d9b0" member_type: VOTER last_known_addr { host: "127.9.245.129" port: 35017 } } peers { permanent_uuid: "7390bb92527c4a908e9a17b48c50a075" member_type: VOTER last_known_addr { host: "127.9.245.130" port: 36431 } } peers { permanent_uuid: "c20d5431d60949f788f79159c05dc4ad" member_type: VOTER last_known_addr { host: "127.9.245.131" port: 35425 } }
I20260709 14:55:53.859714 11299 tablet_service.cc:1917] Received RequestConsensusVote() RPC: tablet_id: "dda9cfbc8b4c435caa7d392172c62154" candidate_uuid: "c20d5431d60949f788f79159c05dc4ad" candidate_term: 1 candidate_status { last_received { term: 0 index: 0 } } ignore_live_leader: false dest_uuid: "08072b9b1e354ae5951ea76222a0d9b0"
I20260709 14:55:53.860661 11299 raft_consensus.cc:3060] T dda9cfbc8b4c435caa7d392172c62154 P 08072b9b1e354ae5951ea76222a0d9b0 [term 0 FOLLOWER]: Advancing to term 1
I20260709 14:55:53.866341 11449 tablet_service.cc:1917] Received RequestConsensusVote() RPC: tablet_id: "b07891a5cff345039bde8eb3b5131cc2" candidate_uuid: "7390bb92527c4a908e9a17b48c50a075" candidate_term: 1 candidate_status { last_received { term: 0 index: 0 } } ignore_live_leader: false dest_uuid: "c20d5431d60949f788f79159c05dc4ad"
I20260709 14:55:53.867015 11449 raft_consensus.cc:3060] T b07891a5cff345039bde8eb3b5131cc2 P c20d5431d60949f788f79159c05dc4ad [term 0 FOLLOWER]: Advancing to term 1
I20260709 14:55:53.867118 11375 tablet_service.cc:1917] Received RequestConsensusVote() RPC: tablet_id: "dda9cfbc8b4c435caa7d392172c62154" candidate_uuid: "c20d5431d60949f788f79159c05dc4ad" candidate_term: 1 candidate_status { last_received { term: 0 index: 0 } } ignore_live_leader: false dest_uuid: "7390bb92527c4a908e9a17b48c50a075"
I20260709 14:55:53.878576 11509 raft_consensus.cc:493] T 39be0ffdae824e079e5011ffa739935c P 08072b9b1e354ae5951ea76222a0d9b0 [term 0 FOLLOWER]: Starting pre-election (no leader contacted us within the election timeout)
W20260709 14:55:53.878986 11414 leader_election.cc:343] T dda9cfbc8b4c435caa7d392172c62154 P c20d5431d60949f788f79159c05dc4ad [CANDIDATE]: Term 1 election: Tablet error from VoteRequest() call to peer 7390bb92527c4a908e9a17b48c50a075 (127.9.245.130:36431): Illegal state: must be running to vote when last-logged opid is not known
I20260709 14:55:53.888203 11497 raft_consensus.cc:493] T b2f7a902266e426296b84408bae634d0 P 7390bb92527c4a908e9a17b48c50a075 [term 0 FOLLOWER]: Starting pre-election (no leader contacted us within the election timeout)
I20260709 14:55:53.870184 11498 leader_election.cc:290] T dda9cfbc8b4c435caa7d392172c62154 P c20d5431d60949f788f79159c05dc4ad [CANDIDATE]: Term 1 election: Requested vote from peers 08072b9b1e354ae5951ea76222a0d9b0 (127.9.245.129:35017), 7390bb92527c4a908e9a17b48c50a075 (127.9.245.130:36431)
I20260709 14:55:53.889750 11509 raft_consensus.cc:515] T 39be0ffdae824e079e5011ffa739935c P 08072b9b1e354ae5951ea76222a0d9b0 [term 0 FOLLOWER]: Starting pre-election with config: opid_index: -1 OBSOLETE_local: false peers { permanent_uuid: "08072b9b1e354ae5951ea76222a0d9b0" member_type: VOTER last_known_addr { host: "127.9.245.129" port: 35017 } } peers { permanent_uuid: "7390bb92527c4a908e9a17b48c50a075" member_type: VOTER last_known_addr { host: "127.9.245.130" port: 36431 } } peers { permanent_uuid: "c20d5431d60949f788f79159c05dc4ad" member_type: VOTER last_known_addr { host: "127.9.245.131" port: 35425 } }
I20260709 14:55:53.897521 11490 tablet_bootstrap.cc:492] T 7117d54b60624fe3ac77cab5c190a3e9 P c20d5431d60949f788f79159c05dc4ad: No bootstrap required, opened a new log
I20260709 14:55:53.897878 11490 ts_tablet_manager.cc:1403] T 7117d54b60624fe3ac77cab5c190a3e9 P c20d5431d60949f788f79159c05dc4ad: Time spent bootstrapping tablet: real 0.130s	user 0.020s	sys 0.030s
I20260709 14:55:53.892983 11497 raft_consensus.cc:515] T b2f7a902266e426296b84408bae634d0 P 7390bb92527c4a908e9a17b48c50a075 [term 0 FOLLOWER]: Starting pre-election with config: opid_index: -1 OBSOLETE_local: false peers { permanent_uuid: "08072b9b1e354ae5951ea76222a0d9b0" member_type: VOTER last_known_addr { host: "127.9.245.129" port: 35017 } } peers { permanent_uuid: "7390bb92527c4a908e9a17b48c50a075" member_type: VOTER last_known_addr { host: "127.9.245.130" port: 36431 } } peers { permanent_uuid: "c20d5431d60949f788f79159c05dc4ad" member_type: VOTER last_known_addr { host: "127.9.245.131" port: 35425 } }
I20260709 14:55:53.902467 11492 tablet_bootstrap.cc:492] T fa31b7b9d02046ce901f0dedc4250622 P 7390bb92527c4a908e9a17b48c50a075: No bootstrap required, opened a new log
I20260709 14:55:53.902827 11492 ts_tablet_manager.cc:1403] T fa31b7b9d02046ce901f0dedc4250622 P 7390bb92527c4a908e9a17b48c50a075: Time spent bootstrapping tablet: real 0.137s	user 0.039s	sys 0.048s
I20260709 14:55:53.904064 11491 tablet_bootstrap.cc:492] T e2ec85eece884a9fba1c5cb97b50e71c P 08072b9b1e354ae5951ea76222a0d9b0: No bootstrap required, opened a new log
I20260709 14:55:53.901427 11301 raft_consensus.cc:2468] T b07891a5cff345039bde8eb3b5131cc2 P 08072b9b1e354ae5951ea76222a0d9b0 [term 1 FOLLOWER]: Leader election vote request: Granting yes vote for candidate 7390bb92527c4a908e9a17b48c50a075 in term 1.
I20260709 14:55:53.904467 11491 ts_tablet_manager.cc:1403] T e2ec85eece884a9fba1c5cb97b50e71c P 08072b9b1e354ae5951ea76222a0d9b0: Time spent bootstrapping tablet: real 0.090s	user 0.019s	sys 0.010s
I20260709 14:55:53.907634 11497 leader_election.cc:290] T b2f7a902266e426296b84408bae634d0 P 7390bb92527c4a908e9a17b48c50a075 [CANDIDATE]: Term 1 pre-election: Requested pre-vote from peers 08072b9b1e354ae5951ea76222a0d9b0 (127.9.245.129:35017), c20d5431d60949f788f79159c05dc4ad (127.9.245.131:35425)
I20260709 14:55:53.908008 11449 raft_consensus.cc:2468] T b07891a5cff345039bde8eb3b5131cc2 P c20d5431d60949f788f79159c05dc4ad [term 1 FOLLOWER]: Leader election vote request: Granting yes vote for candidate 7390bb92527c4a908e9a17b48c50a075 in term 1.
I20260709 14:55:53.908987 11300 tablet_service.cc:1917] Received RequestConsensusVote() RPC: tablet_id: "b2f7a902266e426296b84408bae634d0" candidate_uuid: "7390bb92527c4a908e9a17b48c50a075" candidate_term: 1 candidate_status { last_received { term: 0 index: 0 } } ignore_live_leader: false dest_uuid: "08072b9b1e354ae5951ea76222a0d9b0" is_pre_election: true
I20260709 14:55:53.911144 11490 raft_consensus.cc:359] T 7117d54b60624fe3ac77cab5c190a3e9 P c20d5431d60949f788f79159c05dc4ad [term 0 FOLLOWER]: Replica starting. Triggering 0 pending ops. Active config: opid_index: -1 OBSOLETE_local: false peers { permanent_uuid: "08072b9b1e354ae5951ea76222a0d9b0" member_type: VOTER last_known_addr { host: "127.9.245.129" port: 35017 } } peers { permanent_uuid: "7390bb92527c4a908e9a17b48c50a075" member_type: VOTER last_known_addr { host: "127.9.245.130" port: 36431 } } peers { permanent_uuid: "c20d5431d60949f788f79159c05dc4ad" member_type: VOTER last_known_addr { host: "127.9.245.131" port: 35425 } }
I20260709 14:55:53.912890 11498 consensus_queue.cc:1048] T 048266ebdd1e46be8449b82e6fe0f9fc P c20d5431d60949f788f79159c05dc4ad [LEADER]: Connected to new peer: Peer: permanent_uuid: "7390bb92527c4a908e9a17b48c50a075" member_type: VOTER last_known_addr { host: "127.9.245.130" port: 36431 }, Status: LMP_MISMATCH, Last received: 0.0, Next index: 1, Last known committed idx: 0, Time since last communication: 0.000s
I20260709 14:55:53.913347 11300 raft_consensus.cc:2468] T b2f7a902266e426296b84408bae634d0 P 08072b9b1e354ae5951ea76222a0d9b0 [term 0 FOLLOWER]: Leader pre-election vote request: Granting yes vote for candidate 7390bb92527c4a908e9a17b48c50a075 in term 0.
I20260709 14:55:53.913461 11490 raft_consensus.cc:385] T 7117d54b60624fe3ac77cab5c190a3e9 P c20d5431d60949f788f79159c05dc4ad [term 0 FOLLOWER]: Consensus starting up: Expiring failure detector timer to make a prompt election more likely
I20260709 14:55:53.911821 11450 tablet_service.cc:1917] Received RequestConsensusVote() RPC: tablet_id: "b2f7a902266e426296b84408bae634d0" candidate_uuid: "7390bb92527c4a908e9a17b48c50a075" candidate_term: 1 candidate_status { last_received { term: 0 index: 0 } } ignore_live_leader: false dest_uuid: "c20d5431d60949f788f79159c05dc4ad" is_pre_election: true
I20260709 14:55:53.914579 11490 raft_consensus.cc:740] T 7117d54b60624fe3ac77cab5c190a3e9 P c20d5431d60949f788f79159c05dc4ad [term 0 FOLLOWER]: Becoming Follower/Learner. State: Replica: c20d5431d60949f788f79159c05dc4ad, State: Initialized, Role: FOLLOWER
I20260709 14:55:53.915180 11509 leader_election.cc:290] T 39be0ffdae824e079e5011ffa739935c P 08072b9b1e354ae5951ea76222a0d9b0 [CANDIDATE]: Term 1 pre-election: Requested pre-vote from peers 7390bb92527c4a908e9a17b48c50a075 (127.9.245.130:36431), c20d5431d60949f788f79159c05dc4ad (127.9.245.131:35425)
I20260709 14:55:53.917189 11299 raft_consensus.cc:2468] T dda9cfbc8b4c435caa7d392172c62154 P 08072b9b1e354ae5951ea76222a0d9b0 [term 1 FOLLOWER]: Leader election vote request: Granting yes vote for candidate c20d5431d60949f788f79159c05dc4ad in term 1.
I20260709 14:55:53.915292 11490 consensus_queue.cc:260] T 7117d54b60624fe3ac77cab5c190a3e9 P c20d5431d60949f788f79159c05dc4ad [NON_LEADER]: Queue going to NON_LEADER mode. State: All replicated index: 0, Majority replicated index: 0, Committed index: 0, Last appended: 0.0, Last appended by leader: 0, Current term: 0, Majority size: -1, State: 0, Mode: NON_LEADER, active raft config: opid_index: -1 OBSOLETE_local: false peers { permanent_uuid: "08072b9b1e354ae5951ea76222a0d9b0" member_type: VOTER last_known_addr { host: "127.9.245.129" port: 35017 } } peers { permanent_uuid: "7390bb92527c4a908e9a17b48c50a075" member_type: VOTER last_known_addr { host: "127.9.245.130" port: 36431 } } peers { permanent_uuid: "c20d5431d60949f788f79159c05dc4ad" member_type: VOTER last_known_addr { host: "127.9.245.131" port: 35425 } }
I20260709 14:55:53.917486 11375 tablet_service.cc:1917] Received RequestConsensusVote() RPC: tablet_id: "39be0ffdae824e079e5011ffa739935c" candidate_uuid: "08072b9b1e354ae5951ea76222a0d9b0" candidate_term: 1 candidate_status { last_received { term: 0 index: 0 } } ignore_live_leader: false dest_uuid: "7390bb92527c4a908e9a17b48c50a075" is_pre_election: true
I20260709 14:55:53.918164 11375 raft_consensus.cc:2468] T 39be0ffdae824e079e5011ffa739935c P 7390bb92527c4a908e9a17b48c50a075 [term 0 FOLLOWER]: Leader pre-election vote request: Granting yes vote for candidate 08072b9b1e354ae5951ea76222a0d9b0 in term 0.
I20260709 14:55:53.919404 11490 ts_tablet_manager.cc:1434] T 7117d54b60624fe3ac77cab5c190a3e9 P c20d5431d60949f788f79159c05dc4ad: Time spent starting tablet: real 0.021s	user 0.005s	sys 0.000s
I20260709 14:55:53.920208 11490 tablet_bootstrap.cc:492] T b2f7a902266e426296b84408bae634d0 P c20d5431d60949f788f79159c05dc4ad: Bootstrap starting.
I20260709 14:55:53.920181 11491 raft_consensus.cc:359] T e2ec85eece884a9fba1c5cb97b50e71c P 08072b9b1e354ae5951ea76222a0d9b0 [term 0 FOLLOWER]: Replica starting. Triggering 0 pending ops. Active config: opid_index: -1 OBSOLETE_local: false peers { permanent_uuid: "08072b9b1e354ae5951ea76222a0d9b0" member_type: VOTER last_known_addr { host: "127.9.245.129" port: 35017 } } peers { permanent_uuid: "7390bb92527c4a908e9a17b48c50a075" member_type: VOTER last_known_addr { host: "127.9.245.130" port: 36431 } } peers { permanent_uuid: "c20d5431d60949f788f79159c05dc4ad" member_type: VOTER last_known_addr { host: "127.9.245.131" port: 35425 } }
I20260709 14:55:53.920922 11491 raft_consensus.cc:385] T e2ec85eece884a9fba1c5cb97b50e71c P 08072b9b1e354ae5951ea76222a0d9b0 [term 0 FOLLOWER]: Consensus starting up: Expiring failure detector timer to make a prompt election more likely
I20260709 14:55:53.921193 11491 raft_consensus.cc:740] T e2ec85eece884a9fba1c5cb97b50e71c P 08072b9b1e354ae5951ea76222a0d9b0 [term 0 FOLLOWER]: Becoming Follower/Learner. State: Replica: 08072b9b1e354ae5951ea76222a0d9b0, State: Initialized, Role: FOLLOWER
I20260709 14:55:53.921093 11492 raft_consensus.cc:359] T fa31b7b9d02046ce901f0dedc4250622 P 7390bb92527c4a908e9a17b48c50a075 [term 0 FOLLOWER]: Replica starting. Triggering 0 pending ops. Active config: opid_index: -1 OBSOLETE_local: false peers { permanent_uuid: "08072b9b1e354ae5951ea76222a0d9b0" member_type: VOTER last_known_addr { host: "127.9.245.129" port: 35017 } } peers { permanent_uuid: "7390bb92527c4a908e9a17b48c50a075" member_type: VOTER last_known_addr { host: "127.9.245.130" port: 36431 } } peers { permanent_uuid: "c20d5431d60949f788f79159c05dc4ad" member_type: VOTER last_known_addr { host: "127.9.245.131" port: 35425 } }
I20260709 14:55:53.921801 11492 raft_consensus.cc:385] T fa31b7b9d02046ce901f0dedc4250622 P 7390bb92527c4a908e9a17b48c50a075 [term 0 FOLLOWER]: Consensus starting up: Expiring failure detector timer to make a prompt election more likely
I20260709 14:55:53.922129 11492 raft_consensus.cc:740] T fa31b7b9d02046ce901f0dedc4250622 P 7390bb92527c4a908e9a17b48c50a075 [term 0 FOLLOWER]: Becoming Follower/Learner. State: Replica: 7390bb92527c4a908e9a17b48c50a075, State: Initialized, Role: FOLLOWER
I20260709 14:55:53.921861 11491 consensus_queue.cc:260] T e2ec85eece884a9fba1c5cb97b50e71c P 08072b9b1e354ae5951ea76222a0d9b0 [NON_LEADER]: Queue going to NON_LEADER mode. State: All replicated index: 0, Majority replicated index: 0, Committed index: 0, Last appended: 0.0, Last appended by leader: 0, Current term: 0, Majority size: -1, State: 0, Mode: NON_LEADER, active raft config: opid_index: -1 OBSOLETE_local: false peers { permanent_uuid: "08072b9b1e354ae5951ea76222a0d9b0" member_type: VOTER last_known_addr { host: "127.9.245.129" port: 35017 } } peers { permanent_uuid: "7390bb92527c4a908e9a17b48c50a075" member_type: VOTER last_known_addr { host: "127.9.245.130" port: 36431 } } peers { permanent_uuid: "c20d5431d60949f788f79159c05dc4ad" member_type: VOTER last_known_addr { host: "127.9.245.131" port: 35425 } }
I20260709 14:55:53.922758 11492 consensus_queue.cc:260] T fa31b7b9d02046ce901f0dedc4250622 P 7390bb92527c4a908e9a17b48c50a075 [NON_LEADER]: Queue going to NON_LEADER mode. State: All replicated index: 0, Majority replicated index: 0, Committed index: 0, Last appended: 0.0, Last appended by leader: 0, Current term: 0, Majority size: -1, State: 0, Mode: NON_LEADER, active raft config: opid_index: -1 OBSOLETE_local: false peers { permanent_uuid: "08072b9b1e354ae5951ea76222a0d9b0" member_type: VOTER last_known_addr { host: "127.9.245.129" port: 35017 } } peers { permanent_uuid: "7390bb92527c4a908e9a17b48c50a075" member_type: VOTER last_known_addr { host: "127.9.245.130" port: 36431 } } peers { permanent_uuid: "c20d5431d60949f788f79159c05dc4ad" member_type: VOTER last_known_addr { host: "127.9.245.131" port: 35425 } }
I20260709 14:55:53.923236 11265 leader_election.cc:304] T 39be0ffdae824e079e5011ffa739935c P 08072b9b1e354ae5951ea76222a0d9b0 [CANDIDATE]: Term 1 pre-election: Election decided. Result: candidate won. Election summary: received 2 responses out of 3 voters: 2 yes votes; 0 no votes. yes voters: 08072b9b1e354ae5951ea76222a0d9b0, 7390bb92527c4a908e9a17b48c50a075; no voters: 
I20260709 14:55:53.924232 11491 ts_tablet_manager.cc:1434] T e2ec85eece884a9fba1c5cb97b50e71c P 08072b9b1e354ae5951ea76222a0d9b0: Time spent starting tablet: real 0.014s	user 0.005s	sys 0.001s
I20260709 14:55:53.925540 11492 ts_tablet_manager.cc:1434] T fa31b7b9d02046ce901f0dedc4250622 P 7390bb92527c4a908e9a17b48c50a075: Time spent starting tablet: real 0.023s	user 0.001s	sys 0.004s
I20260709 14:55:53.924032 11509 raft_consensus.cc:2804] T 39be0ffdae824e079e5011ffa739935c P 08072b9b1e354ae5951ea76222a0d9b0 [term 0 FOLLOWER]: Leader pre-election won for term 1
I20260709 14:55:53.926383 11509 raft_consensus.cc:493] T 39be0ffdae824e079e5011ffa739935c P 08072b9b1e354ae5951ea76222a0d9b0 [term 0 FOLLOWER]: Starting leader election (no leader contacted us within the election timeout)
I20260709 14:55:53.922150 11342 leader_election.cc:304] T b07891a5cff345039bde8eb3b5131cc2 P 7390bb92527c4a908e9a17b48c50a075 [CANDIDATE]: Term 1 election: Election decided. Result: candidate won. Election summary: received 2 responses out of 3 voters: 2 yes votes; 0 no votes. yes voters: 08072b9b1e354ae5951ea76222a0d9b0, 7390bb92527c4a908e9a17b48c50a075; no voters: 
I20260709 14:55:53.926664 11492 tablet_bootstrap.cc:492] T bc52d3531d95421aaee444aad27d2d64 P 7390bb92527c4a908e9a17b48c50a075: Bootstrap starting.
I20260709 14:55:53.926760 11490 tablet_bootstrap.cc:654] T b2f7a902266e426296b84408bae634d0 P c20d5431d60949f788f79159c05dc4ad: Neither blocks nor log segments found. Creating new log.
I20260709 14:55:53.926803 11509 raft_consensus.cc:3060] T 39be0ffdae824e079e5011ffa739935c P 08072b9b1e354ae5951ea76222a0d9b0 [term 0 FOLLOWER]: Advancing to term 1
I20260709 14:55:53.929411 11449 tablet_service.cc:1917] Received RequestConsensusVote() RPC: tablet_id: "39be0ffdae824e079e5011ffa739935c" candidate_uuid: "08072b9b1e354ae5951ea76222a0d9b0" candidate_term: 1 candidate_status { last_received { term: 0 index: 0 } } ignore_live_leader: false dest_uuid: "c20d5431d60949f788f79159c05dc4ad" is_pre_election: true
I20260709 14:55:53.930817 11342 leader_election.cc:304] T b2f7a902266e426296b84408bae634d0 P 7390bb92527c4a908e9a17b48c50a075 [CANDIDATE]: Term 1 pre-election: Election decided. Result: candidate won. Election summary: received 2 responses out of 3 voters: 2 yes votes; 0 no votes. yes voters: 08072b9b1e354ae5951ea76222a0d9b0, 7390bb92527c4a908e9a17b48c50a075; no voters: 
I20260709 14:55:53.931188 11497 raft_consensus.cc:2804] T b07891a5cff345039bde8eb3b5131cc2 P 7390bb92527c4a908e9a17b48c50a075 [term 1 FOLLOWER]: Leader election won for term 1
I20260709 14:55:53.931630 11497 raft_consensus.cc:697] T b07891a5cff345039bde8eb3b5131cc2 P 7390bb92527c4a908e9a17b48c50a075 [term 1 LEADER]: Becoming Leader. State: Replica: 7390bb92527c4a908e9a17b48c50a075, State: Running, Role: LEADER
W20260709 14:55:53.932229 11266 leader_election.cc:343] T 39be0ffdae824e079e5011ffa739935c P 08072b9b1e354ae5951ea76222a0d9b0 [CANDIDATE]: Term 1 pre-election: Tablet error from VoteRequest() call to peer c20d5431d60949f788f79159c05dc4ad (127.9.245.131:35425): Illegal state: must be running to vote when last-logged opid is not known
I20260709 14:55:53.932508 11497 consensus_queue.cc:237] T b07891a5cff345039bde8eb3b5131cc2 P 7390bb92527c4a908e9a17b48c50a075 [LEADER]: Queue going to LEADER mode. State: All replicated index: 0, Majority replicated index: 0, Committed index: 0, Last appended: 0.0, Last appended by leader: 0, Current term: 1, Majority size: 2, State: 0, Mode: LEADER, active raft config: opid_index: -1 OBSOLETE_local: false peers { permanent_uuid: "08072b9b1e354ae5951ea76222a0d9b0" member_type: VOTER last_known_addr { host: "127.9.245.129" port: 35017 } } peers { permanent_uuid: "7390bb92527c4a908e9a17b48c50a075" member_type: VOTER last_known_addr { host: "127.9.245.130" port: 36431 } } peers { permanent_uuid: "c20d5431d60949f788f79159c05dc4ad" member_type: VOTER last_known_addr { host: "127.9.245.131" port: 35425 } }
W20260709 14:55:53.933305 11341 leader_election.cc:343] T b2f7a902266e426296b84408bae634d0 P 7390bb92527c4a908e9a17b48c50a075 [CANDIDATE]: Term 1 pre-election: Tablet error from VoteRequest() call to peer c20d5431d60949f788f79159c05dc4ad (127.9.245.131:35425): Illegal state: must be running to vote when last-logged opid is not known
I20260709 14:55:53.933609 11519 consensus_queue.cc:1048] T e7c3963b522e4a99b9933a69487f402c P 7390bb92527c4a908e9a17b48c50a075 [LEADER]: Connected to new peer: Peer: permanent_uuid: "c20d5431d60949f788f79159c05dc4ad" member_type: VOTER last_known_addr { host: "127.9.245.131" port: 35425 }, Status: LMP_MISMATCH, Last received: 0.0, Next index: 1, Last known committed idx: 0, Time since last communication: 0.000s
I20260709 14:55:53.928933 11416 leader_election.cc:304] T dda9cfbc8b4c435caa7d392172c62154 P c20d5431d60949f788f79159c05dc4ad [CANDIDATE]: Term 1 election: Election decided. Result: candidate won. Election summary: received 3 responses out of 3 voters: 2 yes votes; 1 no votes. yes voters: 08072b9b1e354ae5951ea76222a0d9b0, c20d5431d60949f788f79159c05dc4ad; no voters: 7390bb92527c4a908e9a17b48c50a075
I20260709 14:55:53.931684 11521 raft_consensus.cc:2804] T b2f7a902266e426296b84408bae634d0 P 7390bb92527c4a908e9a17b48c50a075 [term 0 FOLLOWER]: Leader pre-election won for term 1
I20260709 14:55:53.935134 11521 raft_consensus.cc:493] T b2f7a902266e426296b84408bae634d0 P 7390bb92527c4a908e9a17b48c50a075 [term 0 FOLLOWER]: Starting leader election (no leader contacted us within the election timeout)
I20260709 14:55:53.935498 11521 raft_consensus.cc:3060] T b2f7a902266e426296b84408bae634d0 P 7390bb92527c4a908e9a17b48c50a075 [term 0 FOLLOWER]: Advancing to term 1
I20260709 14:55:53.935822 11557 raft_consensus.cc:2804] T dda9cfbc8b4c435caa7d392172c62154 P c20d5431d60949f788f79159c05dc4ad [term 1 FOLLOWER]: Leader election won for term 1
I20260709 14:55:53.936299 11557 raft_consensus.cc:697] T dda9cfbc8b4c435caa7d392172c62154 P c20d5431d60949f788f79159c05dc4ad [term 1 LEADER]: Becoming Leader. State: Replica: c20d5431d60949f788f79159c05dc4ad, State: Running, Role: LEADER
I20260709 14:55:53.937031 11557 consensus_queue.cc:237] T dda9cfbc8b4c435caa7d392172c62154 P c20d5431d60949f788f79159c05dc4ad [LEADER]: Queue going to LEADER mode. State: All replicated index: 0, Majority replicated index: 0, Committed index: 0, Last appended: 0.0, Last appended by leader: 0, Current term: 1, Majority size: 2, State: 0, Mode: LEADER, active raft config: opid_index: -1 OBSOLETE_local: false peers { permanent_uuid: "08072b9b1e354ae5951ea76222a0d9b0" member_type: VOTER last_known_addr { host: "127.9.245.129" port: 35017 } } peers { permanent_uuid: "7390bb92527c4a908e9a17b48c50a075" member_type: VOTER last_known_addr { host: "127.9.245.130" port: 36431 } } peers { permanent_uuid: "c20d5431d60949f788f79159c05dc4ad" member_type: VOTER last_known_addr { host: "127.9.245.131" port: 35425 } }
I20260709 14:55:53.939242 11491 tablet_bootstrap.cc:492] T 3b8d0fac60284e5ea864493a1cc160f6 P 08072b9b1e354ae5951ea76222a0d9b0: Bootstrap starting.
I20260709 14:55:53.946710 11491 tablet_bootstrap.cc:654] T 3b8d0fac60284e5ea864493a1cc160f6 P 08072b9b1e354ae5951ea76222a0d9b0: Neither blocks nor log segments found. Creating new log.
I20260709 14:55:53.958128 11491 tablet_bootstrap.cc:492] T 3b8d0fac60284e5ea864493a1cc160f6 P 08072b9b1e354ae5951ea76222a0d9b0: No bootstrap required, opened a new log
I20260709 14:55:53.959976 11491 ts_tablet_manager.cc:1403] T 3b8d0fac60284e5ea864493a1cc160f6 P 08072b9b1e354ae5951ea76222a0d9b0: Time spent bootstrapping tablet: real 0.021s	user 0.013s	sys 0.004s
I20260709 14:55:53.962615 11491 raft_consensus.cc:359] T 3b8d0fac60284e5ea864493a1cc160f6 P 08072b9b1e354ae5951ea76222a0d9b0 [term 0 FOLLOWER]: Replica starting. Triggering 0 pending ops. Active config: opid_index: -1 OBSOLETE_local: false peers { permanent_uuid: "08072b9b1e354ae5951ea76222a0d9b0" member_type: VOTER last_known_addr { host: "127.9.245.129" port: 35017 } } peers { permanent_uuid: "7390bb92527c4a908e9a17b48c50a075" member_type: VOTER last_known_addr { host: "127.9.245.130" port: 36431 } } peers { permanent_uuid: "c20d5431d60949f788f79159c05dc4ad" member_type: VOTER last_known_addr { host: "127.9.245.131" port: 35425 } }
I20260709 14:55:53.963426 11491 raft_consensus.cc:385] T 3b8d0fac60284e5ea864493a1cc160f6 P 08072b9b1e354ae5951ea76222a0d9b0 [term 0 FOLLOWER]: Consensus starting up: Expiring failure detector timer to make a prompt election more likely
I20260709 14:55:53.963738 11491 raft_consensus.cc:740] T 3b8d0fac60284e5ea864493a1cc160f6 P 08072b9b1e354ae5951ea76222a0d9b0 [term 0 FOLLOWER]: Becoming Follower/Learner. State: Replica: 08072b9b1e354ae5951ea76222a0d9b0, State: Initialized, Role: FOLLOWER
I20260709 14:55:53.964447 11509 raft_consensus.cc:515] T 39be0ffdae824e079e5011ffa739935c P 08072b9b1e354ae5951ea76222a0d9b0 [term 1 FOLLOWER]: Starting leader election with config: opid_index: -1 OBSOLETE_local: false peers { permanent_uuid: "08072b9b1e354ae5951ea76222a0d9b0" member_type: VOTER last_known_addr { host: "127.9.245.129" port: 35017 } } peers { permanent_uuid: "7390bb92527c4a908e9a17b48c50a075" member_type: VOTER last_known_addr { host: "127.9.245.130" port: 36431 } } peers { permanent_uuid: "c20d5431d60949f788f79159c05dc4ad" member_type: VOTER last_known_addr { host: "127.9.245.131" port: 35425 } }
I20260709 14:55:53.964859 11491 consensus_queue.cc:260] T 3b8d0fac60284e5ea864493a1cc160f6 P 08072b9b1e354ae5951ea76222a0d9b0 [NON_LEADER]: Queue going to NON_LEADER mode. State: All replicated index: 0, Majority replicated index: 0, Committed index: 0, Last appended: 0.0, Last appended by leader: 0, Current term: 0, Majority size: -1, State: 0, Mode: NON_LEADER, active raft config: opid_index: -1 OBSOLETE_local: false peers { permanent_uuid: "08072b9b1e354ae5951ea76222a0d9b0" member_type: VOTER last_known_addr { host: "127.9.245.129" port: 35017 } } peers { permanent_uuid: "7390bb92527c4a908e9a17b48c50a075" member_type: VOTER last_known_addr { host: "127.9.245.130" port: 36431 } } peers { permanent_uuid: "c20d5431d60949f788f79159c05dc4ad" member_type: VOTER last_known_addr { host: "127.9.245.131" port: 35425 } }
I20260709 14:55:53.967535 11491 ts_tablet_manager.cc:1434] T 3b8d0fac60284e5ea864493a1cc160f6 P 08072b9b1e354ae5951ea76222a0d9b0: Time spent starting tablet: real 0.007s	user 0.005s	sys 0.000s
I20260709 14:55:53.969805 11521 raft_consensus.cc:515] T b2f7a902266e426296b84408bae634d0 P 7390bb92527c4a908e9a17b48c50a075 [term 1 FOLLOWER]: Starting leader election with config: opid_index: -1 OBSOLETE_local: false peers { permanent_uuid: "08072b9b1e354ae5951ea76222a0d9b0" member_type: VOTER last_known_addr { host: "127.9.245.129" port: 35017 } } peers { permanent_uuid: "7390bb92527c4a908e9a17b48c50a075" member_type: VOTER last_known_addr { host: "127.9.245.130" port: 36431 } } peers { permanent_uuid: "c20d5431d60949f788f79159c05dc4ad" member_type: VOTER last_known_addr { host: "127.9.245.131" port: 35425 } }
I20260709 14:55:53.973815 11299 tablet_service.cc:1917] Received RequestConsensusVote() RPC: tablet_id: "b2f7a902266e426296b84408bae634d0" candidate_uuid: "7390bb92527c4a908e9a17b48c50a075" candidate_term: 1 candidate_status { last_received { term: 0 index: 0 } } ignore_live_leader: false dest_uuid: "08072b9b1e354ae5951ea76222a0d9b0"
I20260709 14:55:53.973999 11521 leader_election.cc:290] T b2f7a902266e426296b84408bae634d0 P 7390bb92527c4a908e9a17b48c50a075 [CANDIDATE]: Term 1 election: Requested vote from peers 08072b9b1e354ae5951ea76222a0d9b0 (127.9.245.129:35017), c20d5431d60949f788f79159c05dc4ad (127.9.245.131:35425)
I20260709 14:55:53.970534 11491 tablet_bootstrap.cc:492] T 54b1daaf5ce04039a7b7604beb409339 P 08072b9b1e354ae5951ea76222a0d9b0: Bootstrap starting.
I20260709 14:55:53.974459 11299 raft_consensus.cc:3060] T b2f7a902266e426296b84408bae634d0 P 08072b9b1e354ae5951ea76222a0d9b0 [term 0 FOLLOWER]: Advancing to term 1
I20260709 14:55:53.975734 11450 tablet_service.cc:1917] Received RequestConsensusVote() RPC: tablet_id: "b2f7a902266e426296b84408bae634d0" candidate_uuid: "7390bb92527c4a908e9a17b48c50a075" candidate_term: 1 candidate_status { last_received { term: 0 index: 0 } } ignore_live_leader: false dest_uuid: "c20d5431d60949f788f79159c05dc4ad"
I20260709 14:55:53.976856 11492 tablet_bootstrap.cc:654] T bc52d3531d95421aaee444aad27d2d64 P 7390bb92527c4a908e9a17b48c50a075: Neither blocks nor log segments found. Creating new log.
W20260709 14:55:53.977223 11341 leader_election.cc:343] T b2f7a902266e426296b84408bae634d0 P 7390bb92527c4a908e9a17b48c50a075 [CANDIDATE]: Term 1 election: Tablet error from VoteRequest() call to peer c20d5431d60949f788f79159c05dc4ad (127.9.245.131:35425): Illegal state: must be running to vote when last-logged opid is not known
I20260709 14:55:53.980842 11491 tablet_bootstrap.cc:654] T 54b1daaf5ce04039a7b7604beb409339 P 08072b9b1e354ae5951ea76222a0d9b0: Neither blocks nor log segments found. Creating new log.
I20260709 14:55:53.984725 11509 leader_election.cc:290] T 39be0ffdae824e079e5011ffa739935c P 08072b9b1e354ae5951ea76222a0d9b0 [CANDIDATE]: Term 1 election: Requested vote from peers 7390bb92527c4a908e9a17b48c50a075 (127.9.245.130:36431), c20d5431d60949f788f79159c05dc4ad (127.9.245.131:35425)
I20260709 14:55:53.987789 11376 tablet_service.cc:1917] Received RequestConsensusVote() RPC: tablet_id: "39be0ffdae824e079e5011ffa739935c" candidate_uuid: "08072b9b1e354ae5951ea76222a0d9b0" candidate_term: 1 candidate_status { last_received { term: 0 index: 0 } } ignore_live_leader: false dest_uuid: "7390bb92527c4a908e9a17b48c50a075"
I20260709 14:55:53.988329 11376 raft_consensus.cc:3060] T 39be0ffdae824e079e5011ffa739935c P 7390bb92527c4a908e9a17b48c50a075 [term 0 FOLLOWER]: Advancing to term 1
W20260709 14:55:53.988745 11247 auto_rebalancer.cc:288] Could not retrieve cluster info: Service unavailable: Tablet not running
I20260709 14:55:53.989061 11490 tablet_bootstrap.cc:492] T b2f7a902266e426296b84408bae634d0 P c20d5431d60949f788f79159c05dc4ad: No bootstrap required, opened a new log
I20260709 14:55:53.989492 11490 ts_tablet_manager.cc:1403] T b2f7a902266e426296b84408bae634d0 P c20d5431d60949f788f79159c05dc4ad: Time spent bootstrapping tablet: real 0.069s	user 0.008s	sys 0.023s
I20260709 14:55:53.993845 11509 raft_consensus.cc:493] T 3b8d0fac60284e5ea864493a1cc160f6 P 08072b9b1e354ae5951ea76222a0d9b0 [term 0 FOLLOWER]: Starting pre-election (no leader contacted us within the election timeout)
I20260709 14:55:53.994426 11509 raft_consensus.cc:515] T 3b8d0fac60284e5ea864493a1cc160f6 P 08072b9b1e354ae5951ea76222a0d9b0 [term 0 FOLLOWER]: Starting pre-election with config: opid_index: -1 OBSOLETE_local: false peers { permanent_uuid: "08072b9b1e354ae5951ea76222a0d9b0" member_type: VOTER last_known_addr { host: "127.9.245.129" port: 35017 } } peers { permanent_uuid: "7390bb92527c4a908e9a17b48c50a075" member_type: VOTER last_known_addr { host: "127.9.245.130" port: 36431 } } peers { permanent_uuid: "c20d5431d60949f788f79159c05dc4ad" member_type: VOTER last_known_addr { host: "127.9.245.131" port: 35425 } }
I20260709 14:55:53.994820 11490 raft_consensus.cc:359] T b2f7a902266e426296b84408bae634d0 P c20d5431d60949f788f79159c05dc4ad [term 0 FOLLOWER]: Replica starting. Triggering 0 pending ops. Active config: opid_index: -1 OBSOLETE_local: false peers { permanent_uuid: "08072b9b1e354ae5951ea76222a0d9b0" member_type: VOTER last_known_addr { host: "127.9.245.129" port: 35017 } } peers { permanent_uuid: "7390bb92527c4a908e9a17b48c50a075" member_type: VOTER last_known_addr { host: "127.9.245.130" port: 36431 } } peers { permanent_uuid: "c20d5431d60949f788f79159c05dc4ad" member_type: VOTER last_known_addr { host: "127.9.245.131" port: 35425 } }
I20260709 14:55:53.996433 11509 leader_election.cc:290] T 3b8d0fac60284e5ea864493a1cc160f6 P 08072b9b1e354ae5951ea76222a0d9b0 [CANDIDATE]: Term 1 pre-election: Requested pre-vote from peers 7390bb92527c4a908e9a17b48c50a075 (127.9.245.130:36431), c20d5431d60949f788f79159c05dc4ad (127.9.245.131:35425)
I20260709 14:55:53.996413 11490 raft_consensus.cc:385] T b2f7a902266e426296b84408bae634d0 P c20d5431d60949f788f79159c05dc4ad [term 0 FOLLOWER]: Consensus starting up: Expiring failure detector timer to make a prompt election more likely
I20260709 14:55:53.997637 11490 raft_consensus.cc:740] T b2f7a902266e426296b84408bae634d0 P c20d5431d60949f788f79159c05dc4ad [term 0 FOLLOWER]: Becoming Follower/Learner. State: Replica: c20d5431d60949f788f79159c05dc4ad, State: Initialized, Role: FOLLOWER
I20260709 14:55:53.998350 11490 consensus_queue.cc:260] T b2f7a902266e426296b84408bae634d0 P c20d5431d60949f788f79159c05dc4ad [NON_LEADER]: Queue going to NON_LEADER mode. State: All replicated index: 0, Majority replicated index: 0, Committed index: 0, Last appended: 0.0, Last appended by leader: 0, Current term: 0, Majority size: -1, State: 0, Mode: NON_LEADER, active raft config: opid_index: -1 OBSOLETE_local: false peers { permanent_uuid: "08072b9b1e354ae5951ea76222a0d9b0" member_type: VOTER last_known_addr { host: "127.9.245.129" port: 35017 } } peers { permanent_uuid: "7390bb92527c4a908e9a17b48c50a075" member_type: VOTER last_known_addr { host: "127.9.245.130" port: 36431 } } peers { permanent_uuid: "c20d5431d60949f788f79159c05dc4ad" member_type: VOTER last_known_addr { host: "127.9.245.131" port: 35425 } }
I20260709 14:55:53.999696 11374 tablet_service.cc:1917] Received RequestConsensusVote() RPC: tablet_id: "3b8d0fac60284e5ea864493a1cc160f6" candidate_uuid: "08072b9b1e354ae5951ea76222a0d9b0" candidate_term: 1 candidate_status { last_received { term: 0 index: 0 } } ignore_live_leader: false dest_uuid: "7390bb92527c4a908e9a17b48c50a075" is_pre_election: true
I20260709 14:55:54.000351 11490 ts_tablet_manager.cc:1434] T b2f7a902266e426296b84408bae634d0 P c20d5431d60949f788f79159c05dc4ad: Time spent starting tablet: real 0.011s	user 0.003s	sys 0.003s
I20260709 14:55:54.000315 11374 raft_consensus.cc:2468] T 3b8d0fac60284e5ea864493a1cc160f6 P 7390bb92527c4a908e9a17b48c50a075 [term 0 FOLLOWER]: Leader pre-election vote request: Granting yes vote for candidate 08072b9b1e354ae5951ea76222a0d9b0 in term 0.
I20260709 14:55:54.001319 11490 tablet_bootstrap.cc:492] T 39be0ffdae824e079e5011ffa739935c P c20d5431d60949f788f79159c05dc4ad: Bootstrap starting.
I20260709 14:55:53.997785 11448 tablet_service.cc:1917] Received RequestConsensusVote() RPC: tablet_id: "3b8d0fac60284e5ea864493a1cc160f6" candidate_uuid: "08072b9b1e354ae5951ea76222a0d9b0" candidate_term: 1 candidate_status { last_received { term: 0 index: 0 } } ignore_live_leader: false dest_uuid: "c20d5431d60949f788f79159c05dc4ad" is_pre_election: true
I20260709 14:55:54.006686 11265 leader_election.cc:304] T 3b8d0fac60284e5ea864493a1cc160f6 P 08072b9b1e354ae5951ea76222a0d9b0 [CANDIDATE]: Term 1 pre-election: Election decided. Result: candidate won. Election summary: received 2 responses out of 3 voters: 2 yes votes; 0 no votes. yes voters: 08072b9b1e354ae5951ea76222a0d9b0, 7390bb92527c4a908e9a17b48c50a075; no voters: 
I20260709 14:55:54.002543 11299 raft_consensus.cc:2468] T b2f7a902266e426296b84408bae634d0 P 08072b9b1e354ae5951ea76222a0d9b0 [term 1 FOLLOWER]: Leader election vote request: Granting yes vote for candidate 7390bb92527c4a908e9a17b48c50a075 in term 1.
W20260709 14:55:54.008239 11266 leader_election.cc:343] T 3b8d0fac60284e5ea864493a1cc160f6 P 08072b9b1e354ae5951ea76222a0d9b0 [CANDIDATE]: Term 1 pre-election: Tablet error from VoteRequest() call to peer c20d5431d60949f788f79159c05dc4ad (127.9.245.131:35425): Illegal state: must be running to vote when last-logged opid is not known
I20260709 14:55:54.008961 11509 raft_consensus.cc:2804] T 3b8d0fac60284e5ea864493a1cc160f6 P 08072b9b1e354ae5951ea76222a0d9b0 [term 0 FOLLOWER]: Leader pre-election won for term 1
