I20260709 14:55:37.786192 25613 raft_consensus.cc:515] T fe4f9947ca994f0096fea7f54933d4cc P 3c092c9cf9e44b1baa30c515c48d8783 [term 0 FOLLOWER]: Starting pre-election with config: opid_index: -1 OBSOLETE_local: false peers { permanent_uuid: "ba56bdf3d8054f20b5afd669b0d39a16" member_type: VOTER last_known_addr { host: "127.24.52.193" port: 46199 } } peers { permanent_uuid: "8f2ef7443934437c8ddad42ad8ad632c" member_type: VOTER last_known_addr { host: "127.24.52.194" port: 43431 } } peers { permanent_uuid: "3c092c9cf9e44b1baa30c515c48d8783" member_type: VOTER last_known_addr { host: "127.24.52.195" port: 32769 } }
I20260709 14:55:37.787982 25611 raft_consensus.cc:359] T ba63d34f81384eb4ad9ad44cdd4074ac P ba56bdf3d8054f20b5afd669b0d39a16 [term 0 FOLLOWER]: Replica starting. Triggering 0 pending ops. Active config: opid_index: -1 OBSOLETE_local: false peers { permanent_uuid: "ba56bdf3d8054f20b5afd669b0d39a16" member_type: VOTER last_known_addr { host: "127.24.52.193" port: 46199 } } peers { permanent_uuid: "8f2ef7443934437c8ddad42ad8ad632c" member_type: VOTER last_known_addr { host: "127.24.52.194" port: 43431 } } peers { permanent_uuid: "3c092c9cf9e44b1baa30c515c48d8783" member_type: VOTER last_known_addr { host: "127.24.52.195" port: 32769 } }
I20260709 14:55:37.788581 25611 raft_consensus.cc:385] T ba63d34f81384eb4ad9ad44cdd4074ac P ba56bdf3d8054f20b5afd669b0d39a16 [term 0 FOLLOWER]: Consensus starting up: Expiring failure detector timer to make a prompt election more likely
I20260709 14:55:37.788748 25611 raft_consensus.cc:740] T ba63d34f81384eb4ad9ad44cdd4074ac P ba56bdf3d8054f20b5afd669b0d39a16 [term 0 FOLLOWER]: Becoming Follower/Learner. State: Replica: ba56bdf3d8054f20b5afd669b0d39a16, State: Initialized, Role: FOLLOWER
I20260709 14:55:37.780568 25419 tablet_service.cc:1917] Received RequestConsensusVote() RPC: tablet_id: "ba63d34f81384eb4ad9ad44cdd4074ac" candidate_uuid: "8f2ef7443934437c8ddad42ad8ad632c" candidate_term: 1 candidate_status { last_received { term: 0 index: 0 } } ignore_live_leader: false dest_uuid: "ba56bdf3d8054f20b5afd669b0d39a16" is_pre_election: true
I20260709 14:55:37.789322 25611 consensus_queue.cc:260] T ba63d34f81384eb4ad9ad44cdd4074ac P ba56bdf3d8054f20b5afd669b0d39a16 [NON_LEADER]: Queue going to NON_LEADER mode. State: All replicated index: 0, Majority replicated index: 0, Committed index: 0, Last appended: 0.0, Last appended by leader: 0, Current term: 0, Majority size: -1, State: 0, Mode: NON_LEADER, active raft config: opid_index: -1 OBSOLETE_local: false peers { permanent_uuid: "ba56bdf3d8054f20b5afd669b0d39a16" member_type: VOTER last_known_addr { host: "127.24.52.193" port: 46199 } } peers { permanent_uuid: "8f2ef7443934437c8ddad42ad8ad632c" member_type: VOTER last_known_addr { host: "127.24.52.194" port: 43431 } } peers { permanent_uuid: "3c092c9cf9e44b1baa30c515c48d8783" member_type: VOTER last_known_addr { host: "127.24.52.195" port: 32769 } }
I20260709 14:55:37.790230 25461 leader_election.cc:304] T ba63d34f81384eb4ad9ad44cdd4074ac P 8f2ef7443934437c8ddad42ad8ad632c [CANDIDATE]: Term 1 pre-election: Election decided. Result: candidate won. Election summary: received 2 responses out of 3 voters: 2 yes votes; 0 no votes. yes voters: 3c092c9cf9e44b1baa30c515c48d8783, 8f2ef7443934437c8ddad42ad8ad632c; no voters: 
I20260709 14:55:37.791317 25627 raft_consensus.cc:2804] T ba63d34f81384eb4ad9ad44cdd4074ac P 8f2ef7443934437c8ddad42ad8ad632c [term 0 FOLLOWER]: Leader pre-election won for term 1
I20260709 14:55:37.791769 25627 raft_consensus.cc:493] T ba63d34f81384eb4ad9ad44cdd4074ac P 8f2ef7443934437c8ddad42ad8ad632c [term 0 FOLLOWER]: Starting leader election (no leader contacted us within the election timeout)
I20260709 14:55:37.792224 25627 raft_consensus.cc:3060] T ba63d34f81384eb4ad9ad44cdd4074ac P 8f2ef7443934437c8ddad42ad8ad632c [term 0 FOLLOWER]: Advancing to term 1
I20260709 14:55:37.793432 25419 raft_consensus.cc:2468] T ba63d34f81384eb4ad9ad44cdd4074ac P ba56bdf3d8054f20b5afd669b0d39a16 [term 0 FOLLOWER]: Leader pre-election vote request: Granting yes vote for candidate 8f2ef7443934437c8ddad42ad8ad632c in term 0.
I20260709 14:55:37.801218 25613 leader_election.cc:290] T fe4f9947ca994f0096fea7f54933d4cc P 3c092c9cf9e44b1baa30c515c48d8783 [CANDIDATE]: Term 1 pre-election: Requested pre-vote from peers ba56bdf3d8054f20b5afd669b0d39a16 (127.24.52.193:46199), 8f2ef7443934437c8ddad42ad8ad632c (127.24.52.194:43431)
I20260709 14:55:37.802273 25619 raft_consensus.cc:493] T 9f12abbccf8c445d99fc6e4b3e64fdfa P 8f2ef7443934437c8ddad42ad8ad632c [term 0 FOLLOWER]: Starting pre-election (no leader contacted us within the election timeout)
I20260709 14:55:37.803476 25612 ts_tablet_manager.cc:1434] T fe4f9947ca994f0096fea7f54933d4cc P 8f2ef7443934437c8ddad42ad8ad632c: Time spent starting tablet: real 0.049s	user 0.006s	sys 0.000s
I20260709 14:55:37.791337 25611 ts_tablet_manager.cc:1434] T ba63d34f81384eb4ad9ad44cdd4074ac P ba56bdf3d8054f20b5afd669b0d39a16: Time spent starting tablet: real 0.006s	user 0.004s	sys 0.000s
I20260709 14:55:37.806730 25612 tablet_bootstrap.cc:492] T f607973400d44c8b9f972c16692bc29d P 8f2ef7443934437c8ddad42ad8ad632c: Bootstrap starting.
I20260709 14:55:37.809438 25611 tablet_bootstrap.cc:492] T 86806a2a8ac7445a819df908ec6c0865 P ba56bdf3d8054f20b5afd669b0d39a16: Bootstrap starting.
I20260709 14:55:37.810245 25619 raft_consensus.cc:515] T 9f12abbccf8c445d99fc6e4b3e64fdfa P 8f2ef7443934437c8ddad42ad8ad632c [term 0 FOLLOWER]: Starting pre-election with config: opid_index: -1 OBSOLETE_local: false peers { permanent_uuid: "ba56bdf3d8054f20b5afd669b0d39a16" member_type: VOTER last_known_addr { host: "127.24.52.193" port: 46199 } } peers { permanent_uuid: "8f2ef7443934437c8ddad42ad8ad632c" member_type: VOTER last_known_addr { host: "127.24.52.194" port: 43431 } } peers { permanent_uuid: "3c092c9cf9e44b1baa30c515c48d8783" member_type: VOTER last_known_addr { host: "127.24.52.195" port: 32769 } }
I20260709 14:55:37.813478 25619 leader_election.cc:290] T 9f12abbccf8c445d99fc6e4b3e64fdfa P 8f2ef7443934437c8ddad42ad8ad632c [CANDIDATE]: Term 1 pre-election: Requested pre-vote from peers ba56bdf3d8054f20b5afd669b0d39a16 (127.24.52.193:46199), 3c092c9cf9e44b1baa30c515c48d8783 (127.24.52.195:32769)
I20260709 14:55:37.815653 25419 tablet_service.cc:1917] Received RequestConsensusVote() RPC: tablet_id: "9f12abbccf8c445d99fc6e4b3e64fdfa" candidate_uuid: "8f2ef7443934437c8ddad42ad8ad632c" candidate_term: 1 candidate_status { last_received { term: 0 index: 0 } } ignore_live_leader: false dest_uuid: "ba56bdf3d8054f20b5afd669b0d39a16" is_pre_election: true
I20260709 14:55:37.818192 25612 tablet_bootstrap.cc:654] T f607973400d44c8b9f972c16692bc29d P 8f2ef7443934437c8ddad42ad8ad632c: Neither blocks nor log segments found. Creating new log.
I20260709 14:55:37.819619 25419 raft_consensus.cc:2468] T 9f12abbccf8c445d99fc6e4b3e64fdfa P ba56bdf3d8054f20b5afd669b0d39a16 [term 0 FOLLOWER]: Leader pre-election vote request: Granting yes vote for candidate 8f2ef7443934437c8ddad42ad8ad632c in term 0.
I20260709 14:55:37.821041 25458 leader_election.cc:304] T 9f12abbccf8c445d99fc6e4b3e64fdfa P 8f2ef7443934437c8ddad42ad8ad632c [CANDIDATE]: Term 1 pre-election: Election decided. Result: candidate won. Election summary: received 2 responses out of 3 voters: 2 yes votes; 0 no votes. yes voters: 8f2ef7443934437c8ddad42ad8ad632c, ba56bdf3d8054f20b5afd669b0d39a16; no voters: 
I20260709 14:55:37.821847 25619 raft_consensus.cc:2804] T 9f12abbccf8c445d99fc6e4b3e64fdfa P 8f2ef7443934437c8ddad42ad8ad632c [term 0 FOLLOWER]: Leader pre-election won for term 1
I20260709 14:55:37.824558 25613 raft_consensus.cc:493] T 221a68ea8a15445d88a1fdfb0a630934 P 3c092c9cf9e44b1baa30c515c48d8783 [term 0 FOLLOWER]: Starting pre-election (no leader contacted us within the election timeout)
I20260709 14:55:37.825700 25420 raft_consensus.cc:2468] T 4cfe094e1a804d5c9bc5fed1ba44d2ff P ba56bdf3d8054f20b5afd669b0d39a16 [term 1 FOLLOWER]: Leader election vote request: Granting yes vote for candidate 8f2ef7443934437c8ddad42ad8ad632c in term 1.
I20260709 14:55:37.830444 25569 tablet_service.cc:1917] Received RequestConsensusVote() RPC: tablet_id: "9f12abbccf8c445d99fc6e4b3e64fdfa" candidate_uuid: "8f2ef7443934437c8ddad42ad8ad632c" candidate_term: 1 candidate_status { last_received { term: 0 index: 0 } } ignore_live_leader: false dest_uuid: "3c092c9cf9e44b1baa30c515c48d8783" is_pre_election: true
I20260709 14:55:37.824980 25613 raft_consensus.cc:515] T 221a68ea8a15445d88a1fdfb0a630934 P 3c092c9cf9e44b1baa30c515c48d8783 [term 0 FOLLOWER]: Starting pre-election with config: opid_index: -1 OBSOLETE_local: false peers { permanent_uuid: "ba56bdf3d8054f20b5afd669b0d39a16" member_type: VOTER last_known_addr { host: "127.24.52.193" port: 46199 } } peers { permanent_uuid: "8f2ef7443934437c8ddad42ad8ad632c" member_type: VOTER last_known_addr { host: "127.24.52.194" port: 43431 } } peers { permanent_uuid: "3c092c9cf9e44b1baa30c515c48d8783" member_type: VOTER last_known_addr { host: "127.24.52.195" port: 32769 } }
W20260709 14:55:37.831763 25461 leader_election.cc:343] T 9f12abbccf8c445d99fc6e4b3e64fdfa P 8f2ef7443934437c8ddad42ad8ad632c [CANDIDATE]: Term 1 pre-election: Tablet error from VoteRequest() call to peer 3c092c9cf9e44b1baa30c515c48d8783 (127.24.52.195:32769): Illegal state: must be running to vote when last-logged opid is not known
I20260709 14:55:37.832419 25613 leader_election.cc:290] T 221a68ea8a15445d88a1fdfb0a630934 P 3c092c9cf9e44b1baa30c515c48d8783 [CANDIDATE]: Term 1 pre-election: Requested pre-vote from peers ba56bdf3d8054f20b5afd669b0d39a16 (127.24.52.193:46199), 8f2ef7443934437c8ddad42ad8ad632c (127.24.52.194:43431)
I20260709 14:55:37.832852 25609 tablet_bootstrap.cc:492] T 9f12abbccf8c445d99fc6e4b3e64fdfa P 3c092c9cf9e44b1baa30c515c48d8783: No bootstrap required, opened a new log
I20260709 14:55:37.833335 25609 ts_tablet_manager.cc:1403] T 9f12abbccf8c445d99fc6e4b3e64fdfa P 3c092c9cf9e44b1baa30c515c48d8783: Time spent bootstrapping tablet: real 0.062s	user 0.027s	sys 0.017s
I20260709 14:55:37.828121 25627 raft_consensus.cc:515] T ba63d34f81384eb4ad9ad44cdd4074ac P 8f2ef7443934437c8ddad42ad8ad632c [term 1 FOLLOWER]: Starting leader election with config: opid_index: -1 OBSOLETE_local: false peers { permanent_uuid: "ba56bdf3d8054f20b5afd669b0d39a16" member_type: VOTER last_known_addr { host: "127.24.52.193" port: 46199 } } peers { permanent_uuid: "8f2ef7443934437c8ddad42ad8ad632c" member_type: VOTER last_known_addr { host: "127.24.52.194" port: 43431 } } peers { permanent_uuid: "3c092c9cf9e44b1baa30c515c48d8783" member_type: VOTER last_known_addr { host: "127.24.52.195" port: 32769 } }
I20260709 14:55:37.823732 25619 raft_consensus.cc:493] T 9f12abbccf8c445d99fc6e4b3e64fdfa P 8f2ef7443934437c8ddad42ad8ad632c [term 0 FOLLOWER]: Starting leader election (no leader contacted us within the election timeout)
I20260709 14:55:37.830312 25458 leader_election.cc:304] T 4cfe094e1a804d5c9bc5fed1ba44d2ff P 8f2ef7443934437c8ddad42ad8ad632c [CANDIDATE]: Term 1 election: Election decided. Result: candidate won. Election summary: received 3 responses out of 3 voters: 2 yes votes; 1 no votes. yes voters: 8f2ef7443934437c8ddad42ad8ad632c, ba56bdf3d8054f20b5afd669b0d39a16; no voters: 3c092c9cf9e44b1baa30c515c48d8783
I20260709 14:55:37.833864 25619 raft_consensus.cc:3060] T 9f12abbccf8c445d99fc6e4b3e64fdfa P 8f2ef7443934437c8ddad42ad8ad632c [term 0 FOLLOWER]: Advancing to term 1
I20260709 14:55:37.834602 25612 tablet_bootstrap.cc:492] T f607973400d44c8b9f972c16692bc29d P 8f2ef7443934437c8ddad42ad8ad632c: No bootstrap required, opened a new log
I20260709 14:55:37.835112 25612 ts_tablet_manager.cc:1403] T f607973400d44c8b9f972c16692bc29d P 8f2ef7443934437c8ddad42ad8ad632c: Time spent bootstrapping tablet: real 0.029s	user 0.012s	sys 0.004s
I20260709 14:55:37.836001 25569 tablet_service.cc:1917] Received RequestConsensusVote() RPC: tablet_id: "ba63d34f81384eb4ad9ad44cdd4074ac" candidate_uuid: "8f2ef7443934437c8ddad42ad8ad632c" candidate_term: 1 candidate_status { last_received { term: 0 index: 0 } } ignore_live_leader: false dest_uuid: "3c092c9cf9e44b1baa30c515c48d8783"
I20260709 14:55:37.836520 25569 raft_consensus.cc:3060] T ba63d34f81384eb4ad9ad44cdd4074ac P 3c092c9cf9e44b1baa30c515c48d8783 [term 0 FOLLOWER]: Advancing to term 1
I20260709 14:55:37.838078 25612 raft_consensus.cc:359] T f607973400d44c8b9f972c16692bc29d P 8f2ef7443934437c8ddad42ad8ad632c [term 0 FOLLOWER]: Replica starting. Triggering 0 pending ops. Active config: opid_index: -1 OBSOLETE_local: false peers { permanent_uuid: "ba56bdf3d8054f20b5afd669b0d39a16" member_type: VOTER last_known_addr { host: "127.24.52.193" port: 46199 } } peers { permanent_uuid: "8f2ef7443934437c8ddad42ad8ad632c" member_type: VOTER last_known_addr { host: "127.24.52.194" port: 43431 } } peers { permanent_uuid: "3c092c9cf9e44b1baa30c515c48d8783" member_type: VOTER last_known_addr { host: "127.24.52.195" port: 32769 } }
I20260709 14:55:37.838827 25612 raft_consensus.cc:385] T f607973400d44c8b9f972c16692bc29d P 8f2ef7443934437c8ddad42ad8ad632c [term 0 FOLLOWER]: Consensus starting up: Expiring failure detector timer to make a prompt election more likely
I20260709 14:55:37.839191 25612 raft_consensus.cc:740] T f607973400d44c8b9f972c16692bc29d P 8f2ef7443934437c8ddad42ad8ad632c [term 0 FOLLOWER]: Becoming Follower/Learner. State: Replica: 8f2ef7443934437c8ddad42ad8ad632c, State: Initialized, Role: FOLLOWER
I20260709 14:55:37.840165 25612 consensus_queue.cc:260] T f607973400d44c8b9f972c16692bc29d P 8f2ef7443934437c8ddad42ad8ad632c [NON_LEADER]: Queue going to NON_LEADER mode. State: All replicated index: 0, Majority replicated index: 0, Committed index: 0, Last appended: 0.0, Last appended by leader: 0, Current term: 0, Majority size: -1, State: 0, Mode: NON_LEADER, active raft config: opid_index: -1 OBSOLETE_local: false peers { permanent_uuid: "ba56bdf3d8054f20b5afd669b0d39a16" member_type: VOTER last_known_addr { host: "127.24.52.193" port: 46199 } } peers { permanent_uuid: "8f2ef7443934437c8ddad42ad8ad632c" member_type: VOTER last_known_addr { host: "127.24.52.194" port: 43431 } } peers { permanent_uuid: "3c092c9cf9e44b1baa30c515c48d8783" member_type: VOTER last_known_addr { host: "127.24.52.195" port: 32769 } }
I20260709 14:55:37.840471 25619 raft_consensus.cc:515] T 9f12abbccf8c445d99fc6e4b3e64fdfa P 8f2ef7443934437c8ddad42ad8ad632c [term 1 FOLLOWER]: Starting leader election with config: opid_index: -1 OBSOLETE_local: false peers { permanent_uuid: "ba56bdf3d8054f20b5afd669b0d39a16" member_type: VOTER last_known_addr { host: "127.24.52.193" port: 46199 } } peers { permanent_uuid: "8f2ef7443934437c8ddad42ad8ad632c" member_type: VOTER last_known_addr { host: "127.24.52.194" port: 43431 } } peers { permanent_uuid: "3c092c9cf9e44b1baa30c515c48d8783" member_type: VOTER last_known_addr { host: "127.24.52.195" port: 32769 } }
I20260709 14:55:37.842423 25619 leader_election.cc:290] T 9f12abbccf8c445d99fc6e4b3e64fdfa P 8f2ef7443934437c8ddad42ad8ad632c [CANDIDATE]: Term 1 election: Requested vote from peers ba56bdf3d8054f20b5afd669b0d39a16 (127.24.52.193:46199), 3c092c9cf9e44b1baa30c515c48d8783 (127.24.52.195:32769)
I20260709 14:55:37.842911 25619 raft_consensus.cc:2804] T 4cfe094e1a804d5c9bc5fed1ba44d2ff P 8f2ef7443934437c8ddad42ad8ad632c [term 1 FOLLOWER]: Leader election won for term 1
I20260709 14:55:37.843319 25619 raft_consensus.cc:697] T 4cfe094e1a804d5c9bc5fed1ba44d2ff P 8f2ef7443934437c8ddad42ad8ad632c [term 1 LEADER]: Becoming Leader. State: Replica: 8f2ef7443934437c8ddad42ad8ad632c, State: Running, Role: LEADER
I20260709 14:55:37.843900 25569 raft_consensus.cc:2468] T ba63d34f81384eb4ad9ad44cdd4074ac P 3c092c9cf9e44b1baa30c515c48d8783 [term 1 FOLLOWER]: Leader election vote request: Granting yes vote for candidate 8f2ef7443934437c8ddad42ad8ad632c in term 1.
I20260709 14:55:37.844090 25619 consensus_queue.cc:237] T 4cfe094e1a804d5c9bc5fed1ba44d2ff P 8f2ef7443934437c8ddad42ad8ad632c [LEADER]: Queue going to LEADER mode. State: All replicated index: 0, Majority replicated index: 0, Committed index: 0, Last appended: 0.0, Last appended by leader: 0, Current term: 1, Majority size: 2, State: 0, Mode: LEADER, active raft config: opid_index: -1 OBSOLETE_local: false peers { permanent_uuid: "ba56bdf3d8054f20b5afd669b0d39a16" member_type: VOTER last_known_addr { host: "127.24.52.193" port: 46199 } } peers { permanent_uuid: "8f2ef7443934437c8ddad42ad8ad632c" member_type: VOTER last_known_addr { host: "127.24.52.194" port: 43431 } } peers { permanent_uuid: "3c092c9cf9e44b1baa30c515c48d8783" member_type: VOTER last_known_addr { host: "127.24.52.195" port: 32769 } }
I20260709 14:55:37.845006 25461 leader_election.cc:304] T ba63d34f81384eb4ad9ad44cdd4074ac P 8f2ef7443934437c8ddad42ad8ad632c [CANDIDATE]: Term 1 election: Election decided. Result: candidate won. Election summary: received 2 responses out of 3 voters: 2 yes votes; 0 no votes. yes voters: 3c092c9cf9e44b1baa30c515c48d8783, 8f2ef7443934437c8ddad42ad8ad632c; no voters: 
I20260709 14:55:37.845574 25569 tablet_service.cc:1917] Received RequestConsensusVote() RPC: tablet_id: "9f12abbccf8c445d99fc6e4b3e64fdfa" candidate_uuid: "8f2ef7443934437c8ddad42ad8ad632c" candidate_term: 1 candidate_status { last_received { term: 0 index: 0 } } ignore_live_leader: false dest_uuid: "3c092c9cf9e44b1baa30c515c48d8783"
I20260709 14:55:37.827857 25611 tablet_bootstrap.cc:654] T 86806a2a8ac7445a819df908ec6c0865 P ba56bdf3d8054f20b5afd669b0d39a16: Neither blocks nor log segments found. Creating new log.
I20260709 14:55:37.847680 25609 raft_consensus.cc:359] T 9f12abbccf8c445d99fc6e4b3e64fdfa P 3c092c9cf9e44b1baa30c515c48d8783 [term 0 FOLLOWER]: Replica starting. Triggering 0 pending ops. Active config: opid_index: -1 OBSOLETE_local: false peers { permanent_uuid: "ba56bdf3d8054f20b5afd669b0d39a16" member_type: VOTER last_known_addr { host: "127.24.52.193" port: 46199 } } peers { permanent_uuid: "8f2ef7443934437c8ddad42ad8ad632c" member_type: VOTER last_known_addr { host: "127.24.52.194" port: 43431 } } peers { permanent_uuid: "3c092c9cf9e44b1baa30c515c48d8783" member_type: VOTER last_known_addr { host: "127.24.52.195" port: 32769 } }
I20260709 14:55:37.848379 25609 raft_consensus.cc:385] T 9f12abbccf8c445d99fc6e4b3e64fdfa P 3c092c9cf9e44b1baa30c515c48d8783 [term 0 FOLLOWER]: Consensus starting up: Expiring failure detector timer to make a prompt election more likely
I20260709 14:55:37.848716 25627 leader_election.cc:290] T ba63d34f81384eb4ad9ad44cdd4074ac P 8f2ef7443934437c8ddad42ad8ad632c [CANDIDATE]: Term 1 election: Requested vote from peers ba56bdf3d8054f20b5afd669b0d39a16 (127.24.52.193:46199), 3c092c9cf9e44b1baa30c515c48d8783 (127.24.52.195:32769)
I20260709 14:55:37.849714 25627 raft_consensus.cc:2804] T ba63d34f81384eb4ad9ad44cdd4074ac P 8f2ef7443934437c8ddad42ad8ad632c [term 1 FOLLOWER]: Leader election won for term 1
I20260709 14:55:37.850224 25627 raft_consensus.cc:697] T ba63d34f81384eb4ad9ad44cdd4074ac P 8f2ef7443934437c8ddad42ad8ad632c [term 1 LEADER]: Becoming Leader. State: Replica: 8f2ef7443934437c8ddad42ad8ad632c, State: Running, Role: LEADER
I20260709 14:55:37.848711 25609 raft_consensus.cc:740] T 9f12abbccf8c445d99fc6e4b3e64fdfa P 3c092c9cf9e44b1baa30c515c48d8783 [term 0 FOLLOWER]: Becoming Follower/Learner. State: Replica: 3c092c9cf9e44b1baa30c515c48d8783, State: Initialized, Role: FOLLOWER
I20260709 14:55:37.850594 25420 tablet_service.cc:1917] Received RequestConsensusVote() RPC: tablet_id: "fe4f9947ca994f0096fea7f54933d4cc" candidate_uuid: "3c092c9cf9e44b1baa30c515c48d8783" candidate_term: 1 candidate_status { last_received { term: 0 index: 0 } } ignore_live_leader: false dest_uuid: "ba56bdf3d8054f20b5afd669b0d39a16" is_pre_election: true
I20260709 14:55:37.851009 25609 consensus_queue.cc:260] T 9f12abbccf8c445d99fc6e4b3e64fdfa P 3c092c9cf9e44b1baa30c515c48d8783 [NON_LEADER]: Queue going to NON_LEADER mode. State: All replicated index: 0, Majority replicated index: 0, Committed index: 0, Last appended: 0.0, Last appended by leader: 0, Current term: 0, Majority size: -1, State: 0, Mode: NON_LEADER, active raft config: opid_index: -1 OBSOLETE_local: false peers { permanent_uuid: "ba56bdf3d8054f20b5afd669b0d39a16" member_type: VOTER last_known_addr { host: "127.24.52.193" port: 46199 } } peers { permanent_uuid: "8f2ef7443934437c8ddad42ad8ad632c" member_type: VOTER last_known_addr { host: "127.24.52.194" port: 43431 } } peers { permanent_uuid: "3c092c9cf9e44b1baa30c515c48d8783" member_type: VOTER last_known_addr { host: "127.24.52.195" port: 32769 } }
I20260709 14:55:37.852195 25569 raft_consensus.cc:3060] T 9f12abbccf8c445d99fc6e4b3e64fdfa P 3c092c9cf9e44b1baa30c515c48d8783 [term 0 FOLLOWER]: Advancing to term 1
I20260709 14:55:37.852731 25419 tablet_service.cc:1917] Received RequestConsensusVote() RPC: tablet_id: "221a68ea8a15445d88a1fdfb0a630934" candidate_uuid: "3c092c9cf9e44b1baa30c515c48d8783" candidate_term: 1 candidate_status { last_received { term: 0 index: 0 } } ignore_live_leader: false dest_uuid: "ba56bdf3d8054f20b5afd669b0d39a16" is_pre_election: true
I20260709 14:55:37.853484 25419 raft_consensus.cc:2468] T 221a68ea8a15445d88a1fdfb0a630934 P ba56bdf3d8054f20b5afd669b0d39a16 [term 0 FOLLOWER]: Leader pre-election vote request: Granting yes vote for candidate 3c092c9cf9e44b1baa30c515c48d8783 in term 0.
I20260709 14:55:37.851348 25420 raft_consensus.cc:2468] T fe4f9947ca994f0096fea7f54933d4cc P ba56bdf3d8054f20b5afd669b0d39a16 [term 0 FOLLOWER]: Leader pre-election vote request: Granting yes vote for candidate 3c092c9cf9e44b1baa30c515c48d8783 in term 0.
I20260709 14:55:37.851116 25627 consensus_queue.cc:237] T ba63d34f81384eb4ad9ad44cdd4074ac P 8f2ef7443934437c8ddad42ad8ad632c [LEADER]: Queue going to LEADER mode. State: All replicated index: 0, Majority replicated index: 0, Committed index: 0, Last appended: 0.0, Last appended by leader: 0, Current term: 1, Majority size: 2, State: 0, Mode: LEADER, active raft config: opid_index: -1 OBSOLETE_local: false peers { permanent_uuid: "ba56bdf3d8054f20b5afd669b0d39a16" member_type: VOTER last_known_addr { host: "127.24.52.193" port: 46199 } } peers { permanent_uuid: "8f2ef7443934437c8ddad42ad8ad632c" member_type: VOTER last_known_addr { host: "127.24.52.194" port: 43431 } } peers { permanent_uuid: "3c092c9cf9e44b1baa30c515c48d8783" member_type: VOTER last_known_addr { host: "127.24.52.195" port: 32769 } }
I20260709 14:55:37.855964 25532 leader_election.cc:304] T 221a68ea8a15445d88a1fdfb0a630934 P 3c092c9cf9e44b1baa30c515c48d8783 [CANDIDATE]: Term 1 pre-election: Election decided. Result: candidate won. Election summary: received 2 responses out of 3 voters: 2 yes votes; 0 no votes. yes voters: 3c092c9cf9e44b1baa30c515c48d8783, ba56bdf3d8054f20b5afd669b0d39a16; no voters: 
I20260709 14:55:37.859846 25647 raft_consensus.cc:493] T 221a68ea8a15445d88a1fdfb0a630934 P 8f2ef7443934437c8ddad42ad8ad632c [term 0 FOLLOWER]: Starting pre-election (no leader contacted us within the election timeout)
I20260709 14:55:37.861179 25613 raft_consensus.cc:2804] T 221a68ea8a15445d88a1fdfb0a630934 P 3c092c9cf9e44b1baa30c515c48d8783 [term 0 FOLLOWER]: Leader pre-election won for term 1
I20260709 14:55:37.860437 25647 raft_consensus.cc:515] T 221a68ea8a15445d88a1fdfb0a630934 P 8f2ef7443934437c8ddad42ad8ad632c [term 0 FOLLOWER]: Starting pre-election with config: opid_index: -1 OBSOLETE_local: false peers { permanent_uuid: "ba56bdf3d8054f20b5afd669b0d39a16" member_type: VOTER last_known_addr { host: "127.24.52.193" port: 46199 } } peers { permanent_uuid: "8f2ef7443934437c8ddad42ad8ad632c" member_type: VOTER last_known_addr { host: "127.24.52.194" port: 43431 } } peers { permanent_uuid: "3c092c9cf9e44b1baa30c515c48d8783" member_type: VOTER last_known_addr { host: "127.24.52.195" port: 32769 } }
I20260709 14:55:37.861555 25613 raft_consensus.cc:493] T 221a68ea8a15445d88a1fdfb0a630934 P 3c092c9cf9e44b1baa30c515c48d8783 [term 0 FOLLOWER]: Starting leader election (no leader contacted us within the election timeout)
I20260709 14:55:37.861907 25613 raft_consensus.cc:3060] T 221a68ea8a15445d88a1fdfb0a630934 P 3c092c9cf9e44b1baa30c515c48d8783 [term 0 FOLLOWER]: Advancing to term 1
I20260709 14:55:37.862403 25609 ts_tablet_manager.cc:1434] T 9f12abbccf8c445d99fc6e4b3e64fdfa P 3c092c9cf9e44b1baa30c515c48d8783: Time spent starting tablet: real 0.017s	user 0.006s	sys 0.000s
I20260709 14:55:37.864538 25611 tablet_bootstrap.cc:492] T 86806a2a8ac7445a819df908ec6c0865 P ba56bdf3d8054f20b5afd669b0d39a16: No bootstrap required, opened a new log
I20260709 14:55:37.865350 25611 ts_tablet_manager.cc:1403] T 86806a2a8ac7445a819df908ec6c0865 P ba56bdf3d8054f20b5afd669b0d39a16: Time spent bootstrapping tablet: real 0.060s	user 0.015s	sys 0.002s
I20260709 14:55:37.865643 25609 tablet_bootstrap.cc:492] T 4cfe094e1a804d5c9bc5fed1ba44d2ff P 3c092c9cf9e44b1baa30c515c48d8783: Bootstrap starting.
I20260709 14:55:37.865588 25647 leader_election.cc:290] T 221a68ea8a15445d88a1fdfb0a630934 P 8f2ef7443934437c8ddad42ad8ad632c [CANDIDATE]: Term 1 pre-election: Requested pre-vote from peers ba56bdf3d8054f20b5afd669b0d39a16 (127.24.52.193:46199), 3c092c9cf9e44b1baa30c515c48d8783 (127.24.52.195:32769)
I20260709 14:55:37.868031 25611 raft_consensus.cc:359] T 86806a2a8ac7445a819df908ec6c0865 P ba56bdf3d8054f20b5afd669b0d39a16 [term 0 FOLLOWER]: Replica starting. Triggering 0 pending ops. Active config: opid_index: -1 OBSOLETE_local: false peers { permanent_uuid: "ba56bdf3d8054f20b5afd669b0d39a16" member_type: VOTER last_known_addr { host: "127.24.52.193" port: 46199 } } peers { permanent_uuid: "8f2ef7443934437c8ddad42ad8ad632c" member_type: VOTER last_known_addr { host: "127.24.52.194" port: 43431 } } peers { permanent_uuid: "3c092c9cf9e44b1baa30c515c48d8783" member_type: VOTER last_known_addr { host: "127.24.52.195" port: 32769 } }
I20260709 14:55:37.869438 25613 raft_consensus.cc:515] T 221a68ea8a15445d88a1fdfb0a630934 P 3c092c9cf9e44b1baa30c515c48d8783 [term 1 FOLLOWER]: Starting leader election with config: opid_index: -1 OBSOLETE_local: false peers { permanent_uuid: "ba56bdf3d8054f20b5afd669b0d39a16" member_type: VOTER last_known_addr { host: "127.24.52.193" port: 46199 } } peers { permanent_uuid: "8f2ef7443934437c8ddad42ad8ad632c" member_type: VOTER last_known_addr { host: "127.24.52.194" port: 43431 } } peers { permanent_uuid: "3c092c9cf9e44b1baa30c515c48d8783" member_type: VOTER last_known_addr { host: "127.24.52.195" port: 32769 } }
I20260709 14:55:37.870008 25611 raft_consensus.cc:385] T 86806a2a8ac7445a819df908ec6c0865 P ba56bdf3d8054f20b5afd669b0d39a16 [term 0 FOLLOWER]: Consensus starting up: Expiring failure detector timer to make a prompt election more likely
I20260709 14:55:37.871325 25611 raft_consensus.cc:740] T 86806a2a8ac7445a819df908ec6c0865 P ba56bdf3d8054f20b5afd669b0d39a16 [term 0 FOLLOWER]: Becoming Follower/Learner. State: Replica: ba56bdf3d8054f20b5afd669b0d39a16, State: Initialized, Role: FOLLOWER
I20260709 14:55:37.869197 25612 ts_tablet_manager.cc:1434] T f607973400d44c8b9f972c16692bc29d P 8f2ef7443934437c8ddad42ad8ad632c: Time spent starting tablet: real 0.034s	user 0.014s	sys 0.001s
I20260709 14:55:37.871466 25613 leader_election.cc:290] T 221a68ea8a15445d88a1fdfb0a630934 P 3c092c9cf9e44b1baa30c515c48d8783 [CANDIDATE]: Term 1 election: Requested vote from peers ba56bdf3d8054f20b5afd669b0d39a16 (127.24.52.193:46199), 8f2ef7443934437c8ddad42ad8ad632c (127.24.52.194:43431)
I20260709 14:55:37.874167 25609 tablet_bootstrap.cc:654] T 4cfe094e1a804d5c9bc5fed1ba44d2ff P 3c092c9cf9e44b1baa30c515c48d8783: Neither blocks nor log segments found. Creating new log.
I20260709 14:55:37.872010 25532 leader_election.cc:304] T fe4f9947ca994f0096fea7f54933d4cc P 3c092c9cf9e44b1baa30c515c48d8783 [CANDIDATE]: Term 1 pre-election: Election decided. Result: candidate won. Election summary: received 2 responses out of 3 voters: 2 yes votes; 0 no votes. yes voters: 3c092c9cf9e44b1baa30c515c48d8783, ba56bdf3d8054f20b5afd669b0d39a16; no voters: 
I20260709 14:55:37.874858 25612 tablet_bootstrap.cc:492] T 86806a2a8ac7445a819df908ec6c0865 P 8f2ef7443934437c8ddad42ad8ad632c: Bootstrap starting.
I20260709 14:55:37.874694 25611 consensus_queue.cc:260] T 86806a2a8ac7445a819df908ec6c0865 P ba56bdf3d8054f20b5afd669b0d39a16 [NON_LEADER]: Queue going to NON_LEADER mode. State: All replicated index: 0, Majority replicated index: 0, Committed index: 0, Last appended: 0.0, Last appended by leader: 0, Current term: 0, Majority size: -1, State: 0, Mode: NON_LEADER, active raft config: opid_index: -1 OBSOLETE_local: false peers { permanent_uuid: "ba56bdf3d8054f20b5afd669b0d39a16" member_type: VOTER last_known_addr { host: "127.24.52.193" port: 46199 } } peers { permanent_uuid: "8f2ef7443934437c8ddad42ad8ad632c" member_type: VOTER last_known_addr { host: "127.24.52.194" port: 43431 } } peers { permanent_uuid: "3c092c9cf9e44b1baa30c515c48d8783" member_type: VOTER last_known_addr { host: "127.24.52.195" port: 32769 } }
I20260709 14:55:37.875759 25420 tablet_service.cc:1917] Received RequestConsensusVote() RPC: tablet_id: "221a68ea8a15445d88a1fdfb0a630934" candidate_uuid: "3c092c9cf9e44b1baa30c515c48d8783" candidate_term: 1 candidate_status { last_received { term: 0 index: 0 } } ignore_live_leader: false dest_uuid: "ba56bdf3d8054f20b5afd669b0d39a16"
I20260709 14:55:37.876293 25420 raft_consensus.cc:3060] T 221a68ea8a15445d88a1fdfb0a630934 P ba56bdf3d8054f20b5afd669b0d39a16 [term 0 FOLLOWER]: Advancing to term 1
I20260709 14:55:37.876950 25611 ts_tablet_manager.cc:1434] T 86806a2a8ac7445a819df908ec6c0865 P ba56bdf3d8054f20b5afd669b0d39a16: Time spent starting tablet: real 0.011s	user 0.003s	sys 0.002s
I20260709 14:55:37.877169 25621 raft_consensus.cc:493] T 849026470a3a4f9bb29d629e1537a38b P ba56bdf3d8054f20b5afd669b0d39a16 [term 0 FOLLOWER]: Starting pre-election (no leader contacted us within the election timeout)
I20260709 14:55:37.877928 25611 tablet_bootstrap.cc:492] T f607973400d44c8b9f972c16692bc29d P ba56bdf3d8054f20b5afd669b0d39a16: Bootstrap starting.
I20260709 14:55:37.877660 25621 raft_consensus.cc:515] T 849026470a3a4f9bb29d629e1537a38b P ba56bdf3d8054f20b5afd669b0d39a16 [term 0 FOLLOWER]: Starting pre-election with config: opid_index: -1 OBSOLETE_local: false peers { permanent_uuid: "ba56bdf3d8054f20b5afd669b0d39a16" member_type: VOTER last_known_addr { host: "127.24.52.193" port: 46199 } } peers { permanent_uuid: "8f2ef7443934437c8ddad42ad8ad632c" member_type: VOTER last_known_addr { host: "127.24.52.194" port: 43431 } } peers { permanent_uuid: "3c092c9cf9e44b1baa30c515c48d8783" member_type: VOTER last_known_addr { host: "127.24.52.195" port: 32769 } }
I20260709 14:55:37.880280 25621 leader_election.cc:290] T 849026470a3a4f9bb29d629e1537a38b P ba56bdf3d8054f20b5afd669b0d39a16 [CANDIDATE]: Term 1 pre-election: Requested pre-vote from peers 8f2ef7443934437c8ddad42ad8ad632c (127.24.52.194:43431), 3c092c9cf9e44b1baa30c515c48d8783 (127.24.52.195:32769)
I20260709 14:55:37.860023 25569 raft_consensus.cc:2468] T 9f12abbccf8c445d99fc6e4b3e64fdfa P 3c092c9cf9e44b1baa30c515c48d8783 [term 1 FOLLOWER]: Leader election vote request: Granting yes vote for candidate 8f2ef7443934437c8ddad42ad8ad632c in term 1.
I20260709 14:55:37.892434 25420 raft_consensus.cc:2468] T 221a68ea8a15445d88a1fdfb0a630934 P ba56bdf3d8054f20b5afd669b0d39a16 [term 1 FOLLOWER]: Leader election vote request: Granting yes vote for candidate 3c092c9cf9e44b1baa30c515c48d8783 in term 1.
W20260709 14:55:37.893210 25458 outbound_call.cc:321] RPC callback for RPC call kudu.consensus.ConsensusService.RequestConsensusVote -> {remote=127.24.52.193:46199, user_credentials={real_user=slave}} blocked reactor thread for 63019.6us
I20260709 14:55:37.893710 25613 raft_consensus.cc:2804] T fe4f9947ca994f0096fea7f54933d4cc P 3c092c9cf9e44b1baa30c515c48d8783 [term 0 FOLLOWER]: Leader pre-election won for term 1
I20260709 14:55:37.894452 25612 tablet_bootstrap.cc:654] T 86806a2a8ac7445a819df908ec6c0865 P 8f2ef7443934437c8ddad42ad8ad632c: Neither blocks nor log segments found. Creating new log.
I20260709 14:55:37.895906 25569 tablet_service.cc:1917] Received RequestConsensusVote() RPC: tablet_id: "221a68ea8a15445d88a1fdfb0a630934" candidate_uuid: "8f2ef7443934437c8ddad42ad8ad632c" candidate_term: 1 candidate_status { last_received { term: 0 index: 0 } } ignore_live_leader: false dest_uuid: "3c092c9cf9e44b1baa30c515c48d8783" is_pre_election: true
I20260709 14:55:37.898816 25611 tablet_bootstrap.cc:654] T f607973400d44c8b9f972c16692bc29d P ba56bdf3d8054f20b5afd669b0d39a16: Neither blocks nor log segments found. Creating new log.
I20260709 14:55:37.900393 25613 raft_consensus.cc:493] T fe4f9947ca994f0096fea7f54933d4cc P 3c092c9cf9e44b1baa30c515c48d8783 [term 0 FOLLOWER]: Starting leader election (no leader contacted us within the election timeout)
I20260709 14:55:37.895865 25461 leader_election.cc:304] T 9f12abbccf8c445d99fc6e4b3e64fdfa P 8f2ef7443934437c8ddad42ad8ad632c [CANDIDATE]: Term 1 election: Election decided. Result: candidate won. Election summary: received 2 responses out of 3 voters: 2 yes votes; 0 no votes. yes voters: 3c092c9cf9e44b1baa30c515c48d8783, 8f2ef7443934437c8ddad42ad8ad632c; no voters: 
I20260709 14:55:37.903728 25569 raft_consensus.cc:2393] T 221a68ea8a15445d88a1fdfb0a630934 P 3c092c9cf9e44b1baa30c515c48d8783 [term 1 FOLLOWER]: Leader pre-election vote request: Denying vote to candidate 8f2ef7443934437c8ddad42ad8ad632c in current term 1: Already voted for candidate 3c092c9cf9e44b1baa30c515c48d8783 in this term.
I20260709 14:55:37.904973 25619 raft_consensus.cc:2804] T 9f12abbccf8c445d99fc6e4b3e64fdfa P 8f2ef7443934437c8ddad42ad8ad632c [term 1 FOLLOWER]: Leader election won for term 1
I20260709 14:55:37.905599 25619 raft_consensus.cc:697] T 9f12abbccf8c445d99fc6e4b3e64fdfa P 8f2ef7443934437c8ddad42ad8ad632c [term 1 LEADER]: Becoming Leader. State: Replica: 8f2ef7443934437c8ddad42ad8ad632c, State: Running, Role: LEADER
I20260709 14:55:37.904162 25613 raft_consensus.cc:3060] T fe4f9947ca994f0096fea7f54933d4cc P 3c092c9cf9e44b1baa30c515c48d8783 [term 0 FOLLOWER]: Advancing to term 1
I20260709 14:55:37.907920 25619 consensus_queue.cc:237] T 9f12abbccf8c445d99fc6e4b3e64fdfa P 8f2ef7443934437c8ddad42ad8ad632c [LEADER]: Queue going to LEADER mode. State: All replicated index: 0, Majority replicated index: 0, Committed index: 0, Last appended: 0.0, Last appended by leader: 0, Current term: 1, Majority size: 2, State: 0, Mode: LEADER, active raft config: opid_index: -1 OBSOLETE_local: false peers { permanent_uuid: "ba56bdf3d8054f20b5afd669b0d39a16" member_type: VOTER last_known_addr { host: "127.24.52.193" port: 46199 } } peers { permanent_uuid: "8f2ef7443934437c8ddad42ad8ad632c" member_type: VOTER last_known_addr { host: "127.24.52.194" port: 43431 } } peers { permanent_uuid: "3c092c9cf9e44b1baa30c515c48d8783" member_type: VOTER last_known_addr { host: "127.24.52.195" port: 32769 } }
I20260709 14:55:37.917454 25419 tablet_service.cc:1917] Received RequestConsensusVote() RPC: tablet_id: "9f12abbccf8c445d99fc6e4b3e64fdfa" candidate_uuid: "8f2ef7443934437c8ddad42ad8ad632c" candidate_term: 1 candidate_status { last_received { term: 0 index: 0 } } ignore_live_leader: false dest_uuid: "ba56bdf3d8054f20b5afd669b0d39a16"
I20260709 14:55:37.910318 25420 tablet_service.cc:1917] Received RequestConsensusVote() RPC: tablet_id: "ba63d34f81384eb4ad9ad44cdd4074ac" candidate_uuid: "8f2ef7443934437c8ddad42ad8ad632c" candidate_term: 1 candidate_status { last_received { term: 0 index: 0 } } ignore_live_leader: false dest_uuid: "ba56bdf3d8054f20b5afd669b0d39a16"
I20260709 14:55:37.924472 25419 raft_consensus.cc:3060] T 9f12abbccf8c445d99fc6e4b3e64fdfa P ba56bdf3d8054f20b5afd669b0d39a16 [term 0 FOLLOWER]: Advancing to term 1
I20260709 14:55:37.925655 25420 raft_consensus.cc:3060] T ba63d34f81384eb4ad9ad44cdd4074ac P ba56bdf3d8054f20b5afd669b0d39a16 [term 0 FOLLOWER]: Advancing to term 1
I20260709 14:55:37.907114 25532 leader_election.cc:304] T 221a68ea8a15445d88a1fdfb0a630934 P 3c092c9cf9e44b1baa30c515c48d8783 [CANDIDATE]: Term 1 election: Election decided. Result: candidate won. Election summary: received 2 responses out of 3 voters: 2 yes votes; 0 no votes. yes voters: 3c092c9cf9e44b1baa30c515c48d8783, ba56bdf3d8054f20b5afd669b0d39a16; no voters: 
I20260709 14:55:37.936849 25495 tablet_service.cc:1917] Received RequestConsensusVote() RPC: tablet_id: "fe4f9947ca994f0096fea7f54933d4cc" candidate_uuid: "3c092c9cf9e44b1baa30c515c48d8783" candidate_term: 1 candidate_status { last_received { term: 0 index: 0 } } ignore_live_leader: false dest_uuid: "8f2ef7443934437c8ddad42ad8ad632c" is_pre_election: true
I20260709 14:55:37.941603 25495 raft_consensus.cc:2468] T fe4f9947ca994f0096fea7f54933d4cc P 8f2ef7443934437c8ddad42ad8ad632c [term 0 FOLLOWER]: Leader pre-election vote request: Granting yes vote for candidate 3c092c9cf9e44b1baa30c515c48d8783 in term 0.
I20260709 14:55:37.941895 25494 tablet_service.cc:1917] Received RequestConsensusVote() RPC: tablet_id: "221a68ea8a15445d88a1fdfb0a630934" candidate_uuid: "3c092c9cf9e44b1baa30c515c48d8783" candidate_term: 1 candidate_status { last_received { term: 0 index: 0 } } ignore_live_leader: false dest_uuid: "8f2ef7443934437c8ddad42ad8ad632c" is_pre_election: true
I20260709 14:55:37.942345 25418 tablet_service.cc:1917] Received RequestConsensusVote() RPC: tablet_id: "221a68ea8a15445d88a1fdfb0a630934" candidate_uuid: "8f2ef7443934437c8ddad42ad8ad632c" candidate_term: 1 candidate_status { last_received { term: 0 index: 0 } } ignore_live_leader: false dest_uuid: "ba56bdf3d8054f20b5afd669b0d39a16" is_pre_election: true
I20260709 14:55:37.942687 25494 raft_consensus.cc:2468] T 221a68ea8a15445d88a1fdfb0a630934 P 8f2ef7443934437c8ddad42ad8ad632c [term 0 FOLLOWER]: Leader pre-election vote request: Granting yes vote for candidate 3c092c9cf9e44b1baa30c515c48d8783 in term 0.
I20260709 14:55:37.943272 25418 raft_consensus.cc:2393] T 221a68ea8a15445d88a1fdfb0a630934 P ba56bdf3d8054f20b5afd669b0d39a16 [term 1 FOLLOWER]: Leader pre-election vote request: Denying vote to candidate 8f2ef7443934437c8ddad42ad8ad632c in current term 1: Already voted for candidate 3c092c9cf9e44b1baa30c515c48d8783 in this term.
I20260709 14:55:37.930788 25613 raft_consensus.cc:515] T fe4f9947ca994f0096fea7f54933d4cc P 3c092c9cf9e44b1baa30c515c48d8783 [term 1 FOLLOWER]: Starting leader election with config: opid_index: -1 OBSOLETE_local: false peers { permanent_uuid: "ba56bdf3d8054f20b5afd669b0d39a16" member_type: VOTER last_known_addr { host: "127.24.52.193" port: 46199 } } peers { permanent_uuid: "8f2ef7443934437c8ddad42ad8ad632c" member_type: VOTER last_known_addr { host: "127.24.52.194" port: 43431 } } peers { permanent_uuid: "3c092c9cf9e44b1baa30c515c48d8783" member_type: VOTER last_known_addr { host: "127.24.52.195" port: 32769 } }
I20260709 14:55:37.943876 25493 tablet_service.cc:1917] Received RequestConsensusVote() RPC: tablet_id: "221a68ea8a15445d88a1fdfb0a630934" candidate_uuid: "3c092c9cf9e44b1baa30c515c48d8783" candidate_term: 1 candidate_status { last_received { term: 0 index: 0 } } ignore_live_leader: false dest_uuid: "8f2ef7443934437c8ddad42ad8ad632c"
I20260709 14:55:37.944538 25493 raft_consensus.cc:3060] T 221a68ea8a15445d88a1fdfb0a630934 P 8f2ef7443934437c8ddad42ad8ad632c [term 0 FOLLOWER]: Advancing to term 1
I20260709 14:55:37.948765 25621 raft_consensus.cc:493] T 8ad26dbbbed2403b8e4899c15203552e P ba56bdf3d8054f20b5afd669b0d39a16 [term 0 FOLLOWER]: Starting pre-election (no leader contacted us within the election timeout)
W20260709 14:55:37.950713 25532 outbound_call.cc:321] RPC callback for RPC call kudu.consensus.ConsensusService.RequestConsensusVote -> {remote=127.24.52.193:46199, user_credentials={real_user=slave}} blocked reactor thread for 45991.6us
I20260709 14:55:37.952539 25621 raft_consensus.cc:515] T 8ad26dbbbed2403b8e4899c15203552e P ba56bdf3d8054f20b5afd669b0d39a16 [term 0 FOLLOWER]: Starting pre-election with config: opid_index: -1 OBSOLETE_local: false peers { permanent_uuid: "ba56bdf3d8054f20b5afd669b0d39a16" member_type: VOTER last_known_addr { host: "127.24.52.193" port: 46199 } } peers { permanent_uuid: "8f2ef7443934437c8ddad42ad8ad632c" member_type: VOTER last_known_addr { host: "127.24.52.194" port: 43431 } } peers { permanent_uuid: "3c092c9cf9e44b1baa30c515c48d8783" member_type: VOTER last_known_addr { host: "127.24.52.195" port: 32769 } }
I20260709 14:55:37.953342 25461 leader_election.cc:304] T 221a68ea8a15445d88a1fdfb0a630934 P 8f2ef7443934437c8ddad42ad8ad632c [CANDIDATE]: Term 1 pre-election: Election decided. Result: candidate lost. Election summary: received 3 responses out of 3 voters: 1 yes votes; 2 no votes. yes voters: 8f2ef7443934437c8ddad42ad8ad632c; no voters: 3c092c9cf9e44b1baa30c515c48d8783, ba56bdf3d8054f20b5afd669b0d39a16
I20260709 14:55:37.954366 25418 tablet_service.cc:1917] Received RequestConsensusVote() RPC: tablet_id: "fe4f9947ca994f0096fea7f54933d4cc" candidate_uuid: "3c092c9cf9e44b1baa30c515c48d8783" candidate_term: 1 candidate_status { last_received { term: 0 index: 0 } } ignore_live_leader: false dest_uuid: "ba56bdf3d8054f20b5afd669b0d39a16"
I20260709 14:55:37.956284 25418 raft_consensus.cc:3060] T fe4f9947ca994f0096fea7f54933d4cc P ba56bdf3d8054f20b5afd669b0d39a16 [term 0 FOLLOWER]: Advancing to term 1
I20260709 14:55:37.960129 25495 tablet_service.cc:1917] Received RequestConsensusVote() RPC: tablet_id: "8ad26dbbbed2403b8e4899c15203552e" candidate_uuid: "ba56bdf3d8054f20b5afd669b0d39a16" candidate_term: 1 candidate_status { last_received { term: 0 index: 0 } } ignore_live_leader: false dest_uuid: "8f2ef7443934437c8ddad42ad8ad632c" is_pre_election: true
I20260709 14:55:37.960780 25495 raft_consensus.cc:2468] T 8ad26dbbbed2403b8e4899c15203552e P 8f2ef7443934437c8ddad42ad8ad632c [term 0 FOLLOWER]: Leader pre-election vote request: Granting yes vote for candidate ba56bdf3d8054f20b5afd669b0d39a16 in term 0.
I20260709 14:55:37.962785 25384 leader_election.cc:304] T 8ad26dbbbed2403b8e4899c15203552e P ba56bdf3d8054f20b5afd669b0d39a16 [CANDIDATE]: Term 1 pre-election: Election decided. Result: candidate won. Election summary: received 2 responses out of 3 voters: 2 yes votes; 0 no votes. yes voters: 8f2ef7443934437c8ddad42ad8ad632c, ba56bdf3d8054f20b5afd669b0d39a16; no voters: 
I20260709 14:55:37.963622 25617 raft_consensus.cc:2804] T 8ad26dbbbed2403b8e4899c15203552e P ba56bdf3d8054f20b5afd669b0d39a16 [term 0 FOLLOWER]: Leader pre-election won for term 1
I20260709 14:55:37.963967 25617 raft_consensus.cc:493] T 8ad26dbbbed2403b8e4899c15203552e P ba56bdf3d8054f20b5afd669b0d39a16 [term 0 FOLLOWER]: Starting leader election (no leader contacted us within the election timeout)
I20260709 14:55:37.963934 25494 tablet_service.cc:1917] Received RequestConsensusVote() RPC: tablet_id: "849026470a3a4f9bb29d629e1537a38b" candidate_uuid: "ba56bdf3d8054f20b5afd669b0d39a16" candidate_term: 1 candidate_status { last_received { term: 0 index: 0 } } ignore_live_leader: false dest_uuid: "8f2ef7443934437c8ddad42ad8ad632c" is_pre_election: true
I20260709 14:55:37.964334 25420 raft_consensus.cc:2468] T ba63d34f81384eb4ad9ad44cdd4074ac P ba56bdf3d8054f20b5afd669b0d39a16 [term 1 FOLLOWER]: Leader election vote request: Granting yes vote for candidate 8f2ef7443934437c8ddad42ad8ad632c in term 1.
I20260709 14:55:37.964521 25617 raft_consensus.cc:3060] T 8ad26dbbbed2403b8e4899c15203552e P ba56bdf3d8054f20b5afd669b0d39a16 [term 0 FOLLOWER]: Advancing to term 1
I20260709 14:55:37.956708 25621 leader_election.cc:290] T 8ad26dbbbed2403b8e4899c15203552e P ba56bdf3d8054f20b5afd669b0d39a16 [CANDIDATE]: Term 1 pre-election: Requested pre-vote from peers 8f2ef7443934437c8ddad42ad8ad632c (127.24.52.194:43431), 3c092c9cf9e44b1baa30c515c48d8783 (127.24.52.195:32769)
I20260709 14:55:37.964763 25494 raft_consensus.cc:2468] T 849026470a3a4f9bb29d629e1537a38b P 8f2ef7443934437c8ddad42ad8ad632c [term 0 FOLLOWER]: Leader pre-election vote request: Granting yes vote for candidate ba56bdf3d8054f20b5afd669b0d39a16 in term 0.
I20260709 14:55:37.966602 25495 tablet_service.cc:1917] Received RequestConsensusVote() RPC: tablet_id: "fe4f9947ca994f0096fea7f54933d4cc" candidate_uuid: "3c092c9cf9e44b1baa30c515c48d8783" candidate_term: 1 candidate_status { last_received { term: 0 index: 0 } } ignore_live_leader: false dest_uuid: "8f2ef7443934437c8ddad42ad8ad632c"
I20260709 14:55:37.967168 25495 raft_consensus.cc:3060] T fe4f9947ca994f0096fea7f54933d4cc P 8f2ef7443934437c8ddad42ad8ad632c [term 0 FOLLOWER]: Advancing to term 1
I20260709 14:55:37.969460 25384 leader_election.cc:304] T 849026470a3a4f9bb29d629e1537a38b P ba56bdf3d8054f20b5afd669b0d39a16 [CANDIDATE]: Term 1 pre-election: Election decided. Result: candidate won. Election summary: received 2 responses out of 3 voters: 2 yes votes; 0 no votes. yes voters: 8f2ef7443934437c8ddad42ad8ad632c, ba56bdf3d8054f20b5afd669b0d39a16; no voters: 
I20260709 14:55:37.970405 25621 raft_consensus.cc:2804] T 849026470a3a4f9bb29d629e1537a38b P ba56bdf3d8054f20b5afd669b0d39a16 [term 0 FOLLOWER]: Leader pre-election won for term 1
I20260709 14:55:37.970934 25621 raft_consensus.cc:493] T 849026470a3a4f9bb29d629e1537a38b P ba56bdf3d8054f20b5afd669b0d39a16 [term 0 FOLLOWER]: Starting leader election (no leader contacted us within the election timeout)
I20260709 14:55:37.971371 25621 raft_consensus.cc:3060] T 849026470a3a4f9bb29d629e1537a38b P ba56bdf3d8054f20b5afd669b0d39a16 [term 0 FOLLOWER]: Advancing to term 1
I20260709 14:55:37.954907 25613 leader_election.cc:290] T fe4f9947ca994f0096fea7f54933d4cc P 3c092c9cf9e44b1baa30c515c48d8783 [CANDIDATE]: Term 1 election: Requested vote from peers ba56bdf3d8054f20b5afd669b0d39a16 (127.24.52.193:46199), 8f2ef7443934437c8ddad42ad8ad632c (127.24.52.194:43431)
I20260709 14:55:37.975059 25613 raft_consensus.cc:2804] T 221a68ea8a15445d88a1fdfb0a630934 P 3c092c9cf9e44b1baa30c515c48d8783 [term 1 FOLLOWER]: Leader election won for term 1
I20260709 14:55:37.975708 25611 tablet_bootstrap.cc:492] T f607973400d44c8b9f972c16692bc29d P ba56bdf3d8054f20b5afd669b0d39a16: No bootstrap required, opened a new log
I20260709 14:55:37.976189 25611 ts_tablet_manager.cc:1403] T f607973400d44c8b9f972c16692bc29d P ba56bdf3d8054f20b5afd669b0d39a16: Time spent bootstrapping tablet: real 0.098s	user 0.025s	sys 0.017s
I20260709 14:55:37.975593 25613 raft_consensus.cc:697] T 221a68ea8a15445d88a1fdfb0a630934 P 3c092c9cf9e44b1baa30c515c48d8783 [term 1 LEADER]: Becoming Leader. State: Replica: 3c092c9cf9e44b1baa30c515c48d8783, State: Running, Role: LEADER
I20260709 14:55:37.976823 25317 catalog_manager.cc:5697] T 4cfe094e1a804d5c9bc5fed1ba44d2ff P 8f2ef7443934437c8ddad42ad8ad632c reported cstate change: term changed from 0 to 1, leader changed from <none> to 8f2ef7443934437c8ddad42ad8ad632c (127.24.52.194). New cstate: current_term: 1 leader_uuid: "8f2ef7443934437c8ddad42ad8ad632c" committed_config { opid_index: -1 OBSOLETE_local: false peers { permanent_uuid: "ba56bdf3d8054f20b5afd669b0d39a16" member_type: VOTER last_known_addr { host: "127.24.52.193" port: 46199 } health_report { overall_health: UNKNOWN } } peers { permanent_uuid: "8f2ef7443934437c8ddad42ad8ad632c" member_type: VOTER last_known_addr { host: "127.24.52.194" port: 43431 } health_report { overall_health: HEALTHY } } peers { permanent_uuid: "3c092c9cf9e44b1baa30c515c48d8783" member_type: VOTER last_known_addr { host: "127.24.52.195" port: 32769 } health_report { overall_health: UNKNOWN } } }
I20260709 14:55:37.979629 25493 raft_consensus.cc:2468] T 221a68ea8a15445d88a1fdfb0a630934 P 8f2ef7443934437c8ddad42ad8ad632c [term 1 FOLLOWER]: Leader election vote request: Granting yes vote for candidate 3c092c9cf9e44b1baa30c515c48d8783 in term 1.
I20260709 14:55:37.979496 25611 raft_consensus.cc:359] T f607973400d44c8b9f972c16692bc29d P ba56bdf3d8054f20b5afd669b0d39a16 [term 0 FOLLOWER]: Replica starting. Triggering 0 pending ops. Active config: opid_index: -1 OBSOLETE_local: false peers { permanent_uuid: "ba56bdf3d8054f20b5afd669b0d39a16" member_type: VOTER last_known_addr { host: "127.24.52.193" port: 46199 } } peers { permanent_uuid: "8f2ef7443934437c8ddad42ad8ad632c" member_type: VOTER last_known_addr { host: "127.24.52.194" port: 43431 } } peers { permanent_uuid: "3c092c9cf9e44b1baa30c515c48d8783" member_type: VOTER last_known_addr { host: "127.24.52.195" port: 32769 } }
I20260709 14:55:37.980269 25611 raft_consensus.cc:385] T f607973400d44c8b9f972c16692bc29d P ba56bdf3d8054f20b5afd669b0d39a16 [term 0 FOLLOWER]: Consensus starting up: Expiring failure detector timer to make a prompt election more likely
I20260709 14:55:37.980571 25611 raft_consensus.cc:740] T f607973400d44c8b9f972c16692bc29d P ba56bdf3d8054f20b5afd669b0d39a16 [term 0 FOLLOWER]: Becoming Follower/Learner. State: Replica: ba56bdf3d8054f20b5afd669b0d39a16, State: Initialized, Role: FOLLOWER
I20260709 14:55:37.981626 25613 consensus_queue.cc:237] T 221a68ea8a15445d88a1fdfb0a630934 P 3c092c9cf9e44b1baa30c515c48d8783 [LEADER]: Queue going to LEADER mode. State: All replicated index: 0, Majority replicated index: 0, Committed index: 0, Last appended: 0.0, Last appended by leader: 0, Current term: 1, Majority size: 2, State: 0, Mode: LEADER, active raft config: opid_index: -1 OBSOLETE_local: false peers { permanent_uuid: "ba56bdf3d8054f20b5afd669b0d39a16" member_type: VOTER last_known_addr { host: "127.24.52.193" port: 46199 } } peers { permanent_uuid: "8f2ef7443934437c8ddad42ad8ad632c" member_type: VOTER last_known_addr { host: "127.24.52.194" port: 43431 } } peers { permanent_uuid: "3c092c9cf9e44b1baa30c515c48d8783" member_type: VOTER last_known_addr { host: "127.24.52.195" port: 32769 } }
I20260709 14:55:37.982553 25418 raft_consensus.cc:2468] T fe4f9947ca994f0096fea7f54933d4cc P ba56bdf3d8054f20b5afd669b0d39a16 [term 1 FOLLOWER]: Leader election vote request: Granting yes vote for candidate 3c092c9cf9e44b1baa30c515c48d8783 in term 1.
