I20260709 14:55:25.695185 15167 raft_consensus.cc:3060] T 8ab1ea9d10184e5393fa9c1238e5e446 P 2a625b95d8a348a88ca2003dc9cfdbd4 [term 0 FOLLOWER]: Advancing to term 1
I20260709 14:55:25.696511 14912 catalog_manager.cc:5697] T 02013854faab469c9766924021ce2da1 P 8000b9d95b0a4eff8ae0320860f8c21c reported cstate change: term changed from 0 to 1, leader changed from <none> to 8000b9d95b0a4eff8ae0320860f8c21c (127.14.136.194). New cstate: current_term: 1 leader_uuid: "8000b9d95b0a4eff8ae0320860f8c21c" committed_config { opid_index: -1 OBSOLETE_local: false peers { permanent_uuid: "920fcff5192d41239b32199582c83345" member_type: VOTER last_known_addr { host: "127.14.136.193" port: 43111 } health_report { overall_health: UNKNOWN } } peers { permanent_uuid: "8000b9d95b0a4eff8ae0320860f8c21c" member_type: VOTER last_known_addr { host: "127.14.136.194" port: 46049 } health_report { overall_health: HEALTHY } } peers { permanent_uuid: "2a625b95d8a348a88ca2003dc9cfdbd4" member_type: VOTER last_known_addr { host: "127.14.136.195" port: 44793 } health_report { overall_health: UNKNOWN } } }
I20260709 14:55:25.680333 15265 consensus_queue.cc:237] T cf0d22a006be47c988bab05d951a0284 P 8000b9d95b0a4eff8ae0320860f8c21c [LEADER]: Queue going to LEADER mode. State: All replicated index: 0, Majority replicated index: 0, Committed index: 0, Last appended: 0.0, Last appended by leader: 0, Current term: 1, Majority size: 2, State: 0, Mode: LEADER, active raft config: opid_index: -1 OBSOLETE_local: false peers { permanent_uuid: "920fcff5192d41239b32199582c83345" member_type: VOTER last_known_addr { host: "127.14.136.193" port: 43111 } } peers { permanent_uuid: "8000b9d95b0a4eff8ae0320860f8c21c" member_type: VOTER last_known_addr { host: "127.14.136.194" port: 46049 } } peers { permanent_uuid: "2a625b95d8a348a88ca2003dc9cfdbd4" member_type: VOTER last_known_addr { host: "127.14.136.195" port: 44793 } }
I20260709 14:55:25.677690 15166 raft_consensus.cc:2468] T cf0d22a006be47c988bab05d951a0284 P 2a625b95d8a348a88ca2003dc9cfdbd4 [term 1 FOLLOWER]: Leader election vote request: Granting yes vote for candidate 8000b9d95b0a4eff8ae0320860f8c21c in term 1.
I20260709 14:55:25.706629 15236 consensus_queue.cc:1048] T 4478293655b64d87bea9b3a4a703488c P 2a625b95d8a348a88ca2003dc9cfdbd4 [LEADER]: Connected to new peer: Peer: permanent_uuid: "8000b9d95b0a4eff8ae0320860f8c21c" member_type: VOTER last_known_addr { host: "127.14.136.194" port: 46049 }, Status: LMP_MISMATCH, Last received: 0.0, Next index: 1, Last known committed idx: 0, Time since last communication: 0.000s
I20260709 14:55:25.694463 15093 tablet_service.cc:1917] Received RequestConsensusVote() RPC: tablet_id: "8ab1ea9d10184e5393fa9c1238e5e446" candidate_uuid: "920fcff5192d41239b32199582c83345" candidate_term: 1 candidate_status { last_received { term: 0 index: 0 } } ignore_live_leader: false dest_uuid: "8000b9d95b0a4eff8ae0320860f8c21c"
I20260709 14:55:25.707712 15093 raft_consensus.cc:3060] T 8ab1ea9d10184e5393fa9c1238e5e446 P 8000b9d95b0a4eff8ae0320860f8c21c [term 0 FOLLOWER]: Advancing to term 1
I20260709 14:55:25.727790 15236 consensus_queue.cc:1048] T 4478293655b64d87bea9b3a4a703488c P 2a625b95d8a348a88ca2003dc9cfdbd4 [LEADER]: Connected to new peer: Peer: permanent_uuid: "920fcff5192d41239b32199582c83345" member_type: VOTER last_known_addr { host: "127.14.136.193" port: 43111 }, Status: LMP_MISMATCH, Last received: 0.0, Next index: 1, Last known committed idx: 0, Time since last communication: 0.000s
I20260709 14:55:25.750497 15093 raft_consensus.cc:2468] T 8ab1ea9d10184e5393fa9c1238e5e446 P 8000b9d95b0a4eff8ae0320860f8c21c [term 1 FOLLOWER]: Leader election vote request: Granting yes vote for candidate 920fcff5192d41239b32199582c83345 in term 1.
I20260709 14:55:25.741838 15167 raft_consensus.cc:2468] T 8ab1ea9d10184e5393fa9c1238e5e446 P 2a625b95d8a348a88ca2003dc9cfdbd4 [term 1 FOLLOWER]: Leader election vote request: Granting yes vote for candidate 920fcff5192d41239b32199582c83345 in term 1.
I20260709 14:55:25.754974 14982 leader_election.cc:304] T 8ab1ea9d10184e5393fa9c1238e5e446 P 920fcff5192d41239b32199582c83345 [CANDIDATE]: Term 1 election: Election decided. Result: candidate won. Election summary: received 2 responses out of 3 voters: 2 yes votes; 0 no votes. yes voters: 8000b9d95b0a4eff8ae0320860f8c21c, 920fcff5192d41239b32199582c83345; no voters: 
I20260709 14:55:25.758018 15217 raft_consensus.cc:2804] T 8ab1ea9d10184e5393fa9c1238e5e446 P 920fcff5192d41239b32199582c83345 [term 1 FOLLOWER]: Leader election won for term 1
I20260709 14:55:25.758812 15217 raft_consensus.cc:697] T 8ab1ea9d10184e5393fa9c1238e5e446 P 920fcff5192d41239b32199582c83345 [term 1 LEADER]: Becoming Leader. State: Replica: 920fcff5192d41239b32199582c83345, State: Running, Role: LEADER
I20260709 14:55:25.759893 15217 consensus_queue.cc:237] T 8ab1ea9d10184e5393fa9c1238e5e446 P 920fcff5192d41239b32199582c83345 [LEADER]: Queue going to LEADER mode. State: All replicated index: 0, Majority replicated index: 0, Committed index: 0, Last appended: 0.0, Last appended by leader: 0, Current term: 1, Majority size: 2, State: 0, Mode: LEADER, active raft config: opid_index: -1 OBSOLETE_local: false peers { permanent_uuid: "920fcff5192d41239b32199582c83345" member_type: VOTER last_known_addr { host: "127.14.136.193" port: 43111 } } peers { permanent_uuid: "8000b9d95b0a4eff8ae0320860f8c21c" member_type: VOTER last_known_addr { host: "127.14.136.194" port: 46049 } } peers { permanent_uuid: "2a625b95d8a348a88ca2003dc9cfdbd4" member_type: VOTER last_known_addr { host: "127.14.136.195" port: 44793 } }
I20260709 14:55:25.786376 14912 catalog_manager.cc:5697] T cf0d22a006be47c988bab05d951a0284 P 8000b9d95b0a4eff8ae0320860f8c21c reported cstate change: term changed from 0 to 1, leader changed from <none> to 8000b9d95b0a4eff8ae0320860f8c21c (127.14.136.194). New cstate: current_term: 1 leader_uuid: "8000b9d95b0a4eff8ae0320860f8c21c" committed_config { opid_index: -1 OBSOLETE_local: false peers { permanent_uuid: "920fcff5192d41239b32199582c83345" member_type: VOTER last_known_addr { host: "127.14.136.193" port: 43111 } health_report { overall_health: UNKNOWN } } peers { permanent_uuid: "8000b9d95b0a4eff8ae0320860f8c21c" member_type: VOTER last_known_addr { host: "127.14.136.194" port: 46049 } health_report { overall_health: HEALTHY } } peers { permanent_uuid: "2a625b95d8a348a88ca2003dc9cfdbd4" member_type: VOTER last_known_addr { host: "127.14.136.195" port: 44793 } health_report { overall_health: UNKNOWN } } }
I20260709 14:55:25.823288 14913 catalog_manager.cc:5697] T 8ab1ea9d10184e5393fa9c1238e5e446 P 920fcff5192d41239b32199582c83345 reported cstate change: term changed from 0 to 1, leader changed from <none> to 920fcff5192d41239b32199582c83345 (127.14.136.193). New cstate: current_term: 1 leader_uuid: "920fcff5192d41239b32199582c83345" committed_config { opid_index: -1 OBSOLETE_local: false peers { permanent_uuid: "920fcff5192d41239b32199582c83345" member_type: VOTER last_known_addr { host: "127.14.136.193" port: 43111 } health_report { overall_health: HEALTHY } } peers { permanent_uuid: "8000b9d95b0a4eff8ae0320860f8c21c" member_type: VOTER last_known_addr { host: "127.14.136.194" port: 46049 } health_report { overall_health: UNKNOWN } } peers { permanent_uuid: "2a625b95d8a348a88ca2003dc9cfdbd4" member_type: VOTER last_known_addr { host: "127.14.136.195" port: 44793 } health_report { overall_health: UNKNOWN } } }
I20260709 14:55:25.873265 15167 tablet_service.cc:2072] Received LeaderStepDown RPC: tablet_id: "dc134b723a9246d4a96d1e3517ab9401"
dest_uuid: "2a625b95d8a348a88ca2003dc9cfdbd4"
mode: GRACEFUL
new_leader_uuid: "920fcff5192d41239b32199582c83345"
 from {username='slave'} at 127.0.0.1:46742
I20260709 14:55:25.874032 15167 raft_consensus.cc:606] T dc134b723a9246d4a96d1e3517ab9401 P 2a625b95d8a348a88ca2003dc9cfdbd4 [term 1 LEADER]: Received request to transfer leadership to TS 920fcff5192d41239b32199582c83345
I20260709 14:55:25.880110 15167 tablet_service.cc:2072] Received LeaderStepDown RPC: tablet_id: "ee73a5f4cea1485395f1f23660a77c9e"
dest_uuid: "2a625b95d8a348a88ca2003dc9cfdbd4"
mode: GRACEFUL
new_leader_uuid: "920fcff5192d41239b32199582c83345"
 from {username='slave'} at 127.0.0.1:46742
I20260709 14:55:25.880749 15167 raft_consensus.cc:606] T ee73a5f4cea1485395f1f23660a77c9e P 2a625b95d8a348a88ca2003dc9cfdbd4 [term 1 LEADER]: Received request to transfer leadership to TS 920fcff5192d41239b32199582c83345
I20260709 14:55:25.886473 15167 tablet_service.cc:2072] Received LeaderStepDown RPC: tablet_id: "7a9f8eeb96c44021be7dec82e35e7390"
dest_uuid: "2a625b95d8a348a88ca2003dc9cfdbd4"
mode: GRACEFUL
new_leader_uuid: "920fcff5192d41239b32199582c83345"
 from {username='slave'} at 127.0.0.1:46742
I20260709 14:55:25.887132 15167 raft_consensus.cc:606] T 7a9f8eeb96c44021be7dec82e35e7390 P 2a625b95d8a348a88ca2003dc9cfdbd4 [term 1 LEADER]: Received request to transfer leadership to TS 920fcff5192d41239b32199582c83345
I20260709 14:55:25.898344 15167 tablet_service.cc:2072] Received LeaderStepDown RPC: tablet_id: "4478293655b64d87bea9b3a4a703488c"
dest_uuid: "2a625b95d8a348a88ca2003dc9cfdbd4"
mode: GRACEFUL
new_leader_uuid: "8000b9d95b0a4eff8ae0320860f8c21c"
 from {username='slave'} at 127.0.0.1:46742
I20260709 14:55:25.898904 15167 raft_consensus.cc:606] T 4478293655b64d87bea9b3a4a703488c P 2a625b95d8a348a88ca2003dc9cfdbd4 [term 1 LEADER]: Received request to transfer leadership to TS 8000b9d95b0a4eff8ae0320860f8c21c
I20260709 14:55:25.919256 15016 tablet_service.cc:2072] Received LeaderStepDown RPC: tablet_id: "8ab1ea9d10184e5393fa9c1238e5e446"
dest_uuid: "920fcff5192d41239b32199582c83345"
mode: GRACEFUL
new_leader_uuid: "2a625b95d8a348a88ca2003dc9cfdbd4"
 from {username='slave'} at 127.0.0.1:37844
I20260709 14:55:25.919813 15016 raft_consensus.cc:606] T 8ab1ea9d10184e5393fa9c1238e5e446 P 920fcff5192d41239b32199582c83345 [term 1 LEADER]: Received request to transfer leadership to TS 2a625b95d8a348a88ca2003dc9cfdbd4
I20260709 14:55:25.961568 15253 consensus_queue.cc:1048] T dc57888dc53f40c1825edc3296b4c24a P 920fcff5192d41239b32199582c83345 [LEADER]: Connected to new peer: Peer: permanent_uuid: "2a625b95d8a348a88ca2003dc9cfdbd4" member_type: VOTER last_known_addr { host: "127.14.136.195" port: 44793 }, Status: LMP_MISMATCH, Last received: 0.0, Next index: 1, Last known committed idx: 0, Time since last communication: 0.001s
I20260709 14:55:25.977092 15255 consensus_queue.cc:1048] T dc57888dc53f40c1825edc3296b4c24a P 920fcff5192d41239b32199582c83345 [LEADER]: Connected to new peer: Peer: permanent_uuid: "8000b9d95b0a4eff8ae0320860f8c21c" member_type: VOTER last_known_addr { host: "127.14.136.194" port: 46049 }, Status: LMP_MISMATCH, Last received: 0.0, Next index: 1, Last known committed idx: 0, Time since last communication: 0.001s
I20260709 14:55:25.989885 15264 consensus_queue.cc:1048] T 1aa088493ff64a87bcb1de8b15d0c14b P 8000b9d95b0a4eff8ae0320860f8c21c [LEADER]: Connected to new peer: Peer: permanent_uuid: "2a625b95d8a348a88ca2003dc9cfdbd4" member_type: VOTER last_known_addr { host: "127.14.136.195" port: 44793 }, Status: LMP_MISMATCH, Last received: 0.0, Next index: 1, Last known committed idx: 0, Time since last communication: 0.001s
I20260709 14:55:26.003705 15264 consensus_queue.cc:1048] T 1aa088493ff64a87bcb1de8b15d0c14b P 8000b9d95b0a4eff8ae0320860f8c21c [LEADER]: Connected to new peer: Peer: permanent_uuid: "920fcff5192d41239b32199582c83345" member_type: VOTER last_known_addr { host: "127.14.136.193" port: 43111 }, Status: LMP_MISMATCH, Last received: 0.0, Next index: 1, Last known committed idx: 0, Time since last communication: 0.000s
I20260709 14:55:26.014659 15218 consensus_queue.cc:1048] T 7a9f8eeb96c44021be7dec82e35e7390 P 2a625b95d8a348a88ca2003dc9cfdbd4 [LEADER]: Connected to new peer: Peer: permanent_uuid: "8000b9d95b0a4eff8ae0320860f8c21c" member_type: VOTER last_known_addr { host: "127.14.136.194" port: 46049 }, Status: LMP_MISMATCH, Last received: 0.0, Next index: 1, Last known committed idx: 0, Time since last communication: 0.000s
I20260709 14:55:26.032235 15235 consensus_queue.cc:1048] T 7a9f8eeb96c44021be7dec82e35e7390 P 2a625b95d8a348a88ca2003dc9cfdbd4 [LEADER]: Connected to new peer: Peer: permanent_uuid: "920fcff5192d41239b32199582c83345" member_type: VOTER last_known_addr { host: "127.14.136.193" port: 43111 }, Status: LMP_MISMATCH, Last received: 0.0, Next index: 1, Last known committed idx: 0, Time since last communication: 0.000s
I20260709 14:55:26.048512 15235 raft_consensus.cc:993] T 7a9f8eeb96c44021be7dec82e35e7390 P 2a625b95d8a348a88ca2003dc9cfdbd4: : Instructing follower 920fcff5192d41239b32199582c83345 to start an election
I20260709 14:55:26.049014 15218 raft_consensus.cc:1081] T 7a9f8eeb96c44021be7dec82e35e7390 P 2a625b95d8a348a88ca2003dc9cfdbd4 [term 1 LEADER]: Signalling peer 920fcff5192d41239b32199582c83345 to start an election
I20260709 14:55:26.050789 15016 tablet_service.cc:2044] Received Run Leader Election RPC: tablet_id: "7a9f8eeb96c44021be7dec82e35e7390"
dest_uuid: "920fcff5192d41239b32199582c83345"
 from {username='slave'} at 127.0.0.1:37814
I20260709 14:55:26.051317 15016 raft_consensus.cc:493] T 7a9f8eeb96c44021be7dec82e35e7390 P 920fcff5192d41239b32199582c83345 [term 1 FOLLOWER]: Starting forced leader election (received explicit request)
I20260709 14:55:26.051644 15016 raft_consensus.cc:3060] T 7a9f8eeb96c44021be7dec82e35e7390 P 920fcff5192d41239b32199582c83345 [term 1 FOLLOWER]: Advancing to term 2
I20260709 14:55:26.057533 15016 raft_consensus.cc:515] T 7a9f8eeb96c44021be7dec82e35e7390 P 920fcff5192d41239b32199582c83345 [term 2 FOLLOWER]: Starting forced leader election with config: opid_index: -1 OBSOLETE_local: false peers { permanent_uuid: "920fcff5192d41239b32199582c83345" member_type: VOTER last_known_addr { host: "127.14.136.193" port: 43111 } } peers { permanent_uuid: "8000b9d95b0a4eff8ae0320860f8c21c" member_type: VOTER last_known_addr { host: "127.14.136.194" port: 46049 } } peers { permanent_uuid: "2a625b95d8a348a88ca2003dc9cfdbd4" member_type: VOTER last_known_addr { host: "127.14.136.195" port: 44793 } }
I20260709 14:55:26.059705 15016 leader_election.cc:290] T 7a9f8eeb96c44021be7dec82e35e7390 P 920fcff5192d41239b32199582c83345 [CANDIDATE]: Term 2 election: Requested vote from peers 8000b9d95b0a4eff8ae0320860f8c21c (127.14.136.194:46049), 2a625b95d8a348a88ca2003dc9cfdbd4 (127.14.136.195:44793)
I20260709 14:55:26.060585 15091 tablet_service.cc:1917] Received RequestConsensusVote() RPC: tablet_id: "7a9f8eeb96c44021be7dec82e35e7390" candidate_uuid: "920fcff5192d41239b32199582c83345" candidate_term: 2 candidate_status { last_received { term: 1 index: 1 } } ignore_live_leader: true dest_uuid: "8000b9d95b0a4eff8ae0320860f8c21c"
I20260709 14:55:26.061131 15091 raft_consensus.cc:3060] T 7a9f8eeb96c44021be7dec82e35e7390 P 8000b9d95b0a4eff8ae0320860f8c21c [term 1 FOLLOWER]: Advancing to term 2
I20260709 14:55:26.062520 15167 tablet_service.cc:1917] Received RequestConsensusVote() RPC: tablet_id: "7a9f8eeb96c44021be7dec82e35e7390" candidate_uuid: "920fcff5192d41239b32199582c83345" candidate_term: 2 candidate_status { last_received { term: 1 index: 1 } } ignore_live_leader: true dest_uuid: "2a625b95d8a348a88ca2003dc9cfdbd4"
I20260709 14:55:26.063112 15167 raft_consensus.cc:3055] T 7a9f8eeb96c44021be7dec82e35e7390 P 2a625b95d8a348a88ca2003dc9cfdbd4 [term 1 LEADER]: Stepping down as leader of term 1
I20260709 14:55:26.063446 15167 raft_consensus.cc:740] T 7a9f8eeb96c44021be7dec82e35e7390 P 2a625b95d8a348a88ca2003dc9cfdbd4 [term 1 LEADER]: Becoming Follower/Learner. State: Replica: 2a625b95d8a348a88ca2003dc9cfdbd4, State: Running, Role: LEADER
I20260709 14:55:26.064275 15167 consensus_queue.cc:260] T 7a9f8eeb96c44021be7dec82e35e7390 P 2a625b95d8a348a88ca2003dc9cfdbd4 [NON_LEADER]: Queue going to NON_LEADER mode. State: All replicated index: 0, Majority replicated index: 1, Committed index: 1, Last appended: 1.1, Last appended by leader: 1, Current term: 1, Majority size: -1, State: 0, Mode: NON_LEADER, active raft config: opid_index: -1 OBSOLETE_local: false peers { permanent_uuid: "920fcff5192d41239b32199582c83345" member_type: VOTER last_known_addr { host: "127.14.136.193" port: 43111 } } peers { permanent_uuid: "8000b9d95b0a4eff8ae0320860f8c21c" member_type: VOTER last_known_addr { host: "127.14.136.194" port: 46049 } } peers { permanent_uuid: "2a625b95d8a348a88ca2003dc9cfdbd4" member_type: VOTER last_known_addr { host: "127.14.136.195" port: 44793 } }
I20260709 14:55:26.065819 15167 raft_consensus.cc:3060] T 7a9f8eeb96c44021be7dec82e35e7390 P 2a625b95d8a348a88ca2003dc9cfdbd4 [term 1 FOLLOWER]: Advancing to term 2
I20260709 14:55:26.068020 15091 raft_consensus.cc:2468] T 7a9f8eeb96c44021be7dec82e35e7390 P 8000b9d95b0a4eff8ae0320860f8c21c [term 2 FOLLOWER]: Leader election vote request: Granting yes vote for candidate 920fcff5192d41239b32199582c83345 in term 2.
I20260709 14:55:26.069336 14982 leader_election.cc:304] T 7a9f8eeb96c44021be7dec82e35e7390 P 920fcff5192d41239b32199582c83345 [CANDIDATE]: Term 2 election: Election decided. Result: candidate won. Election summary: received 2 responses out of 3 voters: 2 yes votes; 0 no votes. yes voters: 8000b9d95b0a4eff8ae0320860f8c21c, 920fcff5192d41239b32199582c83345; no voters: 
I20260709 14:55:26.070200 15255 raft_consensus.cc:2804] T 7a9f8eeb96c44021be7dec82e35e7390 P 920fcff5192d41239b32199582c83345 [term 2 FOLLOWER]: Leader election won for term 2
I20260709 14:55:26.070773 15255 raft_consensus.cc:697] T 7a9f8eeb96c44021be7dec82e35e7390 P 920fcff5192d41239b32199582c83345 [term 2 LEADER]: Becoming Leader. State: Replica: 920fcff5192d41239b32199582c83345, State: Running, Role: LEADER
I20260709 14:55:26.071715 15255 consensus_queue.cc:237] T 7a9f8eeb96c44021be7dec82e35e7390 P 920fcff5192d41239b32199582c83345 [LEADER]: Queue going to LEADER mode. State: All replicated index: 0, Majority replicated index: 1, Committed index: 1, Last appended: 1.1, Last appended by leader: 1, Current term: 2, Majority size: 2, State: 0, Mode: LEADER, active raft config: opid_index: -1 OBSOLETE_local: false peers { permanent_uuid: "920fcff5192d41239b32199582c83345" member_type: VOTER last_known_addr { host: "127.14.136.193" port: 43111 } } peers { permanent_uuid: "8000b9d95b0a4eff8ae0320860f8c21c" member_type: VOTER last_known_addr { host: "127.14.136.194" port: 46049 } } peers { permanent_uuid: "2a625b95d8a348a88ca2003dc9cfdbd4" member_type: VOTER last_known_addr { host: "127.14.136.195" port: 44793 } }
I20260709 14:55:26.072458 15167 raft_consensus.cc:2468] T 7a9f8eeb96c44021be7dec82e35e7390 P 2a625b95d8a348a88ca2003dc9cfdbd4 [term 2 FOLLOWER]: Leader election vote request: Granting yes vote for candidate 920fcff5192d41239b32199582c83345 in term 2.
I20260709 14:55:26.079867 14912 catalog_manager.cc:5697] T 7a9f8eeb96c44021be7dec82e35e7390 P 920fcff5192d41239b32199582c83345 reported cstate change: term changed from 1 to 2, leader changed from 2a625b95d8a348a88ca2003dc9cfdbd4 (127.14.136.195) to 920fcff5192d41239b32199582c83345 (127.14.136.193). New cstate: current_term: 2 leader_uuid: "920fcff5192d41239b32199582c83345" committed_config { opid_index: -1 OBSOLETE_local: false peers { permanent_uuid: "920fcff5192d41239b32199582c83345" member_type: VOTER last_known_addr { host: "127.14.136.193" port: 43111 } health_report { overall_health: HEALTHY } } peers { permanent_uuid: "8000b9d95b0a4eff8ae0320860f8c21c" member_type: VOTER last_known_addr { host: "127.14.136.194" port: 46049 } health_report { overall_health: UNKNOWN } } peers { permanent_uuid: "2a625b95d8a348a88ca2003dc9cfdbd4" member_type: VOTER last_known_addr { host: "127.14.136.195" port: 44793 } health_report { overall_health: UNKNOWN } } }
I20260709 14:55:26.107779 15235 raft_consensus.cc:993] T ee73a5f4cea1485395f1f23660a77c9e P 2a625b95d8a348a88ca2003dc9cfdbd4: : Instructing follower 920fcff5192d41239b32199582c83345 to start an election
I20260709 14:55:26.109329 15235 raft_consensus.cc:1081] T ee73a5f4cea1485395f1f23660a77c9e P 2a625b95d8a348a88ca2003dc9cfdbd4 [term 1 LEADER]: Signalling peer 920fcff5192d41239b32199582c83345 to start an election
I20260709 14:55:26.111296 15016 tablet_service.cc:2044] Received Run Leader Election RPC: tablet_id: "ee73a5f4cea1485395f1f23660a77c9e"
dest_uuid: "920fcff5192d41239b32199582c83345"
 from {username='slave'} at 127.0.0.1:37814
I20260709 14:55:26.111984 15016 raft_consensus.cc:493] T ee73a5f4cea1485395f1f23660a77c9e P 920fcff5192d41239b32199582c83345 [term 1 FOLLOWER]: Starting forced leader election (received explicit request)
I20260709 14:55:26.112419 15016 raft_consensus.cc:3060] T ee73a5f4cea1485395f1f23660a77c9e P 920fcff5192d41239b32199582c83345 [term 1 FOLLOWER]: Advancing to term 2
I20260709 14:55:26.113483 15264 consensus_queue.cc:1048] T cf0d22a006be47c988bab05d951a0284 P 8000b9d95b0a4eff8ae0320860f8c21c [LEADER]: Connected to new peer: Peer: permanent_uuid: "920fcff5192d41239b32199582c83345" member_type: VOTER last_known_addr { host: "127.14.136.193" port: 43111 }, Status: LMP_MISMATCH, Last received: 0.0, Next index: 1, Last known committed idx: 0, Time since last communication: 0.000s
I20260709 14:55:26.119244 15016 raft_consensus.cc:515] T ee73a5f4cea1485395f1f23660a77c9e P 920fcff5192d41239b32199582c83345 [term 2 FOLLOWER]: Starting forced leader election with config: opid_index: -1 OBSOLETE_local: false peers { permanent_uuid: "920fcff5192d41239b32199582c83345" member_type: VOTER last_known_addr { host: "127.14.136.193" port: 43111 } } peers { permanent_uuid: "8000b9d95b0a4eff8ae0320860f8c21c" member_type: VOTER last_known_addr { host: "127.14.136.194" port: 46049 } } peers { permanent_uuid: "2a625b95d8a348a88ca2003dc9cfdbd4" member_type: VOTER last_known_addr { host: "127.14.136.195" port: 44793 } }
I20260709 14:55:26.122448 15091 tablet_service.cc:1917] Received RequestConsensusVote() RPC: tablet_id: "ee73a5f4cea1485395f1f23660a77c9e" candidate_uuid: "920fcff5192d41239b32199582c83345" candidate_term: 2 candidate_status { last_received { term: 1 index: 1 } } ignore_live_leader: true dest_uuid: "8000b9d95b0a4eff8ae0320860f8c21c"
I20260709 14:55:26.123195 15091 raft_consensus.cc:3060] T ee73a5f4cea1485395f1f23660a77c9e P 8000b9d95b0a4eff8ae0320860f8c21c [term 1 FOLLOWER]: Advancing to term 2
I20260709 14:55:26.129668 15264 consensus_queue.cc:1048] T cf0d22a006be47c988bab05d951a0284 P 8000b9d95b0a4eff8ae0320860f8c21c [LEADER]: Connected to new peer: Peer: permanent_uuid: "2a625b95d8a348a88ca2003dc9cfdbd4" member_type: VOTER last_known_addr { host: "127.14.136.195" port: 44793 }, Status: LMP_MISMATCH, Last received: 0.0, Next index: 1, Last known committed idx: 0, Time since last communication: 0.001s
I20260709 14:55:26.130863 15016 leader_election.cc:290] T ee73a5f4cea1485395f1f23660a77c9e P 920fcff5192d41239b32199582c83345 [CANDIDATE]: Term 2 election: Requested vote from peers 8000b9d95b0a4eff8ae0320860f8c21c (127.14.136.194:46049), 2a625b95d8a348a88ca2003dc9cfdbd4 (127.14.136.195:44793)
I20260709 14:55:26.133877 15091 raft_consensus.cc:2468] T ee73a5f4cea1485395f1f23660a77c9e P 8000b9d95b0a4eff8ae0320860f8c21c [term 2 FOLLOWER]: Leader election vote request: Granting yes vote for candidate 920fcff5192d41239b32199582c83345 in term 2.
I20260709 14:55:26.134619 15165 tablet_service.cc:1917] Received RequestConsensusVote() RPC: tablet_id: "ee73a5f4cea1485395f1f23660a77c9e" candidate_uuid: "920fcff5192d41239b32199582c83345" candidate_term: 2 candidate_status { last_received { term: 1 index: 1 } } ignore_live_leader: true dest_uuid: "2a625b95d8a348a88ca2003dc9cfdbd4"
I20260709 14:55:26.135244 15165 raft_consensus.cc:3055] T ee73a5f4cea1485395f1f23660a77c9e P 2a625b95d8a348a88ca2003dc9cfdbd4 [term 1 LEADER]: Stepping down as leader of term 1
I20260709 14:55:26.135573 15165 raft_consensus.cc:740] T ee73a5f4cea1485395f1f23660a77c9e P 2a625b95d8a348a88ca2003dc9cfdbd4 [term 1 LEADER]: Becoming Follower/Learner. State: Replica: 2a625b95d8a348a88ca2003dc9cfdbd4, State: Running, Role: LEADER
I20260709 14:55:26.136130 14982 leader_election.cc:304] T ee73a5f4cea1485395f1f23660a77c9e P 920fcff5192d41239b32199582c83345 [CANDIDATE]: Term 2 election: Election decided. Result: candidate won. Election summary: received 2 responses out of 3 voters: 2 yes votes; 0 no votes. yes voters: 8000b9d95b0a4eff8ae0320860f8c21c, 920fcff5192d41239b32199582c83345; no voters: 
I20260709 14:55:26.136456 15165 consensus_queue.cc:260] T ee73a5f4cea1485395f1f23660a77c9e P 2a625b95d8a348a88ca2003dc9cfdbd4 [NON_LEADER]: Queue going to NON_LEADER mode. State: All replicated index: 0, Majority replicated index: 1, Committed index: 1, Last appended: 1.1, Last appended by leader: 1, Current term: 1, Majority size: -1, State: 0, Mode: NON_LEADER, active raft config: opid_index: -1 OBSOLETE_local: false peers { permanent_uuid: "920fcff5192d41239b32199582c83345" member_type: VOTER last_known_addr { host: "127.14.136.193" port: 43111 } } peers { permanent_uuid: "8000b9d95b0a4eff8ae0320860f8c21c" member_type: VOTER last_known_addr { host: "127.14.136.194" port: 46049 } } peers { permanent_uuid: "2a625b95d8a348a88ca2003dc9cfdbd4" member_type: VOTER last_known_addr { host: "127.14.136.195" port: 44793 } }
I20260709 14:55:26.137665 15165 raft_consensus.cc:3060] T ee73a5f4cea1485395f1f23660a77c9e P 2a625b95d8a348a88ca2003dc9cfdbd4 [term 1 FOLLOWER]: Advancing to term 2
I20260709 14:55:26.136943 15255 raft_consensus.cc:2804] T ee73a5f4cea1485395f1f23660a77c9e P 920fcff5192d41239b32199582c83345 [term 2 FOLLOWER]: Leader election won for term 2
I20260709 14:55:26.142079 15255 raft_consensus.cc:697] T ee73a5f4cea1485395f1f23660a77c9e P 920fcff5192d41239b32199582c83345 [term 2 LEADER]: Becoming Leader. State: Replica: 920fcff5192d41239b32199582c83345, State: Running, Role: LEADER
I20260709 14:55:26.143205 15255 consensus_queue.cc:237] T ee73a5f4cea1485395f1f23660a77c9e P 920fcff5192d41239b32199582c83345 [LEADER]: Queue going to LEADER mode. State: All replicated index: 0, Majority replicated index: 1, Committed index: 1, Last appended: 1.1, Last appended by leader: 1, Current term: 2, Majority size: 2, State: 0, Mode: LEADER, active raft config: opid_index: -1 OBSOLETE_local: false peers { permanent_uuid: "920fcff5192d41239b32199582c83345" member_type: VOTER last_known_addr { host: "127.14.136.193" port: 43111 } } peers { permanent_uuid: "8000b9d95b0a4eff8ae0320860f8c21c" member_type: VOTER last_known_addr { host: "127.14.136.194" port: 46049 } } peers { permanent_uuid: "2a625b95d8a348a88ca2003dc9cfdbd4" member_type: VOTER last_known_addr { host: "127.14.136.195" port: 44793 } }
I20260709 14:55:26.152755 14912 catalog_manager.cc:5697] T ee73a5f4cea1485395f1f23660a77c9e P 920fcff5192d41239b32199582c83345 reported cstate change: term changed from 1 to 2, leader changed from 2a625b95d8a348a88ca2003dc9cfdbd4 (127.14.136.195) to 920fcff5192d41239b32199582c83345 (127.14.136.193). New cstate: current_term: 2 leader_uuid: "920fcff5192d41239b32199582c83345" committed_config { opid_index: -1 OBSOLETE_local: false peers { permanent_uuid: "920fcff5192d41239b32199582c83345" member_type: VOTER last_known_addr { host: "127.14.136.193" port: 43111 } health_report { overall_health: HEALTHY } } peers { permanent_uuid: "8000b9d95b0a4eff8ae0320860f8c21c" member_type: VOTER last_known_addr { host: "127.14.136.194" port: 46049 } health_report { overall_health: UNKNOWN } } peers { permanent_uuid: "2a625b95d8a348a88ca2003dc9cfdbd4" member_type: VOTER last_known_addr { host: "127.14.136.195" port: 44793 } health_report { overall_health: UNKNOWN } } }
I20260709 14:55:26.159096 15165 raft_consensus.cc:2468] T ee73a5f4cea1485395f1f23660a77c9e P 2a625b95d8a348a88ca2003dc9cfdbd4 [term 2 FOLLOWER]: Leader election vote request: Granting yes vote for candidate 920fcff5192d41239b32199582c83345 in term 2.
I20260709 14:55:26.165611 15217 consensus_queue.cc:1048] T 8ab1ea9d10184e5393fa9c1238e5e446 P 920fcff5192d41239b32199582c83345 [LEADER]: Connected to new peer: Peer: permanent_uuid: "8000b9d95b0a4eff8ae0320860f8c21c" member_type: VOTER last_known_addr { host: "127.14.136.194" port: 46049 }, Status: LMP_MISMATCH, Last received: 0.0, Next index: 1, Last known committed idx: 0, Time since last communication: 0.000s
I20260709 14:55:26.166406 15255 consensus_queue.cc:1048] T 8ab1ea9d10184e5393fa9c1238e5e446 P 920fcff5192d41239b32199582c83345 [LEADER]: Connected to new peer: Peer: permanent_uuid: "2a625b95d8a348a88ca2003dc9cfdbd4" member_type: VOTER last_known_addr { host: "127.14.136.195" port: 44793 }, Status: LMP_MISMATCH, Last received: 0.0, Next index: 1, Last known committed idx: 0, Time since last communication: 0.000s
I20260709 14:55:26.176215 15217 raft_consensus.cc:993] T 8ab1ea9d10184e5393fa9c1238e5e446 P 920fcff5192d41239b32199582c83345: : Instructing follower 2a625b95d8a348a88ca2003dc9cfdbd4 to start an election
I20260709 14:55:26.176807 15217 raft_consensus.cc:1081] T 8ab1ea9d10184e5393fa9c1238e5e446 P 920fcff5192d41239b32199582c83345 [term 1 LEADER]: Signalling peer 2a625b95d8a348a88ca2003dc9cfdbd4 to start an election
I20260709 14:55:26.179100 15165 tablet_service.cc:2044] Received Run Leader Election RPC: tablet_id: "8ab1ea9d10184e5393fa9c1238e5e446"
dest_uuid: "2a625b95d8a348a88ca2003dc9cfdbd4"
 from {username='slave'} at 127.0.0.1:46728
I20260709 14:55:26.179689 15165 raft_consensus.cc:493] T 8ab1ea9d10184e5393fa9c1238e5e446 P 2a625b95d8a348a88ca2003dc9cfdbd4 [term 1 FOLLOWER]: Starting forced leader election (received explicit request)
I20260709 14:55:26.180056 15165 raft_consensus.cc:3060] T 8ab1ea9d10184e5393fa9c1238e5e446 P 2a625b95d8a348a88ca2003dc9cfdbd4 [term 1 FOLLOWER]: Advancing to term 2
I20260709 14:55:26.181098 15264 consensus_queue.cc:1048] T 02013854faab469c9766924021ce2da1 P 8000b9d95b0a4eff8ae0320860f8c21c [LEADER]: Connected to new peer: Peer: permanent_uuid: "920fcff5192d41239b32199582c83345" member_type: VOTER last_known_addr { host: "127.14.136.193" port: 43111 }, Status: LMP_MISMATCH, Last received: 0.0, Next index: 1, Last known committed idx: 0, Time since last communication: 0.000s
I20260709 14:55:26.189158 15264 consensus_queue.cc:1048] T 02013854faab469c9766924021ce2da1 P 8000b9d95b0a4eff8ae0320860f8c21c [LEADER]: Connected to new peer: Peer: permanent_uuid: "2a625b95d8a348a88ca2003dc9cfdbd4" member_type: VOTER last_known_addr { host: "127.14.136.195" port: 44793 }, Status: LMP_MISMATCH, Last received: 0.0, Next index: 1, Last known committed idx: 0, Time since last communication: 0.000s
I20260709 14:55:26.193243 15165 raft_consensus.cc:515] T 8ab1ea9d10184e5393fa9c1238e5e446 P 2a625b95d8a348a88ca2003dc9cfdbd4 [term 2 FOLLOWER]: Starting forced leader election with config: opid_index: -1 OBSOLETE_local: false peers { permanent_uuid: "920fcff5192d41239b32199582c83345" member_type: VOTER last_known_addr { host: "127.14.136.193" port: 43111 } } peers { permanent_uuid: "8000b9d95b0a4eff8ae0320860f8c21c" member_type: VOTER last_known_addr { host: "127.14.136.194" port: 46049 } } peers { permanent_uuid: "2a625b95d8a348a88ca2003dc9cfdbd4" member_type: VOTER last_known_addr { host: "127.14.136.195" port: 44793 } }
I20260709 14:55:26.195537 15165 leader_election.cc:290] T 8ab1ea9d10184e5393fa9c1238e5e446 P 2a625b95d8a348a88ca2003dc9cfdbd4 [CANDIDATE]: Term 2 election: Requested vote from peers 920fcff5192d41239b32199582c83345 (127.14.136.193:43111), 8000b9d95b0a4eff8ae0320860f8c21c (127.14.136.194:46049)
I20260709 14:55:26.196199 15166 raft_consensus.cc:1240] T 8ab1ea9d10184e5393fa9c1238e5e446 P 2a625b95d8a348a88ca2003dc9cfdbd4 [term 2 FOLLOWER]: Rejecting Update request from peer 920fcff5192d41239b32199582c83345 for earlier term 1. Current term is 2. Ops: []
I20260709 14:55:26.201053 15255 consensus_queue.cc:1059] T 8ab1ea9d10184e5393fa9c1238e5e446 P 920fcff5192d41239b32199582c83345 [LEADER]: Peer responded invalid term: Peer: permanent_uuid: "2a625b95d8a348a88ca2003dc9cfdbd4" member_type: VOTER last_known_addr { host: "127.14.136.195" port: 44793 }, Status: INVALID_TERM, Last received: 1.1, Next index: 2, Last known committed idx: 0, Time since last communication: 0.001s
I20260709 14:55:26.205080 15017 tablet_service.cc:1917] Received RequestConsensusVote() RPC: tablet_id: "8ab1ea9d10184e5393fa9c1238e5e446" candidate_uuid: "2a625b95d8a348a88ca2003dc9cfdbd4" candidate_term: 2 candidate_status { last_received { term: 1 index: 1 } } ignore_live_leader: true dest_uuid: "920fcff5192d41239b32199582c83345"
I20260709 14:55:26.205742 15017 raft_consensus.cc:3055] T 8ab1ea9d10184e5393fa9c1238e5e446 P 920fcff5192d41239b32199582c83345 [term 1 LEADER]: Stepping down as leader of term 1
I20260709 14:55:26.206073 15017 raft_consensus.cc:740] T 8ab1ea9d10184e5393fa9c1238e5e446 P 920fcff5192d41239b32199582c83345 [term 1 LEADER]: Becoming Follower/Learner. State: Replica: 920fcff5192d41239b32199582c83345, State: Running, Role: LEADER
I20260709 14:55:26.206887 15017 consensus_queue.cc:260] T 8ab1ea9d10184e5393fa9c1238e5e446 P 920fcff5192d41239b32199582c83345 [NON_LEADER]: Queue going to NON_LEADER mode. State: All replicated index: 0, Majority replicated index: 1, Committed index: 1, Last appended: 1.1, Last appended by leader: 1, Current term: 1, Majority size: -1, State: 0, Mode: NON_LEADER, active raft config: opid_index: -1 OBSOLETE_local: false peers { permanent_uuid: "920fcff5192d41239b32199582c83345" member_type: VOTER last_known_addr { host: "127.14.136.193" port: 43111 } } peers { permanent_uuid: "8000b9d95b0a4eff8ae0320860f8c21c" member_type: VOTER last_known_addr { host: "127.14.136.194" port: 46049 } } peers { permanent_uuid: "2a625b95d8a348a88ca2003dc9cfdbd4" member_type: VOTER last_known_addr { host: "127.14.136.195" port: 44793 } }
I20260709 14:55:26.208177 15091 tablet_service.cc:1917] Received RequestConsensusVote() RPC: tablet_id: "8ab1ea9d10184e5393fa9c1238e5e446" candidate_uuid: "2a625b95d8a348a88ca2003dc9cfdbd4" candidate_term: 2 candidate_status { last_received { term: 1 index: 1 } } ignore_live_leader: true dest_uuid: "8000b9d95b0a4eff8ae0320860f8c21c"
I20260709 14:55:26.208778 15091 raft_consensus.cc:3060] T 8ab1ea9d10184e5393fa9c1238e5e446 P 8000b9d95b0a4eff8ae0320860f8c21c [term 1 FOLLOWER]: Advancing to term 2
I20260709 14:55:26.207988 15017 raft_consensus.cc:3060] T 8ab1ea9d10184e5393fa9c1238e5e446 P 920fcff5192d41239b32199582c83345 [term 1 FOLLOWER]: Advancing to term 2
I20260709 14:55:26.222069 15091 raft_consensus.cc:2468] T 8ab1ea9d10184e5393fa9c1238e5e446 P 8000b9d95b0a4eff8ae0320860f8c21c [term 2 FOLLOWER]: Leader election vote request: Granting yes vote for candidate 2a625b95d8a348a88ca2003dc9cfdbd4 in term 2.
I20260709 14:55:26.224104 15017 raft_consensus.cc:2468] T 8ab1ea9d10184e5393fa9c1238e5e446 P 920fcff5192d41239b32199582c83345 [term 2 FOLLOWER]: Leader election vote request: Granting yes vote for candidate 2a625b95d8a348a88ca2003dc9cfdbd4 in term 2.
W20260709 14:55:26.224819 15253 raft_consensus.cc:936] Couldn't advance consensus term.: Illegal state: Can't advance term to: 2 current term: 2 is higher.
I20260709 14:55:26.228065 15133 leader_election.cc:304] T 8ab1ea9d10184e5393fa9c1238e5e446 P 2a625b95d8a348a88ca2003dc9cfdbd4 [CANDIDATE]: Term 2 election: Election decided. Result: candidate won. Election summary: received 2 responses out of 3 voters: 2 yes votes; 0 no votes. yes voters: 2a625b95d8a348a88ca2003dc9cfdbd4, 920fcff5192d41239b32199582c83345; no voters: 
I20260709 14:55:26.228945 15235 raft_consensus.cc:2804] T 8ab1ea9d10184e5393fa9c1238e5e446 P 2a625b95d8a348a88ca2003dc9cfdbd4 [term 2 FOLLOWER]: Leader election won for term 2
I20260709 14:55:26.229436 15235 raft_consensus.cc:697] T 8ab1ea9d10184e5393fa9c1238e5e446 P 2a625b95d8a348a88ca2003dc9cfdbd4 [term 2 LEADER]: Becoming Leader. State: Replica: 2a625b95d8a348a88ca2003dc9cfdbd4, State: Running, Role: LEADER
I20260709 14:55:26.230279 15235 consensus_queue.cc:237] T 8ab1ea9d10184e5393fa9c1238e5e446 P 2a625b95d8a348a88ca2003dc9cfdbd4 [LEADER]: Queue going to LEADER mode. State: All replicated index: 0, Majority replicated index: 0, Committed index: 0, Last appended: 1.1, Last appended by leader: 1, Current term: 2, Majority size: 2, State: 0, Mode: LEADER, active raft config: opid_index: -1 OBSOLETE_local: false peers { permanent_uuid: "920fcff5192d41239b32199582c83345" member_type: VOTER last_known_addr { host: "127.14.136.193" port: 43111 } } peers { permanent_uuid: "8000b9d95b0a4eff8ae0320860f8c21c" member_type: VOTER last_known_addr { host: "127.14.136.194" port: 46049 } } peers { permanent_uuid: "2a625b95d8a348a88ca2003dc9cfdbd4" member_type: VOTER last_known_addr { host: "127.14.136.195" port: 44793 } }
I20260709 14:55:26.244534 14913 catalog_manager.cc:5697] T 8ab1ea9d10184e5393fa9c1238e5e446 P 2a625b95d8a348a88ca2003dc9cfdbd4 reported cstate change: term changed from 1 to 2, leader changed from 920fcff5192d41239b32199582c83345 (127.14.136.193) to 2a625b95d8a348a88ca2003dc9cfdbd4 (127.14.136.195). New cstate: current_term: 2 leader_uuid: "2a625b95d8a348a88ca2003dc9cfdbd4" committed_config { opid_index: -1 OBSOLETE_local: false peers { permanent_uuid: "920fcff5192d41239b32199582c83345" member_type: VOTER last_known_addr { host: "127.14.136.193" port: 43111 } health_report { overall_health: UNKNOWN } } peers { permanent_uuid: "8000b9d95b0a4eff8ae0320860f8c21c" member_type: VOTER last_known_addr { host: "127.14.136.194" port: 46049 } health_report { overall_health: UNKNOWN } } peers { permanent_uuid: "2a625b95d8a348a88ca2003dc9cfdbd4" member_type: VOTER last_known_addr { host: "127.14.136.195" port: 44793 } health_report { overall_health: HEALTHY } } }
I20260709 14:55:26.257596 15218 raft_consensus.cc:993] T dc134b723a9246d4a96d1e3517ab9401 P 2a625b95d8a348a88ca2003dc9cfdbd4: : Instructing follower 920fcff5192d41239b32199582c83345 to start an election
I20260709 14:55:26.258114 15218 raft_consensus.cc:1081] T dc134b723a9246d4a96d1e3517ab9401 P 2a625b95d8a348a88ca2003dc9cfdbd4 [term 1 LEADER]: Signalling peer 920fcff5192d41239b32199582c83345 to start an election
I20260709 14:55:26.259852 15017 tablet_service.cc:2044] Received Run Leader Election RPC: tablet_id: "dc134b723a9246d4a96d1e3517ab9401"
dest_uuid: "920fcff5192d41239b32199582c83345"
 from {username='slave'} at 127.0.0.1:37814
I20260709 14:55:26.260475 15017 raft_consensus.cc:493] T dc134b723a9246d4a96d1e3517ab9401 P 920fcff5192d41239b32199582c83345 [term 1 FOLLOWER]: Starting forced leader election (received explicit request)
I20260709 14:55:26.260865 15017 raft_consensus.cc:3060] T dc134b723a9246d4a96d1e3517ab9401 P 920fcff5192d41239b32199582c83345 [term 1 FOLLOWER]: Advancing to term 2
I20260709 14:55:26.266206 15017 raft_consensus.cc:515] T dc134b723a9246d4a96d1e3517ab9401 P 920fcff5192d41239b32199582c83345 [term 2 FOLLOWER]: Starting forced leader election with config: opid_index: -1 OBSOLETE_local: false peers { permanent_uuid: "920fcff5192d41239b32199582c83345" member_type: VOTER last_known_addr { host: "127.14.136.193" port: 43111 } } peers { permanent_uuid: "2a625b95d8a348a88ca2003dc9cfdbd4" member_type: VOTER last_known_addr { host: "127.14.136.195" port: 44793 } } peers { permanent_uuid: "8000b9d95b0a4eff8ae0320860f8c21c" member_type: VOTER last_known_addr { host: "127.14.136.194" port: 46049 } }
I20260709 14:55:26.268138 15017 leader_election.cc:290] T dc134b723a9246d4a96d1e3517ab9401 P 920fcff5192d41239b32199582c83345 [CANDIDATE]: Term 2 election: Requested vote from peers 2a625b95d8a348a88ca2003dc9cfdbd4 (127.14.136.195:44793), 8000b9d95b0a4eff8ae0320860f8c21c (127.14.136.194:46049)
I20260709 14:55:26.268939 15167 tablet_service.cc:1917] Received RequestConsensusVote() RPC: tablet_id: "dc134b723a9246d4a96d1e3517ab9401" candidate_uuid: "920fcff5192d41239b32199582c83345" candidate_term: 2 candidate_status { last_received { term: 1 index: 1 } } ignore_live_leader: true dest_uuid: "2a625b95d8a348a88ca2003dc9cfdbd4"
I20260709 14:55:26.269187 15091 tablet_service.cc:1917] Received RequestConsensusVote() RPC: tablet_id: "dc134b723a9246d4a96d1e3517ab9401" candidate_uuid: "920fcff5192d41239b32199582c83345" candidate_term: 2 candidate_status { last_received { term: 1 index: 1 } } ignore_live_leader: true dest_uuid: "8000b9d95b0a4eff8ae0320860f8c21c"
I20260709 14:55:26.269572 15167 raft_consensus.cc:3055] T dc134b723a9246d4a96d1e3517ab9401 P 2a625b95d8a348a88ca2003dc9cfdbd4 [term 1 LEADER]: Stepping down as leader of term 1
I20260709 14:55:26.269853 15091 raft_consensus.cc:3060] T dc134b723a9246d4a96d1e3517ab9401 P 8000b9d95b0a4eff8ae0320860f8c21c [term 1 FOLLOWER]: Advancing to term 2
I20260709 14:55:26.269938 15167 raft_consensus.cc:740] T dc134b723a9246d4a96d1e3517ab9401 P 2a625b95d8a348a88ca2003dc9cfdbd4 [term 1 LEADER]: Becoming Follower/Learner. State: Replica: 2a625b95d8a348a88ca2003dc9cfdbd4, State: Running, Role: LEADER
I20260709 14:55:26.270925 15167 consensus_queue.cc:260] T dc134b723a9246d4a96d1e3517ab9401 P 2a625b95d8a348a88ca2003dc9cfdbd4 [NON_LEADER]: Queue going to NON_LEADER mode. State: All replicated index: 0, Majority replicated index: 1, Committed index: 1, Last appended: 1.1, Last appended by leader: 1, Current term: 1, Majority size: -1, State: 0, Mode: NON_LEADER, active raft config: opid_index: -1 OBSOLETE_local: false peers { permanent_uuid: "920fcff5192d41239b32199582c83345" member_type: VOTER last_known_addr { host: "127.14.136.193" port: 43111 } } peers { permanent_uuid: "2a625b95d8a348a88ca2003dc9cfdbd4" member_type: VOTER last_known_addr { host: "127.14.136.195" port: 44793 } } peers { permanent_uuid: "8000b9d95b0a4eff8ae0320860f8c21c" member_type: VOTER last_known_addr { host: "127.14.136.194" port: 46049 } }
I20260709 14:55:26.272217 15167 raft_consensus.cc:3060] T dc134b723a9246d4a96d1e3517ab9401 P 2a625b95d8a348a88ca2003dc9cfdbd4 [term 1 FOLLOWER]: Advancing to term 2
I20260709 14:55:26.275563 15091 raft_consensus.cc:2468] T dc134b723a9246d4a96d1e3517ab9401 P 8000b9d95b0a4eff8ae0320860f8c21c [term 2 FOLLOWER]: Leader election vote request: Granting yes vote for candidate 920fcff5192d41239b32199582c83345 in term 2.
I20260709 14:55:26.276721 14982 leader_election.cc:304] T dc134b723a9246d4a96d1e3517ab9401 P 920fcff5192d41239b32199582c83345 [CANDIDATE]: Term 2 election: Election decided. Result: candidate won. Election summary: received 2 responses out of 3 voters: 2 yes votes; 0 no votes. yes voters: 8000b9d95b0a4eff8ae0320860f8c21c, 920fcff5192d41239b32199582c83345; no voters: 
I20260709 14:55:26.277428 15253 raft_consensus.cc:2804] T dc134b723a9246d4a96d1e3517ab9401 P 920fcff5192d41239b32199582c83345 [term 2 FOLLOWER]: Leader election won for term 2
I20260709 14:55:26.277882 15253 raft_consensus.cc:697] T dc134b723a9246d4a96d1e3517ab9401 P 920fcff5192d41239b32199582c83345 [term 2 LEADER]: Becoming Leader. State: Replica: 920fcff5192d41239b32199582c83345, State: Running, Role: LEADER
I20260709 14:55:26.278702 15253 consensus_queue.cc:237] T dc134b723a9246d4a96d1e3517ab9401 P 920fcff5192d41239b32199582c83345 [LEADER]: Queue going to LEADER mode. State: All replicated index: 0, Majority replicated index: 1, Committed index: 1, Last appended: 1.1, Last appended by leader: 1, Current term: 2, Majority size: 2, State: 0, Mode: LEADER, active raft config: opid_index: -1 OBSOLETE_local: false peers { permanent_uuid: "920fcff5192d41239b32199582c83345" member_type: VOTER last_known_addr { host: "127.14.136.193" port: 43111 } } peers { permanent_uuid: "2a625b95d8a348a88ca2003dc9cfdbd4" member_type: VOTER last_known_addr { host: "127.14.136.195" port: 44793 } } peers { permanent_uuid: "8000b9d95b0a4eff8ae0320860f8c21c" member_type: VOTER last_known_addr { host: "127.14.136.194" port: 46049 } }
I20260709 14:55:26.279054 15167 raft_consensus.cc:2468] T dc134b723a9246d4a96d1e3517ab9401 P 2a625b95d8a348a88ca2003dc9cfdbd4 [term 2 FOLLOWER]: Leader election vote request: Granting yes vote for candidate 920fcff5192d41239b32199582c83345 in term 2.
I20260709 14:55:26.285166 14913 catalog_manager.cc:5697] T dc134b723a9246d4a96d1e3517ab9401 P 920fcff5192d41239b32199582c83345 reported cstate change: term changed from 1 to 2, leader changed from 2a625b95d8a348a88ca2003dc9cfdbd4 (127.14.136.195) to 920fcff5192d41239b32199582c83345 (127.14.136.193). New cstate: current_term: 2 leader_uuid: "920fcff5192d41239b32199582c83345" committed_config { opid_index: -1 OBSOLETE_local: false peers { permanent_uuid: "920fcff5192d41239b32199582c83345" member_type: VOTER last_known_addr { host: "127.14.136.193" port: 43111 } health_report { overall_health: HEALTHY } } peers { permanent_uuid: "2a625b95d8a348a88ca2003dc9cfdbd4" member_type: VOTER last_known_addr { host: "127.14.136.195" port: 44793 } health_report { overall_health: UNKNOWN } } peers { permanent_uuid: "8000b9d95b0a4eff8ae0320860f8c21c" member_type: VOTER last_known_addr { host: "127.14.136.194" port: 46049 } health_report { overall_health: UNKNOWN } } }
I20260709 14:55:26.385533 15236 raft_consensus.cc:993] T 4478293655b64d87bea9b3a4a703488c P 2a625b95d8a348a88ca2003dc9cfdbd4: : Instructing follower 8000b9d95b0a4eff8ae0320860f8c21c to start an election
I20260709 14:55:26.386018 15218 raft_consensus.cc:1081] T 4478293655b64d87bea9b3a4a703488c P 2a625b95d8a348a88ca2003dc9cfdbd4 [term 1 LEADER]: Signalling peer 8000b9d95b0a4eff8ae0320860f8c21c to start an election
I20260709 14:55:26.387594 15091 tablet_service.cc:2044] Received Run Leader Election RPC: tablet_id: "4478293655b64d87bea9b3a4a703488c"
dest_uuid: "8000b9d95b0a4eff8ae0320860f8c21c"
 from {username='slave'} at 127.0.0.1:43628
I20260709 14:55:26.388162 15091 raft_consensus.cc:493] T 4478293655b64d87bea9b3a4a703488c P 8000b9d95b0a4eff8ae0320860f8c21c [term 1 FOLLOWER]: Starting forced leader election (received explicit request)
I20260709 14:55:26.388484 15091 raft_consensus.cc:3060] T 4478293655b64d87bea9b3a4a703488c P 8000b9d95b0a4eff8ae0320860f8c21c [term 1 FOLLOWER]: Advancing to term 2
I20260709 14:55:26.393134 15091 raft_consensus.cc:515] T 4478293655b64d87bea9b3a4a703488c P 8000b9d95b0a4eff8ae0320860f8c21c [term 2 FOLLOWER]: Starting forced leader election with config: opid_index: -1 OBSOLETE_local: false peers { permanent_uuid: "920fcff5192d41239b32199582c83345" member_type: VOTER last_known_addr { host: "127.14.136.193" port: 43111 } } peers { permanent_uuid: "8000b9d95b0a4eff8ae0320860f8c21c" member_type: VOTER last_known_addr { host: "127.14.136.194" port: 46049 } } peers { permanent_uuid: "2a625b95d8a348a88ca2003dc9cfdbd4" member_type: VOTER last_known_addr { host: "127.14.136.195" port: 44793 } }
I20260709 14:55:26.394831 15091 leader_election.cc:290] T 4478293655b64d87bea9b3a4a703488c P 8000b9d95b0a4eff8ae0320860f8c21c [CANDIDATE]: Term 2 election: Requested vote from peers 920fcff5192d41239b32199582c83345 (127.14.136.193:43111), 2a625b95d8a348a88ca2003dc9cfdbd4 (127.14.136.195:44793)
I20260709 14:55:26.395866 15017 tablet_service.cc:1917] Received RequestConsensusVote() RPC: tablet_id: "4478293655b64d87bea9b3a4a703488c" candidate_uuid: "8000b9d95b0a4eff8ae0320860f8c21c" candidate_term: 2 candidate_status { last_received { term: 1 index: 1 } } ignore_live_leader: true dest_uuid: "920fcff5192d41239b32199582c83345"
I20260709 14:55:26.396018 15167 tablet_service.cc:1917] Received RequestConsensusVote() RPC: tablet_id: "4478293655b64d87bea9b3a4a703488c" candidate_uuid: "8000b9d95b0a4eff8ae0320860f8c21c" candidate_term: 2 candidate_status { last_received { term: 1 index: 1 } } ignore_live_leader: true dest_uuid: "2a625b95d8a348a88ca2003dc9cfdbd4"
I20260709 14:55:26.396579 15017 raft_consensus.cc:3060] T 4478293655b64d87bea9b3a4a703488c P 920fcff5192d41239b32199582c83345 [term 1 FOLLOWER]: Advancing to term 2
I20260709 14:55:26.396644 15167 raft_consensus.cc:3055] T 4478293655b64d87bea9b3a4a703488c P 2a625b95d8a348a88ca2003dc9cfdbd4 [term 1 LEADER]: Stepping down as leader of term 1
I20260709 14:55:26.397150 15167 raft_consensus.cc:740] T 4478293655b64d87bea9b3a4a703488c P 2a625b95d8a348a88ca2003dc9cfdbd4 [term 1 LEADER]: Becoming Follower/Learner. State: Replica: 2a625b95d8a348a88ca2003dc9cfdbd4, State: Running, Role: LEADER
I20260709 14:55:26.397941 15167 consensus_queue.cc:260] T 4478293655b64d87bea9b3a4a703488c P 2a625b95d8a348a88ca2003dc9cfdbd4 [NON_LEADER]: Queue going to NON_LEADER mode. State: All replicated index: 0, Majority replicated index: 1, Committed index: 1, Last appended: 1.1, Last appended by leader: 1, Current term: 1, Majority size: -1, State: 0, Mode: NON_LEADER, active raft config: opid_index: -1 OBSOLETE_local: false peers { permanent_uuid: "920fcff5192d41239b32199582c83345" member_type: VOTER last_known_addr { host: "127.14.136.193" port: 43111 } } peers { permanent_uuid: "8000b9d95b0a4eff8ae0320860f8c21c" member_type: VOTER last_known_addr { host: "127.14.136.194" port: 46049 } } peers { permanent_uuid: "2a625b95d8a348a88ca2003dc9cfdbd4" member_type: VOTER last_known_addr { host: "127.14.136.195" port: 44793 } }
I20260709 14:55:26.398878 15167 raft_consensus.cc:3060] T 4478293655b64d87bea9b3a4a703488c P 2a625b95d8a348a88ca2003dc9cfdbd4 [term 1 FOLLOWER]: Advancing to term 2
I20260709 14:55:26.403857 15167 raft_consensus.cc:2468] T 4478293655b64d87bea9b3a4a703488c P 2a625b95d8a348a88ca2003dc9cfdbd4 [term 2 FOLLOWER]: Leader election vote request: Granting yes vote for candidate 8000b9d95b0a4eff8ae0320860f8c21c in term 2.
I20260709 14:55:26.403939 15017 raft_consensus.cc:2468] T 4478293655b64d87bea9b3a4a703488c P 920fcff5192d41239b32199582c83345 [term 2 FOLLOWER]: Leader election vote request: Granting yes vote for candidate 8000b9d95b0a4eff8ae0320860f8c21c in term 2.
I20260709 14:55:26.405262 15058 leader_election.cc:304] T 4478293655b64d87bea9b3a4a703488c P 8000b9d95b0a4eff8ae0320860f8c21c [CANDIDATE]: Term 2 election: Election decided. Result: candidate won. Election summary: received 2 responses out of 3 voters: 2 yes votes; 0 no votes. yes voters: 2a625b95d8a348a88ca2003dc9cfdbd4, 8000b9d95b0a4eff8ae0320860f8c21c; no voters: 
