I20260709 14:55:43.923924 15503 raft_consensus.cc:606] T daf336e5bf34405c97c96ac49e2c98b5 P 566f9ac378cd4d6fb2c85af403894d11 [term 4 LEADER]: Received request to transfer leadership to TS eb71f49c32704e3c9d87387c636c57f5
I20260709 14:55:43.926713 15503 tablet_service.cc:2072] Received LeaderStepDown RPC: tablet_id: "e249aa23a7a841449429ce25cbcd7162"
dest_uuid: "566f9ac378cd4d6fb2c85af403894d11"
mode: GRACEFUL
new_leader_uuid: "eb71f49c32704e3c9d87387c636c57f5"
 from {username='slave'} at 127.0.0.1:44420
I20260709 14:55:43.927328 15503 raft_consensus.cc:606] T e249aa23a7a841449429ce25cbcd7162 P 566f9ac378cd4d6fb2c85af403894d11 [term 3 LEADER]: Received request to transfer leadership to TS eb71f49c32704e3c9d87387c636c57f5
I20260709 14:55:43.930083 15503 tablet_service.cc:2072] Received LeaderStepDown RPC: tablet_id: "fb0753fbdf7f4d21843d82dbace9a0aa"
dest_uuid: "566f9ac378cd4d6fb2c85af403894d11"
mode: GRACEFUL
new_leader_uuid: "267daf56545744088f74bb0b6fe69048"
 from {username='slave'} at 127.0.0.1:44420
I20260709 14:55:43.930728 15503 raft_consensus.cc:606] T fb0753fbdf7f4d21843d82dbace9a0aa P 566f9ac378cd4d6fb2c85af403894d11 [term 2 LEADER]: Received request to transfer leadership to TS 267daf56545744088f74bb0b6fe69048
I20260709 14:55:43.932137 14883 auto_leader_rebalancer.cc:452] table: test-workload, leader rebalance finish, leader transfer count: 4
I20260709 14:55:43.932753 14883 auto_leader_rebalancer.cc:527] All tables' leader rebalancing finished this round
I20260709 14:55:44.047945 15799 raft_consensus.cc:993] T fb0753fbdf7f4d21843d82dbace9a0aa P 566f9ac378cd4d6fb2c85af403894d11: : Instructing follower 267daf56545744088f74bb0b6fe69048 to start an election
I20260709 14:55:44.048549 15840 raft_consensus.cc:1081] T fb0753fbdf7f4d21843d82dbace9a0aa P 566f9ac378cd4d6fb2c85af403894d11 [term 2 LEADER]: Signalling peer 267daf56545744088f74bb0b6fe69048 to start an election
I20260709 14:55:44.050277 15653 tablet_service.cc:2044] Received Run Leader Election RPC: tablet_id: "fb0753fbdf7f4d21843d82dbace9a0aa"
dest_uuid: "267daf56545744088f74bb0b6fe69048"
 from {username='slave'} at 127.0.0.1:39270
I20260709 14:55:44.050729 15653 raft_consensus.cc:493] T fb0753fbdf7f4d21843d82dbace9a0aa P 267daf56545744088f74bb0b6fe69048 [term 2 FOLLOWER]: Starting forced leader election (received explicit request)
I20260709 14:55:44.050992 15653 raft_consensus.cc:3060] T fb0753fbdf7f4d21843d82dbace9a0aa P 267daf56545744088f74bb0b6fe69048 [term 2 FOLLOWER]: Advancing to term 3
I20260709 14:55:44.057092 15653 raft_consensus.cc:515] T fb0753fbdf7f4d21843d82dbace9a0aa P 267daf56545744088f74bb0b6fe69048 [term 3 FOLLOWER]: Starting forced leader election with config: opid_index: -1 OBSOLETE_local: false peers { permanent_uuid: "566f9ac378cd4d6fb2c85af403894d11" member_type: VOTER last_known_addr { host: "127.14.136.193" port: 40465 } } peers { permanent_uuid: "eb71f49c32704e3c9d87387c636c57f5" member_type: VOTER last_known_addr { host: "127.14.136.194" port: 35523 } } peers { permanent_uuid: "267daf56545744088f74bb0b6fe69048" member_type: VOTER last_known_addr { host: "127.14.136.195" port: 33597 } }
I20260709 14:55:44.059959 15653 leader_election.cc:290] T fb0753fbdf7f4d21843d82dbace9a0aa P 267daf56545744088f74bb0b6fe69048 [CANDIDATE]: Term 3 election: Requested vote from peers 566f9ac378cd4d6fb2c85af403894d11 (127.14.136.193:40465), eb71f49c32704e3c9d87387c636c57f5 (127.14.136.194:35523)
I20260709 14:55:44.060180 15799 raft_consensus.cc:993] T e249aa23a7a841449429ce25cbcd7162 P 566f9ac378cd4d6fb2c85af403894d11: : Instructing follower eb71f49c32704e3c9d87387c636c57f5 to start an election
I20260709 14:55:44.060734 15799 raft_consensus.cc:1081] T e249aa23a7a841449429ce25cbcd7162 P 566f9ac378cd4d6fb2c85af403894d11 [term 3 LEADER]: Signalling peer eb71f49c32704e3c9d87387c636c57f5 to start an election
I20260709 14:55:44.060746 15503 tablet_service.cc:1917] Received RequestConsensusVote() RPC: tablet_id: "fb0753fbdf7f4d21843d82dbace9a0aa" candidate_uuid: "267daf56545744088f74bb0b6fe69048" candidate_term: 3 candidate_status { last_received { term: 2 index: 2 } } ignore_live_leader: true dest_uuid: "566f9ac378cd4d6fb2c85af403894d11"
I20260709 14:55:44.061692 15503 raft_consensus.cc:3055] T fb0753fbdf7f4d21843d82dbace9a0aa P 566f9ac378cd4d6fb2c85af403894d11 [term 2 LEADER]: Stepping down as leader of term 2
I20260709 14:55:44.061820 15580 tablet_service.cc:1917] Received RequestConsensusVote() RPC: tablet_id: "fb0753fbdf7f4d21843d82dbace9a0aa" candidate_uuid: "267daf56545744088f74bb0b6fe69048" candidate_term: 3 candidate_status { last_received { term: 2 index: 2 } } ignore_live_leader: true dest_uuid: "eb71f49c32704e3c9d87387c636c57f5"
I20260709 14:55:44.062076 15503 raft_consensus.cc:740] T fb0753fbdf7f4d21843d82dbace9a0aa P 566f9ac378cd4d6fb2c85af403894d11 [term 2 LEADER]: Becoming Follower/Learner. State: Replica: 566f9ac378cd4d6fb2c85af403894d11, State: Running, Role: LEADER
I20260709 14:55:44.062412 15580 raft_consensus.cc:3060] T fb0753fbdf7f4d21843d82dbace9a0aa P eb71f49c32704e3c9d87387c636c57f5 [term 2 FOLLOWER]: Advancing to term 3
I20260709 14:55:44.062644 15579 tablet_service.cc:2044] Received Run Leader Election RPC: tablet_id: "e249aa23a7a841449429ce25cbcd7162"
dest_uuid: "eb71f49c32704e3c9d87387c636c57f5"
 from {username='slave'} at 127.0.0.1:36696
I20260709 14:55:44.063261 15799 raft_consensus.cc:993] T 70ec2cd67ceb4208b2473cc841757f18 P 566f9ac378cd4d6fb2c85af403894d11: : Instructing follower 267daf56545744088f74bb0b6fe69048 to start an election
I20260709 14:55:44.063261 15579 raft_consensus.cc:493] T e249aa23a7a841449429ce25cbcd7162 P eb71f49c32704e3c9d87387c636c57f5 [term 3 FOLLOWER]: Starting forced leader election (received explicit request)
I20260709 14:55:44.063081 15503 consensus_queue.cc:260] T fb0753fbdf7f4d21843d82dbace9a0aa P 566f9ac378cd4d6fb2c85af403894d11 [NON_LEADER]: Queue going to NON_LEADER mode. State: All replicated index: 0, Majority replicated index: 2, Committed index: 2, Last appended: 2.2, Last appended by leader: 2, Current term: 2, Majority size: -1, State: 0, Mode: NON_LEADER, active raft config: opid_index: -1 OBSOLETE_local: false peers { permanent_uuid: "566f9ac378cd4d6fb2c85af403894d11" member_type: VOTER last_known_addr { host: "127.14.136.193" port: 40465 } } peers { permanent_uuid: "eb71f49c32704e3c9d87387c636c57f5" member_type: VOTER last_known_addr { host: "127.14.136.194" port: 35523 } } peers { permanent_uuid: "267daf56545744088f74bb0b6fe69048" member_type: VOTER last_known_addr { host: "127.14.136.195" port: 33597 } }
I20260709 14:55:44.063817 15579 raft_consensus.cc:3060] T e249aa23a7a841449429ce25cbcd7162 P eb71f49c32704e3c9d87387c636c57f5 [term 3 FOLLOWER]: Advancing to term 4
I20260709 14:55:44.063863 15799 raft_consensus.cc:1081] T 70ec2cd67ceb4208b2473cc841757f18 P 566f9ac378cd4d6fb2c85af403894d11 [term 2 LEADER]: Signalling peer 267daf56545744088f74bb0b6fe69048 to start an election
I20260709 14:55:44.064603 15503 raft_consensus.cc:3060] T fb0753fbdf7f4d21843d82dbace9a0aa P 566f9ac378cd4d6fb2c85af403894d11 [term 2 FOLLOWER]: Advancing to term 3
I20260709 14:55:44.065922 15653 tablet_service.cc:2044] Received Run Leader Election RPC: tablet_id: "70ec2cd67ceb4208b2473cc841757f18"
dest_uuid: "267daf56545744088f74bb0b6fe69048"
 from {username='slave'} at 127.0.0.1:39270
I20260709 14:55:44.066515 15653 raft_consensus.cc:493] T 70ec2cd67ceb4208b2473cc841757f18 P 267daf56545744088f74bb0b6fe69048 [term 2 FOLLOWER]: Starting forced leader election (received explicit request)
I20260709 14:55:44.066883 15653 raft_consensus.cc:3060] T 70ec2cd67ceb4208b2473cc841757f18 P 267daf56545744088f74bb0b6fe69048 [term 2 FOLLOWER]: Advancing to term 3
I20260709 14:55:44.070336 15580 raft_consensus.cc:2468] T fb0753fbdf7f4d21843d82dbace9a0aa P eb71f49c32704e3c9d87387c636c57f5 [term 3 FOLLOWER]: Leader election vote request: Granting yes vote for candidate 267daf56545744088f74bb0b6fe69048 in term 3.
I20260709 14:55:44.071661 15579 raft_consensus.cc:515] T e249aa23a7a841449429ce25cbcd7162 P eb71f49c32704e3c9d87387c636c57f5 [term 4 FOLLOWER]: Starting forced leader election with config: opid_index: -1 OBSOLETE_local: false peers { permanent_uuid: "566f9ac378cd4d6fb2c85af403894d11" member_type: VOTER last_known_addr { host: "127.14.136.193" port: 40465 } } peers { permanent_uuid: "eb71f49c32704e3c9d87387c636c57f5" member_type: VOTER last_known_addr { host: "127.14.136.194" port: 35523 } } peers { permanent_uuid: "267daf56545744088f74bb0b6fe69048" member_type: VOTER last_known_addr { host: "127.14.136.195" port: 33597 } }
I20260709 14:55:44.071986 15617 leader_election.cc:304] T fb0753fbdf7f4d21843d82dbace9a0aa P 267daf56545744088f74bb0b6fe69048 [CANDIDATE]: Term 3 election: Election decided. Result: candidate won. Election summary: received 2 responses out of 3 voters: 2 yes votes; 0 no votes. yes voters: 267daf56545744088f74bb0b6fe69048, eb71f49c32704e3c9d87387c636c57f5; no voters: 
I20260709 14:55:44.072736 15503 raft_consensus.cc:2468] T fb0753fbdf7f4d21843d82dbace9a0aa P 566f9ac378cd4d6fb2c85af403894d11 [term 3 FOLLOWER]: Leader election vote request: Granting yes vote for candidate 267daf56545744088f74bb0b6fe69048 in term 3.
I20260709 14:55:44.073217 15810 raft_consensus.cc:2804] T fb0753fbdf7f4d21843d82dbace9a0aa P 267daf56545744088f74bb0b6fe69048 [term 3 FOLLOWER]: Leader election won for term 3
I20260709 14:55:44.073793 15653 raft_consensus.cc:515] T 70ec2cd67ceb4208b2473cc841757f18 P 267daf56545744088f74bb0b6fe69048 [term 3 FOLLOWER]: Starting forced leader election with config: opid_index: -1 OBSOLETE_local: false peers { permanent_uuid: "566f9ac378cd4d6fb2c85af403894d11" member_type: VOTER last_known_addr { host: "127.14.136.193" port: 40465 } } peers { permanent_uuid: "eb71f49c32704e3c9d87387c636c57f5" member_type: VOTER last_known_addr { host: "127.14.136.194" port: 35523 } } peers { permanent_uuid: "267daf56545744088f74bb0b6fe69048" member_type: VOTER last_known_addr { host: "127.14.136.195" port: 33597 } }
I20260709 14:55:44.075737 15653 leader_election.cc:290] T 70ec2cd67ceb4208b2473cc841757f18 P 267daf56545744088f74bb0b6fe69048 [CANDIDATE]: Term 3 election: Requested vote from peers 566f9ac378cd4d6fb2c85af403894d11 (127.14.136.193:40465), eb71f49c32704e3c9d87387c636c57f5 (127.14.136.194:35523)
I20260709 14:55:44.075814 15654 tablet_service.cc:1917] Received RequestConsensusVote() RPC: tablet_id: "e249aa23a7a841449429ce25cbcd7162" candidate_uuid: "eb71f49c32704e3c9d87387c636c57f5" candidate_term: 4 candidate_status { last_received { term: 3 index: 3 } } ignore_live_leader: true dest_uuid: "267daf56545744088f74bb0b6fe69048"
I20260709 14:55:44.076514 15654 raft_consensus.cc:3060] T e249aa23a7a841449429ce25cbcd7162 P 267daf56545744088f74bb0b6fe69048 [term 3 FOLLOWER]: Advancing to term 4
I20260709 14:55:44.076290 15504 tablet_service.cc:1917] Received RequestConsensusVote() RPC: tablet_id: "e249aa23a7a841449429ce25cbcd7162" candidate_uuid: "eb71f49c32704e3c9d87387c636c57f5" candidate_term: 4 candidate_status { last_received { term: 3 index: 3 } } ignore_live_leader: true dest_uuid: "566f9ac378cd4d6fb2c85af403894d11"
I20260709 14:55:44.077029 15504 raft_consensus.cc:3055] T e249aa23a7a841449429ce25cbcd7162 P 566f9ac378cd4d6fb2c85af403894d11 [term 3 LEADER]: Stepping down as leader of term 3
I20260709 14:55:44.077322 15504 raft_consensus.cc:740] T e249aa23a7a841449429ce25cbcd7162 P 566f9ac378cd4d6fb2c85af403894d11 [term 3 LEADER]: Becoming Follower/Learner. State: Replica: 566f9ac378cd4d6fb2c85af403894d11, State: Running, Role: LEADER
I20260709 14:55:44.077400 15810 raft_consensus.cc:697] T fb0753fbdf7f4d21843d82dbace9a0aa P 267daf56545744088f74bb0b6fe69048 [term 3 LEADER]: Becoming Leader. State: Replica: 267daf56545744088f74bb0b6fe69048, State: Running, Role: LEADER
I20260709 14:55:44.078328 15579 leader_election.cc:290] T e249aa23a7a841449429ce25cbcd7162 P eb71f49c32704e3c9d87387c636c57f5 [CANDIDATE]: Term 4 election: Requested vote from peers 566f9ac378cd4d6fb2c85af403894d11 (127.14.136.193:40465), 267daf56545744088f74bb0b6fe69048 (127.14.136.195:33597)
I20260709 14:55:44.078755 15810 consensus_queue.cc:237] T fb0753fbdf7f4d21843d82dbace9a0aa P 267daf56545744088f74bb0b6fe69048 [LEADER]: Queue going to LEADER mode. State: All replicated index: 0, Majority replicated index: 2, Committed index: 2, Last appended: 2.2, Last appended by leader: 2, Current term: 3, Majority size: 2, State: 0, Mode: LEADER, active raft config: opid_index: -1 OBSOLETE_local: false peers { permanent_uuid: "566f9ac378cd4d6fb2c85af403894d11" member_type: VOTER last_known_addr { host: "127.14.136.193" port: 40465 } } peers { permanent_uuid: "eb71f49c32704e3c9d87387c636c57f5" member_type: VOTER last_known_addr { host: "127.14.136.194" port: 35523 } } peers { permanent_uuid: "267daf56545744088f74bb0b6fe69048" member_type: VOTER last_known_addr { host: "127.14.136.195" port: 33597 } }
I20260709 14:55:44.078608 15504 consensus_queue.cc:260] T e249aa23a7a841449429ce25cbcd7162 P 566f9ac378cd4d6fb2c85af403894d11 [NON_LEADER]: Queue going to NON_LEADER mode. State: All replicated index: 0, Majority replicated index: 3, Committed index: 3, Last appended: 3.3, Last appended by leader: 3, Current term: 3, Majority size: -1, State: 0, Mode: NON_LEADER, active raft config: opid_index: -1 OBSOLETE_local: false peers { permanent_uuid: "566f9ac378cd4d6fb2c85af403894d11" member_type: VOTER last_known_addr { host: "127.14.136.193" port: 40465 } } peers { permanent_uuid: "eb71f49c32704e3c9d87387c636c57f5" member_type: VOTER last_known_addr { host: "127.14.136.194" port: 35523 } } peers { permanent_uuid: "267daf56545744088f74bb0b6fe69048" member_type: VOTER last_known_addr { host: "127.14.136.195" port: 33597 } }
I20260709 14:55:44.080246 15503 tablet_service.cc:1917] Received RequestConsensusVote() RPC: tablet_id: "70ec2cd67ceb4208b2473cc841757f18" candidate_uuid: "267daf56545744088f74bb0b6fe69048" candidate_term: 3 candidate_status { last_received { term: 2 index: 2 } } ignore_live_leader: true dest_uuid: "566f9ac378cd4d6fb2c85af403894d11"
I20260709 14:55:44.080904 15503 raft_consensus.cc:3055] T 70ec2cd67ceb4208b2473cc841757f18 P 566f9ac378cd4d6fb2c85af403894d11 [term 2 LEADER]: Stepping down as leader of term 2
I20260709 14:55:44.081580 15503 raft_consensus.cc:740] T 70ec2cd67ceb4208b2473cc841757f18 P 566f9ac378cd4d6fb2c85af403894d11 [term 2 LEADER]: Becoming Follower/Learner. State: Replica: 566f9ac378cd4d6fb2c85af403894d11, State: Running, Role: LEADER
I20260709 14:55:44.081261 15504 raft_consensus.cc:3060] T e249aa23a7a841449429ce25cbcd7162 P 566f9ac378cd4d6fb2c85af403894d11 [term 3 FOLLOWER]: Advancing to term 4
I20260709 14:55:44.082721 15503 consensus_queue.cc:260] T 70ec2cd67ceb4208b2473cc841757f18 P 566f9ac378cd4d6fb2c85af403894d11 [NON_LEADER]: Queue going to NON_LEADER mode. State: All replicated index: 0, Majority replicated index: 2, Committed index: 2, Last appended: 2.2, Last appended by leader: 2, Current term: 2, Majority size: -1, State: 0, Mode: NON_LEADER, active raft config: opid_index: -1 OBSOLETE_local: false peers { permanent_uuid: "566f9ac378cd4d6fb2c85af403894d11" member_type: VOTER last_known_addr { host: "127.14.136.193" port: 40465 } } peers { permanent_uuid: "eb71f49c32704e3c9d87387c636c57f5" member_type: VOTER last_known_addr { host: "127.14.136.194" port: 35523 } } peers { permanent_uuid: "267daf56545744088f74bb0b6fe69048" member_type: VOTER last_known_addr { host: "127.14.136.195" port: 33597 } }
I20260709 14:55:44.084112 15503 raft_consensus.cc:3060] T 70ec2cd67ceb4208b2473cc841757f18 P 566f9ac378cd4d6fb2c85af403894d11 [term 2 FOLLOWER]: Advancing to term 3
I20260709 14:55:44.085872 15654 raft_consensus.cc:2468] T e249aa23a7a841449429ce25cbcd7162 P 267daf56545744088f74bb0b6fe69048 [term 4 FOLLOWER]: Leader election vote request: Granting yes vote for candidate eb71f49c32704e3c9d87387c636c57f5 in term 4.
I20260709 14:55:44.087435 15579 tablet_service.cc:1917] Received RequestConsensusVote() RPC: tablet_id: "70ec2cd67ceb4208b2473cc841757f18" candidate_uuid: "267daf56545744088f74bb0b6fe69048" candidate_term: 3 candidate_status { last_received { term: 2 index: 2 } } ignore_live_leader: true dest_uuid: "eb71f49c32704e3c9d87387c636c57f5"
I20260709 14:55:44.087634 15543 leader_election.cc:304] T e249aa23a7a841449429ce25cbcd7162 P eb71f49c32704e3c9d87387c636c57f5 [CANDIDATE]: Term 4 election: Election decided. Result: candidate won. Election summary: received 2 responses out of 3 voters: 2 yes votes; 0 no votes. yes voters: 267daf56545744088f74bb0b6fe69048, eb71f49c32704e3c9d87387c636c57f5; no voters: 
I20260709 14:55:44.088244 15579 raft_consensus.cc:3060] T 70ec2cd67ceb4208b2473cc841757f18 P eb71f49c32704e3c9d87387c636c57f5 [term 2 FOLLOWER]: Advancing to term 3
I20260709 14:55:44.088748 15817 raft_consensus.cc:2804] T e249aa23a7a841449429ce25cbcd7162 P eb71f49c32704e3c9d87387c636c57f5 [term 4 FOLLOWER]: Leader election won for term 4
I20260709 14:55:44.091431 15817 raft_consensus.cc:697] T e249aa23a7a841449429ce25cbcd7162 P eb71f49c32704e3c9d87387c636c57f5 [term 4 LEADER]: Becoming Leader. State: Replica: eb71f49c32704e3c9d87387c636c57f5, State: Running, Role: LEADER
I20260709 14:55:44.092020 15503 raft_consensus.cc:2468] T 70ec2cd67ceb4208b2473cc841757f18 P 566f9ac378cd4d6fb2c85af403894d11 [term 3 FOLLOWER]: Leader election vote request: Granting yes vote for candidate 267daf56545744088f74bb0b6fe69048 in term 3.
I20260709 14:55:44.092648 15817 consensus_queue.cc:237] T e249aa23a7a841449429ce25cbcd7162 P eb71f49c32704e3c9d87387c636c57f5 [LEADER]: Queue going to LEADER mode. State: All replicated index: 0, Majority replicated index: 3, Committed index: 3, Last appended: 3.3, Last appended by leader: 3, Current term: 4, Majority size: 2, State: 0, Mode: LEADER, active raft config: opid_index: -1 OBSOLETE_local: false peers { permanent_uuid: "566f9ac378cd4d6fb2c85af403894d11" member_type: VOTER last_known_addr { host: "127.14.136.193" port: 40465 } } peers { permanent_uuid: "eb71f49c32704e3c9d87387c636c57f5" member_type: VOTER last_known_addr { host: "127.14.136.194" port: 35523 } } peers { permanent_uuid: "267daf56545744088f74bb0b6fe69048" member_type: VOTER last_known_addr { host: "127.14.136.195" port: 33597 } }
I20260709 14:55:44.093732 15618 leader_election.cc:304] T 70ec2cd67ceb4208b2473cc841757f18 P 267daf56545744088f74bb0b6fe69048 [CANDIDATE]: Term 3 election: Election decided. Result: candidate won. Election summary: received 2 responses out of 3 voters: 2 yes votes; 0 no votes. yes voters: 267daf56545744088f74bb0b6fe69048, 566f9ac378cd4d6fb2c85af403894d11; no voters: 
I20260709 14:55:44.094725 15841 raft_consensus.cc:2804] T 70ec2cd67ceb4208b2473cc841757f18 P 267daf56545744088f74bb0b6fe69048 [term 3 FOLLOWER]: Leader election won for term 3
I20260709 14:55:44.097368 15579 raft_consensus.cc:2468] T 70ec2cd67ceb4208b2473cc841757f18 P eb71f49c32704e3c9d87387c636c57f5 [term 3 FOLLOWER]: Leader election vote request: Granting yes vote for candidate 267daf56545744088f74bb0b6fe69048 in term 3.
I20260709 14:55:44.098173 15504 raft_consensus.cc:2468] T e249aa23a7a841449429ce25cbcd7162 P 566f9ac378cd4d6fb2c85af403894d11 [term 4 FOLLOWER]: Leader election vote request: Granting yes vote for candidate eb71f49c32704e3c9d87387c636c57f5 in term 4.
I20260709 14:55:44.100800 15841 raft_consensus.cc:697] T 70ec2cd67ceb4208b2473cc841757f18 P 267daf56545744088f74bb0b6fe69048 [term 3 LEADER]: Becoming Leader. State: Replica: 267daf56545744088f74bb0b6fe69048, State: Running, Role: LEADER
I20260709 14:55:44.102624 15841 consensus_queue.cc:237] T 70ec2cd67ceb4208b2473cc841757f18 P 267daf56545744088f74bb0b6fe69048 [LEADER]: Queue going to LEADER mode. State: All replicated index: 0, Majority replicated index: 2, Committed index: 2, Last appended: 2.2, Last appended by leader: 2, Current term: 3, Majority size: 2, State: 0, Mode: LEADER, active raft config: opid_index: -1 OBSOLETE_local: false peers { permanent_uuid: "566f9ac378cd4d6fb2c85af403894d11" member_type: VOTER last_known_addr { host: "127.14.136.193" port: 40465 } } peers { permanent_uuid: "eb71f49c32704e3c9d87387c636c57f5" member_type: VOTER last_known_addr { host: "127.14.136.194" port: 35523 } } peers { permanent_uuid: "267daf56545744088f74bb0b6fe69048" member_type: VOTER last_known_addr { host: "127.14.136.195" port: 33597 } }
I20260709 14:55:44.106077 15403 catalog_manager.cc:5697] T fb0753fbdf7f4d21843d82dbace9a0aa P 267daf56545744088f74bb0b6fe69048 reported cstate change: term changed from 2 to 3, leader changed from 566f9ac378cd4d6fb2c85af403894d11 (127.14.136.193) to 267daf56545744088f74bb0b6fe69048 (127.14.136.195). New cstate: current_term: 3 leader_uuid: "267daf56545744088f74bb0b6fe69048" committed_config { opid_index: -1 OBSOLETE_local: false peers { permanent_uuid: "566f9ac378cd4d6fb2c85af403894d11" member_type: VOTER last_known_addr { host: "127.14.136.193" port: 40465 } health_report { overall_health: UNKNOWN } } peers { permanent_uuid: "eb71f49c32704e3c9d87387c636c57f5" member_type: VOTER last_known_addr { host: "127.14.136.194" port: 35523 } health_report { overall_health: UNKNOWN } } peers { permanent_uuid: "267daf56545744088f74bb0b6fe69048" member_type: VOTER last_known_addr { host: "127.14.136.195" port: 33597 } health_report { overall_health: HEALTHY } } }
I20260709 14:55:44.110637 15402 catalog_manager.cc:5697] T e249aa23a7a841449429ce25cbcd7162 P eb71f49c32704e3c9d87387c636c57f5 reported cstate change: term changed from 3 to 4, leader changed from 566f9ac378cd4d6fb2c85af403894d11 (127.14.136.193) to eb71f49c32704e3c9d87387c636c57f5 (127.14.136.194). New cstate: current_term: 4 leader_uuid: "eb71f49c32704e3c9d87387c636c57f5" committed_config { opid_index: -1 OBSOLETE_local: false peers { permanent_uuid: "566f9ac378cd4d6fb2c85af403894d11" member_type: VOTER last_known_addr { host: "127.14.136.193" port: 40465 } health_report { overall_health: UNKNOWN } } peers { permanent_uuid: "eb71f49c32704e3c9d87387c636c57f5" member_type: VOTER last_known_addr { host: "127.14.136.194" port: 35523 } health_report { overall_health: HEALTHY } } peers { permanent_uuid: "267daf56545744088f74bb0b6fe69048" member_type: VOTER last_known_addr { host: "127.14.136.195" port: 33597 } health_report { overall_health: UNKNOWN } } }
I20260709 14:55:44.126942 15402 catalog_manager.cc:5697] T 70ec2cd67ceb4208b2473cc841757f18 P 267daf56545744088f74bb0b6fe69048 reported cstate change: term changed from 2 to 3, leader changed from 566f9ac378cd4d6fb2c85af403894d11 (127.14.136.193) to 267daf56545744088f74bb0b6fe69048 (127.14.136.195). New cstate: current_term: 3 leader_uuid: "267daf56545744088f74bb0b6fe69048" committed_config { opid_index: -1 OBSOLETE_local: false peers { permanent_uuid: "566f9ac378cd4d6fb2c85af403894d11" member_type: VOTER last_known_addr { host: "127.14.136.193" port: 40465 } health_report { overall_health: UNKNOWN } } peers { permanent_uuid: "eb71f49c32704e3c9d87387c636c57f5" member_type: VOTER last_known_addr { host: "127.14.136.194" port: 35523 } health_report { overall_health: UNKNOWN } } peers { permanent_uuid: "267daf56545744088f74bb0b6fe69048" member_type: VOTER last_known_addr { host: "127.14.136.195" port: 33597 } health_report { overall_health: HEALTHY } } }
I20260709 14:55:44.282150 15799 raft_consensus.cc:993] T daf336e5bf34405c97c96ac49e2c98b5 P 566f9ac378cd4d6fb2c85af403894d11: : Instructing follower eb71f49c32704e3c9d87387c636c57f5 to start an election
I20260709 14:55:44.282596 15840 raft_consensus.cc:1081] T daf336e5bf34405c97c96ac49e2c98b5 P 566f9ac378cd4d6fb2c85af403894d11 [term 4 LEADER]: Signalling peer eb71f49c32704e3c9d87387c636c57f5 to start an election
I20260709 14:55:44.283936 15579 tablet_service.cc:2044] Received Run Leader Election RPC: tablet_id: "daf336e5bf34405c97c96ac49e2c98b5"
dest_uuid: "eb71f49c32704e3c9d87387c636c57f5"
 from {username='slave'} at 127.0.0.1:36696
I20260709 14:55:44.284461 15579 raft_consensus.cc:493] T daf336e5bf34405c97c96ac49e2c98b5 P eb71f49c32704e3c9d87387c636c57f5 [term 4 FOLLOWER]: Starting forced leader election (received explicit request)
I20260709 14:55:44.284739 15579 raft_consensus.cc:3060] T daf336e5bf34405c97c96ac49e2c98b5 P eb71f49c32704e3c9d87387c636c57f5 [term 4 FOLLOWER]: Advancing to term 5
I20260709 14:55:44.288941 15579 raft_consensus.cc:515] T daf336e5bf34405c97c96ac49e2c98b5 P eb71f49c32704e3c9d87387c636c57f5 [term 5 FOLLOWER]: Starting forced leader election with config: opid_index: -1 OBSOLETE_local: false peers { permanent_uuid: "566f9ac378cd4d6fb2c85af403894d11" member_type: VOTER last_known_addr { host: "127.14.136.193" port: 40465 } } peers { permanent_uuid: "eb71f49c32704e3c9d87387c636c57f5" member_type: VOTER last_known_addr { host: "127.14.136.194" port: 35523 } } peers { permanent_uuid: "267daf56545744088f74bb0b6fe69048" member_type: VOTER last_known_addr { host: "127.14.136.195" port: 33597 } }
I20260709 14:55:44.290517 15579 leader_election.cc:290] T daf336e5bf34405c97c96ac49e2c98b5 P eb71f49c32704e3c9d87387c636c57f5 [CANDIDATE]: Term 5 election: Requested vote from peers 566f9ac378cd4d6fb2c85af403894d11 (127.14.136.193:40465), 267daf56545744088f74bb0b6fe69048 (127.14.136.195:33597)
I20260709 14:55:44.291364 15504 tablet_service.cc:1917] Received RequestConsensusVote() RPC: tablet_id: "daf336e5bf34405c97c96ac49e2c98b5" candidate_uuid: "eb71f49c32704e3c9d87387c636c57f5" candidate_term: 5 candidate_status { last_received { term: 4 index: 4 } } ignore_live_leader: true dest_uuid: "566f9ac378cd4d6fb2c85af403894d11"
I20260709 14:55:44.291589 15654 tablet_service.cc:1917] Received RequestConsensusVote() RPC: tablet_id: "daf336e5bf34405c97c96ac49e2c98b5" candidate_uuid: "eb71f49c32704e3c9d87387c636c57f5" candidate_term: 5 candidate_status { last_received { term: 4 index: 4 } } ignore_live_leader: true dest_uuid: "267daf56545744088f74bb0b6fe69048"
I20260709 14:55:44.291864 15504 raft_consensus.cc:3055] T daf336e5bf34405c97c96ac49e2c98b5 P 566f9ac378cd4d6fb2c85af403894d11 [term 4 LEADER]: Stepping down as leader of term 4
I20260709 14:55:44.292178 15654 raft_consensus.cc:3060] T daf336e5bf34405c97c96ac49e2c98b5 P 267daf56545744088f74bb0b6fe69048 [term 4 FOLLOWER]: Advancing to term 5
I20260709 14:55:44.292248 15504 raft_consensus.cc:740] T daf336e5bf34405c97c96ac49e2c98b5 P 566f9ac378cd4d6fb2c85af403894d11 [term 4 LEADER]: Becoming Follower/Learner. State: Replica: 566f9ac378cd4d6fb2c85af403894d11, State: Running, Role: LEADER
I20260709 14:55:44.292996 15504 consensus_queue.cc:260] T daf336e5bf34405c97c96ac49e2c98b5 P 566f9ac378cd4d6fb2c85af403894d11 [NON_LEADER]: Queue going to NON_LEADER mode. State: All replicated index: 0, Majority replicated index: 4, Committed index: 4, Last appended: 4.4, Last appended by leader: 4, Current term: 4, Majority size: -1, State: 0, Mode: NON_LEADER, active raft config: opid_index: -1 OBSOLETE_local: false peers { permanent_uuid: "566f9ac378cd4d6fb2c85af403894d11" member_type: VOTER last_known_addr { host: "127.14.136.193" port: 40465 } } peers { permanent_uuid: "eb71f49c32704e3c9d87387c636c57f5" member_type: VOTER last_known_addr { host: "127.14.136.194" port: 35523 } } peers { permanent_uuid: "267daf56545744088f74bb0b6fe69048" member_type: VOTER last_known_addr { host: "127.14.136.195" port: 33597 } }
I20260709 14:55:44.293835 15504 raft_consensus.cc:3060] T daf336e5bf34405c97c96ac49e2c98b5 P 566f9ac378cd4d6fb2c85af403894d11 [term 4 FOLLOWER]: Advancing to term 5
I20260709 14:55:44.296909 15654 raft_consensus.cc:2468] T daf336e5bf34405c97c96ac49e2c98b5 P 267daf56545744088f74bb0b6fe69048 [term 5 FOLLOWER]: Leader election vote request: Granting yes vote for candidate eb71f49c32704e3c9d87387c636c57f5 in term 5.
I20260709 14:55:44.298089 15543 leader_election.cc:304] T daf336e5bf34405c97c96ac49e2c98b5 P eb71f49c32704e3c9d87387c636c57f5 [CANDIDATE]: Term 5 election: Election decided. Result: candidate won. Election summary: received 2 responses out of 3 voters: 2 yes votes; 0 no votes. yes voters: 267daf56545744088f74bb0b6fe69048, eb71f49c32704e3c9d87387c636c57f5; no voters: 
I20260709 14:55:44.298333 15504 raft_consensus.cc:2468] T daf336e5bf34405c97c96ac49e2c98b5 P 566f9ac378cd4d6fb2c85af403894d11 [term 5 FOLLOWER]: Leader election vote request: Granting yes vote for candidate eb71f49c32704e3c9d87387c636c57f5 in term 5.
I20260709 14:55:44.298910 15817 raft_consensus.cc:2804] T daf336e5bf34405c97c96ac49e2c98b5 P eb71f49c32704e3c9d87387c636c57f5 [term 5 FOLLOWER]: Leader election won for term 5
I20260709 14:55:44.299360 15817 raft_consensus.cc:697] T daf336e5bf34405c97c96ac49e2c98b5 P eb71f49c32704e3c9d87387c636c57f5 [term 5 LEADER]: Becoming Leader. State: Replica: eb71f49c32704e3c9d87387c636c57f5, State: Running, Role: LEADER
I20260709 14:55:44.300241 15817 consensus_queue.cc:237] T daf336e5bf34405c97c96ac49e2c98b5 P eb71f49c32704e3c9d87387c636c57f5 [LEADER]: Queue going to LEADER mode. State: All replicated index: 0, Majority replicated index: 4, Committed index: 4, Last appended: 4.4, Last appended by leader: 4, Current term: 5, Majority size: 2, State: 0, Mode: LEADER, active raft config: opid_index: -1 OBSOLETE_local: false peers { permanent_uuid: "566f9ac378cd4d6fb2c85af403894d11" member_type: VOTER last_known_addr { host: "127.14.136.193" port: 40465 } } peers { permanent_uuid: "eb71f49c32704e3c9d87387c636c57f5" member_type: VOTER last_known_addr { host: "127.14.136.194" port: 35523 } } peers { permanent_uuid: "267daf56545744088f74bb0b6fe69048" member_type: VOTER last_known_addr { host: "127.14.136.195" port: 33597 } }
I20260709 14:55:44.307601 15402 catalog_manager.cc:5697] T daf336e5bf34405c97c96ac49e2c98b5 P eb71f49c32704e3c9d87387c636c57f5 reported cstate change: term changed from 4 to 5, leader changed from 566f9ac378cd4d6fb2c85af403894d11 (127.14.136.193) to eb71f49c32704e3c9d87387c636c57f5 (127.14.136.194). New cstate: current_term: 5 leader_uuid: "eb71f49c32704e3c9d87387c636c57f5" committed_config { opid_index: -1 OBSOLETE_local: false peers { permanent_uuid: "566f9ac378cd4d6fb2c85af403894d11" member_type: VOTER last_known_addr { host: "127.14.136.193" port: 40465 } health_report { overall_health: UNKNOWN } } peers { permanent_uuid: "eb71f49c32704e3c9d87387c636c57f5" member_type: VOTER last_known_addr { host: "127.14.136.194" port: 35523 } health_report { overall_health: HEALTHY } } peers { permanent_uuid: "267daf56545744088f74bb0b6fe69048" member_type: VOTER last_known_addr { host: "127.14.136.195" port: 33597 } health_report { overall_health: UNKNOWN } } }
I20260709 14:55:44.513046 15579 raft_consensus.cc:1275] T fb0753fbdf7f4d21843d82dbace9a0aa P eb71f49c32704e3c9d87387c636c57f5 [term 3 FOLLOWER]: Refusing update from remote peer 267daf56545744088f74bb0b6fe69048: Log matching property violated. Preceding OpId in replica: term: 2 index: 2. Preceding OpId from leader: term: 3 index: 3. (index mismatch)
I20260709 14:55:44.514557 15841 consensus_queue.cc:1048] T fb0753fbdf7f4d21843d82dbace9a0aa P 267daf56545744088f74bb0b6fe69048 [LEADER]: Connected to new peer: Peer: permanent_uuid: "eb71f49c32704e3c9d87387c636c57f5" member_type: VOTER last_known_addr { host: "127.14.136.194" port: 35523 }, Status: LMP_MISMATCH, Last received: 0.0, Next index: 3, Last known committed idx: 2, Time since last communication: 0.000s
I20260709 14:55:44.525650 15504 raft_consensus.cc:1275] T fb0753fbdf7f4d21843d82dbace9a0aa P 566f9ac378cd4d6fb2c85af403894d11 [term 3 FOLLOWER]: Refusing update from remote peer 267daf56545744088f74bb0b6fe69048: Log matching property violated. Preceding OpId in replica: term: 2 index: 2. Preceding OpId from leader: term: 3 index: 3. (index mismatch)
I20260709 14:55:44.527657 15810 consensus_queue.cc:1048] T fb0753fbdf7f4d21843d82dbace9a0aa P 267daf56545744088f74bb0b6fe69048 [LEADER]: Connected to new peer: Peer: permanent_uuid: "566f9ac378cd4d6fb2c85af403894d11" member_type: VOTER last_known_addr { host: "127.14.136.193" port: 40465 }, Status: LMP_MISMATCH, Last received: 0.0, Next index: 3, Last known committed idx: 2, Time since last communication: 0.000s
I20260709 14:55:44.598618 15579 raft_consensus.cc:1275] T 70ec2cd67ceb4208b2473cc841757f18 P eb71f49c32704e3c9d87387c636c57f5 [term 3 FOLLOWER]: Refusing update from remote peer 267daf56545744088f74bb0b6fe69048: Log matching property violated. Preceding OpId in replica: term: 2 index: 2. Preceding OpId from leader: term: 3 index: 3. (index mismatch)
I20260709 14:55:44.599920 15844 consensus_queue.cc:1048] T 70ec2cd67ceb4208b2473cc841757f18 P 267daf56545744088f74bb0b6fe69048 [LEADER]: Connected to new peer: Peer: permanent_uuid: "eb71f49c32704e3c9d87387c636c57f5" member_type: VOTER last_known_addr { host: "127.14.136.194" port: 35523 }, Status: LMP_MISMATCH, Last received: 0.0, Next index: 3, Last known committed idx: 2, Time since last communication: 0.000s
I20260709 14:55:44.608997 15504 raft_consensus.cc:1275] T 70ec2cd67ceb4208b2473cc841757f18 P 566f9ac378cd4d6fb2c85af403894d11 [term 3 FOLLOWER]: Refusing update from remote peer 267daf56545744088f74bb0b6fe69048: Log matching property violated. Preceding OpId in replica: term: 2 index: 2. Preceding OpId from leader: term: 3 index: 3. (index mismatch)
I20260709 14:55:44.610577 15810 consensus_queue.cc:1048] T 70ec2cd67ceb4208b2473cc841757f18 P 267daf56545744088f74bb0b6fe69048 [LEADER]: Connected to new peer: Peer: permanent_uuid: "566f9ac378cd4d6fb2c85af403894d11" member_type: VOTER last_known_addr { host: "127.14.136.193" port: 40465 }, Status: LMP_MISMATCH, Last received: 0.0, Next index: 3, Last known committed idx: 2, Time since last communication: 0.000s
I20260709 14:55:44.706019 15504 raft_consensus.cc:1275] T e249aa23a7a841449429ce25cbcd7162 P 566f9ac378cd4d6fb2c85af403894d11 [term 4 FOLLOWER]: Refusing update from remote peer eb71f49c32704e3c9d87387c636c57f5: Log matching property violated. Preceding OpId in replica: term: 3 index: 3. Preceding OpId from leader: term: 4 index: 4. (index mismatch)
I20260709 14:55:44.707325 15817 consensus_queue.cc:1048] T e249aa23a7a841449429ce25cbcd7162 P eb71f49c32704e3c9d87387c636c57f5 [LEADER]: Connected to new peer: Peer: permanent_uuid: "566f9ac378cd4d6fb2c85af403894d11" member_type: VOTER last_known_addr { host: "127.14.136.193" port: 40465 }, Status: LMP_MISMATCH, Last received: 0.0, Next index: 4, Last known committed idx: 3, Time since last communication: 0.000s
I20260709 14:55:44.710297 15654 raft_consensus.cc:1275] T e249aa23a7a841449429ce25cbcd7162 P 267daf56545744088f74bb0b6fe69048 [term 4 FOLLOWER]: Refusing update from remote peer eb71f49c32704e3c9d87387c636c57f5: Log matching property violated. Preceding OpId in replica: term: 3 index: 3. Preceding OpId from leader: term: 4 index: 4. (index mismatch)
I20260709 14:55:44.712014 15843 consensus_queue.cc:1048] T e249aa23a7a841449429ce25cbcd7162 P eb71f49c32704e3c9d87387c636c57f5 [LEADER]: Connected to new peer: Peer: permanent_uuid: "267daf56545744088f74bb0b6fe69048" member_type: VOTER last_known_addr { host: "127.14.136.195" port: 33597 }, Status: LMP_MISMATCH, Last received: 0.0, Next index: 4, Last known committed idx: 3, Time since last communication: 0.001s
I20260709 14:55:44.796589 15504 raft_consensus.cc:1275] T daf336e5bf34405c97c96ac49e2c98b5 P 566f9ac378cd4d6fb2c85af403894d11 [term 5 FOLLOWER]: Refusing update from remote peer eb71f49c32704e3c9d87387c636c57f5: Log matching property violated. Preceding OpId in replica: term: 4 index: 4. Preceding OpId from leader: term: 5 index: 5. (index mismatch)
I20260709 14:55:44.797909 15817 consensus_queue.cc:1048] T daf336e5bf34405c97c96ac49e2c98b5 P eb71f49c32704e3c9d87387c636c57f5 [LEADER]: Connected to new peer: Peer: permanent_uuid: "566f9ac378cd4d6fb2c85af403894d11" member_type: VOTER last_known_addr { host: "127.14.136.193" port: 40465 }, Status: LMP_MISMATCH, Last received: 0.0, Next index: 5, Last known committed idx: 4, Time since last communication: 0.000s
I20260709 14:55:44.806919 15654 raft_consensus.cc:1275] T daf336e5bf34405c97c96ac49e2c98b5 P 267daf56545744088f74bb0b6fe69048 [term 5 FOLLOWER]: Refusing update from remote peer eb71f49c32704e3c9d87387c636c57f5: Log matching property violated. Preceding OpId in replica: term: 4 index: 4. Preceding OpId from leader: term: 5 index: 5. (index mismatch)
I20260709 14:55:44.809478 15864 consensus_queue.cc:1048] T daf336e5bf34405c97c96ac49e2c98b5 P eb71f49c32704e3c9d87387c636c57f5 [LEADER]: Connected to new peer: Peer: permanent_uuid: "267daf56545744088f74bb0b6fe69048" member_type: VOTER last_known_addr { host: "127.14.136.195" port: 33597 }, Status: LMP_MISMATCH, Last received: 0.0, Next index: 5, Last known committed idx: 4, Time since last communication: 0.000s
I20260709 14:55:44.933732 14883 auto_leader_rebalancer.cc:141] leader rebalance for table test-workload
I20260709 14:55:44.940590 14883 tablet_server.cc:179] TabletServer@127.14.136.193:0 shutting down...
I20260709 14:55:44.970939 14883 ts_tablet_manager.cc:1507] Shutting down tablet manager...
I20260709 14:55:44.971660 14883 tablet_replica.cc:333] T 18aa5662aae94bc689fddb2b9de3ca3d P 566f9ac378cd4d6fb2c85af403894d11: stopping tablet replica
I20260709 14:55:44.972404 14883 raft_consensus.cc:2243] T 18aa5662aae94bc689fddb2b9de3ca3d P 566f9ac378cd4d6fb2c85af403894d11 [term 2 FOLLOWER]: Raft consensus shutting down.
I20260709 14:55:44.972966 14883 raft_consensus.cc:2272] T 18aa5662aae94bc689fddb2b9de3ca3d P 566f9ac378cd4d6fb2c85af403894d11 [term 2 FOLLOWER]: Raft consensus is shut down!
I20260709 14:55:44.974992 14883 tablet_replica.cc:333] T 5fe7453550564fd5ae98893d594c10ec P 566f9ac378cd4d6fb2c85af403894d11: stopping tablet replica
I20260709 14:55:44.975581 14883 raft_consensus.cc:2243] T 5fe7453550564fd5ae98893d594c10ec P 566f9ac378cd4d6fb2c85af403894d11 [term 1 FOLLOWER]: Raft consensus shutting down.
I20260709 14:55:44.976042 14883 raft_consensus.cc:2272] T 5fe7453550564fd5ae98893d594c10ec P 566f9ac378cd4d6fb2c85af403894d11 [term 1 FOLLOWER]: Raft consensus is shut down!
I20260709 14:55:44.977815 14883 tablet_replica.cc:333] T 35cdcd2547cc46b9be1b39d6959cae00 P 566f9ac378cd4d6fb2c85af403894d11: stopping tablet replica
I20260709 14:55:44.978355 14883 raft_consensus.cc:2243] T 35cdcd2547cc46b9be1b39d6959cae00 P 566f9ac378cd4d6fb2c85af403894d11 [term 2 LEADER]: Raft consensus shutting down.
I20260709 14:55:44.979120 14883 raft_consensus.cc:2272] T 35cdcd2547cc46b9be1b39d6959cae00 P 566f9ac378cd4d6fb2c85af403894d11 [term 2 FOLLOWER]: Raft consensus is shut down!
I20260709 14:55:44.981113 14883 tablet_replica.cc:333] T 7ef3c464981d49508a55c0c58161179b P 566f9ac378cd4d6fb2c85af403894d11: stopping tablet replica
I20260709 14:55:44.981683 14883 raft_consensus.cc:2243] T 7ef3c464981d49508a55c0c58161179b P 566f9ac378cd4d6fb2c85af403894d11 [term 1 LEADER]: Raft consensus shutting down.
I20260709 14:55:44.982424 14883 raft_consensus.cc:2272] T 7ef3c464981d49508a55c0c58161179b P 566f9ac378cd4d6fb2c85af403894d11 [term 1 FOLLOWER]: Raft consensus is shut down!
I20260709 14:55:44.984391 14883 tablet_replica.cc:333] T daf336e5bf34405c97c96ac49e2c98b5 P 566f9ac378cd4d6fb2c85af403894d11: stopping tablet replica
I20260709 14:55:44.984915 14883 raft_consensus.cc:2243] T daf336e5bf34405c97c96ac49e2c98b5 P 566f9ac378cd4d6fb2c85af403894d11 [term 5 FOLLOWER]: Raft consensus shutting down.
I20260709 14:55:44.985327 14883 raft_consensus.cc:2272] T daf336e5bf34405c97c96ac49e2c98b5 P 566f9ac378cd4d6fb2c85af403894d11 [term 5 FOLLOWER]: Raft consensus is shut down!
I20260709 14:55:44.987418 14883 tablet_replica.cc:333] T e249aa23a7a841449429ce25cbcd7162 P 566f9ac378cd4d6fb2c85af403894d11: stopping tablet replica
I20260709 14:55:44.987967 14883 raft_consensus.cc:2243] T e249aa23a7a841449429ce25cbcd7162 P 566f9ac378cd4d6fb2c85af403894d11 [term 4 FOLLOWER]: Raft consensus shutting down.
I20260709 14:55:44.988493 14883 raft_consensus.cc:2272] T e249aa23a7a841449429ce25cbcd7162 P 566f9ac378cd4d6fb2c85af403894d11 [term 4 FOLLOWER]: Raft consensus is shut down!
I20260709 14:55:44.990667 14883 tablet_replica.cc:333] T fb0753fbdf7f4d21843d82dbace9a0aa P 566f9ac378cd4d6fb2c85af403894d11: stopping tablet replica
I20260709 14:55:44.991257 14883 raft_consensus.cc:2243] T fb0753fbdf7f4d21843d82dbace9a0aa P 566f9ac378cd4d6fb2c85af403894d11 [term 3 FOLLOWER]: Raft consensus shutting down.
I20260709 14:55:44.991693 14883 raft_consensus.cc:2272] T fb0753fbdf7f4d21843d82dbace9a0aa P 566f9ac378cd4d6fb2c85af403894d11 [term 3 FOLLOWER]: Raft consensus is shut down!
I20260709 14:55:44.993798 14883 tablet_replica.cc:333] T 70ec2cd67ceb4208b2473cc841757f18 P 566f9ac378cd4d6fb2c85af403894d11: stopping tablet replica
I20260709 14:55:44.994302 14883 raft_consensus.cc:2243] T 70ec2cd67ceb4208b2473cc841757f18 P 566f9ac378cd4d6fb2c85af403894d11 [term 3 FOLLOWER]: Raft consensus shutting down.
I20260709 14:55:44.994707 14883 raft_consensus.cc:2272] T 70ec2cd67ceb4208b2473cc841757f18 P 566f9ac378cd4d6fb2c85af403894d11 [term 3 FOLLOWER]: Raft consensus is shut down!
I20260709 14:55:44.996793 14883 tablet_replica.cc:333] T b6e49812283c42b1b1adecafa209bdda P 566f9ac378cd4d6fb2c85af403894d11: stopping tablet replica
I20260709 14:55:44.997303 14883 raft_consensus.cc:2243] T b6e49812283c42b1b1adecafa209bdda P 566f9ac378cd4d6fb2c85af403894d11 [term 3 LEADER]: Raft consensus shutting down.
I20260709 14:55:44.997997 14883 raft_consensus.cc:2272] T b6e49812283c42b1b1adecafa209bdda P 566f9ac378cd4d6fb2c85af403894d11 [term 3 FOLLOWER]: Raft consensus is shut down!
I20260709 14:55:44.999665 14883 tablet_replica.cc:333] T 79eb7ea486e44dbe954cb63d6c75e1e9 P 566f9ac378cd4d6fb2c85af403894d11: stopping tablet replica
I20260709 14:55:45.000197 14883 raft_consensus.cc:2243] T 79eb7ea486e44dbe954cb63d6c75e1e9 P 566f9ac378cd4d6fb2c85af403894d11 [term 3 LEADER]: Raft consensus shutting down.
I20260709 14:55:45.000962 14883 raft_consensus.cc:2272] T 79eb7ea486e44dbe954cb63d6c75e1e9 P 566f9ac378cd4d6fb2c85af403894d11 [term 3 FOLLOWER]: Raft consensus is shut down!
I20260709 14:55:45.031008 14883 tablet_server.cc:196] TabletServer@127.14.136.193:0 shutdown complete.
W20260709 14:55:45.050017 15618 proxy.cc:239] Call had error, refreshing address and retrying: Network error: Client connection negotiation failed: client connection to 127.14.136.193:40465: connect: Connection refused (error 111) [suppressed 2 similar messages]
W20260709 14:55:45.054345 15618 consensus_peers.cc:597] T fb0753fbdf7f4d21843d82dbace9a0aa P 267daf56545744088f74bb0b6fe69048 -> Peer 566f9ac378cd4d6fb2c85af403894d11 (127.14.136.193:40465): Couldn't send request to peer 566f9ac378cd4d6fb2c85af403894d11. Status: Network error: Client connection negotiation failed: client connection to 127.14.136.193:40465: connect: Connection refused (error 111). This is attempt 1: this message will repeat every 5th retry.
I20260709 14:55:45.058360 14883 tablet_server.cc:179] TabletServer@127.14.136.194:0 shutting down...
I20260709 14:55:45.087283 14883 ts_tablet_manager.cc:1507] Shutting down tablet manager...
I20260709 14:55:45.087975 14883 tablet_replica.cc:333] T 18aa5662aae94bc689fddb2b9de3ca3d P eb71f49c32704e3c9d87387c636c57f5: stopping tablet replica
I20260709 14:55:45.088814 14883 raft_consensus.cc:2243] T 18aa5662aae94bc689fddb2b9de3ca3d P eb71f49c32704e3c9d87387c636c57f5 [term 2 LEADER]: Raft consensus shutting down.
I20260709 14:55:45.089607 14883 raft_consensus.cc:2272] T 18aa5662aae94bc689fddb2b9de3ca3d P eb71f49c32704e3c9d87387c636c57f5 [term 2 FOLLOWER]: Raft consensus is shut down!
I20260709 14:55:45.091629 14883 tablet_replica.cc:333] T daf336e5bf34405c97c96ac49e2c98b5 P eb71f49c32704e3c9d87387c636c57f5: stopping tablet replica
I20260709 14:55:45.092288 14883 raft_consensus.cc:2243] T daf336e5bf34405c97c96ac49e2c98b5 P eb71f49c32704e3c9d87387c636c57f5 [term 5 LEADER]: Raft consensus shutting down.
I20260709 14:55:45.093040 14883 raft_consensus.cc:2272] T daf336e5bf34405c97c96ac49e2c98b5 P eb71f49c32704e3c9d87387c636c57f5 [term 5 FOLLOWER]: Raft consensus is shut down!
I20260709 14:55:45.095152 14883 tablet_replica.cc:333] T 7ef3c464981d49508a55c0c58161179b P eb71f49c32704e3c9d87387c636c57f5: stopping tablet replica
I20260709 14:55:45.095677 14883 raft_consensus.cc:2243] T 7ef3c464981d49508a55c0c58161179b P eb71f49c32704e3c9d87387c636c57f5 [term 1 FOLLOWER]: Raft consensus shutting down.
I20260709 14:55:45.096179 14883 raft_consensus.cc:2272] T 7ef3c464981d49508a55c0c58161179b P eb71f49c32704e3c9d87387c636c57f5 [term 1 FOLLOWER]: Raft consensus is shut down!
I20260709 14:55:45.097920 14883 tablet_replica.cc:333] T fb0753fbdf7f4d21843d82dbace9a0aa P eb71f49c32704e3c9d87387c636c57f5: stopping tablet replica
I20260709 14:55:45.098409 14883 raft_consensus.cc:2243] T fb0753fbdf7f4d21843d82dbace9a0aa P eb71f49c32704e3c9d87387c636c57f5 [term 3 FOLLOWER]: Raft consensus shutting down.
I20260709 14:55:45.098807 14883 raft_consensus.cc:2272] T fb0753fbdf7f4d21843d82dbace9a0aa P eb71f49c32704e3c9d87387c636c57f5 [term 3 FOLLOWER]: Raft consensus is shut down!
I20260709 14:55:45.101341 14883 tablet_replica.cc:333] T e249aa23a7a841449429ce25cbcd7162 P eb71f49c32704e3c9d87387c636c57f5: stopping tablet replica
I20260709 14:55:45.101827 14883 raft_consensus.cc:2243] T e249aa23a7a841449429ce25cbcd7162 P eb71f49c32704e3c9d87387c636c57f5 [term 4 LEADER]: Raft consensus shutting down.
I20260709 14:55:45.102495 14883 raft_consensus.cc:2272] T e249aa23a7a841449429ce25cbcd7162 P eb71f49c32704e3c9d87387c636c57f5 [term 4 FOLLOWER]: Raft consensus is shut down!
I20260709 14:55:45.104490 14883 tablet_replica.cc:333] T 5fe7453550564fd5ae98893d594c10ec P eb71f49c32704e3c9d87387c636c57f5: stopping tablet replica
I20260709 14:55:45.104970 14883 raft_consensus.cc:2243] T 5fe7453550564fd5ae98893d594c10ec P eb71f49c32704e3c9d87387c636c57f5 [term 1 FOLLOWER]: Raft consensus shutting down.
I20260709 14:55:45.105355 14883 raft_consensus.cc:2272] T 5fe7453550564fd5ae98893d594c10ec P eb71f49c32704e3c9d87387c636c57f5 [term 1 FOLLOWER]: Raft consensus is shut down!
I20260709 14:55:45.106842 14883 tablet_replica.cc:333] T 35cdcd2547cc46b9be1b39d6959cae00 P eb71f49c32704e3c9d87387c636c57f5: stopping tablet replica
I20260709 14:55:45.107277 14883 raft_consensus.cc:2243] T 35cdcd2547cc46b9be1b39d6959cae00 P eb71f49c32704e3c9d87387c636c57f5 [term 2 FOLLOWER]: Raft consensus shutting down.
I20260709 14:55:45.107652 14883 raft_consensus.cc:2272] T 35cdcd2547cc46b9be1b39d6959cae00 P eb71f49c32704e3c9d87387c636c57f5 [term 2 FOLLOWER]: Raft consensus is shut down!
I20260709 14:55:45.109558 14883 tablet_replica.cc:333] T 79eb7ea486e44dbe954cb63d6c75e1e9 P eb71f49c32704e3c9d87387c636c57f5: stopping tablet replica
I20260709 14:55:45.110005 14883 raft_consensus.cc:2243] T 79eb7ea486e44dbe954cb63d6c75e1e9 P eb71f49c32704e3c9d87387c636c57f5 [term 3 FOLLOWER]: Raft consensus shutting down.
I20260709 14:55:45.110397 14883 raft_consensus.cc:2272] T 79eb7ea486e44dbe954cb63d6c75e1e9 P eb71f49c32704e3c9d87387c636c57f5 [term 3 FOLLOWER]: Raft consensus is shut down!
I20260709 14:55:45.112244 14883 tablet_replica.cc:333] T b6e49812283c42b1b1adecafa209bdda P eb71f49c32704e3c9d87387c636c57f5: stopping tablet replica
I20260709 14:55:45.112677 14883 raft_consensus.cc:2243] T b6e49812283c42b1b1adecafa209bdda P eb71f49c32704e3c9d87387c636c57f5 [term 3 FOLLOWER]: Raft consensus shutting down.
I20260709 14:55:45.113142 14883 raft_consensus.cc:2272] T b6e49812283c42b1b1adecafa209bdda P eb71f49c32704e3c9d87387c636c57f5 [term 3 FOLLOWER]: Raft consensus is shut down!
I20260709 14:55:45.114744 14883 tablet_replica.cc:333] T 70ec2cd67ceb4208b2473cc841757f18 P eb71f49c32704e3c9d87387c636c57f5: stopping tablet replica
I20260709 14:55:45.115276 14883 raft_consensus.cc:2243] T 70ec2cd67ceb4208b2473cc841757f18 P eb71f49c32704e3c9d87387c636c57f5 [term 3 FOLLOWER]: Raft consensus shutting down.
I20260709 14:55:45.115648 14883 raft_consensus.cc:2272] T 70ec2cd67ceb4208b2473cc841757f18 P eb71f49c32704e3c9d87387c636c57f5 [term 3 FOLLOWER]: Raft consensus is shut down!
I20260709 14:55:45.146034 14883 tablet_server.cc:196] TabletServer@127.14.136.194:0 shutdown complete.
W20260709 14:55:45.156032 15617 consensus_peers.cc:597] T 70ec2cd67ceb4208b2473cc841757f18 P 267daf56545744088f74bb0b6fe69048 -> Peer eb71f49c32704e3c9d87387c636c57f5 (127.14.136.194:35523): Couldn't send request to peer eb71f49c32704e3c9d87387c636c57f5. Status: Network error: Client connection negotiation failed: client connection to 127.14.136.194:35523: connect: Connection refused (error 111). This is attempt 1: this message will repeat every 5th retry.
I20260709 14:55:45.166189 14883 tablet_server.cc:179] TabletServer@127.14.136.195:0 shutting down...
I20260709 14:55:45.190788 14883 ts_tablet_manager.cc:1507] Shutting down tablet manager...
I20260709 14:55:45.191596 14883 tablet_replica.cc:333] T 18aa5662aae94bc689fddb2b9de3ca3d P 267daf56545744088f74bb0b6fe69048: stopping tablet replica
I20260709 14:55:45.192375 14883 raft_consensus.cc:2243] T 18aa5662aae94bc689fddb2b9de3ca3d P 267daf56545744088f74bb0b6fe69048 [term 2 FOLLOWER]: Raft consensus shutting down.
I20260709 14:55:45.193008 14883 raft_consensus.cc:2272] T 18aa5662aae94bc689fddb2b9de3ca3d P 267daf56545744088f74bb0b6fe69048 [term 2 FOLLOWER]: Raft consensus is shut down!
I20260709 14:55:45.195520 14883 tablet_replica.cc:333] T e249aa23a7a841449429ce25cbcd7162 P 267daf56545744088f74bb0b6fe69048: stopping tablet replica
I20260709 14:55:45.196230 14883 raft_consensus.cc:2243] T e249aa23a7a841449429ce25cbcd7162 P 267daf56545744088f74bb0b6fe69048 [term 4 FOLLOWER]: Raft consensus shutting down.
I20260709 14:55:45.196691 14883 raft_consensus.cc:2272] T e249aa23a7a841449429ce25cbcd7162 P 267daf56545744088f74bb0b6fe69048 [term 4 FOLLOWER]: Raft consensus is shut down!
