I20260709 14:55:48.370620 25444 leader_election.cc:304] T f89fcc873fe04c45b23f2ca8b6b19d79 P 0fb4259aaecf400fbf45e35896aa405f [CANDIDATE]: Term 1 pre-election: Election decided. Result: candidate lost. Election summary: received 3 responses out of 3 voters: 1 yes votes; 2 no votes. yes voters: 0fb4259aaecf400fbf45e35896aa405f; no voters: 4357c8e9d40b40a8b8b922d711b98236, e12e8d3e57454560ad043d4f7d4c4195
I20260709 14:55:48.371582 25738 raft_consensus.cc:2749] T f89fcc873fe04c45b23f2ca8b6b19d79 P 0fb4259aaecf400fbf45e35896aa405f [term 0 FOLLOWER]: Leader pre-election lost for term 1. Reason: could not achieve majority
I20260709 14:55:48.373127 25672 tablet_bootstrap.cc:654] T 5781399a866648229ce414840fd04408 P 0fb4259aaecf400fbf45e35896aa405f: Neither blocks nor log segments found. Creating new log.
I20260709 14:55:48.374976 25670 tablet_bootstrap.cc:492] T f89fcc873fe04c45b23f2ca8b6b19d79 P e12e8d3e57454560ad043d4f7d4c4195: Bootstrap starting.
I20260709 14:55:48.376284 25716 raft_consensus.cc:2749] T 4c94493924354b0e91c56e745d9cbb5d P e12e8d3e57454560ad043d4f7d4c4195 [term 1 FOLLOWER]: Leader pre-election lost for term 1. Reason: could not achieve majority
I20260709 14:55:48.374945 25739 leader_election.cc:290] T f89fcc873fe04c45b23f2ca8b6b19d79 P 0fb4259aaecf400fbf45e35896aa405f [CANDIDATE]: Term 1 pre-election: Requested pre-vote from peers e12e8d3e57454560ad043d4f7d4c4195 (127.23.205.194:44687), 4357c8e9d40b40a8b8b922d711b98236 (127.23.205.195:38077)
I20260709 14:55:48.382619 25671 tablet_bootstrap.cc:654] T d80fc70f4bcf4c4b80e71831dab069d2 P 4357c8e9d40b40a8b8b922d711b98236: Neither blocks nor log segments found. Creating new log.
I20260709 14:55:48.387063 25682 consensus_queue.cc:1048] T 6c4cf6596e31455d86fa3e24f6a9833b P e12e8d3e57454560ad043d4f7d4c4195 [LEADER]: Connected to new peer: Peer: permanent_uuid: "0fb4259aaecf400fbf45e35896aa405f" member_type: VOTER last_known_addr { host: "127.23.205.193" port: 38371 }, Status: LMP_MISMATCH, Last received: 0.0, Next index: 1, Last known committed idx: 0, Time since last communication: 0.000s
I20260709 14:55:48.387584 25670 tablet_bootstrap.cc:654] T f89fcc873fe04c45b23f2ca8b6b19d79 P e12e8d3e57454560ad043d4f7d4c4195: Neither blocks nor log segments found. Creating new log.
I20260709 14:55:48.409585 25672 tablet_bootstrap.cc:492] T 5781399a866648229ce414840fd04408 P 0fb4259aaecf400fbf45e35896aa405f: No bootstrap required, opened a new log
I20260709 14:55:48.410156 25672 ts_tablet_manager.cc:1403] T 5781399a866648229ce414840fd04408 P 0fb4259aaecf400fbf45e35896aa405f: Time spent bootstrapping tablet: real 0.092s	user 0.020s	sys 0.007s
I20260709 14:55:48.413353 25672 raft_consensus.cc:359] T 5781399a866648229ce414840fd04408 P 0fb4259aaecf400fbf45e35896aa405f [term 0 FOLLOWER]: Replica starting. Triggering 0 pending ops. Active config: opid_index: -1 OBSOLETE_local: false peers { permanent_uuid: "0fb4259aaecf400fbf45e35896aa405f" member_type: VOTER last_known_addr { host: "127.23.205.193" port: 38371 } } peers { permanent_uuid: "e12e8d3e57454560ad043d4f7d4c4195" member_type: VOTER last_known_addr { host: "127.23.205.194" port: 44687 } } peers { permanent_uuid: "4357c8e9d40b40a8b8b922d711b98236" member_type: VOTER last_known_addr { host: "127.23.205.195" port: 38077 } }
I20260709 14:55:48.414214 25672 raft_consensus.cc:385] T 5781399a866648229ce414840fd04408 P 0fb4259aaecf400fbf45e35896aa405f [term 0 FOLLOWER]: Consensus starting up: Expiring failure detector timer to make a prompt election more likely
I20260709 14:55:48.416472 25672 raft_consensus.cc:740] T 5781399a866648229ce414840fd04408 P 0fb4259aaecf400fbf45e35896aa405f [term 0 FOLLOWER]: Becoming Follower/Learner. State: Replica: 0fb4259aaecf400fbf45e35896aa405f, State: Initialized, Role: FOLLOWER
I20260709 14:55:48.416868 25670 tablet_bootstrap.cc:492] T f89fcc873fe04c45b23f2ca8b6b19d79 P e12e8d3e57454560ad043d4f7d4c4195: No bootstrap required, opened a new log
I20260709 14:55:48.417296 25670 ts_tablet_manager.cc:1403] T f89fcc873fe04c45b23f2ca8b6b19d79 P e12e8d3e57454560ad043d4f7d4c4195: Time spent bootstrapping tablet: real 0.043s	user 0.003s	sys 0.018s
I20260709 14:55:48.417207 25672 consensus_queue.cc:260] T 5781399a866648229ce414840fd04408 P 0fb4259aaecf400fbf45e35896aa405f [NON_LEADER]: Queue going to NON_LEADER mode. State: All replicated index: 0, Majority replicated index: 0, Committed index: 0, Last appended: 0.0, Last appended by leader: 0, Current term: 0, Majority size: -1, State: 0, Mode: NON_LEADER, active raft config: opid_index: -1 OBSOLETE_local: false peers { permanent_uuid: "0fb4259aaecf400fbf45e35896aa405f" member_type: VOTER last_known_addr { host: "127.23.205.193" port: 38371 } } peers { permanent_uuid: "e12e8d3e57454560ad043d4f7d4c4195" member_type: VOTER last_known_addr { host: "127.23.205.194" port: 44687 } } peers { permanent_uuid: "4357c8e9d40b40a8b8b922d711b98236" member_type: VOTER last_known_addr { host: "127.23.205.195" port: 38077 } }
I20260709 14:55:48.419245 25672 ts_tablet_manager.cc:1434] T 5781399a866648229ce414840fd04408 P 0fb4259aaecf400fbf45e35896aa405f: Time spent starting tablet: real 0.009s	user 0.002s	sys 0.004s
I20260709 14:55:48.419713 25670 raft_consensus.cc:359] T f89fcc873fe04c45b23f2ca8b6b19d79 P e12e8d3e57454560ad043d4f7d4c4195 [term 0 FOLLOWER]: Replica starting. Triggering 0 pending ops. Active config: opid_index: -1 OBSOLETE_local: false peers { permanent_uuid: "0fb4259aaecf400fbf45e35896aa405f" member_type: VOTER last_known_addr { host: "127.23.205.193" port: 38371 } } peers { permanent_uuid: "e12e8d3e57454560ad043d4f7d4c4195" member_type: VOTER last_known_addr { host: "127.23.205.194" port: 44687 } } peers { permanent_uuid: "4357c8e9d40b40a8b8b922d711b98236" member_type: VOTER last_known_addr { host: "127.23.205.195" port: 38077 } }
I20260709 14:55:48.420089 25672 tablet_bootstrap.cc:492] T 22cfb27225d44522abaeb2e4fd0c3378 P 0fb4259aaecf400fbf45e35896aa405f: Bootstrap starting.
I20260709 14:55:48.420346 25670 raft_consensus.cc:385] T f89fcc873fe04c45b23f2ca8b6b19d79 P e12e8d3e57454560ad043d4f7d4c4195 [term 0 FOLLOWER]: Consensus starting up: Expiring failure detector timer to make a prompt election more likely
I20260709 14:55:48.420609 25670 raft_consensus.cc:740] T f89fcc873fe04c45b23f2ca8b6b19d79 P e12e8d3e57454560ad043d4f7d4c4195 [term 0 FOLLOWER]: Becoming Follower/Learner. State: Replica: e12e8d3e57454560ad043d4f7d4c4195, State: Initialized, Role: FOLLOWER
I20260709 14:55:48.421408 25670 consensus_queue.cc:260] T f89fcc873fe04c45b23f2ca8b6b19d79 P e12e8d3e57454560ad043d4f7d4c4195 [NON_LEADER]: Queue going to NON_LEADER mode. State: All replicated index: 0, Majority replicated index: 0, Committed index: 0, Last appended: 0.0, Last appended by leader: 0, Current term: 0, Majority size: -1, State: 0, Mode: NON_LEADER, active raft config: opid_index: -1 OBSOLETE_local: false peers { permanent_uuid: "0fb4259aaecf400fbf45e35896aa405f" member_type: VOTER last_known_addr { host: "127.23.205.193" port: 38371 } } peers { permanent_uuid: "e12e8d3e57454560ad043d4f7d4c4195" member_type: VOTER last_known_addr { host: "127.23.205.194" port: 44687 } } peers { permanent_uuid: "4357c8e9d40b40a8b8b922d711b98236" member_type: VOTER last_known_addr { host: "127.23.205.195" port: 38077 } }
I20260709 14:55:48.423007 25671 tablet_bootstrap.cc:492] T d80fc70f4bcf4c4b80e71831dab069d2 P 4357c8e9d40b40a8b8b922d711b98236: No bootstrap required, opened a new log
I20260709 14:55:48.423442 25671 ts_tablet_manager.cc:1403] T d80fc70f4bcf4c4b80e71831dab069d2 P 4357c8e9d40b40a8b8b922d711b98236: Time spent bootstrapping tablet: real 0.058s	user 0.010s	sys 0.013s
I20260709 14:55:48.425851 25671 raft_consensus.cc:359] T d80fc70f4bcf4c4b80e71831dab069d2 P 4357c8e9d40b40a8b8b922d711b98236 [term 0 FOLLOWER]: Replica starting. Triggering 0 pending ops. Active config: opid_index: -1 OBSOLETE_local: false peers { permanent_uuid: "0fb4259aaecf400fbf45e35896aa405f" member_type: VOTER last_known_addr { host: "127.23.205.193" port: 38371 } } peers { permanent_uuid: "e12e8d3e57454560ad043d4f7d4c4195" member_type: VOTER last_known_addr { host: "127.23.205.194" port: 44687 } } peers { permanent_uuid: "4357c8e9d40b40a8b8b922d711b98236" member_type: VOTER last_known_addr { host: "127.23.205.195" port: 38077 } }
I20260709 14:55:48.426501 25671 raft_consensus.cc:385] T d80fc70f4bcf4c4b80e71831dab069d2 P 4357c8e9d40b40a8b8b922d711b98236 [term 0 FOLLOWER]: Consensus starting up: Expiring failure detector timer to make a prompt election more likely
I20260709 14:55:48.426774 25671 raft_consensus.cc:740] T d80fc70f4bcf4c4b80e71831dab069d2 P 4357c8e9d40b40a8b8b922d711b98236 [term 0 FOLLOWER]: Becoming Follower/Learner. State: Replica: 4357c8e9d40b40a8b8b922d711b98236, State: Initialized, Role: FOLLOWER
I20260709 14:55:48.427054 25670 ts_tablet_manager.cc:1434] T f89fcc873fe04c45b23f2ca8b6b19d79 P e12e8d3e57454560ad043d4f7d4c4195: Time spent starting tablet: real 0.009s	user 0.006s	sys 0.001s
I20260709 14:55:48.427452 25671 consensus_queue.cc:260] T d80fc70f4bcf4c4b80e71831dab069d2 P 4357c8e9d40b40a8b8b922d711b98236 [NON_LEADER]: Queue going to NON_LEADER mode. State: All replicated index: 0, Majority replicated index: 0, Committed index: 0, Last appended: 0.0, Last appended by leader: 0, Current term: 0, Majority size: -1, State: 0, Mode: NON_LEADER, active raft config: opid_index: -1 OBSOLETE_local: false peers { permanent_uuid: "0fb4259aaecf400fbf45e35896aa405f" member_type: VOTER last_known_addr { host: "127.23.205.193" port: 38371 } } peers { permanent_uuid: "e12e8d3e57454560ad043d4f7d4c4195" member_type: VOTER last_known_addr { host: "127.23.205.194" port: 44687 } } peers { permanent_uuid: "4357c8e9d40b40a8b8b922d711b98236" member_type: VOTER last_known_addr { host: "127.23.205.195" port: 38077 } }
I20260709 14:55:48.427907 25670 tablet_bootstrap.cc:492] T 2d7f7dd9e025424b83b38ed13dd841fb P e12e8d3e57454560ad043d4f7d4c4195: Bootstrap starting.
I20260709 14:55:48.429428 25671 ts_tablet_manager.cc:1434] T d80fc70f4bcf4c4b80e71831dab069d2 P 4357c8e9d40b40a8b8b922d711b98236: Time spent starting tablet: real 0.006s	user 0.005s	sys 0.000s
I20260709 14:55:48.434846 25671 tablet_bootstrap.cc:492] T f89fcc873fe04c45b23f2ca8b6b19d79 P 4357c8e9d40b40a8b8b922d711b98236: Bootstrap starting.
I20260709 14:55:48.450554 25671 tablet_bootstrap.cc:654] T f89fcc873fe04c45b23f2ca8b6b19d79 P 4357c8e9d40b40a8b8b922d711b98236: Neither blocks nor log segments found. Creating new log.
I20260709 14:55:48.450554 25670 tablet_bootstrap.cc:654] T 2d7f7dd9e025424b83b38ed13dd841fb P e12e8d3e57454560ad043d4f7d4c4195: Neither blocks nor log segments found. Creating new log.
I20260709 14:55:48.450562 25672 tablet_bootstrap.cc:654] T 22cfb27225d44522abaeb2e4fd0c3378 P 0fb4259aaecf400fbf45e35896aa405f: Neither blocks nor log segments found. Creating new log.
I20260709 14:55:48.456889 25672 tablet_bootstrap.cc:492] T 22cfb27225d44522abaeb2e4fd0c3378 P 0fb4259aaecf400fbf45e35896aa405f: No bootstrap required, opened a new log
I20260709 14:55:48.457273 25672 ts_tablet_manager.cc:1403] T 22cfb27225d44522abaeb2e4fd0c3378 P 0fb4259aaecf400fbf45e35896aa405f: Time spent bootstrapping tablet: real 0.037s	user 0.008s	sys 0.002s
I20260709 14:55:48.457504 25670 tablet_bootstrap.cc:492] T 2d7f7dd9e025424b83b38ed13dd841fb P e12e8d3e57454560ad043d4f7d4c4195: No bootstrap required, opened a new log
I20260709 14:55:48.457540 25671 tablet_bootstrap.cc:492] T f89fcc873fe04c45b23f2ca8b6b19d79 P 4357c8e9d40b40a8b8b922d711b98236: No bootstrap required, opened a new log
I20260709 14:55:48.458091 25670 ts_tablet_manager.cc:1403] T 2d7f7dd9e025424b83b38ed13dd841fb P e12e8d3e57454560ad043d4f7d4c4195: Time spent bootstrapping tablet: real 0.030s	user 0.010s	sys 0.000s
I20260709 14:55:48.458106 25671 ts_tablet_manager.cc:1403] T f89fcc873fe04c45b23f2ca8b6b19d79 P 4357c8e9d40b40a8b8b922d711b98236: Time spent bootstrapping tablet: real 0.023s	user 0.008s	sys 0.004s
I20260709 14:55:48.459291 25672 raft_consensus.cc:359] T 22cfb27225d44522abaeb2e4fd0c3378 P 0fb4259aaecf400fbf45e35896aa405f [term 0 FOLLOWER]: Replica starting. Triggering 0 pending ops. Active config: opid_index: -1 OBSOLETE_local: false peers { permanent_uuid: "0fb4259aaecf400fbf45e35896aa405f" member_type: VOTER last_known_addr { host: "127.23.205.193" port: 38371 } } peers { permanent_uuid: "e12e8d3e57454560ad043d4f7d4c4195" member_type: VOTER last_known_addr { host: "127.23.205.194" port: 44687 } } peers { permanent_uuid: "4357c8e9d40b40a8b8b922d711b98236" member_type: VOTER last_known_addr { host: "127.23.205.195" port: 38077 } }
I20260709 14:55:48.459805 25672 raft_consensus.cc:385] T 22cfb27225d44522abaeb2e4fd0c3378 P 0fb4259aaecf400fbf45e35896aa405f [term 0 FOLLOWER]: Consensus starting up: Expiring failure detector timer to make a prompt election more likely
I20260709 14:55:48.460035 25672 raft_consensus.cc:740] T 22cfb27225d44522abaeb2e4fd0c3378 P 0fb4259aaecf400fbf45e35896aa405f [term 0 FOLLOWER]: Becoming Follower/Learner. State: Replica: 0fb4259aaecf400fbf45e35896aa405f, State: Initialized, Role: FOLLOWER
I20260709 14:55:48.460546 25671 raft_consensus.cc:359] T f89fcc873fe04c45b23f2ca8b6b19d79 P 4357c8e9d40b40a8b8b922d711b98236 [term 0 FOLLOWER]: Replica starting. Triggering 0 pending ops. Active config: opid_index: -1 OBSOLETE_local: false peers { permanent_uuid: "0fb4259aaecf400fbf45e35896aa405f" member_type: VOTER last_known_addr { host: "127.23.205.193" port: 38371 } } peers { permanent_uuid: "e12e8d3e57454560ad043d4f7d4c4195" member_type: VOTER last_known_addr { host: "127.23.205.194" port: 44687 } } peers { permanent_uuid: "4357c8e9d40b40a8b8b922d711b98236" member_type: VOTER last_known_addr { host: "127.23.205.195" port: 38077 } }
I20260709 14:55:48.460670 25672 consensus_queue.cc:260] T 22cfb27225d44522abaeb2e4fd0c3378 P 0fb4259aaecf400fbf45e35896aa405f [NON_LEADER]: Queue going to NON_LEADER mode. State: All replicated index: 0, Majority replicated index: 0, Committed index: 0, Last appended: 0.0, Last appended by leader: 0, Current term: 0, Majority size: -1, State: 0, Mode: NON_LEADER, active raft config: opid_index: -1 OBSOLETE_local: false peers { permanent_uuid: "0fb4259aaecf400fbf45e35896aa405f" member_type: VOTER last_known_addr { host: "127.23.205.193" port: 38371 } } peers { permanent_uuid: "e12e8d3e57454560ad043d4f7d4c4195" member_type: VOTER last_known_addr { host: "127.23.205.194" port: 44687 } } peers { permanent_uuid: "4357c8e9d40b40a8b8b922d711b98236" member_type: VOTER last_known_addr { host: "127.23.205.195" port: 38077 } }
I20260709 14:55:48.461150 25671 raft_consensus.cc:385] T f89fcc873fe04c45b23f2ca8b6b19d79 P 4357c8e9d40b40a8b8b922d711b98236 [term 0 FOLLOWER]: Consensus starting up: Expiring failure detector timer to make a prompt election more likely
I20260709 14:55:48.460841 25670 raft_consensus.cc:359] T 2d7f7dd9e025424b83b38ed13dd841fb P e12e8d3e57454560ad043d4f7d4c4195 [term 0 FOLLOWER]: Replica starting. Triggering 0 pending ops. Active config: opid_index: -1 OBSOLETE_local: false peers { permanent_uuid: "0fb4259aaecf400fbf45e35896aa405f" member_type: VOTER last_known_addr { host: "127.23.205.193" port: 38371 } } peers { permanent_uuid: "e12e8d3e57454560ad043d4f7d4c4195" member_type: VOTER last_known_addr { host: "127.23.205.194" port: 44687 } } peers { permanent_uuid: "4357c8e9d40b40a8b8b922d711b98236" member_type: VOTER last_known_addr { host: "127.23.205.195" port: 38077 } }
I20260709 14:55:48.461542 25671 raft_consensus.cc:740] T f89fcc873fe04c45b23f2ca8b6b19d79 P 4357c8e9d40b40a8b8b922d711b98236 [term 0 FOLLOWER]: Becoming Follower/Learner. State: Replica: 4357c8e9d40b40a8b8b922d711b98236, State: Initialized, Role: FOLLOWER
I20260709 14:55:48.461620 25670 raft_consensus.cc:385] T 2d7f7dd9e025424b83b38ed13dd841fb P e12e8d3e57454560ad043d4f7d4c4195 [term 0 FOLLOWER]: Consensus starting up: Expiring failure detector timer to make a prompt election more likely
I20260709 14:55:48.461957 25670 raft_consensus.cc:740] T 2d7f7dd9e025424b83b38ed13dd841fb P e12e8d3e57454560ad043d4f7d4c4195 [term 0 FOLLOWER]: Becoming Follower/Learner. State: Replica: e12e8d3e57454560ad043d4f7d4c4195, State: Initialized, Role: FOLLOWER
I20260709 14:55:48.462646 25672 ts_tablet_manager.cc:1434] T 22cfb27225d44522abaeb2e4fd0c3378 P 0fb4259aaecf400fbf45e35896aa405f: Time spent starting tablet: real 0.005s	user 0.006s	sys 0.000s
I20260709 14:55:48.462217 25671 consensus_queue.cc:260] T f89fcc873fe04c45b23f2ca8b6b19d79 P 4357c8e9d40b40a8b8b922d711b98236 [NON_LEADER]: Queue going to NON_LEADER mode. State: All replicated index: 0, Majority replicated index: 0, Committed index: 0, Last appended: 0.0, Last appended by leader: 0, Current term: 0, Majority size: -1, State: 0, Mode: NON_LEADER, active raft config: opid_index: -1 OBSOLETE_local: false peers { permanent_uuid: "0fb4259aaecf400fbf45e35896aa405f" member_type: VOTER last_known_addr { host: "127.23.205.193" port: 38371 } } peers { permanent_uuid: "e12e8d3e57454560ad043d4f7d4c4195" member_type: VOTER last_known_addr { host: "127.23.205.194" port: 44687 } } peers { permanent_uuid: "4357c8e9d40b40a8b8b922d711b98236" member_type: VOTER last_known_addr { host: "127.23.205.195" port: 38077 } }
I20260709 14:55:48.463824 25672 tablet_bootstrap.cc:492] T 2d7f7dd9e025424b83b38ed13dd841fb P 0fb4259aaecf400fbf45e35896aa405f: Bootstrap starting.
I20260709 14:55:48.463233 25670 consensus_queue.cc:260] T 2d7f7dd9e025424b83b38ed13dd841fb P e12e8d3e57454560ad043d4f7d4c4195 [NON_LEADER]: Queue going to NON_LEADER mode. State: All replicated index: 0, Majority replicated index: 0, Committed index: 0, Last appended: 0.0, Last appended by leader: 0, Current term: 0, Majority size: -1, State: 0, Mode: NON_LEADER, active raft config: opid_index: -1 OBSOLETE_local: false peers { permanent_uuid: "0fb4259aaecf400fbf45e35896aa405f" member_type: VOTER last_known_addr { host: "127.23.205.193" port: 38371 } } peers { permanent_uuid: "e12e8d3e57454560ad043d4f7d4c4195" member_type: VOTER last_known_addr { host: "127.23.205.194" port: 44687 } } peers { permanent_uuid: "4357c8e9d40b40a8b8b922d711b98236" member_type: VOTER last_known_addr { host: "127.23.205.195" port: 38077 } }
I20260709 14:55:48.467206 25671 ts_tablet_manager.cc:1434] T f89fcc873fe04c45b23f2ca8b6b19d79 P 4357c8e9d40b40a8b8b922d711b98236: Time spent starting tablet: real 0.009s	user 0.005s	sys 0.000s
I20260709 14:55:48.468061 25671 tablet_bootstrap.cc:492] T 2738a0812ee24c45a68dda6e27e3ef29 P 4357c8e9d40b40a8b8b922d711b98236: Bootstrap starting.
I20260709 14:55:48.468744 25670 ts_tablet_manager.cc:1434] T 2d7f7dd9e025424b83b38ed13dd841fb P e12e8d3e57454560ad043d4f7d4c4195: Time spent starting tablet: real 0.010s	user 0.006s	sys 0.000s
I20260709 14:55:48.469617 25670 tablet_bootstrap.cc:492] T d0ca7eabc277453e9095cc2f5a9384e4 P e12e8d3e57454560ad043d4f7d4c4195: Bootstrap starting.
I20260709 14:55:48.476473 25672 tablet_bootstrap.cc:654] T 2d7f7dd9e025424b83b38ed13dd841fb P 0fb4259aaecf400fbf45e35896aa405f: Neither blocks nor log segments found. Creating new log.
I20260709 14:55:48.480080 25671 tablet_bootstrap.cc:654] T 2738a0812ee24c45a68dda6e27e3ef29 P 4357c8e9d40b40a8b8b922d711b98236: Neither blocks nor log segments found. Creating new log.
I20260709 14:55:48.486529 25670 tablet_bootstrap.cc:654] T d0ca7eabc277453e9095cc2f5a9384e4 P e12e8d3e57454560ad043d4f7d4c4195: Neither blocks nor log segments found. Creating new log.
I20260709 14:55:48.492509 25672 tablet_bootstrap.cc:492] T 2d7f7dd9e025424b83b38ed13dd841fb P 0fb4259aaecf400fbf45e35896aa405f: No bootstrap required, opened a new log
I20260709 14:55:48.493054 25672 ts_tablet_manager.cc:1403] T 2d7f7dd9e025424b83b38ed13dd841fb P 0fb4259aaecf400fbf45e35896aa405f: Time spent bootstrapping tablet: real 0.029s	user 0.006s	sys 0.004s
I20260709 14:55:48.493067 25671 tablet_bootstrap.cc:492] T 2738a0812ee24c45a68dda6e27e3ef29 P 4357c8e9d40b40a8b8b922d711b98236: No bootstrap required, opened a new log
I20260709 14:55:48.494057 25670 tablet_bootstrap.cc:492] T d0ca7eabc277453e9095cc2f5a9384e4 P e12e8d3e57454560ad043d4f7d4c4195: No bootstrap required, opened a new log
I20260709 14:55:48.494146 25671 ts_tablet_manager.cc:1403] T 2738a0812ee24c45a68dda6e27e3ef29 P 4357c8e9d40b40a8b8b922d711b98236: Time spent bootstrapping tablet: real 0.026s	user 0.011s	sys 0.007s
I20260709 14:55:48.494619 25670 ts_tablet_manager.cc:1403] T d0ca7eabc277453e9095cc2f5a9384e4 P e12e8d3e57454560ad043d4f7d4c4195: Time spent bootstrapping tablet: real 0.025s	user 0.009s	sys 0.004s
I20260709 14:55:48.495855 25672 raft_consensus.cc:359] T 2d7f7dd9e025424b83b38ed13dd841fb P 0fb4259aaecf400fbf45e35896aa405f [term 0 FOLLOWER]: Replica starting. Triggering 0 pending ops. Active config: opid_index: -1 OBSOLETE_local: false peers { permanent_uuid: "0fb4259aaecf400fbf45e35896aa405f" member_type: VOTER last_known_addr { host: "127.23.205.193" port: 38371 } } peers { permanent_uuid: "e12e8d3e57454560ad043d4f7d4c4195" member_type: VOTER last_known_addr { host: "127.23.205.194" port: 44687 } } peers { permanent_uuid: "4357c8e9d40b40a8b8b922d711b98236" member_type: VOTER last_known_addr { host: "127.23.205.195" port: 38077 } }
I20260709 14:55:48.496387 25672 raft_consensus.cc:385] T 2d7f7dd9e025424b83b38ed13dd841fb P 0fb4259aaecf400fbf45e35896aa405f [term 0 FOLLOWER]: Consensus starting up: Expiring failure detector timer to make a prompt election more likely
I20260709 14:55:48.496654 25671 raft_consensus.cc:359] T 2738a0812ee24c45a68dda6e27e3ef29 P 4357c8e9d40b40a8b8b922d711b98236 [term 0 FOLLOWER]: Replica starting. Triggering 0 pending ops. Active config: opid_index: -1 OBSOLETE_local: false peers { permanent_uuid: "0fb4259aaecf400fbf45e35896aa405f" member_type: VOTER last_known_addr { host: "127.23.205.193" port: 38371 } } peers { permanent_uuid: "e12e8d3e57454560ad043d4f7d4c4195" member_type: VOTER last_known_addr { host: "127.23.205.194" port: 44687 } } peers { permanent_uuid: "4357c8e9d40b40a8b8b922d711b98236" member_type: VOTER last_known_addr { host: "127.23.205.195" port: 38077 } }
I20260709 14:55:48.496965 25672 raft_consensus.cc:740] T 2d7f7dd9e025424b83b38ed13dd841fb P 0fb4259aaecf400fbf45e35896aa405f [term 0 FOLLOWER]: Becoming Follower/Learner. State: Replica: 0fb4259aaecf400fbf45e35896aa405f, State: Initialized, Role: FOLLOWER
I20260709 14:55:48.496889 25670 raft_consensus.cc:359] T d0ca7eabc277453e9095cc2f5a9384e4 P e12e8d3e57454560ad043d4f7d4c4195 [term 0 FOLLOWER]: Replica starting. Triggering 0 pending ops. Active config: opid_index: -1 OBSOLETE_local: false peers { permanent_uuid: "0fb4259aaecf400fbf45e35896aa405f" member_type: VOTER last_known_addr { host: "127.23.205.193" port: 38371 } } peers { permanent_uuid: "e12e8d3e57454560ad043d4f7d4c4195" member_type: VOTER last_known_addr { host: "127.23.205.194" port: 44687 } } peers { permanent_uuid: "4357c8e9d40b40a8b8b922d711b98236" member_type: VOTER last_known_addr { host: "127.23.205.195" port: 38077 } }
I20260709 14:55:48.497299 25671 raft_consensus.cc:385] T 2738a0812ee24c45a68dda6e27e3ef29 P 4357c8e9d40b40a8b8b922d711b98236 [term 0 FOLLOWER]: Consensus starting up: Expiring failure detector timer to make a prompt election more likely
I20260709 14:55:48.497501 25670 raft_consensus.cc:385] T d0ca7eabc277453e9095cc2f5a9384e4 P e12e8d3e57454560ad043d4f7d4c4195 [term 0 FOLLOWER]: Consensus starting up: Expiring failure detector timer to make a prompt election more likely
I20260709 14:55:48.497583 25671 raft_consensus.cc:740] T 2738a0812ee24c45a68dda6e27e3ef29 P 4357c8e9d40b40a8b8b922d711b98236 [term 0 FOLLOWER]: Becoming Follower/Learner. State: Replica: 4357c8e9d40b40a8b8b922d711b98236, State: Initialized, Role: FOLLOWER
I20260709 14:55:48.497823 25670 raft_consensus.cc:740] T d0ca7eabc277453e9095cc2f5a9384e4 P e12e8d3e57454560ad043d4f7d4c4195 [term 0 FOLLOWER]: Becoming Follower/Learner. State: Replica: e12e8d3e57454560ad043d4f7d4c4195, State: Initialized, Role: FOLLOWER
I20260709 14:55:48.497792 25672 consensus_queue.cc:260] T 2d7f7dd9e025424b83b38ed13dd841fb P 0fb4259aaecf400fbf45e35896aa405f [NON_LEADER]: Queue going to NON_LEADER mode. State: All replicated index: 0, Majority replicated index: 0, Committed index: 0, Last appended: 0.0, Last appended by leader: 0, Current term: 0, Majority size: -1, State: 0, Mode: NON_LEADER, active raft config: opid_index: -1 OBSOLETE_local: false peers { permanent_uuid: "0fb4259aaecf400fbf45e35896aa405f" member_type: VOTER last_known_addr { host: "127.23.205.193" port: 38371 } } peers { permanent_uuid: "e12e8d3e57454560ad043d4f7d4c4195" member_type: VOTER last_known_addr { host: "127.23.205.194" port: 44687 } } peers { permanent_uuid: "4357c8e9d40b40a8b8b922d711b98236" member_type: VOTER last_known_addr { host: "127.23.205.195" port: 38077 } }
I20260709 14:55:48.498420 25671 consensus_queue.cc:260] T 2738a0812ee24c45a68dda6e27e3ef29 P 4357c8e9d40b40a8b8b922d711b98236 [NON_LEADER]: Queue going to NON_LEADER mode. State: All replicated index: 0, Majority replicated index: 0, Committed index: 0, Last appended: 0.0, Last appended by leader: 0, Current term: 0, Majority size: -1, State: 0, Mode: NON_LEADER, active raft config: opid_index: -1 OBSOLETE_local: false peers { permanent_uuid: "0fb4259aaecf400fbf45e35896aa405f" member_type: VOTER last_known_addr { host: "127.23.205.193" port: 38371 } } peers { permanent_uuid: "e12e8d3e57454560ad043d4f7d4c4195" member_type: VOTER last_known_addr { host: "127.23.205.194" port: 44687 } } peers { permanent_uuid: "4357c8e9d40b40a8b8b922d711b98236" member_type: VOTER last_known_addr { host: "127.23.205.195" port: 38077 } }
I20260709 14:55:48.498931 25670 consensus_queue.cc:260] T d0ca7eabc277453e9095cc2f5a9384e4 P e12e8d3e57454560ad043d4f7d4c4195 [NON_LEADER]: Queue going to NON_LEADER mode. State: All replicated index: 0, Majority replicated index: 0, Committed index: 0, Last appended: 0.0, Last appended by leader: 0, Current term: 0, Majority size: -1, State: 0, Mode: NON_LEADER, active raft config: opid_index: -1 OBSOLETE_local: false peers { permanent_uuid: "0fb4259aaecf400fbf45e35896aa405f" member_type: VOTER last_known_addr { host: "127.23.205.193" port: 38371 } } peers { permanent_uuid: "e12e8d3e57454560ad043d4f7d4c4195" member_type: VOTER last_known_addr { host: "127.23.205.194" port: 44687 } } peers { permanent_uuid: "4357c8e9d40b40a8b8b922d711b98236" member_type: VOTER last_known_addr { host: "127.23.205.195" port: 38077 } }
I20260709 14:55:48.499955 25672 ts_tablet_manager.cc:1434] T 2d7f7dd9e025424b83b38ed13dd841fb P 0fb4259aaecf400fbf45e35896aa405f: Time spent starting tablet: real 0.006s	user 0.005s	sys 0.000s
I20260709 14:55:48.500767 25672 tablet_bootstrap.cc:492] T a4eeb6dfdc51496a88ab8691c6076fbd P 0fb4259aaecf400fbf45e35896aa405f: Bootstrap starting.
I20260709 14:55:48.504033 25670 ts_tablet_manager.cc:1434] T d0ca7eabc277453e9095cc2f5a9384e4 P e12e8d3e57454560ad043d4f7d4c4195: Time spent starting tablet: real 0.009s	user 0.005s	sys 0.000s
I20260709 14:55:48.504891 25670 tablet_bootstrap.cc:492] T 2738a0812ee24c45a68dda6e27e3ef29 P e12e8d3e57454560ad043d4f7d4c4195: Bootstrap starting.
I20260709 14:55:48.505609 25671 ts_tablet_manager.cc:1434] T 2738a0812ee24c45a68dda6e27e3ef29 P 4357c8e9d40b40a8b8b922d711b98236: Time spent starting tablet: real 0.011s	user 0.005s	sys 0.000s
I20260709 14:55:48.506467 25671 tablet_bootstrap.cc:492] T 702f5f976fe0488a83b7452ee31df36a P 4357c8e9d40b40a8b8b922d711b98236: Bootstrap starting.
I20260709 14:55:48.512228 25671 tablet_bootstrap.cc:654] T 702f5f976fe0488a83b7452ee31df36a P 4357c8e9d40b40a8b8b922d711b98236: Neither blocks nor log segments found. Creating new log.
I20260709 14:55:48.515802 25672 tablet_bootstrap.cc:654] T a4eeb6dfdc51496a88ab8691c6076fbd P 0fb4259aaecf400fbf45e35896aa405f: Neither blocks nor log segments found. Creating new log.
I20260709 14:55:48.518399 25716 raft_consensus.cc:493] T d0ca7eabc277453e9095cc2f5a9384e4 P e12e8d3e57454560ad043d4f7d4c4195 [term 0 FOLLOWER]: Starting pre-election (no leader contacted us within the election timeout)
I20260709 14:55:48.518872 25716 raft_consensus.cc:515] T d0ca7eabc277453e9095cc2f5a9384e4 P e12e8d3e57454560ad043d4f7d4c4195 [term 0 FOLLOWER]: Starting pre-election with config: opid_index: -1 OBSOLETE_local: false peers { permanent_uuid: "0fb4259aaecf400fbf45e35896aa405f" member_type: VOTER last_known_addr { host: "127.23.205.193" port: 38371 } } peers { permanent_uuid: "e12e8d3e57454560ad043d4f7d4c4195" member_type: VOTER last_known_addr { host: "127.23.205.194" port: 44687 } } peers { permanent_uuid: "4357c8e9d40b40a8b8b922d711b98236" member_type: VOTER last_known_addr { host: "127.23.205.195" port: 38077 } }
I20260709 14:55:48.521263 25716 leader_election.cc:290] T d0ca7eabc277453e9095cc2f5a9384e4 P e12e8d3e57454560ad043d4f7d4c4195 [CANDIDATE]: Term 1 pre-election: Requested pre-vote from peers 0fb4259aaecf400fbf45e35896aa405f (127.23.205.193:38371), 4357c8e9d40b40a8b8b922d711b98236 (127.23.205.195:38077)
I20260709 14:55:48.522199 25481 tablet_service.cc:1917] Received RequestConsensusVote() RPC: tablet_id: "d0ca7eabc277453e9095cc2f5a9384e4" candidate_uuid: "e12e8d3e57454560ad043d4f7d4c4195" candidate_term: 1 candidate_status { last_received { term: 0 index: 0 } } ignore_live_leader: false dest_uuid: "0fb4259aaecf400fbf45e35896aa405f" is_pre_election: true
I20260709 14:55:48.523051 25481 raft_consensus.cc:2468] T d0ca7eabc277453e9095cc2f5a9384e4 P 0fb4259aaecf400fbf45e35896aa405f [term 0 FOLLOWER]: Leader pre-election vote request: Granting yes vote for candidate e12e8d3e57454560ad043d4f7d4c4195 in term 0.
I20260709 14:55:48.524693 25521 leader_election.cc:304] T d0ca7eabc277453e9095cc2f5a9384e4 P e12e8d3e57454560ad043d4f7d4c4195 [CANDIDATE]: Term 1 pre-election: Election decided. Result: candidate won. Election summary: received 2 responses out of 3 voters: 2 yes votes; 0 no votes. yes voters: 0fb4259aaecf400fbf45e35896aa405f, e12e8d3e57454560ad043d4f7d4c4195; no voters: 
I20260709 14:55:48.525676 25716 raft_consensus.cc:2804] T d0ca7eabc277453e9095cc2f5a9384e4 P e12e8d3e57454560ad043d4f7d4c4195 [term 0 FOLLOWER]: Leader pre-election won for term 1
I20260709 14:55:48.526026 25716 raft_consensus.cc:493] T d0ca7eabc277453e9095cc2f5a9384e4 P e12e8d3e57454560ad043d4f7d4c4195 [term 0 FOLLOWER]: Starting leader election (no leader contacted us within the election timeout)
I20260709 14:55:48.526393 25716 raft_consensus.cc:3060] T d0ca7eabc277453e9095cc2f5a9384e4 P e12e8d3e57454560ad043d4f7d4c4195 [term 0 FOLLOWER]: Advancing to term 1
I20260709 14:55:48.526839 25627 tablet_service.cc:1917] Received RequestConsensusVote() RPC: tablet_id: "d0ca7eabc277453e9095cc2f5a9384e4" candidate_uuid: "e12e8d3e57454560ad043d4f7d4c4195" candidate_term: 1 candidate_status { last_received { term: 0 index: 0 } } ignore_live_leader: false dest_uuid: "4357c8e9d40b40a8b8b922d711b98236" is_pre_election: true
I20260709 14:55:48.527436 25627 raft_consensus.cc:2468] T d0ca7eabc277453e9095cc2f5a9384e4 P 4357c8e9d40b40a8b8b922d711b98236 [term 0 FOLLOWER]: Leader pre-election vote request: Granting yes vote for candidate e12e8d3e57454560ad043d4f7d4c4195 in term 0.
I20260709 14:55:48.527819 25746 raft_consensus.cc:493] T 5781399a866648229ce414840fd04408 P 0fb4259aaecf400fbf45e35896aa405f [term 0 FOLLOWER]: Starting pre-election (no leader contacted us within the election timeout)
I20260709 14:55:48.528263 25746 raft_consensus.cc:515] T 5781399a866648229ce414840fd04408 P 0fb4259aaecf400fbf45e35896aa405f [term 0 FOLLOWER]: Starting pre-election with config: opid_index: -1 OBSOLETE_local: false peers { permanent_uuid: "0fb4259aaecf400fbf45e35896aa405f" member_type: VOTER last_known_addr { host: "127.23.205.193" port: 38371 } } peers { permanent_uuid: "e12e8d3e57454560ad043d4f7d4c4195" member_type: VOTER last_known_addr { host: "127.23.205.194" port: 44687 } } peers { permanent_uuid: "4357c8e9d40b40a8b8b922d711b98236" member_type: VOTER last_known_addr { host: "127.23.205.195" port: 38077 } }
I20260709 14:55:48.531030 25746 leader_election.cc:290] T 5781399a866648229ce414840fd04408 P 0fb4259aaecf400fbf45e35896aa405f [CANDIDATE]: Term 1 pre-election: Requested pre-vote from peers e12e8d3e57454560ad043d4f7d4c4195 (127.23.205.194:44687), 4357c8e9d40b40a8b8b922d711b98236 (127.23.205.195:38077)
I20260709 14:55:48.531966 25670 tablet_bootstrap.cc:654] T 2738a0812ee24c45a68dda6e27e3ef29 P e12e8d3e57454560ad043d4f7d4c4195: Neither blocks nor log segments found. Creating new log.
I20260709 14:55:48.532832 25716 raft_consensus.cc:515] T d0ca7eabc277453e9095cc2f5a9384e4 P e12e8d3e57454560ad043d4f7d4c4195 [term 1 FOLLOWER]: Starting leader election with config: opid_index: -1 OBSOLETE_local: false peers { permanent_uuid: "0fb4259aaecf400fbf45e35896aa405f" member_type: VOTER last_known_addr { host: "127.23.205.193" port: 38371 } } peers { permanent_uuid: "e12e8d3e57454560ad043d4f7d4c4195" member_type: VOTER last_known_addr { host: "127.23.205.194" port: 44687 } } peers { permanent_uuid: "4357c8e9d40b40a8b8b922d711b98236" member_type: VOTER last_known_addr { host: "127.23.205.195" port: 38077 } }
I20260709 14:55:48.533126 25627 tablet_service.cc:1917] Received RequestConsensusVote() RPC: tablet_id: "5781399a866648229ce414840fd04408" candidate_uuid: "0fb4259aaecf400fbf45e35896aa405f" candidate_term: 1 candidate_status { last_received { term: 0 index: 0 } } ignore_live_leader: false dest_uuid: "4357c8e9d40b40a8b8b922d711b98236" is_pre_election: true
I20260709 14:55:48.534192 25627 raft_consensus.cc:2393] T 5781399a866648229ce414840fd04408 P 4357c8e9d40b40a8b8b922d711b98236 [term 1 FOLLOWER]: Leader pre-election vote request: Denying vote to candidate 0fb4259aaecf400fbf45e35896aa405f in current term 1: Already voted for candidate e12e8d3e57454560ad043d4f7d4c4195 in this term.
I20260709 14:55:48.535020 25716 leader_election.cc:290] T d0ca7eabc277453e9095cc2f5a9384e4 P e12e8d3e57454560ad043d4f7d4c4195 [CANDIDATE]: Term 1 election: Requested vote from peers 0fb4259aaecf400fbf45e35896aa405f (127.23.205.193:38371), 4357c8e9d40b40a8b8b922d711b98236 (127.23.205.195:38077)
I20260709 14:55:48.536022 25630 tablet_service.cc:1917] Received RequestConsensusVote() RPC: tablet_id: "d0ca7eabc277453e9095cc2f5a9384e4" candidate_uuid: "e12e8d3e57454560ad043d4f7d4c4195" candidate_term: 1 candidate_status { last_received { term: 0 index: 0 } } ignore_live_leader: false dest_uuid: "4357c8e9d40b40a8b8b922d711b98236"
I20260709 14:55:48.536592 25630 raft_consensus.cc:3060] T d0ca7eabc277453e9095cc2f5a9384e4 P 4357c8e9d40b40a8b8b922d711b98236 [term 0 FOLLOWER]: Advancing to term 1
I20260709 14:55:48.536543 25554 tablet_service.cc:1917] Received RequestConsensusVote() RPC: tablet_id: "5781399a866648229ce414840fd04408" candidate_uuid: "0fb4259aaecf400fbf45e35896aa405f" candidate_term: 1 candidate_status { last_received { term: 0 index: 0 } } ignore_live_leader: false dest_uuid: "e12e8d3e57454560ad043d4f7d4c4195" is_pre_election: true
I20260709 14:55:48.536665 25671 tablet_bootstrap.cc:492] T 702f5f976fe0488a83b7452ee31df36a P 4357c8e9d40b40a8b8b922d711b98236: No bootstrap required, opened a new log
I20260709 14:55:48.538309 25481 tablet_service.cc:1917] Received RequestConsensusVote() RPC: tablet_id: "d0ca7eabc277453e9095cc2f5a9384e4" candidate_uuid: "e12e8d3e57454560ad043d4f7d4c4195" candidate_term: 1 candidate_status { last_received { term: 0 index: 0 } } ignore_live_leader: false dest_uuid: "0fb4259aaecf400fbf45e35896aa405f"
I20260709 14:55:48.538637 25671 ts_tablet_manager.cc:1403] T 702f5f976fe0488a83b7452ee31df36a P 4357c8e9d40b40a8b8b922d711b98236: Time spent bootstrapping tablet: real 0.032s	user 0.014s	sys 0.002s
I20260709 14:55:48.538894 25481 raft_consensus.cc:3060] T d0ca7eabc277453e9095cc2f5a9384e4 P 0fb4259aaecf400fbf45e35896aa405f [term 0 FOLLOWER]: Advancing to term 1
I20260709 14:55:48.540153 25670 tablet_bootstrap.cc:492] T 2738a0812ee24c45a68dda6e27e3ef29 P e12e8d3e57454560ad043d4f7d4c4195: No bootstrap required, opened a new log
I20260709 14:55:48.540540 25670 ts_tablet_manager.cc:1403] T 2738a0812ee24c45a68dda6e27e3ef29 P e12e8d3e57454560ad043d4f7d4c4195: Time spent bootstrapping tablet: real 0.036s	user 0.008s	sys 0.004s
I20260709 14:55:48.541345 25671 raft_consensus.cc:359] T 702f5f976fe0488a83b7452ee31df36a P 4357c8e9d40b40a8b8b922d711b98236 [term 0 FOLLOWER]: Replica starting. Triggering 0 pending ops. Active config: opid_index: -1 OBSOLETE_local: false peers { permanent_uuid: "0fb4259aaecf400fbf45e35896aa405f" member_type: VOTER last_known_addr { host: "127.23.205.193" port: 38371 } } peers { permanent_uuid: "e12e8d3e57454560ad043d4f7d4c4195" member_type: VOTER last_known_addr { host: "127.23.205.194" port: 44687 } } peers { permanent_uuid: "4357c8e9d40b40a8b8b922d711b98236" member_type: VOTER last_known_addr { host: "127.23.205.195" port: 38077 } }
I20260709 14:55:48.541977 25671 raft_consensus.cc:385] T 702f5f976fe0488a83b7452ee31df36a P 4357c8e9d40b40a8b8b922d711b98236 [term 0 FOLLOWER]: Consensus starting up: Expiring failure detector timer to make a prompt election more likely
I20260709 14:55:48.542268 25444 leader_election.cc:304] T 5781399a866648229ce414840fd04408 P 0fb4259aaecf400fbf45e35896aa405f [CANDIDATE]: Term 1 pre-election: Election decided. Result: candidate lost. Election summary: received 3 responses out of 3 voters: 1 yes votes; 2 no votes. yes voters: 0fb4259aaecf400fbf45e35896aa405f; no voters: 4357c8e9d40b40a8b8b922d711b98236, e12e8d3e57454560ad043d4f7d4c4195
I20260709 14:55:48.542994 25670 raft_consensus.cc:359] T 2738a0812ee24c45a68dda6e27e3ef29 P e12e8d3e57454560ad043d4f7d4c4195 [term 0 FOLLOWER]: Replica starting. Triggering 0 pending ops. Active config: opid_index: -1 OBSOLETE_local: false peers { permanent_uuid: "0fb4259aaecf400fbf45e35896aa405f" member_type: VOTER last_known_addr { host: "127.23.205.193" port: 38371 } } peers { permanent_uuid: "e12e8d3e57454560ad043d4f7d4c4195" member_type: VOTER last_known_addr { host: "127.23.205.194" port: 44687 } } peers { permanent_uuid: "4357c8e9d40b40a8b8b922d711b98236" member_type: VOTER last_known_addr { host: "127.23.205.195" port: 38077 } }
I20260709 14:55:48.543411 25746 raft_consensus.cc:3060] T 5781399a866648229ce414840fd04408 P 0fb4259aaecf400fbf45e35896aa405f [term 0 FOLLOWER]: Advancing to term 1
I20260709 14:55:48.546056 25672 tablet_bootstrap.cc:492] T a4eeb6dfdc51496a88ab8691c6076fbd P 0fb4259aaecf400fbf45e35896aa405f: No bootstrap required, opened a new log
I20260709 14:55:48.546469 25672 ts_tablet_manager.cc:1403] T a4eeb6dfdc51496a88ab8691c6076fbd P 0fb4259aaecf400fbf45e35896aa405f: Time spent bootstrapping tablet: real 0.046s	user 0.012s	sys 0.010s
I20260709 14:55:48.547672 25481 raft_consensus.cc:2468] T d0ca7eabc277453e9095cc2f5a9384e4 P 0fb4259aaecf400fbf45e35896aa405f [term 1 FOLLOWER]: Leader election vote request: Granting yes vote for candidate e12e8d3e57454560ad043d4f7d4c4195 in term 1.
I20260709 14:55:48.543411 25630 raft_consensus.cc:2468] T d0ca7eabc277453e9095cc2f5a9384e4 P 4357c8e9d40b40a8b8b922d711b98236 [term 1 FOLLOWER]: Leader election vote request: Granting yes vote for candidate e12e8d3e57454560ad043d4f7d4c4195 in term 1.
I20260709 14:55:48.542227 25671 raft_consensus.cc:740] T 702f5f976fe0488a83b7452ee31df36a P 4357c8e9d40b40a8b8b922d711b98236 [term 0 FOLLOWER]: Becoming Follower/Learner. State: Replica: 4357c8e9d40b40a8b8b922d711b98236, State: Initialized, Role: FOLLOWER
I20260709 14:55:48.549067 25521 leader_election.cc:304] T d0ca7eabc277453e9095cc2f5a9384e4 P e12e8d3e57454560ad043d4f7d4c4195 [CANDIDATE]: Term 1 election: Election decided. Result: candidate won. Election summary: received 2 responses out of 3 voters: 2 yes votes; 0 no votes. yes voters: 0fb4259aaecf400fbf45e35896aa405f, e12e8d3e57454560ad043d4f7d4c4195; no voters: 
I20260709 14:55:48.548349 25672 raft_consensus.cc:359] T a4eeb6dfdc51496a88ab8691c6076fbd P 0fb4259aaecf400fbf45e35896aa405f [term 0 FOLLOWER]: Replica starting. Triggering 0 pending ops. Active config: opid_index: -1 OBSOLETE_local: false peers { permanent_uuid: "0fb4259aaecf400fbf45e35896aa405f" member_type: VOTER last_known_addr { host: "127.23.205.193" port: 38371 } } peers { permanent_uuid: "e12e8d3e57454560ad043d4f7d4c4195" member_type: VOTER last_known_addr { host: "127.23.205.194" port: 44687 } } peers { permanent_uuid: "4357c8e9d40b40a8b8b922d711b98236" member_type: VOTER last_known_addr { host: "127.23.205.195" port: 38077 } }
I20260709 14:55:48.550113 25672 raft_consensus.cc:385] T a4eeb6dfdc51496a88ab8691c6076fbd P 0fb4259aaecf400fbf45e35896aa405f [term 0 FOLLOWER]: Consensus starting up: Expiring failure detector timer to make a prompt election more likely
I20260709 14:55:48.549917 25800 raft_consensus.cc:2804] T d0ca7eabc277453e9095cc2f5a9384e4 P e12e8d3e57454560ad043d4f7d4c4195 [term 1 FOLLOWER]: Leader election won for term 1
I20260709 14:55:48.549981 25671 consensus_queue.cc:260] T 702f5f976fe0488a83b7452ee31df36a P 4357c8e9d40b40a8b8b922d711b98236 [NON_LEADER]: Queue going to NON_LEADER mode. State: All replicated index: 0, Majority replicated index: 0, Committed index: 0, Last appended: 0.0, Last appended by leader: 0, Current term: 0, Majority size: -1, State: 0, Mode: NON_LEADER, active raft config: opid_index: -1 OBSOLETE_local: false peers { permanent_uuid: "0fb4259aaecf400fbf45e35896aa405f" member_type: VOTER last_known_addr { host: "127.23.205.193" port: 38371 } } peers { permanent_uuid: "e12e8d3e57454560ad043d4f7d4c4195" member_type: VOTER last_known_addr { host: "127.23.205.194" port: 44687 } } peers { permanent_uuid: "4357c8e9d40b40a8b8b922d711b98236" member_type: VOTER last_known_addr { host: "127.23.205.195" port: 38077 } }
I20260709 14:55:48.550462 25672 raft_consensus.cc:740] T a4eeb6dfdc51496a88ab8691c6076fbd P 0fb4259aaecf400fbf45e35896aa405f [term 0 FOLLOWER]: Becoming Follower/Learner. State: Replica: 0fb4259aaecf400fbf45e35896aa405f, State: Initialized, Role: FOLLOWER
I20260709 14:55:48.550688 25800 raft_consensus.cc:697] T d0ca7eabc277453e9095cc2f5a9384e4 P e12e8d3e57454560ad043d4f7d4c4195 [term 1 LEADER]: Becoming Leader. State: Replica: e12e8d3e57454560ad043d4f7d4c4195, State: Running, Role: LEADER
I20260709 14:55:48.553990 25672 consensus_queue.cc:260] T a4eeb6dfdc51496a88ab8691c6076fbd P 0fb4259aaecf400fbf45e35896aa405f [NON_LEADER]: Queue going to NON_LEADER mode. State: All replicated index: 0, Majority replicated index: 0, Committed index: 0, Last appended: 0.0, Last appended by leader: 0, Current term: 0, Majority size: -1, State: 0, Mode: NON_LEADER, active raft config: opid_index: -1 OBSOLETE_local: false peers { permanent_uuid: "0fb4259aaecf400fbf45e35896aa405f" member_type: VOTER last_known_addr { host: "127.23.205.193" port: 38371 } } peers { permanent_uuid: "e12e8d3e57454560ad043d4f7d4c4195" member_type: VOTER last_known_addr { host: "127.23.205.194" port: 44687 } } peers { permanent_uuid: "4357c8e9d40b40a8b8b922d711b98236" member_type: VOTER last_known_addr { host: "127.23.205.195" port: 38077 } }
I20260709 14:55:48.554728 25800 consensus_queue.cc:237] T d0ca7eabc277453e9095cc2f5a9384e4 P e12e8d3e57454560ad043d4f7d4c4195 [LEADER]: Queue going to LEADER mode. State: All replicated index: 0, Majority replicated index: 0, Committed index: 0, Last appended: 0.0, Last appended by leader: 0, Current term: 1, Majority size: 2, State: 0, Mode: LEADER, active raft config: opid_index: -1 OBSOLETE_local: false peers { permanent_uuid: "0fb4259aaecf400fbf45e35896aa405f" member_type: VOTER last_known_addr { host: "127.23.205.193" port: 38371 } } peers { permanent_uuid: "e12e8d3e57454560ad043d4f7d4c4195" member_type: VOTER last_known_addr { host: "127.23.205.194" port: 44687 } } peers { permanent_uuid: "4357c8e9d40b40a8b8b922d711b98236" member_type: VOTER last_known_addr { host: "127.23.205.195" port: 38077 } }
I20260709 14:55:48.555953 25672 ts_tablet_manager.cc:1434] T a4eeb6dfdc51496a88ab8691c6076fbd P 0fb4259aaecf400fbf45e35896aa405f: Time spent starting tablet: real 0.009s	user 0.005s	sys 0.000s
I20260709 14:55:48.558691 25672 tablet_bootstrap.cc:492] T 2738a0812ee24c45a68dda6e27e3ef29 P 0fb4259aaecf400fbf45e35896aa405f: Bootstrap starting.
I20260709 14:55:48.551501 25746 raft_consensus.cc:2749] T 5781399a866648229ce414840fd04408 P 0fb4259aaecf400fbf45e35896aa405f [term 1 FOLLOWER]: Leader pre-election lost for term 1. Reason: could not achieve majority
I20260709 14:55:48.543622 25670 raft_consensus.cc:385] T 2738a0812ee24c45a68dda6e27e3ef29 P e12e8d3e57454560ad043d4f7d4c4195 [term 0 FOLLOWER]: Consensus starting up: Expiring failure detector timer to make a prompt election more likely
I20260709 14:55:48.561518 25670 raft_consensus.cc:740] T 2738a0812ee24c45a68dda6e27e3ef29 P e12e8d3e57454560ad043d4f7d4c4195 [term 0 FOLLOWER]: Becoming Follower/Learner. State: Replica: e12e8d3e57454560ad043d4f7d4c4195, State: Initialized, Role: FOLLOWER
I20260709 14:55:48.562314 25670 consensus_queue.cc:260] T 2738a0812ee24c45a68dda6e27e3ef29 P e12e8d3e57454560ad043d4f7d4c4195 [NON_LEADER]: Queue going to NON_LEADER mode. State: All replicated index: 0, Majority replicated index: 0, Committed index: 0, Last appended: 0.0, Last appended by leader: 0, Current term: 0, Majority size: -1, State: 0, Mode: NON_LEADER, active raft config: opid_index: -1 OBSOLETE_local: false peers { permanent_uuid: "0fb4259aaecf400fbf45e35896aa405f" member_type: VOTER last_known_addr { host: "127.23.205.193" port: 38371 } } peers { permanent_uuid: "e12e8d3e57454560ad043d4f7d4c4195" member_type: VOTER last_known_addr { host: "127.23.205.194" port: 44687 } } peers { permanent_uuid: "4357c8e9d40b40a8b8b922d711b98236" member_type: VOTER last_known_addr { host: "127.23.205.195" port: 38077 } }
I20260709 14:55:48.564507 25670 ts_tablet_manager.cc:1434] T 2738a0812ee24c45a68dda6e27e3ef29 P e12e8d3e57454560ad043d4f7d4c4195: Time spent starting tablet: real 0.024s	user 0.007s	sys 0.000s
I20260709 14:55:48.564574 25672 tablet_bootstrap.cc:654] T 2738a0812ee24c45a68dda6e27e3ef29 P 0fb4259aaecf400fbf45e35896aa405f: Neither blocks nor log segments found. Creating new log.
I20260709 14:55:48.565418 25670 tablet_bootstrap.cc:492] T 31f468656f024342adf418563ef37762 P e12e8d3e57454560ad043d4f7d4c4195: Bootstrap starting.
I20260709 14:55:48.552338 25671 ts_tablet_manager.cc:1434] T 702f5f976fe0488a83b7452ee31df36a P 4357c8e9d40b40a8b8b922d711b98236: Time spent starting tablet: real 0.013s	user 0.007s	sys 0.000s
I20260709 14:55:48.567282 25376 catalog_manager.cc:5697] T d0ca7eabc277453e9095cc2f5a9384e4 P e12e8d3e57454560ad043d4f7d4c4195 reported cstate change: term changed from 0 to 1, leader changed from <none> to e12e8d3e57454560ad043d4f7d4c4195 (127.23.205.194). New cstate: current_term: 1 leader_uuid: "e12e8d3e57454560ad043d4f7d4c4195" committed_config { opid_index: -1 OBSOLETE_local: false peers { permanent_uuid: "0fb4259aaecf400fbf45e35896aa405f" member_type: VOTER last_known_addr { host: "127.23.205.193" port: 38371 } health_report { overall_health: UNKNOWN } } peers { permanent_uuid: "e12e8d3e57454560ad043d4f7d4c4195" member_type: VOTER last_known_addr { host: "127.23.205.194" port: 44687 } health_report { overall_health: HEALTHY } } peers { permanent_uuid: "4357c8e9d40b40a8b8b922d711b98236" member_type: VOTER last_known_addr { host: "127.23.205.195" port: 38077 } health_report { overall_health: UNKNOWN } } }
I20260709 14:55:48.568764 25671 tablet_bootstrap.cc:492] T 31f468656f024342adf418563ef37762 P 4357c8e9d40b40a8b8b922d711b98236: Bootstrap starting.
I20260709 14:55:48.571000 25672 tablet_bootstrap.cc:492] T 2738a0812ee24c45a68dda6e27e3ef29 P 0fb4259aaecf400fbf45e35896aa405f: No bootstrap required, opened a new log
I20260709 14:55:48.571480 25672 ts_tablet_manager.cc:1403] T 2738a0812ee24c45a68dda6e27e3ef29 P 0fb4259aaecf400fbf45e35896aa405f: Time spent bootstrapping tablet: real 0.013s	user 0.010s	sys 0.000s
I20260709 14:55:48.578343 25701 raft_consensus.cc:493] T d80fc70f4bcf4c4b80e71831dab069d2 P 4357c8e9d40b40a8b8b922d711b98236 [term 0 FOLLOWER]: Starting pre-election (no leader contacted us within the election timeout)
I20260709 14:55:48.578696 25670 tablet_bootstrap.cc:654] T 31f468656f024342adf418563ef37762 P e12e8d3e57454560ad043d4f7d4c4195: Neither blocks nor log segments found. Creating new log.
I20260709 14:55:48.578819 25701 raft_consensus.cc:515] T d80fc70f4bcf4c4b80e71831dab069d2 P 4357c8e9d40b40a8b8b922d711b98236 [term 0 FOLLOWER]: Starting pre-election with config: opid_index: -1 OBSOLETE_local: false peers { permanent_uuid: "0fb4259aaecf400fbf45e35896aa405f" member_type: VOTER last_known_addr { host: "127.23.205.193" port: 38371 } } peers { permanent_uuid: "e12e8d3e57454560ad043d4f7d4c4195" member_type: VOTER last_known_addr { host: "127.23.205.194" port: 44687 } } peers { permanent_uuid: "4357c8e9d40b40a8b8b922d711b98236" member_type: VOTER last_known_addr { host: "127.23.205.195" port: 38077 } }
I20260709 14:55:48.581600 25701 leader_election.cc:290] T d80fc70f4bcf4c4b80e71831dab069d2 P 4357c8e9d40b40a8b8b922d711b98236 [CANDIDATE]: Term 1 pre-election: Requested pre-vote from peers 0fb4259aaecf400fbf45e35896aa405f (127.23.205.193:38371), e12e8d3e57454560ad043d4f7d4c4195 (127.23.205.194:44687)
I20260709 14:55:48.581851 25672 raft_consensus.cc:359] T 2738a0812ee24c45a68dda6e27e3ef29 P 0fb4259aaecf400fbf45e35896aa405f [term 0 FOLLOWER]: Replica starting. Triggering 0 pending ops. Active config: opid_index: -1 OBSOLETE_local: false peers { permanent_uuid: "0fb4259aaecf400fbf45e35896aa405f" member_type: VOTER last_known_addr { host: "127.23.205.193" port: 38371 } } peers { permanent_uuid: "e12e8d3e57454560ad043d4f7d4c4195" member_type: VOTER last_known_addr { host: "127.23.205.194" port: 44687 } } peers { permanent_uuid: "4357c8e9d40b40a8b8b922d711b98236" member_type: VOTER last_known_addr { host: "127.23.205.195" port: 38077 } }
I20260709 14:55:48.582472 25671 tablet_bootstrap.cc:654] T 31f468656f024342adf418563ef37762 P 4357c8e9d40b40a8b8b922d711b98236: Neither blocks nor log segments found. Creating new log.
