I20260709 14:55:40.216821 25004 tablet_service.cc:2044] Received Run Leader Election RPC: tablet_id: "4cff7f141b714385b1e63f349c2084a0"
dest_uuid: "e874946fec3d4e4eb7ba48598a91c7f6"
 from {username='slave'} at 127.0.0.1:42444
I20260709 14:55:40.217317 25004 raft_consensus.cc:493] T 4cff7f141b714385b1e63f349c2084a0 P e874946fec3d4e4eb7ba48598a91c7f6 [term 2 FOLLOWER]: Starting forced leader election (received explicit request)
I20260709 14:55:40.217629 25004 raft_consensus.cc:3060] T 4cff7f141b714385b1e63f349c2084a0 P e874946fec3d4e4eb7ba48598a91c7f6 [term 2 FOLLOWER]: Advancing to term 3
I20260709 14:55:40.221781 25004 raft_consensus.cc:515] T 4cff7f141b714385b1e63f349c2084a0 P e874946fec3d4e4eb7ba48598a91c7f6 [term 3 FOLLOWER]: Starting forced leader election with config: opid_index: -1 OBSOLETE_local: false peers { permanent_uuid: "e874946fec3d4e4eb7ba48598a91c7f6" member_type: VOTER last_known_addr { host: "127.23.205.193" port: 33495 } } peers { permanent_uuid: "0d4542bc850d42138d928719240a7301" member_type: VOTER last_known_addr { host: "127.23.205.194" port: 33505 } } peers { permanent_uuid: "fa51ef9fd1f44d2d8447d9f4b07a277d" member_type: VOTER last_known_addr { host: "127.23.205.195" port: 39685 } }
I20260709 14:55:40.223254 25004 leader_election.cc:290] T 4cff7f141b714385b1e63f349c2084a0 P e874946fec3d4e4eb7ba48598a91c7f6 [CANDIDATE]: Term 3 election: Requested vote from peers 0d4542bc850d42138d928719240a7301 (127.23.205.194:33505), fa51ef9fd1f44d2d8447d9f4b07a277d (127.23.205.195:39685)
I20260709 14:55:40.224126 25078 tablet_service.cc:1917] Received RequestConsensusVote() RPC: tablet_id: "4cff7f141b714385b1e63f349c2084a0" candidate_uuid: "e874946fec3d4e4eb7ba48598a91c7f6" candidate_term: 3 candidate_status { last_received { term: 2 index: 2 } } ignore_live_leader: true dest_uuid: "0d4542bc850d42138d928719240a7301"
I20260709 14:55:40.224315 25153 tablet_service.cc:1917] Received RequestConsensusVote() RPC: tablet_id: "4cff7f141b714385b1e63f349c2084a0" candidate_uuid: "e874946fec3d4e4eb7ba48598a91c7f6" candidate_term: 3 candidate_status { last_received { term: 2 index: 2 } } ignore_live_leader: true dest_uuid: "fa51ef9fd1f44d2d8447d9f4b07a277d"
I20260709 14:55:40.224694 25078 raft_consensus.cc:3055] T 4cff7f141b714385b1e63f349c2084a0 P 0d4542bc850d42138d928719240a7301 [term 2 LEADER]: Stepping down as leader of term 2
I20260709 14:55:40.224858 25153 raft_consensus.cc:3060] T 4cff7f141b714385b1e63f349c2084a0 P fa51ef9fd1f44d2d8447d9f4b07a277d [term 2 FOLLOWER]: Advancing to term 3
I20260709 14:55:40.225169 25078 raft_consensus.cc:740] T 4cff7f141b714385b1e63f349c2084a0 P 0d4542bc850d42138d928719240a7301 [term 2 LEADER]: Becoming Follower/Learner. State: Replica: 0d4542bc850d42138d928719240a7301, State: Running, Role: LEADER
I20260709 14:55:40.226058 25078 consensus_queue.cc:260] T 4cff7f141b714385b1e63f349c2084a0 P 0d4542bc850d42138d928719240a7301 [NON_LEADER]: Queue going to NON_LEADER mode. State: All replicated index: 0, Majority replicated index: 2, Committed index: 2, Last appended: 2.2, Last appended by leader: 2, Current term: 2, Majority size: -1, State: 0, Mode: NON_LEADER, active raft config: opid_index: -1 OBSOLETE_local: false peers { permanent_uuid: "e874946fec3d4e4eb7ba48598a91c7f6" member_type: VOTER last_known_addr { host: "127.23.205.193" port: 33495 } } peers { permanent_uuid: "0d4542bc850d42138d928719240a7301" member_type: VOTER last_known_addr { host: "127.23.205.194" port: 33505 } } peers { permanent_uuid: "fa51ef9fd1f44d2d8447d9f4b07a277d" member_type: VOTER last_known_addr { host: "127.23.205.195" port: 39685 } }
I20260709 14:55:40.227072 25078 raft_consensus.cc:3060] T 4cff7f141b714385b1e63f349c2084a0 P 0d4542bc850d42138d928719240a7301 [term 2 FOLLOWER]: Advancing to term 3
I20260709 14:55:40.229430 25153 raft_consensus.cc:2468] T 4cff7f141b714385b1e63f349c2084a0 P fa51ef9fd1f44d2d8447d9f4b07a277d [term 3 FOLLOWER]: Leader election vote request: Granting yes vote for candidate e874946fec3d4e4eb7ba48598a91c7f6 in term 3.
I20260709 14:55:40.230530 24968 leader_election.cc:304] T 4cff7f141b714385b1e63f349c2084a0 P e874946fec3d4e4eb7ba48598a91c7f6 [CANDIDATE]: Term 3 election: Election decided. Result: candidate won. Election summary: received 2 responses out of 3 voters: 2 yes votes; 0 no votes. yes voters: e874946fec3d4e4eb7ba48598a91c7f6, fa51ef9fd1f44d2d8447d9f4b07a277d; no voters: 
I20260709 14:55:40.231238 25286 raft_consensus.cc:2804] T 4cff7f141b714385b1e63f349c2084a0 P e874946fec3d4e4eb7ba48598a91c7f6 [term 3 FOLLOWER]: Leader election won for term 3
I20260709 14:55:40.232298 25286 raft_consensus.cc:697] T 4cff7f141b714385b1e63f349c2084a0 P e874946fec3d4e4eb7ba48598a91c7f6 [term 3 LEADER]: Becoming Leader. State: Replica: e874946fec3d4e4eb7ba48598a91c7f6, State: Running, Role: LEADER
I20260709 14:55:40.233227 25286 consensus_queue.cc:237] T 4cff7f141b714385b1e63f349c2084a0 P e874946fec3d4e4eb7ba48598a91c7f6 [LEADER]: Queue going to LEADER mode. State: All replicated index: 0, Majority replicated index: 2, Committed index: 2, Last appended: 2.2, Last appended by leader: 2, Current term: 3, Majority size: 2, State: 0, Mode: LEADER, active raft config: opid_index: -1 OBSOLETE_local: false peers { permanent_uuid: "e874946fec3d4e4eb7ba48598a91c7f6" member_type: VOTER last_known_addr { host: "127.23.205.193" port: 33495 } } peers { permanent_uuid: "0d4542bc850d42138d928719240a7301" member_type: VOTER last_known_addr { host: "127.23.205.194" port: 33505 } } peers { permanent_uuid: "fa51ef9fd1f44d2d8447d9f4b07a277d" member_type: VOTER last_known_addr { host: "127.23.205.195" port: 39685 } }
I20260709 14:55:40.234068 25078 raft_consensus.cc:2468] T 4cff7f141b714385b1e63f349c2084a0 P 0d4542bc850d42138d928719240a7301 [term 3 FOLLOWER]: Leader election vote request: Granting yes vote for candidate e874946fec3d4e4eb7ba48598a91c7f6 in term 3.
I20260709 14:55:40.241355 24899 catalog_manager.cc:5697] T 4cff7f141b714385b1e63f349c2084a0 P e874946fec3d4e4eb7ba48598a91c7f6 reported cstate change: term changed from 2 to 3, leader changed from 0d4542bc850d42138d928719240a7301 (127.23.205.194) to e874946fec3d4e4eb7ba48598a91c7f6 (127.23.205.193). New cstate: current_term: 3 leader_uuid: "e874946fec3d4e4eb7ba48598a91c7f6" committed_config { opid_index: -1 OBSOLETE_local: false peers { permanent_uuid: "e874946fec3d4e4eb7ba48598a91c7f6" member_type: VOTER last_known_addr { host: "127.23.205.193" port: 33495 } health_report { overall_health: HEALTHY } } peers { permanent_uuid: "0d4542bc850d42138d928719240a7301" member_type: VOTER last_known_addr { host: "127.23.205.194" port: 33505 } health_report { overall_health: UNKNOWN } } peers { permanent_uuid: "fa51ef9fd1f44d2d8447d9f4b07a277d" member_type: VOTER last_known_addr { host: "127.23.205.195" port: 39685 } health_report { overall_health: UNKNOWN } } }
I20260709 14:55:40.314447 25283 raft_consensus.cc:993] T e4efd968b7414880adb9b757632f1f99 P fa51ef9fd1f44d2d8447d9f4b07a277d: : Instructing follower e874946fec3d4e4eb7ba48598a91c7f6 to start an election
I20260709 14:55:40.314968 25283 raft_consensus.cc:1081] T e4efd968b7414880adb9b757632f1f99 P fa51ef9fd1f44d2d8447d9f4b07a277d [term 3 LEADER]: Signalling peer e874946fec3d4e4eb7ba48598a91c7f6 to start an election
I20260709 14:55:40.317058 25004 tablet_service.cc:2044] Received Run Leader Election RPC: tablet_id: "e4efd968b7414880adb9b757632f1f99"
dest_uuid: "e874946fec3d4e4eb7ba48598a91c7f6"
 from {username='slave'} at 127.0.0.1:42452
I20260709 14:55:40.317651 25004 raft_consensus.cc:493] T e4efd968b7414880adb9b757632f1f99 P e874946fec3d4e4eb7ba48598a91c7f6 [term 3 FOLLOWER]: Starting forced leader election (received explicit request)
I20260709 14:55:40.318037 25004 raft_consensus.cc:3060] T e4efd968b7414880adb9b757632f1f99 P e874946fec3d4e4eb7ba48598a91c7f6 [term 3 FOLLOWER]: Advancing to term 4
I20260709 14:55:40.324723 25004 raft_consensus.cc:515] T e4efd968b7414880adb9b757632f1f99 P e874946fec3d4e4eb7ba48598a91c7f6 [term 4 FOLLOWER]: Starting forced leader election with config: opid_index: -1 OBSOLETE_local: false peers { permanent_uuid: "e874946fec3d4e4eb7ba48598a91c7f6" member_type: VOTER last_known_addr { host: "127.23.205.193" port: 33495 } } peers { permanent_uuid: "0d4542bc850d42138d928719240a7301" member_type: VOTER last_known_addr { host: "127.23.205.194" port: 33505 } } peers { permanent_uuid: "fa51ef9fd1f44d2d8447d9f4b07a277d" member_type: VOTER last_known_addr { host: "127.23.205.195" port: 39685 } }
I20260709 14:55:40.326524 25004 leader_election.cc:290] T e4efd968b7414880adb9b757632f1f99 P e874946fec3d4e4eb7ba48598a91c7f6 [CANDIDATE]: Term 4 election: Requested vote from peers 0d4542bc850d42138d928719240a7301 (127.23.205.194:33505), fa51ef9fd1f44d2d8447d9f4b07a277d (127.23.205.195:39685)
I20260709 14:55:40.327399 25078 tablet_service.cc:1917] Received RequestConsensusVote() RPC: tablet_id: "e4efd968b7414880adb9b757632f1f99" candidate_uuid: "e874946fec3d4e4eb7ba48598a91c7f6" candidate_term: 4 candidate_status { last_received { term: 3 index: 3 } } ignore_live_leader: true dest_uuid: "0d4542bc850d42138d928719240a7301"
I20260709 14:55:40.327672 25153 tablet_service.cc:1917] Received RequestConsensusVote() RPC: tablet_id: "e4efd968b7414880adb9b757632f1f99" candidate_uuid: "e874946fec3d4e4eb7ba48598a91c7f6" candidate_term: 4 candidate_status { last_received { term: 3 index: 3 } } ignore_live_leader: true dest_uuid: "fa51ef9fd1f44d2d8447d9f4b07a277d"
I20260709 14:55:40.328071 25078 raft_consensus.cc:3060] T e4efd968b7414880adb9b757632f1f99 P 0d4542bc850d42138d928719240a7301 [term 3 FOLLOWER]: Advancing to term 4
I20260709 14:55:40.328193 25153 raft_consensus.cc:3055] T e4efd968b7414880adb9b757632f1f99 P fa51ef9fd1f44d2d8447d9f4b07a277d [term 3 LEADER]: Stepping down as leader of term 3
I20260709 14:55:40.328554 25153 raft_consensus.cc:740] T e4efd968b7414880adb9b757632f1f99 P fa51ef9fd1f44d2d8447d9f4b07a277d [term 3 LEADER]: Becoming Follower/Learner. State: Replica: fa51ef9fd1f44d2d8447d9f4b07a277d, State: Running, Role: LEADER
I20260709 14:55:40.329373 25153 consensus_queue.cc:260] T e4efd968b7414880adb9b757632f1f99 P fa51ef9fd1f44d2d8447d9f4b07a277d [NON_LEADER]: Queue going to NON_LEADER mode. State: All replicated index: 0, Majority replicated index: 3, Committed index: 3, Last appended: 3.3, Last appended by leader: 3, Current term: 3, Majority size: -1, State: 0, Mode: NON_LEADER, active raft config: opid_index: -1 OBSOLETE_local: false peers { permanent_uuid: "e874946fec3d4e4eb7ba48598a91c7f6" member_type: VOTER last_known_addr { host: "127.23.205.193" port: 33495 } } peers { permanent_uuid: "0d4542bc850d42138d928719240a7301" member_type: VOTER last_known_addr { host: "127.23.205.194" port: 33505 } } peers { permanent_uuid: "fa51ef9fd1f44d2d8447d9f4b07a277d" member_type: VOTER last_known_addr { host: "127.23.205.195" port: 39685 } }
I20260709 14:55:40.330631 25153 raft_consensus.cc:3060] T e4efd968b7414880adb9b757632f1f99 P fa51ef9fd1f44d2d8447d9f4b07a277d [term 3 FOLLOWER]: Advancing to term 4
I20260709 14:55:40.335664 25078 raft_consensus.cc:2468] T e4efd968b7414880adb9b757632f1f99 P 0d4542bc850d42138d928719240a7301 [term 4 FOLLOWER]: Leader election vote request: Granting yes vote for candidate e874946fec3d4e4eb7ba48598a91c7f6 in term 4.
I20260709 14:55:40.336416 25283 raft_consensus.cc:993] T 6b502531700b4801b663d64f9ef79ea6 P fa51ef9fd1f44d2d8447d9f4b07a277d: : Instructing follower e874946fec3d4e4eb7ba48598a91c7f6 to start an election
I20260709 14:55:40.336894 25300 raft_consensus.cc:1081] T 6b502531700b4801b663d64f9ef79ea6 P fa51ef9fd1f44d2d8447d9f4b07a277d [term 2 LEADER]: Signalling peer e874946fec3d4e4eb7ba48598a91c7f6 to start an election
I20260709 14:55:40.337343 24970 leader_election.cc:304] T e4efd968b7414880adb9b757632f1f99 P e874946fec3d4e4eb7ba48598a91c7f6 [CANDIDATE]: Term 4 election: Election decided. Result: candidate won. Election summary: received 2 responses out of 3 voters: 2 yes votes; 0 no votes. yes voters: 0d4542bc850d42138d928719240a7301, e874946fec3d4e4eb7ba48598a91c7f6; no voters: 
I20260709 14:55:40.337560 25153 raft_consensus.cc:2468] T e4efd968b7414880adb9b757632f1f99 P fa51ef9fd1f44d2d8447d9f4b07a277d [term 4 FOLLOWER]: Leader election vote request: Granting yes vote for candidate e874946fec3d4e4eb7ba48598a91c7f6 in term 4.
I20260709 14:55:40.338404 25004 tablet_service.cc:2044] Received Run Leader Election RPC: tablet_id: "6b502531700b4801b663d64f9ef79ea6"
dest_uuid: "e874946fec3d4e4eb7ba48598a91c7f6"
 from {username='slave'} at 127.0.0.1:42452
I20260709 14:55:40.338451 25286 raft_consensus.cc:2804] T e4efd968b7414880adb9b757632f1f99 P e874946fec3d4e4eb7ba48598a91c7f6 [term 4 FOLLOWER]: Leader election won for term 4
I20260709 14:55:40.338976 25004 raft_consensus.cc:493] T 6b502531700b4801b663d64f9ef79ea6 P e874946fec3d4e4eb7ba48598a91c7f6 [term 2 FOLLOWER]: Starting forced leader election (received explicit request)
I20260709 14:55:40.339145 25286 raft_consensus.cc:697] T e4efd968b7414880adb9b757632f1f99 P e874946fec3d4e4eb7ba48598a91c7f6 [term 4 LEADER]: Becoming Leader. State: Replica: e874946fec3d4e4eb7ba48598a91c7f6, State: Running, Role: LEADER
I20260709 14:55:40.340085 25286 consensus_queue.cc:237] T e4efd968b7414880adb9b757632f1f99 P e874946fec3d4e4eb7ba48598a91c7f6 [LEADER]: Queue going to LEADER mode. State: All replicated index: 0, Majority replicated index: 3, Committed index: 3, Last appended: 3.3, Last appended by leader: 3, Current term: 4, Majority size: 2, State: 0, Mode: LEADER, active raft config: opid_index: -1 OBSOLETE_local: false peers { permanent_uuid: "e874946fec3d4e4eb7ba48598a91c7f6" member_type: VOTER last_known_addr { host: "127.23.205.193" port: 33495 } } peers { permanent_uuid: "0d4542bc850d42138d928719240a7301" member_type: VOTER last_known_addr { host: "127.23.205.194" port: 33505 } } peers { permanent_uuid: "fa51ef9fd1f44d2d8447d9f4b07a277d" member_type: VOTER last_known_addr { host: "127.23.205.195" port: 39685 } }
I20260709 14:55:40.339362 25004 raft_consensus.cc:3060] T 6b502531700b4801b663d64f9ef79ea6 P e874946fec3d4e4eb7ba48598a91c7f6 [term 2 FOLLOWER]: Advancing to term 3
I20260709 14:55:40.347033 24899 catalog_manager.cc:5697] T e4efd968b7414880adb9b757632f1f99 P e874946fec3d4e4eb7ba48598a91c7f6 reported cstate change: term changed from 3 to 4, leader changed from fa51ef9fd1f44d2d8447d9f4b07a277d (127.23.205.195) to e874946fec3d4e4eb7ba48598a91c7f6 (127.23.205.193). New cstate: current_term: 4 leader_uuid: "e874946fec3d4e4eb7ba48598a91c7f6" committed_config { opid_index: -1 OBSOLETE_local: false peers { permanent_uuid: "e874946fec3d4e4eb7ba48598a91c7f6" member_type: VOTER last_known_addr { host: "127.23.205.193" port: 33495 } health_report { overall_health: HEALTHY } } peers { permanent_uuid: "0d4542bc850d42138d928719240a7301" member_type: VOTER last_known_addr { host: "127.23.205.194" port: 33505 } health_report { overall_health: UNKNOWN } } peers { permanent_uuid: "fa51ef9fd1f44d2d8447d9f4b07a277d" member_type: VOTER last_known_addr { host: "127.23.205.195" port: 39685 } health_report { overall_health: UNKNOWN } } }
I20260709 14:55:40.349319 25004 raft_consensus.cc:515] T 6b502531700b4801b663d64f9ef79ea6 P e874946fec3d4e4eb7ba48598a91c7f6 [term 3 FOLLOWER]: Starting forced leader election with config: opid_index: -1 OBSOLETE_local: false peers { permanent_uuid: "e874946fec3d4e4eb7ba48598a91c7f6" member_type: VOTER last_known_addr { host: "127.23.205.193" port: 33495 } } peers { permanent_uuid: "0d4542bc850d42138d928719240a7301" member_type: VOTER last_known_addr { host: "127.23.205.194" port: 33505 } } peers { permanent_uuid: "fa51ef9fd1f44d2d8447d9f4b07a277d" member_type: VOTER last_known_addr { host: "127.23.205.195" port: 39685 } }
I20260709 14:55:40.352083 25078 tablet_service.cc:1917] Received RequestConsensusVote() RPC: tablet_id: "6b502531700b4801b663d64f9ef79ea6" candidate_uuid: "e874946fec3d4e4eb7ba48598a91c7f6" candidate_term: 3 candidate_status { last_received { term: 2 index: 2 } } ignore_live_leader: true dest_uuid: "0d4542bc850d42138d928719240a7301"
I20260709 14:55:40.352356 25004 leader_election.cc:290] T 6b502531700b4801b663d64f9ef79ea6 P e874946fec3d4e4eb7ba48598a91c7f6 [CANDIDATE]: Term 3 election: Requested vote from peers 0d4542bc850d42138d928719240a7301 (127.23.205.194:33505), fa51ef9fd1f44d2d8447d9f4b07a277d (127.23.205.195:39685)
I20260709 14:55:40.352444 25153 tablet_service.cc:1917] Received RequestConsensusVote() RPC: tablet_id: "6b502531700b4801b663d64f9ef79ea6" candidate_uuid: "e874946fec3d4e4eb7ba48598a91c7f6" candidate_term: 3 candidate_status { last_received { term: 2 index: 2 } } ignore_live_leader: true dest_uuid: "fa51ef9fd1f44d2d8447d9f4b07a277d"
I20260709 14:55:40.352857 25078 raft_consensus.cc:3060] T 6b502531700b4801b663d64f9ef79ea6 P 0d4542bc850d42138d928719240a7301 [term 2 FOLLOWER]: Advancing to term 3
I20260709 14:55:40.353094 25153 raft_consensus.cc:3055] T 6b502531700b4801b663d64f9ef79ea6 P fa51ef9fd1f44d2d8447d9f4b07a277d [term 2 LEADER]: Stepping down as leader of term 2
I20260709 14:55:40.353436 25153 raft_consensus.cc:740] T 6b502531700b4801b663d64f9ef79ea6 P fa51ef9fd1f44d2d8447d9f4b07a277d [term 2 LEADER]: Becoming Follower/Learner. State: Replica: fa51ef9fd1f44d2d8447d9f4b07a277d, State: Running, Role: LEADER
I20260709 14:55:40.354058 25153 consensus_queue.cc:260] T 6b502531700b4801b663d64f9ef79ea6 P fa51ef9fd1f44d2d8447d9f4b07a277d [NON_LEADER]: Queue going to NON_LEADER mode. State: All replicated index: 0, Majority replicated index: 2, Committed index: 2, Last appended: 2.2, Last appended by leader: 2, Current term: 2, Majority size: -1, State: 0, Mode: NON_LEADER, active raft config: opid_index: -1 OBSOLETE_local: false peers { permanent_uuid: "e874946fec3d4e4eb7ba48598a91c7f6" member_type: VOTER last_known_addr { host: "127.23.205.193" port: 33495 } } peers { permanent_uuid: "0d4542bc850d42138d928719240a7301" member_type: VOTER last_known_addr { host: "127.23.205.194" port: 33505 } } peers { permanent_uuid: "fa51ef9fd1f44d2d8447d9f4b07a277d" member_type: VOTER last_known_addr { host: "127.23.205.195" port: 39685 } }
I20260709 14:55:40.355008 25153 raft_consensus.cc:3060] T 6b502531700b4801b663d64f9ef79ea6 P fa51ef9fd1f44d2d8447d9f4b07a277d [term 2 FOLLOWER]: Advancing to term 3
I20260709 14:55:40.358906 25078 raft_consensus.cc:2468] T 6b502531700b4801b663d64f9ef79ea6 P 0d4542bc850d42138d928719240a7301 [term 3 FOLLOWER]: Leader election vote request: Granting yes vote for candidate e874946fec3d4e4eb7ba48598a91c7f6 in term 3.
I20260709 14:55:40.359367 25153 raft_consensus.cc:2468] T 6b502531700b4801b663d64f9ef79ea6 P fa51ef9fd1f44d2d8447d9f4b07a277d [term 3 FOLLOWER]: Leader election vote request: Granting yes vote for candidate e874946fec3d4e4eb7ba48598a91c7f6 in term 3.
I20260709 14:55:40.360268 24970 leader_election.cc:304] T 6b502531700b4801b663d64f9ef79ea6 P e874946fec3d4e4eb7ba48598a91c7f6 [CANDIDATE]: Term 3 election: Election decided. Result: candidate won. Election summary: received 2 responses out of 3 voters: 2 yes votes; 0 no votes. yes voters: 0d4542bc850d42138d928719240a7301, e874946fec3d4e4eb7ba48598a91c7f6; no voters: 
I20260709 14:55:40.361169 25286 raft_consensus.cc:2804] T 6b502531700b4801b663d64f9ef79ea6 P e874946fec3d4e4eb7ba48598a91c7f6 [term 3 FOLLOWER]: Leader election won for term 3
I20260709 14:55:40.361632 25286 raft_consensus.cc:697] T 6b502531700b4801b663d64f9ef79ea6 P e874946fec3d4e4eb7ba48598a91c7f6 [term 3 LEADER]: Becoming Leader. State: Replica: e874946fec3d4e4eb7ba48598a91c7f6, State: Running, Role: LEADER
I20260709 14:55:40.362368 25286 consensus_queue.cc:237] T 6b502531700b4801b663d64f9ef79ea6 P e874946fec3d4e4eb7ba48598a91c7f6 [LEADER]: Queue going to LEADER mode. State: All replicated index: 0, Majority replicated index: 2, Committed index: 2, Last appended: 2.2, Last appended by leader: 2, Current term: 3, Majority size: 2, State: 0, Mode: LEADER, active raft config: opid_index: -1 OBSOLETE_local: false peers { permanent_uuid: "e874946fec3d4e4eb7ba48598a91c7f6" member_type: VOTER last_known_addr { host: "127.23.205.193" port: 33495 } } peers { permanent_uuid: "0d4542bc850d42138d928719240a7301" member_type: VOTER last_known_addr { host: "127.23.205.194" port: 33505 } } peers { permanent_uuid: "fa51ef9fd1f44d2d8447d9f4b07a277d" member_type: VOTER last_known_addr { host: "127.23.205.195" port: 39685 } }
I20260709 14:55:40.362838 25213 raft_consensus.cc:993] T 4b6f60d8d22f4d14aef7dfe7ca1d966a P 0d4542bc850d42138d928719240a7301: : Instructing follower e874946fec3d4e4eb7ba48598a91c7f6 to start an election
I20260709 14:55:40.363307 25302 raft_consensus.cc:1081] T 4b6f60d8d22f4d14aef7dfe7ca1d966a P 0d4542bc850d42138d928719240a7301 [term 2 LEADER]: Signalling peer e874946fec3d4e4eb7ba48598a91c7f6 to start an election
I20260709 14:55:40.364930 25004 tablet_service.cc:2044] Received Run Leader Election RPC: tablet_id: "4b6f60d8d22f4d14aef7dfe7ca1d966a"
dest_uuid: "e874946fec3d4e4eb7ba48598a91c7f6"
 from {username='slave'} at 127.0.0.1:42444
I20260709 14:55:40.365476 25004 raft_consensus.cc:493] T 4b6f60d8d22f4d14aef7dfe7ca1d966a P e874946fec3d4e4eb7ba48598a91c7f6 [term 2 FOLLOWER]: Starting forced leader election (received explicit request)
I20260709 14:55:40.365840 25004 raft_consensus.cc:3060] T 4b6f60d8d22f4d14aef7dfe7ca1d966a P e874946fec3d4e4eb7ba48598a91c7f6 [term 2 FOLLOWER]: Advancing to term 3
I20260709 14:55:40.369511 24899 catalog_manager.cc:5697] T 6b502531700b4801b663d64f9ef79ea6 P e874946fec3d4e4eb7ba48598a91c7f6 reported cstate change: term changed from 2 to 3, leader changed from fa51ef9fd1f44d2d8447d9f4b07a277d (127.23.205.195) to e874946fec3d4e4eb7ba48598a91c7f6 (127.23.205.193). New cstate: current_term: 3 leader_uuid: "e874946fec3d4e4eb7ba48598a91c7f6" committed_config { opid_index: -1 OBSOLETE_local: false peers { permanent_uuid: "e874946fec3d4e4eb7ba48598a91c7f6" member_type: VOTER last_known_addr { host: "127.23.205.193" port: 33495 } health_report { overall_health: HEALTHY } } peers { permanent_uuid: "0d4542bc850d42138d928719240a7301" member_type: VOTER last_known_addr { host: "127.23.205.194" port: 33505 } health_report { overall_health: UNKNOWN } } peers { permanent_uuid: "fa51ef9fd1f44d2d8447d9f4b07a277d" member_type: VOTER last_known_addr { host: "127.23.205.195" port: 39685 } health_report { overall_health: UNKNOWN } } }
I20260709 14:55:40.372001 25004 raft_consensus.cc:515] T 4b6f60d8d22f4d14aef7dfe7ca1d966a P e874946fec3d4e4eb7ba48598a91c7f6 [term 3 FOLLOWER]: Starting forced leader election with config: opid_index: -1 OBSOLETE_local: false peers { permanent_uuid: "e874946fec3d4e4eb7ba48598a91c7f6" member_type: VOTER last_known_addr { host: "127.23.205.193" port: 33495 } } peers { permanent_uuid: "0d4542bc850d42138d928719240a7301" member_type: VOTER last_known_addr { host: "127.23.205.194" port: 33505 } } peers { permanent_uuid: "fa51ef9fd1f44d2d8447d9f4b07a277d" member_type: VOTER last_known_addr { host: "127.23.205.195" port: 39685 } }
I20260709 14:55:40.373800 25004 leader_election.cc:290] T 4b6f60d8d22f4d14aef7dfe7ca1d966a P e874946fec3d4e4eb7ba48598a91c7f6 [CANDIDATE]: Term 3 election: Requested vote from peers 0d4542bc850d42138d928719240a7301 (127.23.205.194:33505), fa51ef9fd1f44d2d8447d9f4b07a277d (127.23.205.195:39685)
I20260709 14:55:40.374490 25078 tablet_service.cc:1917] Received RequestConsensusVote() RPC: tablet_id: "4b6f60d8d22f4d14aef7dfe7ca1d966a" candidate_uuid: "e874946fec3d4e4eb7ba48598a91c7f6" candidate_term: 3 candidate_status { last_received { term: 2 index: 2 } } ignore_live_leader: true dest_uuid: "0d4542bc850d42138d928719240a7301"
I20260709 14:55:40.375118 25078 raft_consensus.cc:3055] T 4b6f60d8d22f4d14aef7dfe7ca1d966a P 0d4542bc850d42138d928719240a7301 [term 2 LEADER]: Stepping down as leader of term 2
I20260709 14:55:40.375463 25078 raft_consensus.cc:740] T 4b6f60d8d22f4d14aef7dfe7ca1d966a P 0d4542bc850d42138d928719240a7301 [term 2 LEADER]: Becoming Follower/Learner. State: Replica: 0d4542bc850d42138d928719240a7301, State: Running, Role: LEADER
I20260709 14:55:40.375617 25153 tablet_service.cc:1917] Received RequestConsensusVote() RPC: tablet_id: "4b6f60d8d22f4d14aef7dfe7ca1d966a" candidate_uuid: "e874946fec3d4e4eb7ba48598a91c7f6" candidate_term: 3 candidate_status { last_received { term: 2 index: 2 } } ignore_live_leader: true dest_uuid: "fa51ef9fd1f44d2d8447d9f4b07a277d"
I20260709 14:55:40.376109 25153 raft_consensus.cc:3060] T 4b6f60d8d22f4d14aef7dfe7ca1d966a P fa51ef9fd1f44d2d8447d9f4b07a277d [term 2 FOLLOWER]: Advancing to term 3
I20260709 14:55:40.376410 25078 consensus_queue.cc:260] T 4b6f60d8d22f4d14aef7dfe7ca1d966a P 0d4542bc850d42138d928719240a7301 [NON_LEADER]: Queue going to NON_LEADER mode. State: All replicated index: 0, Majority replicated index: 2, Committed index: 2, Last appended: 2.2, Last appended by leader: 2, Current term: 2, Majority size: -1, State: 0, Mode: NON_LEADER, active raft config: opid_index: -1 OBSOLETE_local: false peers { permanent_uuid: "e874946fec3d4e4eb7ba48598a91c7f6" member_type: VOTER last_known_addr { host: "127.23.205.193" port: 33495 } } peers { permanent_uuid: "0d4542bc850d42138d928719240a7301" member_type: VOTER last_known_addr { host: "127.23.205.194" port: 33505 } } peers { permanent_uuid: "fa51ef9fd1f44d2d8447d9f4b07a277d" member_type: VOTER last_known_addr { host: "127.23.205.195" port: 39685 } }
I20260709 14:55:40.377624 25078 raft_consensus.cc:3060] T 4b6f60d8d22f4d14aef7dfe7ca1d966a P 0d4542bc850d42138d928719240a7301 [term 2 FOLLOWER]: Advancing to term 3
I20260709 14:55:40.382144 25153 raft_consensus.cc:2468] T 4b6f60d8d22f4d14aef7dfe7ca1d966a P fa51ef9fd1f44d2d8447d9f4b07a277d [term 3 FOLLOWER]: Leader election vote request: Granting yes vote for candidate e874946fec3d4e4eb7ba48598a91c7f6 in term 3.
I20260709 14:55:40.383256 24968 leader_election.cc:304] T 4b6f60d8d22f4d14aef7dfe7ca1d966a P e874946fec3d4e4eb7ba48598a91c7f6 [CANDIDATE]: Term 3 election: Election decided. Result: candidate won. Election summary: received 2 responses out of 3 voters: 2 yes votes; 0 no votes. yes voters: e874946fec3d4e4eb7ba48598a91c7f6, fa51ef9fd1f44d2d8447d9f4b07a277d; no voters: 
I20260709 14:55:40.383909 25286 raft_consensus.cc:2804] T 4b6f60d8d22f4d14aef7dfe7ca1d966a P e874946fec3d4e4eb7ba48598a91c7f6 [term 3 FOLLOWER]: Leader election won for term 3
I20260709 14:55:40.383999 25078 raft_consensus.cc:2468] T 4b6f60d8d22f4d14aef7dfe7ca1d966a P 0d4542bc850d42138d928719240a7301 [term 3 FOLLOWER]: Leader election vote request: Granting yes vote for candidate e874946fec3d4e4eb7ba48598a91c7f6 in term 3.
I20260709 14:55:40.384536 25286 raft_consensus.cc:697] T 4b6f60d8d22f4d14aef7dfe7ca1d966a P e874946fec3d4e4eb7ba48598a91c7f6 [term 3 LEADER]: Becoming Leader. State: Replica: e874946fec3d4e4eb7ba48598a91c7f6, State: Running, Role: LEADER
I20260709 14:55:40.385377 25286 consensus_queue.cc:237] T 4b6f60d8d22f4d14aef7dfe7ca1d966a P e874946fec3d4e4eb7ba48598a91c7f6 [LEADER]: Queue going to LEADER mode. State: All replicated index: 0, Majority replicated index: 2, Committed index: 2, Last appended: 2.2, Last appended by leader: 2, Current term: 3, Majority size: 2, State: 0, Mode: LEADER, active raft config: opid_index: -1 OBSOLETE_local: false peers { permanent_uuid: "e874946fec3d4e4eb7ba48598a91c7f6" member_type: VOTER last_known_addr { host: "127.23.205.193" port: 33495 } } peers { permanent_uuid: "0d4542bc850d42138d928719240a7301" member_type: VOTER last_known_addr { host: "127.23.205.194" port: 33505 } } peers { permanent_uuid: "fa51ef9fd1f44d2d8447d9f4b07a277d" member_type: VOTER last_known_addr { host: "127.23.205.195" port: 39685 } }
I20260709 14:55:40.392271 24899 catalog_manager.cc:5697] T 4b6f60d8d22f4d14aef7dfe7ca1d966a P e874946fec3d4e4eb7ba48598a91c7f6 reported cstate change: term changed from 2 to 3, leader changed from 0d4542bc850d42138d928719240a7301 (127.23.205.194) to e874946fec3d4e4eb7ba48598a91c7f6 (127.23.205.193). New cstate: current_term: 3 leader_uuid: "e874946fec3d4e4eb7ba48598a91c7f6" committed_config { opid_index: -1 OBSOLETE_local: false peers { permanent_uuid: "e874946fec3d4e4eb7ba48598a91c7f6" member_type: VOTER last_known_addr { host: "127.23.205.193" port: 33495 } health_report { overall_health: HEALTHY } } peers { permanent_uuid: "0d4542bc850d42138d928719240a7301" member_type: VOTER last_known_addr { host: "127.23.205.194" port: 33505 } health_report { overall_health: UNKNOWN } } peers { permanent_uuid: "fa51ef9fd1f44d2d8447d9f4b07a277d" member_type: VOTER last_known_addr { host: "127.23.205.195" port: 39685 } health_report { overall_health: UNKNOWN } } }
I20260709 14:55:40.465197 25213 raft_consensus.cc:993] T d65b891add204bb59d710e7a43f9505b P 0d4542bc850d42138d928719240a7301: : Instructing follower e874946fec3d4e4eb7ba48598a91c7f6 to start an election
I20260709 14:55:40.465703 25302 raft_consensus.cc:1081] T d65b891add204bb59d710e7a43f9505b P 0d4542bc850d42138d928719240a7301 [term 2 LEADER]: Signalling peer e874946fec3d4e4eb7ba48598a91c7f6 to start an election
I20260709 14:55:40.467042 25004 tablet_service.cc:2044] Received Run Leader Election RPC: tablet_id: "d65b891add204bb59d710e7a43f9505b"
dest_uuid: "e874946fec3d4e4eb7ba48598a91c7f6"
 from {username='slave'} at 127.0.0.1:42444
I20260709 14:55:40.467499 25004 raft_consensus.cc:493] T d65b891add204bb59d710e7a43f9505b P e874946fec3d4e4eb7ba48598a91c7f6 [term 2 FOLLOWER]: Starting forced leader election (received explicit request)
I20260709 14:55:40.467777 25004 raft_consensus.cc:3060] T d65b891add204bb59d710e7a43f9505b P e874946fec3d4e4eb7ba48598a91c7f6 [term 2 FOLLOWER]: Advancing to term 3
I20260709 14:55:40.471791 25004 raft_consensus.cc:515] T d65b891add204bb59d710e7a43f9505b P e874946fec3d4e4eb7ba48598a91c7f6 [term 3 FOLLOWER]: Starting forced leader election with config: opid_index: -1 OBSOLETE_local: false peers { permanent_uuid: "e874946fec3d4e4eb7ba48598a91c7f6" member_type: VOTER last_known_addr { host: "127.23.205.193" port: 33495 } } peers { permanent_uuid: "0d4542bc850d42138d928719240a7301" member_type: VOTER last_known_addr { host: "127.23.205.194" port: 33505 } } peers { permanent_uuid: "fa51ef9fd1f44d2d8447d9f4b07a277d" member_type: VOTER last_known_addr { host: "127.23.205.195" port: 39685 } }
I20260709 14:55:40.473466 25004 leader_election.cc:290] T d65b891add204bb59d710e7a43f9505b P e874946fec3d4e4eb7ba48598a91c7f6 [CANDIDATE]: Term 3 election: Requested vote from peers 0d4542bc850d42138d928719240a7301 (127.23.205.194:33505), fa51ef9fd1f44d2d8447d9f4b07a277d (127.23.205.195:39685)
I20260709 14:55:40.474429 25078 tablet_service.cc:1917] Received RequestConsensusVote() RPC: tablet_id: "d65b891add204bb59d710e7a43f9505b" candidate_uuid: "e874946fec3d4e4eb7ba48598a91c7f6" candidate_term: 3 candidate_status { last_received { term: 2 index: 2 } } ignore_live_leader: true dest_uuid: "0d4542bc850d42138d928719240a7301"
I20260709 14:55:40.474491 25153 tablet_service.cc:1917] Received RequestConsensusVote() RPC: tablet_id: "d65b891add204bb59d710e7a43f9505b" candidate_uuid: "e874946fec3d4e4eb7ba48598a91c7f6" candidate_term: 3 candidate_status { last_received { term: 2 index: 2 } } ignore_live_leader: true dest_uuid: "fa51ef9fd1f44d2d8447d9f4b07a277d"
I20260709 14:55:40.475044 25078 raft_consensus.cc:3055] T d65b891add204bb59d710e7a43f9505b P 0d4542bc850d42138d928719240a7301 [term 2 LEADER]: Stepping down as leader of term 2
I20260709 14:55:40.475138 25153 raft_consensus.cc:3060] T d65b891add204bb59d710e7a43f9505b P fa51ef9fd1f44d2d8447d9f4b07a277d [term 2 FOLLOWER]: Advancing to term 3
I20260709 14:55:40.475359 25078 raft_consensus.cc:740] T d65b891add204bb59d710e7a43f9505b P 0d4542bc850d42138d928719240a7301 [term 2 LEADER]: Becoming Follower/Learner. State: Replica: 0d4542bc850d42138d928719240a7301, State: Running, Role: LEADER
I20260709 14:55:40.476186 25078 consensus_queue.cc:260] T d65b891add204bb59d710e7a43f9505b P 0d4542bc850d42138d928719240a7301 [NON_LEADER]: Queue going to NON_LEADER mode. State: All replicated index: 0, Majority replicated index: 2, Committed index: 2, Last appended: 2.2, Last appended by leader: 2, Current term: 2, Majority size: -1, State: 0, Mode: NON_LEADER, active raft config: opid_index: -1 OBSOLETE_local: false peers { permanent_uuid: "e874946fec3d4e4eb7ba48598a91c7f6" member_type: VOTER last_known_addr { host: "127.23.205.193" port: 33495 } } peers { permanent_uuid: "0d4542bc850d42138d928719240a7301" member_type: VOTER last_known_addr { host: "127.23.205.194" port: 33505 } } peers { permanent_uuid: "fa51ef9fd1f44d2d8447d9f4b07a277d" member_type: VOTER last_known_addr { host: "127.23.205.195" port: 39685 } }
I20260709 14:55:40.477231 25078 raft_consensus.cc:3060] T d65b891add204bb59d710e7a43f9505b P 0d4542bc850d42138d928719240a7301 [term 2 FOLLOWER]: Advancing to term 3
I20260709 14:55:40.479707 25153 raft_consensus.cc:2468] T d65b891add204bb59d710e7a43f9505b P fa51ef9fd1f44d2d8447d9f4b07a277d [term 3 FOLLOWER]: Leader election vote request: Granting yes vote for candidate e874946fec3d4e4eb7ba48598a91c7f6 in term 3.
I20260709 14:55:40.480715 24968 leader_election.cc:304] T d65b891add204bb59d710e7a43f9505b P e874946fec3d4e4eb7ba48598a91c7f6 [CANDIDATE]: Term 3 election: Election decided. Result: candidate won. Election summary: received 2 responses out of 3 voters: 2 yes votes; 0 no votes. yes voters: e874946fec3d4e4eb7ba48598a91c7f6, fa51ef9fd1f44d2d8447d9f4b07a277d; no voters: 
I20260709 14:55:40.481427 25286 raft_consensus.cc:2804] T d65b891add204bb59d710e7a43f9505b P e874946fec3d4e4eb7ba48598a91c7f6 [term 3 FOLLOWER]: Leader election won for term 3
I20260709 14:55:40.481909 25286 raft_consensus.cc:697] T d65b891add204bb59d710e7a43f9505b P e874946fec3d4e4eb7ba48598a91c7f6 [term 3 LEADER]: Becoming Leader. State: Replica: e874946fec3d4e4eb7ba48598a91c7f6, State: Running, Role: LEADER
I20260709 14:55:40.482826 25286 consensus_queue.cc:237] T d65b891add204bb59d710e7a43f9505b P e874946fec3d4e4eb7ba48598a91c7f6 [LEADER]: Queue going to LEADER mode. State: All replicated index: 0, Majority replicated index: 2, Committed index: 2, Last appended: 2.2, Last appended by leader: 2, Current term: 3, Majority size: 2, State: 0, Mode: LEADER, active raft config: opid_index: -1 OBSOLETE_local: false peers { permanent_uuid: "e874946fec3d4e4eb7ba48598a91c7f6" member_type: VOTER last_known_addr { host: "127.23.205.193" port: 33495 } } peers { permanent_uuid: "0d4542bc850d42138d928719240a7301" member_type: VOTER last_known_addr { host: "127.23.205.194" port: 33505 } } peers { permanent_uuid: "fa51ef9fd1f44d2d8447d9f4b07a277d" member_type: VOTER last_known_addr { host: "127.23.205.195" port: 39685 } }
I20260709 14:55:40.483784 25078 raft_consensus.cc:2468] T d65b891add204bb59d710e7a43f9505b P 0d4542bc850d42138d928719240a7301 [term 3 FOLLOWER]: Leader election vote request: Granting yes vote for candidate e874946fec3d4e4eb7ba48598a91c7f6 in term 3.
I20260709 14:55:40.489777 24899 catalog_manager.cc:5697] T d65b891add204bb59d710e7a43f9505b P e874946fec3d4e4eb7ba48598a91c7f6 reported cstate change: term changed from 2 to 3, leader changed from 0d4542bc850d42138d928719240a7301 (127.23.205.194) to e874946fec3d4e4eb7ba48598a91c7f6 (127.23.205.193). New cstate: current_term: 3 leader_uuid: "e874946fec3d4e4eb7ba48598a91c7f6" committed_config { opid_index: -1 OBSOLETE_local: false peers { permanent_uuid: "e874946fec3d4e4eb7ba48598a91c7f6" member_type: VOTER last_known_addr { host: "127.23.205.193" port: 33495 } health_report { overall_health: HEALTHY } } peers { permanent_uuid: "0d4542bc850d42138d928719240a7301" member_type: VOTER last_known_addr { host: "127.23.205.194" port: 33505 } health_report { overall_health: UNKNOWN } } peers { permanent_uuid: "fa51ef9fd1f44d2d8447d9f4b07a277d" member_type: VOTER last_known_addr { host: "127.23.205.195" port: 39685 } health_report { overall_health: UNKNOWN } } }
I20260709 14:55:40.704833 25078 raft_consensus.cc:1275] T 4cff7f141b714385b1e63f349c2084a0 P 0d4542bc850d42138d928719240a7301 [term 3 FOLLOWER]: Refusing update from remote peer e874946fec3d4e4eb7ba48598a91c7f6: Log matching property violated. Preceding OpId in replica: term: 2 index: 2. Preceding OpId from leader: term: 3 index: 3. (index mismatch)
I20260709 14:55:40.706274 25286 consensus_queue.cc:1048] T 4cff7f141b714385b1e63f349c2084a0 P e874946fec3d4e4eb7ba48598a91c7f6 [LEADER]: Connected to new peer: Peer: permanent_uuid: "0d4542bc850d42138d928719240a7301" member_type: VOTER last_known_addr { host: "127.23.205.194" port: 33505 }, Status: LMP_MISMATCH, Last received: 0.0, Next index: 3, Last known committed idx: 2, Time since last communication: 0.000s
I20260709 14:55:40.708611 25153 raft_consensus.cc:1275] T 4cff7f141b714385b1e63f349c2084a0 P fa51ef9fd1f44d2d8447d9f4b07a277d [term 3 FOLLOWER]: Refusing update from remote peer e874946fec3d4e4eb7ba48598a91c7f6: Log matching property violated. Preceding OpId in replica: term: 2 index: 2. Preceding OpId from leader: term: 3 index: 3. (index mismatch)
I20260709 14:55:40.709803 25286 consensus_queue.cc:1048] T 4cff7f141b714385b1e63f349c2084a0 P e874946fec3d4e4eb7ba48598a91c7f6 [LEADER]: Connected to new peer: Peer: permanent_uuid: "fa51ef9fd1f44d2d8447d9f4b07a277d" member_type: VOTER last_known_addr { host: "127.23.205.195" port: 39685 }, Status: LMP_MISMATCH, Last received: 0.0, Next index: 3, Last known committed idx: 2, Time since last communication: 0.000s
I20260709 14:55:40.771535 25153 raft_consensus.cc:1275] T 6b502531700b4801b663d64f9ef79ea6 P fa51ef9fd1f44d2d8447d9f4b07a277d [term 3 FOLLOWER]: Refusing update from remote peer e874946fec3d4e4eb7ba48598a91c7f6: Log matching property violated. Preceding OpId in replica: term: 2 index: 2. Preceding OpId from leader: term: 3 index: 3. (index mismatch)
I20260709 14:55:40.772538 25286 consensus_queue.cc:1048] T 6b502531700b4801b663d64f9ef79ea6 P e874946fec3d4e4eb7ba48598a91c7f6 [LEADER]: Connected to new peer: Peer: permanent_uuid: "fa51ef9fd1f44d2d8447d9f4b07a277d" member_type: VOTER last_known_addr { host: "127.23.205.195" port: 39685 }, Status: LMP_MISMATCH, Last received: 0.0, Next index: 3, Last known committed idx: 2, Time since last communication: 0.000s
I20260709 14:55:40.779413 25078 raft_consensus.cc:1275] T 6b502531700b4801b663d64f9ef79ea6 P 0d4542bc850d42138d928719240a7301 [term 3 FOLLOWER]: Refusing update from remote peer e874946fec3d4e4eb7ba48598a91c7f6: Log matching property violated. Preceding OpId in replica: term: 2 index: 2. Preceding OpId from leader: term: 3 index: 3. (index mismatch)
I20260709 14:55:40.780725 25303 consensus_queue.cc:1048] T 6b502531700b4801b663d64f9ef79ea6 P e874946fec3d4e4eb7ba48598a91c7f6 [LEADER]: Connected to new peer: Peer: permanent_uuid: "0d4542bc850d42138d928719240a7301" member_type: VOTER last_known_addr { host: "127.23.205.194" port: 33505 }, Status: LMP_MISMATCH, Last received: 0.0, Next index: 3, Last known committed idx: 2, Time since last communication: 0.000s
I20260709 14:55:40.824795 25153 raft_consensus.cc:1275] T e4efd968b7414880adb9b757632f1f99 P fa51ef9fd1f44d2d8447d9f4b07a277d [term 4 FOLLOWER]: Refusing update from remote peer e874946fec3d4e4eb7ba48598a91c7f6: Log matching property violated. Preceding OpId in replica: term: 3 index: 3. Preceding OpId from leader: term: 4 index: 4. (index mismatch)
I20260709 14:55:40.825963 25303 consensus_queue.cc:1048] T e4efd968b7414880adb9b757632f1f99 P e874946fec3d4e4eb7ba48598a91c7f6 [LEADER]: Connected to new peer: Peer: permanent_uuid: "fa51ef9fd1f44d2d8447d9f4b07a277d" member_type: VOTER last_known_addr { host: "127.23.205.195" port: 39685 }, Status: LMP_MISMATCH, Last received: 0.0, Next index: 4, Last known committed idx: 3, Time since last communication: 0.000s
I20260709 14:55:40.833595 25078 raft_consensus.cc:1275] T e4efd968b7414880adb9b757632f1f99 P 0d4542bc850d42138d928719240a7301 [term 4 FOLLOWER]: Refusing update from remote peer e874946fec3d4e4eb7ba48598a91c7f6: Log matching property violated. Preceding OpId in replica: term: 3 index: 3. Preceding OpId from leader: term: 4 index: 4. (index mismatch)
I20260709 14:55:40.835384 25286 consensus_queue.cc:1048] T e4efd968b7414880adb9b757632f1f99 P e874946fec3d4e4eb7ba48598a91c7f6 [LEADER]: Connected to new peer: Peer: permanent_uuid: "0d4542bc850d42138d928719240a7301" member_type: VOTER last_known_addr { host: "127.23.205.194" port: 33505 }, Status: LMP_MISMATCH, Last received: 0.0, Next index: 4, Last known committed idx: 3, Time since last communication: 0.000s
I20260709 14:55:40.841233 25153 raft_consensus.cc:1275] T 4b6f60d8d22f4d14aef7dfe7ca1d966a P fa51ef9fd1f44d2d8447d9f4b07a277d [term 3 FOLLOWER]: Refusing update from remote peer e874946fec3d4e4eb7ba48598a91c7f6: Log matching property violated. Preceding OpId in replica: term: 2 index: 2. Preceding OpId from leader: term: 3 index: 3. (index mismatch)
I20260709 14:55:40.842430 25313 consensus_queue.cc:1048] T 4b6f60d8d22f4d14aef7dfe7ca1d966a P e874946fec3d4e4eb7ba48598a91c7f6 [LEADER]: Connected to new peer: Peer: permanent_uuid: "fa51ef9fd1f44d2d8447d9f4b07a277d" member_type: VOTER last_known_addr { host: "127.23.205.195" port: 39685 }, Status: LMP_MISMATCH, Last received: 0.0, Next index: 3, Last known committed idx: 2, Time since last communication: 0.000s
I20260709 14:55:40.850457 25078 raft_consensus.cc:1275] T 4b6f60d8d22f4d14aef7dfe7ca1d966a P 0d4542bc850d42138d928719240a7301 [term 3 FOLLOWER]: Refusing update from remote peer e874946fec3d4e4eb7ba48598a91c7f6: Log matching property violated. Preceding OpId in replica: term: 2 index: 2. Preceding OpId from leader: term: 3 index: 3. (index mismatch)
I20260709 14:55:40.851951 25286 consensus_queue.cc:1048] T 4b6f60d8d22f4d14aef7dfe7ca1d966a P e874946fec3d4e4eb7ba48598a91c7f6 [LEADER]: Connected to new peer: Peer: permanent_uuid: "0d4542bc850d42138d928719240a7301" member_type: VOTER last_known_addr { host: "127.23.205.194" port: 33505 }, Status: LMP_MISMATCH, Last received: 0.0, Next index: 3, Last known committed idx: 2, Time since last communication: 0.000s
I20260709 14:55:40.861971 25079 raft_consensus.cc:1275] T d65b891add204bb59d710e7a43f9505b P 0d4542bc850d42138d928719240a7301 [term 3 FOLLOWER]: Refusing update from remote peer e874946fec3d4e4eb7ba48598a91c7f6: Log matching property violated. Preceding OpId in replica: term: 2 index: 2. Preceding OpId from leader: term: 3 index: 3. (index mismatch)
I20260709 14:55:40.863579 25286 consensus_queue.cc:1048] T d65b891add204bb59d710e7a43f9505b P e874946fec3d4e4eb7ba48598a91c7f6 [LEADER]: Connected to new peer: Peer: permanent_uuid: "0d4542bc850d42138d928719240a7301" member_type: VOTER last_known_addr { host: "127.23.205.194" port: 33505 }, Status: LMP_MISMATCH, Last received: 0.0, Next index: 3, Last known committed idx: 2, Time since last communication: 0.000s
I20260709 14:55:40.872000 25153 raft_consensus.cc:1275] T d65b891add204bb59d710e7a43f9505b P fa51ef9fd1f44d2d8447d9f4b07a277d [term 3 FOLLOWER]: Refusing update from remote peer e874946fec3d4e4eb7ba48598a91c7f6: Log matching property violated. Preceding OpId in replica: term: 2 index: 2. Preceding OpId from leader: term: 3 index: 3. (index mismatch)
I20260709 14:55:40.873185 25303 consensus_queue.cc:1048] T d65b891add204bb59d710e7a43f9505b P e874946fec3d4e4eb7ba48598a91c7f6 [LEADER]: Connected to new peer: Peer: permanent_uuid: "fa51ef9fd1f44d2d8447d9f4b07a277d" member_type: VOTER last_known_addr { host: "127.23.205.195" port: 39685 }, Status: LMP_MISMATCH, Last received: 0.0, Next index: 3, Last known committed idx: 2, Time since last communication: 0.000s
I20260709 14:55:43.119344 24375 auto_leader_rebalancer.cc:141] leader rebalance for table test-workload
I20260709 14:55:43.126992 25004 tablet_service.cc:2072] Received LeaderStepDown RPC: tablet_id: "7bc136fc3de94ac2b3ed0fec3c2be82f"
dest_uuid: "e874946fec3d4e4eb7ba48598a91c7f6"
mode: GRACEFUL
new_leader_uuid: "0d4542bc850d42138d928719240a7301"
 from {username='slave'} at 127.0.0.1:43374
I20260709 14:55:43.127661 25004 raft_consensus.cc:606] T 7bc136fc3de94ac2b3ed0fec3c2be82f P e874946fec3d4e4eb7ba48598a91c7f6 [term 2 LEADER]: Received request to transfer leadership to TS 0d4542bc850d42138d928719240a7301
I20260709 14:55:43.130035 25004 tablet_service.cc:2072] Received LeaderStepDown RPC: tablet_id: "d65534218e9646188be0bc82502cc6ab"
dest_uuid: "e874946fec3d4e4eb7ba48598a91c7f6"
mode: GRACEFUL
new_leader_uuid: "fa51ef9fd1f44d2d8447d9f4b07a277d"
 from {username='slave'} at 127.0.0.1:43374
I20260709 14:55:43.130510 25004 raft_consensus.cc:606] T d65534218e9646188be0bc82502cc6ab P e874946fec3d4e4eb7ba48598a91c7f6 [term 1 LEADER]: Received request to transfer leadership to TS fa51ef9fd1f44d2d8447d9f4b07a277d
I20260709 14:55:43.132617 25004 tablet_service.cc:2072] Received LeaderStepDown RPC: tablet_id: "d65b891add204bb59d710e7a43f9505b"
dest_uuid: "e874946fec3d4e4eb7ba48598a91c7f6"
mode: GRACEFUL
new_leader_uuid: "0d4542bc850d42138d928719240a7301"
 from {username='slave'} at 127.0.0.1:43374
I20260709 14:55:43.133010 25004 raft_consensus.cc:606] T d65b891add204bb59d710e7a43f9505b P e874946fec3d4e4eb7ba48598a91c7f6 [term 3 LEADER]: Received request to transfer leadership to TS 0d4542bc850d42138d928719240a7301
I20260709 14:55:43.134964 25004 tablet_service.cc:2072] Received LeaderStepDown RPC: tablet_id: "e4efd968b7414880adb9b757632f1f99"
dest_uuid: "e874946fec3d4e4eb7ba48598a91c7f6"
mode: GRACEFUL
new_leader_uuid: "fa51ef9fd1f44d2d8447d9f4b07a277d"
 from {username='slave'} at 127.0.0.1:43374
I20260709 14:55:43.135355 25004 raft_consensus.cc:606] T e4efd968b7414880adb9b757632f1f99 P e874946fec3d4e4eb7ba48598a91c7f6 [term 4 LEADER]: Received request to transfer leadership to TS fa51ef9fd1f44d2d8447d9f4b07a277d
I20260709 14:55:43.136358 24375 auto_leader_rebalancer.cc:452] table: test-workload, leader rebalance finish, leader transfer count: 4
I20260709 14:55:43.136861 24375 auto_leader_rebalancer.cc:527] All tables' leader rebalancing finished this round
I20260709 14:55:43.322471 25326 raft_consensus.cc:993] T e4efd968b7414880adb9b757632f1f99 P e874946fec3d4e4eb7ba48598a91c7f6: : Instructing follower fa51ef9fd1f44d2d8447d9f4b07a277d to start an election
I20260709 14:55:43.323321 25325 raft_consensus.cc:1081] T e4efd968b7414880adb9b757632f1f99 P e874946fec3d4e4eb7ba48598a91c7f6 [term 4 LEADER]: Signalling peer fa51ef9fd1f44d2d8447d9f4b07a277d to start an election
I20260709 14:55:43.324934 25152 tablet_service.cc:2044] Received Run Leader Election RPC: tablet_id: "e4efd968b7414880adb9b757632f1f99"
dest_uuid: "fa51ef9fd1f44d2d8447d9f4b07a277d"
 from {username='slave'} at 127.0.0.1:40570
I20260709 14:55:43.325532 25152 raft_consensus.cc:493] T e4efd968b7414880adb9b757632f1f99 P fa51ef9fd1f44d2d8447d9f4b07a277d [term 4 FOLLOWER]: Starting forced leader election (received explicit request)
I20260709 14:55:43.325955 25152 raft_consensus.cc:3060] T e4efd968b7414880adb9b757632f1f99 P fa51ef9fd1f44d2d8447d9f4b07a277d [term 4 FOLLOWER]: Advancing to term 5
I20260709 14:55:43.331617 25152 raft_consensus.cc:515] T e4efd968b7414880adb9b757632f1f99 P fa51ef9fd1f44d2d8447d9f4b07a277d [term 5 FOLLOWER]: Starting forced leader election with config: opid_index: -1 OBSOLETE_local: false peers { permanent_uuid: "e874946fec3d4e4eb7ba48598a91c7f6" member_type: VOTER last_known_addr { host: "127.23.205.193" port: 33495 } } peers { permanent_uuid: "0d4542bc850d42138d928719240a7301" member_type: VOTER last_known_addr { host: "127.23.205.194" port: 33505 } } peers { permanent_uuid: "fa51ef9fd1f44d2d8447d9f4b07a277d" member_type: VOTER last_known_addr { host: "127.23.205.195" port: 39685 } }
I20260709 14:55:43.333794 25152 leader_election.cc:290] T e4efd968b7414880adb9b757632f1f99 P fa51ef9fd1f44d2d8447d9f4b07a277d [CANDIDATE]: Term 5 election: Requested vote from peers e874946fec3d4e4eb7ba48598a91c7f6 (127.23.205.193:33495), 0d4542bc850d42138d928719240a7301 (127.23.205.194:33505)
I20260709 14:55:43.334118 25004 tablet_service.cc:1917] Received RequestConsensusVote() RPC: tablet_id: "e4efd968b7414880adb9b757632f1f99" candidate_uuid: "fa51ef9fd1f44d2d8447d9f4b07a277d" candidate_term: 5 candidate_status { last_received { term: 4 index: 4 } } ignore_live_leader: true dest_uuid: "e874946fec3d4e4eb7ba48598a91c7f6"
I20260709 14:55:43.334549 25078 tablet_service.cc:1917] Received RequestConsensusVote() RPC: tablet_id: "e4efd968b7414880adb9b757632f1f99" candidate_uuid: "fa51ef9fd1f44d2d8447d9f4b07a277d" candidate_term: 5 candidate_status { last_received { term: 4 index: 4 } } ignore_live_leader: true dest_uuid: "0d4542bc850d42138d928719240a7301"
I20260709 14:55:43.334982 25004 raft_consensus.cc:3055] T e4efd968b7414880adb9b757632f1f99 P e874946fec3d4e4eb7ba48598a91c7f6 [term 4 LEADER]: Stepping down as leader of term 4
I20260709 14:55:43.335045 25078 raft_consensus.cc:3060] T e4efd968b7414880adb9b757632f1f99 P 0d4542bc850d42138d928719240a7301 [term 4 FOLLOWER]: Advancing to term 5
I20260709 14:55:43.335390 25004 raft_consensus.cc:740] T e4efd968b7414880adb9b757632f1f99 P e874946fec3d4e4eb7ba48598a91c7f6 [term 4 LEADER]: Becoming Follower/Learner. State: Replica: e874946fec3d4e4eb7ba48598a91c7f6, State: Running, Role: LEADER
I20260709 14:55:43.336299 25004 consensus_queue.cc:260] T e4efd968b7414880adb9b757632f1f99 P e874946fec3d4e4eb7ba48598a91c7f6 [NON_LEADER]: Queue going to NON_LEADER mode. State: All replicated index: 0, Majority replicated index: 4, Committed index: 4, Last appended: 4.4, Last appended by leader: 4, Current term: 4, Majority size: -1, State: 0, Mode: NON_LEADER, active raft config: opid_index: -1 OBSOLETE_local: false peers { permanent_uuid: "e874946fec3d4e4eb7ba48598a91c7f6" member_type: VOTER last_known_addr { host: "127.23.205.193" port: 33495 } } peers { permanent_uuid: "0d4542bc850d42138d928719240a7301" member_type: VOTER last_known_addr { host: "127.23.205.194" port: 33505 } } peers { permanent_uuid: "fa51ef9fd1f44d2d8447d9f4b07a277d" member_type: VOTER last_known_addr { host: "127.23.205.195" port: 39685 } }
