I20260709 14:55:47.980782 21464 raft_consensus.cc:2468] T 6a1bc65ebd084804b011ae310ec0bfdc P de51cc6c36f2454eb0c420db5b85d0f7 [term 0 FOLLOWER]: Leader pre-election vote request: Granting yes vote for candidate 5c83e05daac04e4687cee6e7d07baf7b in term 0.
I20260709 14:55:47.983294 21676 leader_election.cc:290] T 6a1bc65ebd084804b011ae310ec0bfdc P de51cc6c36f2454eb0c420db5b85d0f7 [CANDIDATE]: Term 1 pre-election: Requested pre-vote from peers 5c83e05daac04e4687cee6e7d07baf7b (127.19.227.194:38659), 110adce56f784366af8b93a8006f29b1 (127.19.227.195:45823)
I20260709 14:55:47.985941 21541 tablet_service.cc:1917] Received RequestConsensusVote() RPC: tablet_id: "6a1bc65ebd084804b011ae310ec0bfdc" candidate_uuid: "de51cc6c36f2454eb0c420db5b85d0f7" candidate_term: 1 candidate_status { last_received { term: 0 index: 0 } } ignore_live_leader: false dest_uuid: "5c83e05daac04e4687cee6e7d07baf7b" is_pre_election: true
I20260709 14:55:47.986625 21541 raft_consensus.cc:2468] T 6a1bc65ebd084804b011ae310ec0bfdc P 5c83e05daac04e4687cee6e7d07baf7b [term 0 FOLLOWER]: Leader pre-election vote request: Granting yes vote for candidate de51cc6c36f2454eb0c420db5b85d0f7 in term 0.
I20260709 14:55:47.989902 21431 leader_election.cc:304] T 6a1bc65ebd084804b011ae310ec0bfdc P de51cc6c36f2454eb0c420db5b85d0f7 [CANDIDATE]: Term 1 pre-election: Election decided. Result: candidate won. Election summary: received 2 responses out of 3 voters: 2 yes votes; 0 no votes. yes voters: 5c83e05daac04e4687cee6e7d07baf7b, de51cc6c36f2454eb0c420db5b85d0f7; no voters: 
I20260709 14:55:47.990942 21677 raft_consensus.cc:2804] T 6a1bc65ebd084804b011ae310ec0bfdc P de51cc6c36f2454eb0c420db5b85d0f7 [term 0 FOLLOWER]: Leader pre-election won for term 1
I20260709 14:55:47.991308 21677 raft_consensus.cc:493] T 6a1bc65ebd084804b011ae310ec0bfdc P de51cc6c36f2454eb0c420db5b85d0f7 [term 0 FOLLOWER]: Starting leader election (no leader contacted us within the election timeout)
I20260709 14:55:47.991616 21677 raft_consensus.cc:3060] T 6a1bc65ebd084804b011ae310ec0bfdc P de51cc6c36f2454eb0c420db5b85d0f7 [term 0 FOLLOWER]: Advancing to term 1
I20260709 14:55:47.993062 21656 raft_consensus.cc:359] T 951633b055ad4917bdc02cd395ec300b P 110adce56f784366af8b93a8006f29b1 [term 0 FOLLOWER]: Replica starting. Triggering 0 pending ops. Active config: opid_index: -1 OBSOLETE_local: false peers { permanent_uuid: "de51cc6c36f2454eb0c420db5b85d0f7" member_type: VOTER last_known_addr { host: "127.19.227.193" port: 34365 } } peers { permanent_uuid: "5c83e05daac04e4687cee6e7d07baf7b" member_type: VOTER last_known_addr { host: "127.19.227.194" port: 38659 } } peers { permanent_uuid: "110adce56f784366af8b93a8006f29b1" member_type: VOTER last_known_addr { host: "127.19.227.195" port: 45823 } }
I20260709 14:55:47.993772 21656 raft_consensus.cc:385] T 951633b055ad4917bdc02cd395ec300b P 110adce56f784366af8b93a8006f29b1 [term 0 FOLLOWER]: Consensus starting up: Expiring failure detector timer to make a prompt election more likely
I20260709 14:55:47.994042 21656 raft_consensus.cc:740] T 951633b055ad4917bdc02cd395ec300b P 110adce56f784366af8b93a8006f29b1 [term 0 FOLLOWER]: Becoming Follower/Learner. State: Replica: 110adce56f784366af8b93a8006f29b1, State: Initialized, Role: FOLLOWER
I20260709 14:55:47.999039 21656 consensus_queue.cc:260] T 951633b055ad4917bdc02cd395ec300b P 110adce56f784366af8b93a8006f29b1 [NON_LEADER]: Queue going to NON_LEADER mode. State: All replicated index: 0, Majority replicated index: 0, Committed index: 0, Last appended: 0.0, Last appended by leader: 0, Current term: 0, Majority size: -1, State: 0, Mode: NON_LEADER, active raft config: opid_index: -1 OBSOLETE_local: false peers { permanent_uuid: "de51cc6c36f2454eb0c420db5b85d0f7" member_type: VOTER last_known_addr { host: "127.19.227.193" port: 34365 } } peers { permanent_uuid: "5c83e05daac04e4687cee6e7d07baf7b" member_type: VOTER last_known_addr { host: "127.19.227.194" port: 38659 } } peers { permanent_uuid: "110adce56f784366af8b93a8006f29b1" member_type: VOTER last_known_addr { host: "127.19.227.195" port: 45823 } }
I20260709 14:55:48.001430 21656 ts_tablet_manager.cc:1434] T 951633b055ad4917bdc02cd395ec300b P 110adce56f784366af8b93a8006f29b1: Time spent starting tablet: real 0.074s	user 0.012s	sys 0.004s
I20260709 14:55:48.002415 21656 tablet_bootstrap.cc:492] T a6a73e1ff34543db96bcd25dfcfcb032 P 110adce56f784366af8b93a8006f29b1: Bootstrap starting.
I20260709 14:55:48.006930 21676 consensus_queue.cc:1048] T ea761a16405540e9a244e5f08b40c953 P de51cc6c36f2454eb0c420db5b85d0f7 [LEADER]: Connected to new peer: Peer: permanent_uuid: "110adce56f784366af8b93a8006f29b1" member_type: VOTER last_known_addr { host: "127.19.227.195" port: 45823 }, Status: LMP_MISMATCH, Last received: 0.0, Next index: 1, Last known committed idx: 0, Time since last communication: 0.000s
I20260709 14:55:48.009124 21887 consensus_queue.cc:1048] T e89336d48e494bfc82aab02111741c7e P de51cc6c36f2454eb0c420db5b85d0f7 [LEADER]: Connected to new peer: Peer: permanent_uuid: "110adce56f784366af8b93a8006f29b1" member_type: VOTER last_known_addr { host: "127.19.227.195" port: 45823 }, Status: LMP_MISMATCH, Last received: 0.0, Next index: 1, Last known committed idx: 0, Time since last communication: 0.000s
I20260709 14:55:48.023285 21611 tablet_service.cc:1917] Received RequestConsensusVote() RPC: tablet_id: "6a1bc65ebd084804b011ae310ec0bfdc" candidate_uuid: "de51cc6c36f2454eb0c420db5b85d0f7" candidate_term: 1 candidate_status { last_received { term: 0 index: 0 } } ignore_live_leader: false dest_uuid: "110adce56f784366af8b93a8006f29b1" is_pre_election: true
I20260709 14:55:48.024003 21611 raft_consensus.cc:2468] T 6a1bc65ebd084804b011ae310ec0bfdc P 110adce56f784366af8b93a8006f29b1 [term 0 FOLLOWER]: Leader pre-election vote request: Granting yes vote for candidate de51cc6c36f2454eb0c420db5b85d0f7 in term 0.
I20260709 14:55:48.025784 21789 raft_consensus.cc:493] T c0a933b3772047d1b73c46fb52013655 P 110adce56f784366af8b93a8006f29b1 [term 0 FOLLOWER]: Starting pre-election (no leader contacted us within the election timeout)
I20260709 14:55:48.026279 21789 raft_consensus.cc:515] T c0a933b3772047d1b73c46fb52013655 P 110adce56f784366af8b93a8006f29b1 [term 0 FOLLOWER]: Starting pre-election with config: opid_index: -1 OBSOLETE_local: false peers { permanent_uuid: "de51cc6c36f2454eb0c420db5b85d0f7" member_type: VOTER last_known_addr { host: "127.19.227.193" port: 34365 } } peers { permanent_uuid: "5c83e05daac04e4687cee6e7d07baf7b" member_type: VOTER last_known_addr { host: "127.19.227.194" port: 38659 } } peers { permanent_uuid: "110adce56f784366af8b93a8006f29b1" member_type: VOTER last_known_addr { host: "127.19.227.195" port: 45823 } }
I20260709 14:55:48.027855 21677 raft_consensus.cc:515] T 6a1bc65ebd084804b011ae310ec0bfdc P de51cc6c36f2454eb0c420db5b85d0f7 [term 1 FOLLOWER]: Starting leader election with config: opid_index: -1 OBSOLETE_local: false peers { permanent_uuid: "de51cc6c36f2454eb0c420db5b85d0f7" member_type: VOTER last_known_addr { host: "127.19.227.193" port: 34365 } } peers { permanent_uuid: "5c83e05daac04e4687cee6e7d07baf7b" member_type: VOTER last_known_addr { host: "127.19.227.194" port: 38659 } } peers { permanent_uuid: "110adce56f784366af8b93a8006f29b1" member_type: VOTER last_known_addr { host: "127.19.227.195" port: 45823 } }
I20260709 14:55:48.033149 21827 raft_consensus.cc:515] T 8d30542f6a5b4293a269b606db3d9ef2 P de51cc6c36f2454eb0c420db5b85d0f7 [term 1 FOLLOWER]: Starting leader election with config: opid_index: -1 OBSOLETE_local: false peers { permanent_uuid: "de51cc6c36f2454eb0c420db5b85d0f7" member_type: VOTER last_known_addr { host: "127.19.227.193" port: 34365 } } peers { permanent_uuid: "5c83e05daac04e4687cee6e7d07baf7b" member_type: VOTER last_known_addr { host: "127.19.227.194" port: 38659 } } peers { permanent_uuid: "110adce56f784366af8b93a8006f29b1" member_type: VOTER last_known_addr { host: "127.19.227.195" port: 45823 } }
I20260709 14:55:48.028270 21789 leader_election.cc:290] T c0a933b3772047d1b73c46fb52013655 P 110adce56f784366af8b93a8006f29b1 [CANDIDATE]: Term 1 pre-election: Requested pre-vote from peers de51cc6c36f2454eb0c420db5b85d0f7 (127.19.227.193:34365), 5c83e05daac04e4687cee6e7d07baf7b (127.19.227.194:38659)
W20260709 14:55:48.035141 21581 leader_election.cc:343] T 89313eeb9f7f405fb55aab3b84a422bd P 110adce56f784366af8b93a8006f29b1 [CANDIDATE]: Term 1 pre-election: Tablet error from VoteRequest() call to peer de51cc6c36f2454eb0c420db5b85d0f7 (127.19.227.193:34365): Illegal state: must be running to vote when last-logged opid is not known
I20260709 14:55:48.035408 21536 tablet_service.cc:1917] Received RequestConsensusVote() RPC: tablet_id: "c0a933b3772047d1b73c46fb52013655" candidate_uuid: "110adce56f784366af8b93a8006f29b1" candidate_term: 1 candidate_status { last_received { term: 0 index: 0 } } ignore_live_leader: false dest_uuid: "5c83e05daac04e4687cee6e7d07baf7b" is_pre_election: true
I20260709 14:55:48.035645 21581 leader_election.cc:304] T 89313eeb9f7f405fb55aab3b84a422bd P 110adce56f784366af8b93a8006f29b1 [CANDIDATE]: Term 1 pre-election: Election decided. Result: candidate lost. Election summary: received 3 responses out of 3 voters: 1 yes votes; 2 no votes. yes voters: 110adce56f784366af8b93a8006f29b1; no voters: 5c83e05daac04e4687cee6e7d07baf7b, de51cc6c36f2454eb0c420db5b85d0f7
I20260709 14:55:48.037660 21788 consensus_queue.cc:1048] T 5f9ed2b86d9449d68322e31ecf7cf7de P 5c83e05daac04e4687cee6e7d07baf7b [LEADER]: Connected to new peer: Peer: permanent_uuid: "110adce56f784366af8b93a8006f29b1" member_type: VOTER last_known_addr { host: "127.19.227.195" port: 45823 }, Status: LMP_MISMATCH, Last received: 0.0, Next index: 1, Last known committed idx: 0, Time since last communication: 0.000s
I20260709 14:55:48.038187 21912 raft_consensus.cc:2749] T 89313eeb9f7f405fb55aab3b84a422bd P 110adce56f784366af8b93a8006f29b1 [term 0 FOLLOWER]: Leader pre-election lost for term 1. Reason: could not achieve majority
I20260709 14:55:48.038857 21541 tablet_service.cc:1917] Received RequestConsensusVote() RPC: tablet_id: "8d30542f6a5b4293a269b606db3d9ef2" candidate_uuid: "de51cc6c36f2454eb0c420db5b85d0f7" candidate_term: 1 candidate_status { last_received { term: 0 index: 0 } } ignore_live_leader: false dest_uuid: "5c83e05daac04e4687cee6e7d07baf7b"
I20260709 14:55:48.039418 21541 raft_consensus.cc:3060] T 8d30542f6a5b4293a269b606db3d9ef2 P 5c83e05daac04e4687cee6e7d07baf7b [term 0 FOLLOWER]: Advancing to term 1
I20260709 14:55:48.040757 21912 raft_consensus.cc:493] T db71a061b6c7402cad6953665dd51a92 P 110adce56f784366af8b93a8006f29b1 [term 0 FOLLOWER]: Starting pre-election (no leader contacted us within the election timeout)
W20260709 14:55:48.040870 21580 leader_election.cc:343] T c0a933b3772047d1b73c46fb52013655 P 110adce56f784366af8b93a8006f29b1 [CANDIDATE]: Term 1 pre-election: Tablet error from VoteRequest() call to peer 5c83e05daac04e4687cee6e7d07baf7b (127.19.227.194:38659): Illegal state: must be running to vote when last-logged opid is not known
I20260709 14:55:48.041324 21912 raft_consensus.cc:515] T db71a061b6c7402cad6953665dd51a92 P 110adce56f784366af8b93a8006f29b1 [term 0 FOLLOWER]: Starting pre-election with config: opid_index: -1 OBSOLETE_local: false peers { permanent_uuid: "de51cc6c36f2454eb0c420db5b85d0f7" member_type: VOTER last_known_addr { host: "127.19.227.193" port: 34365 } } peers { permanent_uuid: "5c83e05daac04e4687cee6e7d07baf7b" member_type: VOTER last_known_addr { host: "127.19.227.194" port: 38659 } } peers { permanent_uuid: "110adce56f784366af8b93a8006f29b1" member_type: VOTER last_known_addr { host: "127.19.227.195" port: 45823 } }
I20260709 14:55:48.043478 21912 leader_election.cc:290] T db71a061b6c7402cad6953665dd51a92 P 110adce56f784366af8b93a8006f29b1 [CANDIDATE]: Term 1 pre-election: Requested pre-vote from peers de51cc6c36f2454eb0c420db5b85d0f7 (127.19.227.193:34365), 5c83e05daac04e4687cee6e7d07baf7b (127.19.227.194:38659)
I20260709 14:55:48.044842 21536 tablet_service.cc:1917] Received RequestConsensusVote() RPC: tablet_id: "db71a061b6c7402cad6953665dd51a92" candidate_uuid: "110adce56f784366af8b93a8006f29b1" candidate_term: 1 candidate_status { last_received { term: 0 index: 0 } } ignore_live_leader: false dest_uuid: "5c83e05daac04e4687cee6e7d07baf7b" is_pre_election: true
I20260709 14:55:48.049010 21656 tablet_bootstrap.cc:654] T a6a73e1ff34543db96bcd25dfcfcb032 P 110adce56f784366af8b93a8006f29b1: Neither blocks nor log segments found. Creating new log.
I20260709 14:55:48.051014 21364 catalog_manager.cc:5697] T 1e8f64d078d34a25b518b987146f9aea P 110adce56f784366af8b93a8006f29b1 reported cstate change: term changed from 0 to 1, leader changed from <none> to 110adce56f784366af8b93a8006f29b1 (127.19.227.195). New cstate: current_term: 1 leader_uuid: "110adce56f784366af8b93a8006f29b1" committed_config { opid_index: -1 OBSOLETE_local: false peers { permanent_uuid: "de51cc6c36f2454eb0c420db5b85d0f7" member_type: VOTER last_known_addr { host: "127.19.227.193" port: 34365 } health_report { overall_health: UNKNOWN } } peers { permanent_uuid: "5c83e05daac04e4687cee6e7d07baf7b" member_type: VOTER last_known_addr { host: "127.19.227.194" port: 38659 } health_report { overall_health: UNKNOWN } } peers { permanent_uuid: "110adce56f784366af8b93a8006f29b1" member_type: VOTER last_known_addr { host: "127.19.227.195" port: 45823 } health_report { overall_health: HEALTHY } } }
I20260709 14:55:48.052595 21507 leader_election.cc:304] T 6a1bc65ebd084804b011ae310ec0bfdc P 5c83e05daac04e4687cee6e7d07baf7b [CANDIDATE]: Term 1 pre-election: Election decided. Result: candidate won. Election summary: received 2 responses out of 3 voters: 2 yes votes; 0 no votes. yes voters: 5c83e05daac04e4687cee6e7d07baf7b, de51cc6c36f2454eb0c420db5b85d0f7; no voters: 
I20260709 14:55:48.053879 21659 tablet_bootstrap.cc:492] T 108f744b5b584233b5f2c6505d02e639 P 5c83e05daac04e4687cee6e7d07baf7b: No bootstrap required, opened a new log
I20260709 14:55:48.054365 21659 ts_tablet_manager.cc:1403] T 108f744b5b584233b5f2c6505d02e639 P 5c83e05daac04e4687cee6e7d07baf7b: Time spent bootstrapping tablet: real 0.184s	user 0.018s	sys 0.000s
I20260709 14:55:48.054536 21905 raft_consensus.cc:2804] T 6a1bc65ebd084804b011ae310ec0bfdc P 5c83e05daac04e4687cee6e7d07baf7b [term 0 FOLLOWER]: Leader pre-election won for term 1
I20260709 14:55:48.055022 21905 raft_consensus.cc:493] T 6a1bc65ebd084804b011ae310ec0bfdc P 5c83e05daac04e4687cee6e7d07baf7b [term 0 FOLLOWER]: Starting leader election (no leader contacted us within the election timeout)
I20260709 14:55:48.055174 21658 tablet_bootstrap.cc:492] T 108f744b5b584233b5f2c6505d02e639 P de51cc6c36f2454eb0c420db5b85d0f7: No bootstrap required, opened a new log
I20260709 14:55:48.055430 21905 raft_consensus.cc:3060] T 6a1bc65ebd084804b011ae310ec0bfdc P 5c83e05daac04e4687cee6e7d07baf7b [term 0 FOLLOWER]: Advancing to term 1
I20260709 14:55:48.055627 21658 ts_tablet_manager.cc:1403] T 108f744b5b584233b5f2c6505d02e639 P de51cc6c36f2454eb0c420db5b85d0f7: Time spent bootstrapping tablet: real 0.187s	user 0.020s	sys 0.019s
W20260709 14:55:48.049695 21580 leader_election.cc:343] T db71a061b6c7402cad6953665dd51a92 P 110adce56f784366af8b93a8006f29b1 [CANDIDATE]: Term 1 pre-election: Tablet error from VoteRequest() call to peer 5c83e05daac04e4687cee6e7d07baf7b (127.19.227.194:38659): Illegal state: must be running to vote when last-logged opid is not known
I20260709 14:55:48.062269 21659 raft_consensus.cc:359] T 108f744b5b584233b5f2c6505d02e639 P 5c83e05daac04e4687cee6e7d07baf7b [term 0 FOLLOWER]: Replica starting. Triggering 0 pending ops. Active config: opid_index: -1 OBSOLETE_local: false peers { permanent_uuid: "de51cc6c36f2454eb0c420db5b85d0f7" member_type: VOTER last_known_addr { host: "127.19.227.193" port: 34365 } } peers { permanent_uuid: "5c83e05daac04e4687cee6e7d07baf7b" member_type: VOTER last_known_addr { host: "127.19.227.194" port: 38659 } } peers { permanent_uuid: "110adce56f784366af8b93a8006f29b1" member_type: VOTER last_known_addr { host: "127.19.227.195" port: 45823 } }
I20260709 14:55:48.064411 21659 raft_consensus.cc:385] T 108f744b5b584233b5f2c6505d02e639 P 5c83e05daac04e4687cee6e7d07baf7b [term 0 FOLLOWER]: Consensus starting up: Expiring failure detector timer to make a prompt election more likely
I20260709 14:55:48.064745 21659 raft_consensus.cc:740] T 108f744b5b584233b5f2c6505d02e639 P 5c83e05daac04e4687cee6e7d07baf7b [term 0 FOLLOWER]: Becoming Follower/Learner. State: Replica: 5c83e05daac04e4687cee6e7d07baf7b, State: Initialized, Role: FOLLOWER
I20260709 14:55:48.065980 21659 consensus_queue.cc:260] T 108f744b5b584233b5f2c6505d02e639 P 5c83e05daac04e4687cee6e7d07baf7b [NON_LEADER]: Queue going to NON_LEADER mode. State: All replicated index: 0, Majority replicated index: 0, Committed index: 0, Last appended: 0.0, Last appended by leader: 0, Current term: 0, Majority size: -1, State: 0, Mode: NON_LEADER, active raft config: opid_index: -1 OBSOLETE_local: false peers { permanent_uuid: "de51cc6c36f2454eb0c420db5b85d0f7" member_type: VOTER last_known_addr { host: "127.19.227.193" port: 34365 } } peers { permanent_uuid: "5c83e05daac04e4687cee6e7d07baf7b" member_type: VOTER last_known_addr { host: "127.19.227.194" port: 38659 } } peers { permanent_uuid: "110adce56f784366af8b93a8006f29b1" member_type: VOTER last_known_addr { host: "127.19.227.195" port: 45823 } }
I20260709 14:55:48.066980 21616 tablet_service.cc:1917] Received RequestConsensusVote() RPC: tablet_id: "6a1bc65ebd084804b011ae310ec0bfdc" candidate_uuid: "5c83e05daac04e4687cee6e7d07baf7b" candidate_term: 1 candidate_status { last_received { term: 0 index: 0 } } ignore_live_leader: false dest_uuid: "110adce56f784366af8b93a8006f29b1" is_pre_election: true
I20260709 14:55:48.067654 21616 raft_consensus.cc:2468] T 6a1bc65ebd084804b011ae310ec0bfdc P 110adce56f784366af8b93a8006f29b1 [term 0 FOLLOWER]: Leader pre-election vote request: Granting yes vote for candidate 5c83e05daac04e4687cee6e7d07baf7b in term 0.
I20260709 14:55:48.075276 21677 leader_election.cc:290] T 6a1bc65ebd084804b011ae310ec0bfdc P de51cc6c36f2454eb0c420db5b85d0f7 [CANDIDATE]: Term 1 election: Requested vote from peers 5c83e05daac04e4687cee6e7d07baf7b (127.19.227.194:38659), 110adce56f784366af8b93a8006f29b1 (127.19.227.195:45823)
I20260709 14:55:48.064802 21541 raft_consensus.cc:2468] T 8d30542f6a5b4293a269b606db3d9ef2 P 5c83e05daac04e4687cee6e7d07baf7b [term 1 FOLLOWER]: Leader election vote request: Granting yes vote for candidate de51cc6c36f2454eb0c420db5b85d0f7 in term 1.
I20260709 14:55:48.078902 21659 ts_tablet_manager.cc:1434] T 108f744b5b584233b5f2c6505d02e639 P 5c83e05daac04e4687cee6e7d07baf7b: Time spent starting tablet: real 0.024s	user 0.006s	sys 0.001s
I20260709 14:55:48.079802 21659 tablet_bootstrap.cc:492] T db71a061b6c7402cad6953665dd51a92 P 5c83e05daac04e4687cee6e7d07baf7b: Bootstrap starting.
I20260709 14:55:48.076704 21827 leader_election.cc:290] T 8d30542f6a5b4293a269b606db3d9ef2 P de51cc6c36f2454eb0c420db5b85d0f7 [CANDIDATE]: Term 1 election: Requested vote from peers 5c83e05daac04e4687cee6e7d07baf7b (127.19.227.194:38659), 110adce56f784366af8b93a8006f29b1 (127.19.227.195:45823)
I20260709 14:55:48.083636 21658 raft_consensus.cc:359] T 108f744b5b584233b5f2c6505d02e639 P de51cc6c36f2454eb0c420db5b85d0f7 [term 0 FOLLOWER]: Replica starting. Triggering 0 pending ops. Active config: opid_index: -1 OBSOLETE_local: false peers { permanent_uuid: "de51cc6c36f2454eb0c420db5b85d0f7" member_type: VOTER last_known_addr { host: "127.19.227.193" port: 34365 } } peers { permanent_uuid: "5c83e05daac04e4687cee6e7d07baf7b" member_type: VOTER last_known_addr { host: "127.19.227.194" port: 38659 } } peers { permanent_uuid: "110adce56f784366af8b93a8006f29b1" member_type: VOTER last_known_addr { host: "127.19.227.195" port: 45823 } }
I20260709 14:55:48.084897 21658 raft_consensus.cc:385] T 108f744b5b584233b5f2c6505d02e639 P de51cc6c36f2454eb0c420db5b85d0f7 [term 0 FOLLOWER]: Consensus starting up: Expiring failure detector timer to make a prompt election more likely
I20260709 14:55:48.085201 21658 raft_consensus.cc:740] T 108f744b5b584233b5f2c6505d02e639 P de51cc6c36f2454eb0c420db5b85d0f7 [term 0 FOLLOWER]: Becoming Follower/Learner. State: Replica: de51cc6c36f2454eb0c420db5b85d0f7, State: Initialized, Role: FOLLOWER
I20260709 14:55:48.085788 21658 consensus_queue.cc:260] T 108f744b5b584233b5f2c6505d02e639 P de51cc6c36f2454eb0c420db5b85d0f7 [NON_LEADER]: Queue going to NON_LEADER mode. State: All replicated index: 0, Majority replicated index: 0, Committed index: 0, Last appended: 0.0, Last appended by leader: 0, Current term: 0, Majority size: -1, State: 0, Mode: NON_LEADER, active raft config: opid_index: -1 OBSOLETE_local: false peers { permanent_uuid: "de51cc6c36f2454eb0c420db5b85d0f7" member_type: VOTER last_known_addr { host: "127.19.227.193" port: 34365 } } peers { permanent_uuid: "5c83e05daac04e4687cee6e7d07baf7b" member_type: VOTER last_known_addr { host: "127.19.227.194" port: 38659 } } peers { permanent_uuid: "110adce56f784366af8b93a8006f29b1" member_type: VOTER last_known_addr { host: "127.19.227.195" port: 45823 } }
I20260709 14:55:48.084544 21541 tablet_service.cc:1917] Received RequestConsensusVote() RPC: tablet_id: "6a1bc65ebd084804b011ae310ec0bfdc" candidate_uuid: "de51cc6c36f2454eb0c420db5b85d0f7" candidate_term: 1 candidate_status { last_received { term: 0 index: 0 } } ignore_live_leader: false dest_uuid: "5c83e05daac04e4687cee6e7d07baf7b"
I20260709 14:55:48.078678 21462 tablet_service.cc:1917] Received RequestConsensusVote() RPC: tablet_id: "c0a933b3772047d1b73c46fb52013655" candidate_uuid: "110adce56f784366af8b93a8006f29b1" candidate_term: 1 candidate_status { last_received { term: 0 index: 0 } } ignore_live_leader: false dest_uuid: "de51cc6c36f2454eb0c420db5b85d0f7" is_pre_election: true
I20260709 14:55:48.089560 21431 leader_election.cc:304] T 8d30542f6a5b4293a269b606db3d9ef2 P de51cc6c36f2454eb0c420db5b85d0f7 [CANDIDATE]: Term 1 election: Election decided. Result: candidate won. Election summary: received 2 responses out of 3 voters: 2 yes votes; 0 no votes. yes voters: 5c83e05daac04e4687cee6e7d07baf7b, de51cc6c36f2454eb0c420db5b85d0f7; no voters: 
I20260709 14:55:48.090121 21707 raft_consensus.cc:2804] T 8d30542f6a5b4293a269b606db3d9ef2 P de51cc6c36f2454eb0c420db5b85d0f7 [term 1 FOLLOWER]: Leader election won for term 1
I20260709 14:55:48.090543 21707 raft_consensus.cc:697] T 8d30542f6a5b4293a269b606db3d9ef2 P de51cc6c36f2454eb0c420db5b85d0f7 [term 1 LEADER]: Becoming Leader. State: Replica: de51cc6c36f2454eb0c420db5b85d0f7, State: Running, Role: LEADER
I20260709 14:55:48.091142 21707 consensus_queue.cc:237] T 8d30542f6a5b4293a269b606db3d9ef2 P de51cc6c36f2454eb0c420db5b85d0f7 [LEADER]: Queue going to LEADER mode. State: All replicated index: 0, Majority replicated index: 0, Committed index: 0, Last appended: 0.0, Last appended by leader: 0, Current term: 1, Majority size: 2, State: 0, Mode: LEADER, active raft config: opid_index: -1 OBSOLETE_local: false peers { permanent_uuid: "de51cc6c36f2454eb0c420db5b85d0f7" member_type: VOTER last_known_addr { host: "127.19.227.193" port: 34365 } } peers { permanent_uuid: "5c83e05daac04e4687cee6e7d07baf7b" member_type: VOTER last_known_addr { host: "127.19.227.194" port: 38659 } } peers { permanent_uuid: "110adce56f784366af8b93a8006f29b1" member_type: VOTER last_known_addr { host: "127.19.227.195" port: 45823 } }
I20260709 14:55:48.092804 21658 ts_tablet_manager.cc:1434] T 108f744b5b584233b5f2c6505d02e639 P de51cc6c36f2454eb0c420db5b85d0f7: Time spent starting tablet: real 0.037s	user 0.007s	sys 0.000s
I20260709 14:55:48.101305 21658 tablet_bootstrap.cc:492] T 89313eeb9f7f405fb55aab3b84a422bd P de51cc6c36f2454eb0c420db5b85d0f7: Bootstrap starting.
I20260709 14:55:48.109937 21827 consensus_queue.cc:1048] T e89336d48e494bfc82aab02111741c7e P de51cc6c36f2454eb0c420db5b85d0f7 [LEADER]: Connected to new peer: Peer: permanent_uuid: "5c83e05daac04e4687cee6e7d07baf7b" member_type: VOTER last_known_addr { host: "127.19.227.194" port: 38659 }, Status: LMP_MISMATCH, Last received: 0.0, Next index: 1, Last known committed idx: 0, Time since last communication: 0.000s
I20260709 14:55:48.111712 21827 consensus_queue.cc:1048] T ea761a16405540e9a244e5f08b40c953 P de51cc6c36f2454eb0c420db5b85d0f7 [LEADER]: Connected to new peer: Peer: permanent_uuid: "5c83e05daac04e4687cee6e7d07baf7b" member_type: VOTER last_known_addr { host: "127.19.227.194" port: 38659 }, Status: LMP_MISMATCH, Last received: 0.0, Next index: 1, Last known committed idx: 0, Time since last communication: 0.000s
I20260709 14:55:48.112455 21612 tablet_service.cc:1917] Received RequestConsensusVote() RPC: tablet_id: "6a1bc65ebd084804b011ae310ec0bfdc" candidate_uuid: "de51cc6c36f2454eb0c420db5b85d0f7" candidate_term: 1 candidate_status { last_received { term: 0 index: 0 } } ignore_live_leader: false dest_uuid: "110adce56f784366af8b93a8006f29b1"
I20260709 14:55:48.113183 21612 raft_consensus.cc:3060] T 6a1bc65ebd084804b011ae310ec0bfdc P 110adce56f784366af8b93a8006f29b1 [term 0 FOLLOWER]: Advancing to term 1
I20260709 14:55:48.117291 21827 consensus_queue.cc:1048] T c85364e2d1e84cdab4a39dbfa398f16d P de51cc6c36f2454eb0c420db5b85d0f7 [LEADER]: Connected to new peer: Peer: permanent_uuid: "5c83e05daac04e4687cee6e7d07baf7b" member_type: VOTER last_known_addr { host: "127.19.227.194" port: 38659 }, Status: LMP_MISMATCH, Last received: 0.0, Next index: 1, Last known committed idx: 0, Time since last communication: 0.000s
I20260709 14:55:48.124143 21462 tablet_service.cc:1917] Received RequestConsensusVote() RPC: tablet_id: "db71a061b6c7402cad6953665dd51a92" candidate_uuid: "110adce56f784366af8b93a8006f29b1" candidate_term: 1 candidate_status { last_received { term: 0 index: 0 } } ignore_live_leader: false dest_uuid: "de51cc6c36f2454eb0c420db5b85d0f7" is_pre_election: true
I20260709 14:55:48.124384 21610 tablet_service.cc:1917] Received RequestConsensusVote() RPC: tablet_id: "8d30542f6a5b4293a269b606db3d9ef2" candidate_uuid: "de51cc6c36f2454eb0c420db5b85d0f7" candidate_term: 1 candidate_status { last_received { term: 0 index: 0 } } ignore_live_leader: false dest_uuid: "110adce56f784366af8b93a8006f29b1"
I20260709 14:55:48.125186 21610 raft_consensus.cc:3060] T 8d30542f6a5b4293a269b606db3d9ef2 P 110adce56f784366af8b93a8006f29b1 [term 0 FOLLOWER]: Advancing to term 1
I20260709 14:55:48.116709 21905 raft_consensus.cc:515] T 6a1bc65ebd084804b011ae310ec0bfdc P 5c83e05daac04e4687cee6e7d07baf7b [term 1 FOLLOWER]: Starting leader election with config: opid_index: -1 OBSOLETE_local: false peers { permanent_uuid: "de51cc6c36f2454eb0c420db5b85d0f7" member_type: VOTER last_known_addr { host: "127.19.227.193" port: 34365 } } peers { permanent_uuid: "5c83e05daac04e4687cee6e7d07baf7b" member_type: VOTER last_known_addr { host: "127.19.227.194" port: 38659 } } peers { permanent_uuid: "110adce56f784366af8b93a8006f29b1" member_type: VOTER last_known_addr { host: "127.19.227.195" port: 45823 } }
I20260709 14:55:48.132395 21541 raft_consensus.cc:2393] T 6a1bc65ebd084804b011ae310ec0bfdc P 5c83e05daac04e4687cee6e7d07baf7b [term 1 FOLLOWER]: Leader election vote request: Denying vote to candidate de51cc6c36f2454eb0c420db5b85d0f7 in current term 1: Already voted for candidate 5c83e05daac04e4687cee6e7d07baf7b in this term.
I20260709 14:55:48.131029 21827 consensus_queue.cc:1048] T c85364e2d1e84cdab4a39dbfa398f16d P de51cc6c36f2454eb0c420db5b85d0f7 [LEADER]: Connected to new peer: Peer: permanent_uuid: "110adce56f784366af8b93a8006f29b1" member_type: VOTER last_known_addr { host: "127.19.227.195" port: 45823 }, Status: LMP_MISMATCH, Last received: 0.0, Next index: 1, Last known committed idx: 0, Time since last communication: 0.004s
W20260709 14:55:48.152019 21581 leader_election.cc:343] T c0a933b3772047d1b73c46fb52013655 P 110adce56f784366af8b93a8006f29b1 [CANDIDATE]: Term 1 pre-election: Tablet error from VoteRequest() call to peer de51cc6c36f2454eb0c420db5b85d0f7 (127.19.227.193:34365): Illegal state: must be running to vote when last-logged opid is not known
I20260709 14:55:48.171960 21905 leader_election.cc:290] T 6a1bc65ebd084804b011ae310ec0bfdc P 5c83e05daac04e4687cee6e7d07baf7b [CANDIDATE]: Term 1 election: Requested vote from peers de51cc6c36f2454eb0c420db5b85d0f7 (127.19.227.193:34365), 110adce56f784366af8b93a8006f29b1 (127.19.227.195:45823)
I20260709 14:55:48.175387 21464 tablet_service.cc:1917] Received RequestConsensusVote() RPC: tablet_id: "6a1bc65ebd084804b011ae310ec0bfdc" candidate_uuid: "5c83e05daac04e4687cee6e7d07baf7b" candidate_term: 1 candidate_status { last_received { term: 0 index: 0 } } ignore_live_leader: false dest_uuid: "de51cc6c36f2454eb0c420db5b85d0f7"
I20260709 14:55:48.176276 21464 raft_consensus.cc:2393] T 6a1bc65ebd084804b011ae310ec0bfdc P de51cc6c36f2454eb0c420db5b85d0f7 [term 1 FOLLOWER]: Leader election vote request: Denying vote to candidate 5c83e05daac04e4687cee6e7d07baf7b in current term 1: Already voted for candidate de51cc6c36f2454eb0c420db5b85d0f7 in this term.
I20260709 14:55:48.176934 21610 raft_consensus.cc:2468] T 8d30542f6a5b4293a269b606db3d9ef2 P 110adce56f784366af8b93a8006f29b1 [term 1 FOLLOWER]: Leader election vote request: Granting yes vote for candidate de51cc6c36f2454eb0c420db5b85d0f7 in term 1.
I20260709 14:55:48.180061 21658 tablet_bootstrap.cc:654] T 89313eeb9f7f405fb55aab3b84a422bd P de51cc6c36f2454eb0c420db5b85d0f7: Neither blocks nor log segments found. Creating new log.
I20260709 14:55:48.164153 21612 raft_consensus.cc:2468] T 6a1bc65ebd084804b011ae310ec0bfdc P 110adce56f784366af8b93a8006f29b1 [term 1 FOLLOWER]: Leader election vote request: Granting yes vote for candidate de51cc6c36f2454eb0c420db5b85d0f7 in term 1.
I20260709 14:55:48.164335 21581 leader_election.cc:304] T c0a933b3772047d1b73c46fb52013655 P 110adce56f784366af8b93a8006f29b1 [CANDIDATE]: Term 1 pre-election: Election decided. Result: candidate lost. Election summary: received 3 responses out of 3 voters: 1 yes votes; 2 no votes. yes voters: 110adce56f784366af8b93a8006f29b1; no voters: 5c83e05daac04e4687cee6e7d07baf7b, de51cc6c36f2454eb0c420db5b85d0f7
W20260709 14:55:48.185751 21581 leader_election.cc:343] T db71a061b6c7402cad6953665dd51a92 P 110adce56f784366af8b93a8006f29b1 [CANDIDATE]: Term 1 pre-election: Tablet error from VoteRequest() call to peer de51cc6c36f2454eb0c420db5b85d0f7 (127.19.227.193:34365): Illegal state: must be running to vote when last-logged opid is not known
I20260709 14:55:48.186146 21581 leader_election.cc:304] T db71a061b6c7402cad6953665dd51a92 P 110adce56f784366af8b93a8006f29b1 [CANDIDATE]: Term 1 pre-election: Election decided. Result: candidate lost. Election summary: received 3 responses out of 3 voters: 1 yes votes; 2 no votes. yes voters: 110adce56f784366af8b93a8006f29b1; no voters: 5c83e05daac04e4687cee6e7d07baf7b, de51cc6c36f2454eb0c420db5b85d0f7
I20260709 14:55:48.186880 21789 raft_consensus.cc:2749] T c0a933b3772047d1b73c46fb52013655 P 110adce56f784366af8b93a8006f29b1 [term 0 FOLLOWER]: Leader pre-election lost for term 1. Reason: could not achieve majority
I20260709 14:55:48.187410 21912 raft_consensus.cc:2749] T db71a061b6c7402cad6953665dd51a92 P 110adce56f784366af8b93a8006f29b1 [term 0 FOLLOWER]: Leader pre-election lost for term 1. Reason: could not achieve majority
I20260709 14:55:48.189939 21616 tablet_service.cc:1917] Received RequestConsensusVote() RPC: tablet_id: "6a1bc65ebd084804b011ae310ec0bfdc" candidate_uuid: "5c83e05daac04e4687cee6e7d07baf7b" candidate_term: 1 candidate_status { last_received { term: 0 index: 0 } } ignore_live_leader: false dest_uuid: "110adce56f784366af8b93a8006f29b1"
I20260709 14:55:48.190765 21616 raft_consensus.cc:2393] T 6a1bc65ebd084804b011ae310ec0bfdc P 110adce56f784366af8b93a8006f29b1 [term 1 FOLLOWER]: Leader election vote request: Denying vote to candidate 5c83e05daac04e4687cee6e7d07baf7b in current term 1: Already voted for candidate de51cc6c36f2454eb0c420db5b85d0f7 in this term.
I20260709 14:55:48.195479 21659 tablet_bootstrap.cc:654] T db71a061b6c7402cad6953665dd51a92 P 5c83e05daac04e4687cee6e7d07baf7b: Neither blocks nor log segments found. Creating new log.
I20260709 14:55:48.191623 21431 leader_election.cc:304] T 6a1bc65ebd084804b011ae310ec0bfdc P de51cc6c36f2454eb0c420db5b85d0f7 [CANDIDATE]: Term 1 election: Election decided. Result: candidate won. Election summary: received 2 responses out of 3 voters: 2 yes votes; 0 no votes. yes voters: 110adce56f784366af8b93a8006f29b1, de51cc6c36f2454eb0c420db5b85d0f7; no voters: 
I20260709 14:55:48.196925 21676 raft_consensus.cc:2804] T 6a1bc65ebd084804b011ae310ec0bfdc P de51cc6c36f2454eb0c420db5b85d0f7 [term 1 FOLLOWER]: Leader election won for term 1
I20260709 14:55:48.197315 21676 raft_consensus.cc:697] T 6a1bc65ebd084804b011ae310ec0bfdc P de51cc6c36f2454eb0c420db5b85d0f7 [term 1 LEADER]: Becoming Leader. State: Replica: de51cc6c36f2454eb0c420db5b85d0f7, State: Running, Role: LEADER
I20260709 14:55:48.199015 21656 tablet_bootstrap.cc:492] T a6a73e1ff34543db96bcd25dfcfcb032 P 110adce56f784366af8b93a8006f29b1: No bootstrap required, opened a new log
I20260709 14:55:48.199435 21656 ts_tablet_manager.cc:1403] T a6a73e1ff34543db96bcd25dfcfcb032 P 110adce56f784366af8b93a8006f29b1: Time spent bootstrapping tablet: real 0.197s	user 0.009s	sys 0.014s
I20260709 14:55:48.197937 21676 consensus_queue.cc:237] T 6a1bc65ebd084804b011ae310ec0bfdc P de51cc6c36f2454eb0c420db5b85d0f7 [LEADER]: Queue going to LEADER mode. State: All replicated index: 0, Majority replicated index: 0, Committed index: 0, Last appended: 0.0, Last appended by leader: 0, Current term: 1, Majority size: 2, State: 0, Mode: LEADER, active raft config: opid_index: -1 OBSOLETE_local: false peers { permanent_uuid: "de51cc6c36f2454eb0c420db5b85d0f7" member_type: VOTER last_known_addr { host: "127.19.227.193" port: 34365 } } peers { permanent_uuid: "5c83e05daac04e4687cee6e7d07baf7b" member_type: VOTER last_known_addr { host: "127.19.227.194" port: 38659 } } peers { permanent_uuid: "110adce56f784366af8b93a8006f29b1" member_type: VOTER last_known_addr { host: "127.19.227.195" port: 45823 } }
I20260709 14:55:48.211429 21506 leader_election.cc:304] T 6a1bc65ebd084804b011ae310ec0bfdc P 5c83e05daac04e4687cee6e7d07baf7b [CANDIDATE]: Term 1 election: Election decided. Result: candidate lost. Election summary: received 3 responses out of 3 voters: 1 yes votes; 2 no votes. yes voters: 5c83e05daac04e4687cee6e7d07baf7b; no voters: 110adce56f784366af8b93a8006f29b1, de51cc6c36f2454eb0c420db5b85d0f7
I20260709 14:55:48.212335 21788 raft_consensus.cc:2749] T 6a1bc65ebd084804b011ae310ec0bfdc P 5c83e05daac04e4687cee6e7d07baf7b [term 1 FOLLOWER]: Leader election lost for term 1. Reason: could not achieve majority
I20260709 14:55:48.226027 21659 tablet_bootstrap.cc:492] T db71a061b6c7402cad6953665dd51a92 P 5c83e05daac04e4687cee6e7d07baf7b: No bootstrap required, opened a new log
I20260709 14:55:48.226470 21659 ts_tablet_manager.cc:1403] T db71a061b6c7402cad6953665dd51a92 P 5c83e05daac04e4687cee6e7d07baf7b: Time spent bootstrapping tablet: real 0.147s	user 0.008s	sys 0.007s
I20260709 14:55:48.231411 21659 raft_consensus.cc:359] T db71a061b6c7402cad6953665dd51a92 P 5c83e05daac04e4687cee6e7d07baf7b [term 0 FOLLOWER]: Replica starting. Triggering 0 pending ops. Active config: opid_index: -1 OBSOLETE_local: false peers { permanent_uuid: "de51cc6c36f2454eb0c420db5b85d0f7" member_type: VOTER last_known_addr { host: "127.19.227.193" port: 34365 } } peers { permanent_uuid: "5c83e05daac04e4687cee6e7d07baf7b" member_type: VOTER last_known_addr { host: "127.19.227.194" port: 38659 } } peers { permanent_uuid: "110adce56f784366af8b93a8006f29b1" member_type: VOTER last_known_addr { host: "127.19.227.195" port: 45823 } }
I20260709 14:55:48.232053 21659 raft_consensus.cc:385] T db71a061b6c7402cad6953665dd51a92 P 5c83e05daac04e4687cee6e7d07baf7b [term 0 FOLLOWER]: Consensus starting up: Expiring failure detector timer to make a prompt election more likely
I20260709 14:55:48.232306 21659 raft_consensus.cc:740] T db71a061b6c7402cad6953665dd51a92 P 5c83e05daac04e4687cee6e7d07baf7b [term 0 FOLLOWER]: Becoming Follower/Learner. State: Replica: 5c83e05daac04e4687cee6e7d07baf7b, State: Initialized, Role: FOLLOWER
I20260709 14:55:48.232892 21659 consensus_queue.cc:260] T db71a061b6c7402cad6953665dd51a92 P 5c83e05daac04e4687cee6e7d07baf7b [NON_LEADER]: Queue going to NON_LEADER mode. State: All replicated index: 0, Majority replicated index: 0, Committed index: 0, Last appended: 0.0, Last appended by leader: 0, Current term: 0, Majority size: -1, State: 0, Mode: NON_LEADER, active raft config: opid_index: -1 OBSOLETE_local: false peers { permanent_uuid: "de51cc6c36f2454eb0c420db5b85d0f7" member_type: VOTER last_known_addr { host: "127.19.227.193" port: 34365 } } peers { permanent_uuid: "5c83e05daac04e4687cee6e7d07baf7b" member_type: VOTER last_known_addr { host: "127.19.227.194" port: 38659 } } peers { permanent_uuid: "110adce56f784366af8b93a8006f29b1" member_type: VOTER last_known_addr { host: "127.19.227.195" port: 45823 } }
I20260709 14:55:48.250062 21922 consensus_queue.cc:1048] T ce25d64fbcf84f8994925e58de18380e P de51cc6c36f2454eb0c420db5b85d0f7 [LEADER]: Connected to new peer: Peer: permanent_uuid: "110adce56f784366af8b93a8006f29b1" member_type: VOTER last_known_addr { host: "127.19.227.195" port: 45823 }, Status: LMP_MISMATCH, Last received: 0.0, Next index: 1, Last known committed idx: 0, Time since last communication: 0.008s
I20260709 14:55:48.367609 21656 raft_consensus.cc:359] T a6a73e1ff34543db96bcd25dfcfcb032 P 110adce56f784366af8b93a8006f29b1 [term 0 FOLLOWER]: Replica starting. Triggering 0 pending ops. Active config: opid_index: -1 OBSOLETE_local: false peers { permanent_uuid: "de51cc6c36f2454eb0c420db5b85d0f7" member_type: VOTER last_known_addr { host: "127.19.227.193" port: 34365 } } peers { permanent_uuid: "5c83e05daac04e4687cee6e7d07baf7b" member_type: VOTER last_known_addr { host: "127.19.227.194" port: 38659 } } peers { permanent_uuid: "110adce56f784366af8b93a8006f29b1" member_type: VOTER last_known_addr { host: "127.19.227.195" port: 45823 } }
I20260709 14:55:48.368455 21656 raft_consensus.cc:385] T a6a73e1ff34543db96bcd25dfcfcb032 P 110adce56f784366af8b93a8006f29b1 [term 0 FOLLOWER]: Consensus starting up: Expiring failure detector timer to make a prompt election more likely
I20260709 14:55:48.368746 21656 raft_consensus.cc:740] T a6a73e1ff34543db96bcd25dfcfcb032 P 110adce56f784366af8b93a8006f29b1 [term 0 FOLLOWER]: Becoming Follower/Learner. State: Replica: 110adce56f784366af8b93a8006f29b1, State: Initialized, Role: FOLLOWER
I20260709 14:55:48.468137 21707 raft_consensus.cc:493] T 108f744b5b584233b5f2c6505d02e639 P de51cc6c36f2454eb0c420db5b85d0f7 [term 0 FOLLOWER]: Starting pre-election (no leader contacted us within the election timeout)
I20260709 14:55:48.468632 21707 raft_consensus.cc:515] T 108f744b5b584233b5f2c6505d02e639 P de51cc6c36f2454eb0c420db5b85d0f7 [term 0 FOLLOWER]: Starting pre-election with config: opid_index: -1 OBSOLETE_local: false peers { permanent_uuid: "de51cc6c36f2454eb0c420db5b85d0f7" member_type: VOTER last_known_addr { host: "127.19.227.193" port: 34365 } } peers { permanent_uuid: "5c83e05daac04e4687cee6e7d07baf7b" member_type: VOTER last_known_addr { host: "127.19.227.194" port: 38659 } } peers { permanent_uuid: "110adce56f784366af8b93a8006f29b1" member_type: VOTER last_known_addr { host: "127.19.227.195" port: 45823 } }
I20260709 14:55:48.470470 21707 leader_election.cc:290] T 108f744b5b584233b5f2c6505d02e639 P de51cc6c36f2454eb0c420db5b85d0f7 [CANDIDATE]: Term 1 pre-election: Requested pre-vote from peers 5c83e05daac04e4687cee6e7d07baf7b (127.19.227.194:38659), 110adce56f784366af8b93a8006f29b1 (127.19.227.195:45823)
W20260709 14:55:48.478843 21925 log.cc:927] Time spent T c85364e2d1e84cdab4a39dbfa398f16d P 5c83e05daac04e4687cee6e7d07baf7b: Append to log took a long time: real 0.247s	user 0.004s	sys 0.010s
I20260709 14:55:48.473729 21362 catalog_manager.cc:5697] T 8d30542f6a5b4293a269b606db3d9ef2 P de51cc6c36f2454eb0c420db5b85d0f7 reported cstate change: term changed from 0 to 1, leader changed from <none> to de51cc6c36f2454eb0c420db5b85d0f7 (127.19.227.193). New cstate: current_term: 1 leader_uuid: "de51cc6c36f2454eb0c420db5b85d0f7" committed_config { opid_index: -1 OBSOLETE_local: false peers { permanent_uuid: "de51cc6c36f2454eb0c420db5b85d0f7" member_type: VOTER last_known_addr { host: "127.19.227.193" port: 34365 } health_report { overall_health: HEALTHY } } peers { permanent_uuid: "5c83e05daac04e4687cee6e7d07baf7b" member_type: VOTER last_known_addr { host: "127.19.227.194" port: 38659 } health_report { overall_health: UNKNOWN } } peers { permanent_uuid: "110adce56f784366af8b93a8006f29b1" member_type: VOTER last_known_addr { host: "127.19.227.195" port: 45823 } health_report { overall_health: UNKNOWN } } }
I20260709 14:55:48.483289 21362 catalog_manager.cc:5697] T 6a1bc65ebd084804b011ae310ec0bfdc P de51cc6c36f2454eb0c420db5b85d0f7 reported cstate change: term changed from 0 to 1, leader changed from <none> to de51cc6c36f2454eb0c420db5b85d0f7 (127.19.227.193). New cstate: current_term: 1 leader_uuid: "de51cc6c36f2454eb0c420db5b85d0f7" committed_config { opid_index: -1 OBSOLETE_local: false peers { permanent_uuid: "de51cc6c36f2454eb0c420db5b85d0f7" member_type: VOTER last_known_addr { host: "127.19.227.193" port: 34365 } health_report { overall_health: HEALTHY } } peers { permanent_uuid: "5c83e05daac04e4687cee6e7d07baf7b" member_type: VOTER last_known_addr { host: "127.19.227.194" port: 38659 } health_report { overall_health: UNKNOWN } } peers { permanent_uuid: "110adce56f784366af8b93a8006f29b1" member_type: VOTER last_known_addr { host: "127.19.227.195" port: 45823 } health_report { overall_health: UNKNOWN } } }
I20260709 14:55:48.486887 21789 raft_consensus.cc:493] T 951633b055ad4917bdc02cd395ec300b P 110adce56f784366af8b93a8006f29b1 [term 0 FOLLOWER]: Starting pre-election (no leader contacted us within the election timeout)
I20260709 14:55:48.503561 21656 consensus_queue.cc:260] T a6a73e1ff34543db96bcd25dfcfcb032 P 110adce56f784366af8b93a8006f29b1 [NON_LEADER]: Queue going to NON_LEADER mode. State: All replicated index: 0, Majority replicated index: 0, Committed index: 0, Last appended: 0.0, Last appended by leader: 0, Current term: 0, Majority size: -1, State: 0, Mode: NON_LEADER, active raft config: opid_index: -1 OBSOLETE_local: false peers { permanent_uuid: "de51cc6c36f2454eb0c420db5b85d0f7" member_type: VOTER last_known_addr { host: "127.19.227.193" port: 34365 } } peers { permanent_uuid: "5c83e05daac04e4687cee6e7d07baf7b" member_type: VOTER last_known_addr { host: "127.19.227.194" port: 38659 } } peers { permanent_uuid: "110adce56f784366af8b93a8006f29b1" member_type: VOTER last_known_addr { host: "127.19.227.195" port: 45823 } }
I20260709 14:55:48.505631 21656 ts_tablet_manager.cc:1434] T a6a73e1ff34543db96bcd25dfcfcb032 P 110adce56f784366af8b93a8006f29b1: Time spent starting tablet: real 0.306s	user 0.003s	sys 0.013s
I20260709 14:55:48.506352 21656 tablet_bootstrap.cc:492] T fa0c3b9ce6fd4c5d8b48a98690cc6e50 P 110adce56f784366af8b93a8006f29b1: Bootstrap starting.
I20260709 14:55:48.508821 21658 tablet_bootstrap.cc:492] T 89313eeb9f7f405fb55aab3b84a422bd P de51cc6c36f2454eb0c420db5b85d0f7: No bootstrap required, opened a new log
I20260709 14:55:48.509181 21658 ts_tablet_manager.cc:1403] T 89313eeb9f7f405fb55aab3b84a422bd P de51cc6c36f2454eb0c420db5b85d0f7: Time spent bootstrapping tablet: real 0.412s	user 0.015s	sys 0.025s
I20260709 14:55:48.502934 21789 raft_consensus.cc:515] T 951633b055ad4917bdc02cd395ec300b P 110adce56f784366af8b93a8006f29b1 [term 0 FOLLOWER]: Starting pre-election with config: opid_index: -1 OBSOLETE_local: false peers { permanent_uuid: "de51cc6c36f2454eb0c420db5b85d0f7" member_type: VOTER last_known_addr { host: "127.19.227.193" port: 34365 } } peers { permanent_uuid: "5c83e05daac04e4687cee6e7d07baf7b" member_type: VOTER last_known_addr { host: "127.19.227.194" port: 38659 } } peers { permanent_uuid: "110adce56f784366af8b93a8006f29b1" member_type: VOTER last_known_addr { host: "127.19.227.195" port: 45823 } }
I20260709 14:55:48.513669 21789 leader_election.cc:290] T 951633b055ad4917bdc02cd395ec300b P 110adce56f784366af8b93a8006f29b1 [CANDIDATE]: Term 1 pre-election: Requested pre-vote from peers de51cc6c36f2454eb0c420db5b85d0f7 (127.19.227.193:34365), 5c83e05daac04e4687cee6e7d07baf7b (127.19.227.194:38659)
I20260709 14:55:48.514448 21613 tablet_service.cc:1917] Received RequestConsensusVote() RPC: tablet_id: "108f744b5b584233b5f2c6505d02e639" candidate_uuid: "de51cc6c36f2454eb0c420db5b85d0f7" candidate_term: 1 candidate_status { last_received { term: 0 index: 0 } } ignore_live_leader: false dest_uuid: "110adce56f784366af8b93a8006f29b1" is_pre_election: true
I20260709 14:55:48.515115 21613 raft_consensus.cc:2468] T 108f744b5b584233b5f2c6505d02e639 P 110adce56f784366af8b93a8006f29b1 [term 0 FOLLOWER]: Leader pre-election vote request: Granting yes vote for candidate de51cc6c36f2454eb0c420db5b85d0f7 in term 0.
I20260709 14:55:48.519877 21658 raft_consensus.cc:359] T 89313eeb9f7f405fb55aab3b84a422bd P de51cc6c36f2454eb0c420db5b85d0f7 [term 0 FOLLOWER]: Replica starting. Triggering 0 pending ops. Active config: opid_index: -1 OBSOLETE_local: false peers { permanent_uuid: "de51cc6c36f2454eb0c420db5b85d0f7" member_type: VOTER last_known_addr { host: "127.19.227.193" port: 34365 } } peers { permanent_uuid: "5c83e05daac04e4687cee6e7d07baf7b" member_type: VOTER last_known_addr { host: "127.19.227.194" port: 38659 } } peers { permanent_uuid: "110adce56f784366af8b93a8006f29b1" member_type: VOTER last_known_addr { host: "127.19.227.195" port: 45823 } }
I20260709 14:55:48.520483 21431 leader_election.cc:304] T 108f744b5b584233b5f2c6505d02e639 P de51cc6c36f2454eb0c420db5b85d0f7 [CANDIDATE]: Term 1 pre-election: Election decided. Result: candidate won. Election summary: received 2 responses out of 3 voters: 2 yes votes; 0 no votes. yes voters: 110adce56f784366af8b93a8006f29b1, de51cc6c36f2454eb0c420db5b85d0f7; no voters: 
I20260709 14:55:48.521221 21676 raft_consensus.cc:2804] T 108f744b5b584233b5f2c6505d02e639 P de51cc6c36f2454eb0c420db5b85d0f7 [term 0 FOLLOWER]: Leader pre-election won for term 1
I20260709 14:55:48.520460 21658 raft_consensus.cc:385] T 89313eeb9f7f405fb55aab3b84a422bd P de51cc6c36f2454eb0c420db5b85d0f7 [term 0 FOLLOWER]: Consensus starting up: Expiring failure detector timer to make a prompt election more likely
I20260709 14:55:48.521601 21676 raft_consensus.cc:493] T 108f744b5b584233b5f2c6505d02e639 P de51cc6c36f2454eb0c420db5b85d0f7 [term 0 FOLLOWER]: Starting leader election (no leader contacted us within the election timeout)
I20260709 14:55:48.521811 21658 raft_consensus.cc:740] T 89313eeb9f7f405fb55aab3b84a422bd P de51cc6c36f2454eb0c420db5b85d0f7 [term 0 FOLLOWER]: Becoming Follower/Learner. State: Replica: de51cc6c36f2454eb0c420db5b85d0f7, State: Initialized, Role: FOLLOWER
I20260709 14:55:48.522009 21676 raft_consensus.cc:3060] T 108f744b5b584233b5f2c6505d02e639 P de51cc6c36f2454eb0c420db5b85d0f7 [term 0 FOLLOWER]: Advancing to term 1
I20260709 14:55:48.523012 21462 tablet_service.cc:1917] Received RequestConsensusVote() RPC: tablet_id: "951633b055ad4917bdc02cd395ec300b" candidate_uuid: "110adce56f784366af8b93a8006f29b1" candidate_term: 1 candidate_status { last_received { term: 0 index: 0 } } ignore_live_leader: false dest_uuid: "de51cc6c36f2454eb0c420db5b85d0f7" is_pre_election: true
I20260709 14:55:48.525422 21831 consensus_queue.cc:1048] T 1e8f64d078d34a25b518b987146f9aea P 110adce56f784366af8b93a8006f29b1 [LEADER]: Connected to new peer: Peer: permanent_uuid: "de51cc6c36f2454eb0c420db5b85d0f7" member_type: VOTER last_known_addr { host: "127.19.227.193" port: 34365 }, Status: LMP_MISMATCH, Last received: 0.0, Next index: 1, Last known committed idx: 0, Time since last communication: 0.000s
W20260709 14:55:48.527199 21581 leader_election.cc:343] T 951633b055ad4917bdc02cd395ec300b P 110adce56f784366af8b93a8006f29b1 [CANDIDATE]: Term 1 pre-election: Tablet error from VoteRequest() call to peer de51cc6c36f2454eb0c420db5b85d0f7 (127.19.227.193:34365): Illegal state: must be running to vote when last-logged opid is not known
I20260709 14:55:48.525421 21658 consensus_queue.cc:260] T 89313eeb9f7f405fb55aab3b84a422bd P de51cc6c36f2454eb0c420db5b85d0f7 [NON_LEADER]: Queue going to NON_LEADER mode. State: All replicated index: 0, Majority replicated index: 0, Committed index: 0, Last appended: 0.0, Last appended by leader: 0, Current term: 0, Majority size: -1, State: 0, Mode: NON_LEADER, active raft config: opid_index: -1 OBSOLETE_local: false peers { permanent_uuid: "de51cc6c36f2454eb0c420db5b85d0f7" member_type: VOTER last_known_addr { host: "127.19.227.193" port: 34365 } } peers { permanent_uuid: "5c83e05daac04e4687cee6e7d07baf7b" member_type: VOTER last_known_addr { host: "127.19.227.194" port: 38659 } } peers { permanent_uuid: "110adce56f784366af8b93a8006f29b1" member_type: VOTER last_known_addr { host: "127.19.227.195" port: 45823 } }
I20260709 14:55:48.529659 21658 ts_tablet_manager.cc:1434] T 89313eeb9f7f405fb55aab3b84a422bd P de51cc6c36f2454eb0c420db5b85d0f7: Time spent starting tablet: real 0.020s	user 0.004s	sys 0.002s
I20260709 14:55:48.530591 21658 tablet_bootstrap.cc:492] T c0a933b3772047d1b73c46fb52013655 P de51cc6c36f2454eb0c420db5b85d0f7: Bootstrap starting.
