I20260709 14:55:46.366379 21659 tablet_bootstrap.cc:492] T ca8ca0c9be6e457ea70b8fcffacae858 P 5c83e05daac04e4687cee6e7d07baf7b: Bootstrap starting.
I20260709 14:55:46.372252 21659 tablet_bootstrap.cc:654] T ca8ca0c9be6e457ea70b8fcffacae858 P 5c83e05daac04e4687cee6e7d07baf7b: Neither blocks nor log segments found. Creating new log.
I20260709 14:55:46.383894 21659 tablet_bootstrap.cc:492] T ca8ca0c9be6e457ea70b8fcffacae858 P 5c83e05daac04e4687cee6e7d07baf7b: No bootstrap required, opened a new log
I20260709 14:55:46.384388 21659 ts_tablet_manager.cc:1403] T ca8ca0c9be6e457ea70b8fcffacae858 P 5c83e05daac04e4687cee6e7d07baf7b: Time spent bootstrapping tablet: real 0.018s	user 0.005s	sys 0.012s
I20260709 14:55:46.386420 21712 raft_consensus.cc:493] T 1f991dfa654044c19b3da7e2d74612a7 P de51cc6c36f2454eb0c420db5b85d0f7 [term 0 FOLLOWER]: Starting pre-election (no leader contacted us within the election timeout)
I20260709 14:55:46.386587 21614 tablet_service.cc:1917] Received RequestConsensusVote() RPC: tablet_id: "26da7dd60f5b4ce4ba8b6a0ce5379a19" candidate_uuid: "de51cc6c36f2454eb0c420db5b85d0f7" candidate_term: 1 candidate_status { last_received { term: 0 index: 0 } } ignore_live_leader: false dest_uuid: "110adce56f784366af8b93a8006f29b1"
I20260709 14:55:46.387262 21614 raft_consensus.cc:3060] T 26da7dd60f5b4ce4ba8b6a0ce5379a19 P 110adce56f784366af8b93a8006f29b1 [term 0 FOLLOWER]: Advancing to term 1
W20260709 14:55:46.390693 21431 leader_election.cc:343] T 26da7dd60f5b4ce4ba8b6a0ce5379a19 P de51cc6c36f2454eb0c420db5b85d0f7 [CANDIDATE]: Term 1 election: Tablet error from VoteRequest() call to peer 5c83e05daac04e4687cee6e7d07baf7b (127.19.227.194:38659): Illegal state: must be running to vote when last-logged opid is not known
I20260709 14:55:46.394621 21614 raft_consensus.cc:2468] T 26da7dd60f5b4ce4ba8b6a0ce5379a19 P 110adce56f784366af8b93a8006f29b1 [term 1 FOLLOWER]: Leader election vote request: Granting yes vote for candidate de51cc6c36f2454eb0c420db5b85d0f7 in term 1.
I20260709 14:55:46.386960 21712 raft_consensus.cc:515] T 1f991dfa654044c19b3da7e2d74612a7 P de51cc6c36f2454eb0c420db5b85d0f7 [term 0 FOLLOWER]: Starting pre-election with config: opid_index: -1 OBSOLETE_local: false peers { permanent_uuid: "de51cc6c36f2454eb0c420db5b85d0f7" member_type: VOTER last_known_addr { host: "127.19.227.193" port: 34365 } } peers { permanent_uuid: "5c83e05daac04e4687cee6e7d07baf7b" member_type: VOTER last_known_addr { host: "127.19.227.194" port: 38659 } } peers { permanent_uuid: "110adce56f784366af8b93a8006f29b1" member_type: VOTER last_known_addr { host: "127.19.227.195" port: 45823 } }
I20260709 14:55:46.400871 21712 leader_election.cc:290] T 1f991dfa654044c19b3da7e2d74612a7 P de51cc6c36f2454eb0c420db5b85d0f7 [CANDIDATE]: Term 1 pre-election: Requested pre-vote from peers 5c83e05daac04e4687cee6e7d07baf7b (127.19.227.194:38659), 110adce56f784366af8b93a8006f29b1 (127.19.227.195:45823)
I20260709 14:55:46.396113 21659 raft_consensus.cc:359] T ca8ca0c9be6e457ea70b8fcffacae858 P 5c83e05daac04e4687cee6e7d07baf7b [term 0 FOLLOWER]: Replica starting. Triggering 0 pending ops. Active config: opid_index: -1 OBSOLETE_local: false peers { permanent_uuid: "de51cc6c36f2454eb0c420db5b85d0f7" member_type: VOTER last_known_addr { host: "127.19.227.193" port: 34365 } } peers { permanent_uuid: "5c83e05daac04e4687cee6e7d07baf7b" member_type: VOTER last_known_addr { host: "127.19.227.194" port: 38659 } } peers { permanent_uuid: "110adce56f784366af8b93a8006f29b1" member_type: VOTER last_known_addr { host: "127.19.227.195" port: 45823 } }
I20260709 14:55:46.401453 21659 raft_consensus.cc:385] T ca8ca0c9be6e457ea70b8fcffacae858 P 5c83e05daac04e4687cee6e7d07baf7b [term 0 FOLLOWER]: Consensus starting up: Expiring failure detector timer to make a prompt election more likely
I20260709 14:55:46.401788 21659 raft_consensus.cc:740] T ca8ca0c9be6e457ea70b8fcffacae858 P 5c83e05daac04e4687cee6e7d07baf7b [term 0 FOLLOWER]: Becoming Follower/Learner. State: Replica: 5c83e05daac04e4687cee6e7d07baf7b, State: Initialized, Role: FOLLOWER
I20260709 14:55:46.402578 21659 consensus_queue.cc:260] T ca8ca0c9be6e457ea70b8fcffacae858 P 5c83e05daac04e4687cee6e7d07baf7b [NON_LEADER]: Queue going to NON_LEADER mode. State: All replicated index: 0, Majority replicated index: 0, Committed index: 0, Last appended: 0.0, Last appended by leader: 0, Current term: 0, Majority size: -1, State: 0, Mode: NON_LEADER, active raft config: opid_index: -1 OBSOLETE_local: false peers { permanent_uuid: "de51cc6c36f2454eb0c420db5b85d0f7" member_type: VOTER last_known_addr { host: "127.19.227.193" port: 34365 } } peers { permanent_uuid: "5c83e05daac04e4687cee6e7d07baf7b" member_type: VOTER last_known_addr { host: "127.19.227.194" port: 38659 } } peers { permanent_uuid: "110adce56f784366af8b93a8006f29b1" member_type: VOTER last_known_addr { host: "127.19.227.195" port: 45823 } }
I20260709 14:55:46.406340 21659 ts_tablet_manager.cc:1434] T ca8ca0c9be6e457ea70b8fcffacae858 P 5c83e05daac04e4687cee6e7d07baf7b: Time spent starting tablet: real 0.022s	user 0.006s	sys 0.000s
I20260709 14:55:46.407261 21659 tablet_bootstrap.cc:492] T 26da7dd60f5b4ce4ba8b6a0ce5379a19 P 5c83e05daac04e4687cee6e7d07baf7b: Bootstrap starting.
I20260709 14:55:46.408865 21665 raft_consensus.cc:493] T 06a3b335bee34effbd03303abf474386 P 5c83e05daac04e4687cee6e7d07baf7b [term 0 FOLLOWER]: Starting pre-election (no leader contacted us within the election timeout)
I20260709 14:55:46.409344 21665 raft_consensus.cc:515] T 06a3b335bee34effbd03303abf474386 P 5c83e05daac04e4687cee6e7d07baf7b [term 0 FOLLOWER]: Starting pre-election with config: opid_index: -1 OBSOLETE_local: false peers { permanent_uuid: "de51cc6c36f2454eb0c420db5b85d0f7" member_type: VOTER last_known_addr { host: "127.19.227.193" port: 34365 } } peers { permanent_uuid: "5c83e05daac04e4687cee6e7d07baf7b" member_type: VOTER last_known_addr { host: "127.19.227.194" port: 38659 } } peers { permanent_uuid: "110adce56f784366af8b93a8006f29b1" member_type: VOTER last_known_addr { host: "127.19.227.195" port: 45823 } }
I20260709 14:55:46.411397 21665 leader_election.cc:290] T 06a3b335bee34effbd03303abf474386 P 5c83e05daac04e4687cee6e7d07baf7b [CANDIDATE]: Term 1 pre-election: Requested pre-vote from peers de51cc6c36f2454eb0c420db5b85d0f7 (127.19.227.193:34365), 110adce56f784366af8b93a8006f29b1 (127.19.227.195:45823)
I20260709 14:55:46.412818 21614 tablet_service.cc:1917] Received RequestConsensusVote() RPC: tablet_id: "06a3b335bee34effbd03303abf474386" candidate_uuid: "5c83e05daac04e4687cee6e7d07baf7b" candidate_term: 1 candidate_status { last_received { term: 0 index: 0 } } ignore_live_leader: false dest_uuid: "110adce56f784366af8b93a8006f29b1" is_pre_election: true
I20260709 14:55:46.413625 21614 raft_consensus.cc:2393] T 06a3b335bee34effbd03303abf474386 P 110adce56f784366af8b93a8006f29b1 [term 1 FOLLOWER]: Leader pre-election vote request: Denying vote to candidate 5c83e05daac04e4687cee6e7d07baf7b in current term 1: Already voted for candidate de51cc6c36f2454eb0c420db5b85d0f7 in this term.
I20260709 14:55:46.412819 21462 tablet_service.cc:1917] Received RequestConsensusVote() RPC: tablet_id: "06a3b335bee34effbd03303abf474386" candidate_uuid: "5c83e05daac04e4687cee6e7d07baf7b" candidate_term: 1 candidate_status { last_received { term: 0 index: 0 } } ignore_live_leader: false dest_uuid: "de51cc6c36f2454eb0c420db5b85d0f7" is_pre_election: true
I20260709 14:55:46.416687 21507 leader_election.cc:304] T 06a3b335bee34effbd03303abf474386 P 5c83e05daac04e4687cee6e7d07baf7b [CANDIDATE]: Term 1 pre-election: Election decided. Result: candidate lost. Election summary: received 3 responses out of 3 voters: 1 yes votes; 2 no votes. yes voters: 5c83e05daac04e4687cee6e7d07baf7b; no voters: 110adce56f784366af8b93a8006f29b1, de51cc6c36f2454eb0c420db5b85d0f7
I20260709 14:55:46.417758 21665 raft_consensus.cc:3060] T 06a3b335bee34effbd03303abf474386 P 5c83e05daac04e4687cee6e7d07baf7b [term 0 FOLLOWER]: Advancing to term 1
I20260709 14:55:46.421438 21706 raft_consensus.cc:493] T ca8ca0c9be6e457ea70b8fcffacae858 P 5c83e05daac04e4687cee6e7d07baf7b [term 0 FOLLOWER]: Starting pre-election (no leader contacted us within the election timeout)
I20260709 14:55:46.421907 21706 raft_consensus.cc:515] T ca8ca0c9be6e457ea70b8fcffacae858 P 5c83e05daac04e4687cee6e7d07baf7b [term 0 FOLLOWER]: Starting pre-election with config: opid_index: -1 OBSOLETE_local: false peers { permanent_uuid: "de51cc6c36f2454eb0c420db5b85d0f7" member_type: VOTER last_known_addr { host: "127.19.227.193" port: 34365 } } peers { permanent_uuid: "5c83e05daac04e4687cee6e7d07baf7b" member_type: VOTER last_known_addr { host: "127.19.227.194" port: 38659 } } peers { permanent_uuid: "110adce56f784366af8b93a8006f29b1" member_type: VOTER last_known_addr { host: "127.19.227.195" port: 45823 } }
I20260709 14:55:46.423941 21706 leader_election.cc:290] T ca8ca0c9be6e457ea70b8fcffacae858 P 5c83e05daac04e4687cee6e7d07baf7b [CANDIDATE]: Term 1 pre-election: Requested pre-vote from peers de51cc6c36f2454eb0c420db5b85d0f7 (127.19.227.193:34365), 110adce56f784366af8b93a8006f29b1 (127.19.227.195:45823)
I20260709 14:55:46.425382 21665 raft_consensus.cc:2749] T 06a3b335bee34effbd03303abf474386 P 5c83e05daac04e4687cee6e7d07baf7b [term 1 FOLLOWER]: Leader pre-election lost for term 1. Reason: could not achieve majority
I20260709 14:55:46.425814 21614 tablet_service.cc:1917] Received RequestConsensusVote() RPC: tablet_id: "ca8ca0c9be6e457ea70b8fcffacae858" candidate_uuid: "5c83e05daac04e4687cee6e7d07baf7b" candidate_term: 1 candidate_status { last_received { term: 0 index: 0 } } ignore_live_leader: false dest_uuid: "110adce56f784366af8b93a8006f29b1" is_pre_election: true
I20260709 14:55:46.417734 21659 tablet_bootstrap.cc:654] T 26da7dd60f5b4ce4ba8b6a0ce5379a19 P 5c83e05daac04e4687cee6e7d07baf7b: Neither blocks nor log segments found. Creating new log.
I20260709 14:55:46.426462 21614 raft_consensus.cc:2468] T ca8ca0c9be6e457ea70b8fcffacae858 P 110adce56f784366af8b93a8006f29b1 [term 0 FOLLOWER]: Leader pre-election vote request: Granting yes vote for candidate 5c83e05daac04e4687cee6e7d07baf7b in term 0.
I20260709 14:55:46.427907 21506 leader_election.cc:304] T ca8ca0c9be6e457ea70b8fcffacae858 P 5c83e05daac04e4687cee6e7d07baf7b [CANDIDATE]: Term 1 pre-election: Election decided. Result: candidate won. Election summary: received 2 responses out of 3 voters: 2 yes votes; 0 no votes. yes voters: 110adce56f784366af8b93a8006f29b1, 5c83e05daac04e4687cee6e7d07baf7b; no voters: 
I20260709 14:55:46.429287 21665 raft_consensus.cc:2804] T ca8ca0c9be6e457ea70b8fcffacae858 P 5c83e05daac04e4687cee6e7d07baf7b [term 0 FOLLOWER]: Leader pre-election won for term 1
I20260709 14:55:46.429670 21665 raft_consensus.cc:493] T ca8ca0c9be6e457ea70b8fcffacae858 P 5c83e05daac04e4687cee6e7d07baf7b [term 0 FOLLOWER]: Starting leader election (no leader contacted us within the election timeout)
I20260709 14:55:46.430060 21665 raft_consensus.cc:3060] T ca8ca0c9be6e457ea70b8fcffacae858 P 5c83e05daac04e4687cee6e7d07baf7b [term 0 FOLLOWER]: Advancing to term 1
I20260709 14:55:46.444046 21614 tablet_service.cc:1917] Received RequestConsensusVote() RPC: tablet_id: "1f991dfa654044c19b3da7e2d74612a7" candidate_uuid: "de51cc6c36f2454eb0c420db5b85d0f7" candidate_term: 1 candidate_status { last_received { term: 0 index: 0 } } ignore_live_leader: false dest_uuid: "110adce56f784366af8b93a8006f29b1" is_pre_election: true
I20260709 14:55:46.444835 21614 raft_consensus.cc:2468] T 1f991dfa654044c19b3da7e2d74612a7 P 110adce56f784366af8b93a8006f29b1 [term 0 FOLLOWER]: Leader pre-election vote request: Granting yes vote for candidate de51cc6c36f2454eb0c420db5b85d0f7 in term 0.
I20260709 14:55:46.450989 21540 tablet_service.cc:1917] Received RequestConsensusVote() RPC: tablet_id: "1f991dfa654044c19b3da7e2d74612a7" candidate_uuid: "de51cc6c36f2454eb0c420db5b85d0f7" candidate_term: 1 candidate_status { last_received { term: 0 index: 0 } } ignore_live_leader: false dest_uuid: "5c83e05daac04e4687cee6e7d07baf7b" is_pre_election: true
I20260709 14:55:46.452370 21712 raft_consensus.cc:493] T 77f9841fb27644c9884b43690121b26e P de51cc6c36f2454eb0c420db5b85d0f7 [term 0 FOLLOWER]: Starting pre-election (no leader contacted us within the election timeout)
I20260709 14:55:46.452895 21712 raft_consensus.cc:515] T 77f9841fb27644c9884b43690121b26e P de51cc6c36f2454eb0c420db5b85d0f7 [term 0 FOLLOWER]: Starting pre-election with config: opid_index: -1 OBSOLETE_local: false peers { permanent_uuid: "de51cc6c36f2454eb0c420db5b85d0f7" member_type: VOTER last_known_addr { host: "127.19.227.193" port: 34365 } } peers { permanent_uuid: "5c83e05daac04e4687cee6e7d07baf7b" member_type: VOTER last_known_addr { host: "127.19.227.194" port: 38659 } } peers { permanent_uuid: "110adce56f784366af8b93a8006f29b1" member_type: VOTER last_known_addr { host: "127.19.227.195" port: 45823 } }
I20260709 14:55:46.461676 21462 tablet_service.cc:1917] Received RequestConsensusVote() RPC: tablet_id: "ca8ca0c9be6e457ea70b8fcffacae858" candidate_uuid: "5c83e05daac04e4687cee6e7d07baf7b" candidate_term: 1 candidate_status { last_received { term: 0 index: 0 } } ignore_live_leader: false dest_uuid: "de51cc6c36f2454eb0c420db5b85d0f7" is_pre_election: true
I20260709 14:55:46.463253 21431 leader_election.cc:304] T 26da7dd60f5b4ce4ba8b6a0ce5379a19 P de51cc6c36f2454eb0c420db5b85d0f7 [CANDIDATE]: Term 1 election: Election decided. Result: candidate won. Election summary: received 3 responses out of 3 voters: 2 yes votes; 1 no votes. yes voters: 110adce56f784366af8b93a8006f29b1, de51cc6c36f2454eb0c420db5b85d0f7; no voters: 5c83e05daac04e4687cee6e7d07baf7b
W20260709 14:55:46.463267 21507 leader_election.cc:343] T ca8ca0c9be6e457ea70b8fcffacae858 P 5c83e05daac04e4687cee6e7d07baf7b [CANDIDATE]: Term 1 pre-election: Tablet error from VoteRequest() call to peer de51cc6c36f2454eb0c420db5b85d0f7 (127.19.227.193:34365): Illegal state: must be running to vote when last-logged opid is not known
I20260709 14:55:46.464628 21431 leader_election.cc:304] T 1f991dfa654044c19b3da7e2d74612a7 P de51cc6c36f2454eb0c420db5b85d0f7 [CANDIDATE]: Term 1 pre-election: Election decided. Result: candidate won. Election summary: received 2 responses out of 3 voters: 2 yes votes; 0 no votes. yes voters: 110adce56f784366af8b93a8006f29b1, de51cc6c36f2454eb0c420db5b85d0f7; no voters: 
I20260709 14:55:46.465524 21677 raft_consensus.cc:2804] T 26da7dd60f5b4ce4ba8b6a0ce5379a19 P de51cc6c36f2454eb0c420db5b85d0f7 [term 1 FOLLOWER]: Leader election won for term 1
I20260709 14:55:46.466044 21677 raft_consensus.cc:697] T 26da7dd60f5b4ce4ba8b6a0ce5379a19 P de51cc6c36f2454eb0c420db5b85d0f7 [term 1 LEADER]: Becoming Leader. State: Replica: de51cc6c36f2454eb0c420db5b85d0f7, State: Running, Role: LEADER
W20260709 14:55:46.460193 21824 log.cc:927] Time spent T e02aaa5a9ce24b3da0d7a4a589ad37d7 P de51cc6c36f2454eb0c420db5b85d0f7: Append to log took a long time: real 0.064s	user 0.001s	sys 0.000s
I20260709 14:55:46.466952 21677 consensus_queue.cc:237] T 26da7dd60f5b4ce4ba8b6a0ce5379a19 P de51cc6c36f2454eb0c420db5b85d0f7 [LEADER]: Queue going to LEADER mode. State: All replicated index: 0, Majority replicated index: 0, Committed index: 0, Last appended: 0.0, Last appended by leader: 0, Current term: 1, Majority size: 2, State: 0, Mode: LEADER, active raft config: opid_index: -1 OBSOLETE_local: false peers { permanent_uuid: "de51cc6c36f2454eb0c420db5b85d0f7" member_type: VOTER last_known_addr { host: "127.19.227.193" port: 34365 } } peers { permanent_uuid: "5c83e05daac04e4687cee6e7d07baf7b" member_type: VOTER last_known_addr { host: "127.19.227.194" port: 38659 } } peers { permanent_uuid: "110adce56f784366af8b93a8006f29b1" member_type: VOTER last_known_addr { host: "127.19.227.195" port: 45823 } }
I20260709 14:55:46.468873 21676 raft_consensus.cc:2804] T 1f991dfa654044c19b3da7e2d74612a7 P de51cc6c36f2454eb0c420db5b85d0f7 [term 0 FOLLOWER]: Leader pre-election won for term 1
I20260709 14:55:46.469285 21676 raft_consensus.cc:493] T 1f991dfa654044c19b3da7e2d74612a7 P de51cc6c36f2454eb0c420db5b85d0f7 [term 0 FOLLOWER]: Starting leader election (no leader contacted us within the election timeout)
I20260709 14:55:46.469623 21676 raft_consensus.cc:3060] T 1f991dfa654044c19b3da7e2d74612a7 P de51cc6c36f2454eb0c420db5b85d0f7 [term 0 FOLLOWER]: Advancing to term 1
I20260709 14:55:46.479995 21706 raft_consensus.cc:493] T 592bf80cbb5c460eba8eca2fb6a894d3 P 5c83e05daac04e4687cee6e7d07baf7b [term 0 FOLLOWER]: Starting pre-election (no leader contacted us within the election timeout)
I20260709 14:55:46.465092 21712 leader_election.cc:290] T 77f9841fb27644c9884b43690121b26e P de51cc6c36f2454eb0c420db5b85d0f7 [CANDIDATE]: Term 1 pre-election: Requested pre-vote from peers 5c83e05daac04e4687cee6e7d07baf7b (127.19.227.194:38659), 110adce56f784366af8b93a8006f29b1 (127.19.227.195:45823)
I20260709 14:55:46.480943 21706 raft_consensus.cc:515] T 592bf80cbb5c460eba8eca2fb6a894d3 P 5c83e05daac04e4687cee6e7d07baf7b [term 0 FOLLOWER]: Starting pre-election with config: opid_index: -1 OBSOLETE_local: false peers { permanent_uuid: "de51cc6c36f2454eb0c420db5b85d0f7" member_type: VOTER last_known_addr { host: "127.19.227.193" port: 34365 } } peers { permanent_uuid: "5c83e05daac04e4687cee6e7d07baf7b" member_type: VOTER last_known_addr { host: "127.19.227.194" port: 38659 } } peers { permanent_uuid: "110adce56f784366af8b93a8006f29b1" member_type: VOTER last_known_addr { host: "127.19.227.195" port: 45823 } }
I20260709 14:55:46.478513 21707 raft_consensus.cc:493] T 370e23a5a6094354a149d1be6ef343eb P de51cc6c36f2454eb0c420db5b85d0f7 [term 0 FOLLOWER]: Starting pre-election (no leader contacted us within the election timeout)
I20260709 14:55:46.479334 21540 tablet_service.cc:1917] Received RequestConsensusVote() RPC: tablet_id: "77f9841fb27644c9884b43690121b26e" candidate_uuid: "de51cc6c36f2454eb0c420db5b85d0f7" candidate_term: 1 candidate_status { last_received { term: 0 index: 0 } } ignore_live_leader: false dest_uuid: "5c83e05daac04e4687cee6e7d07baf7b" is_pre_election: true
I20260709 14:55:46.485574 21658 tablet_bootstrap.cc:492] T 592bf80cbb5c460eba8eca2fb6a894d3 P de51cc6c36f2454eb0c420db5b85d0f7: No bootstrap required, opened a new log
I20260709 14:55:46.486123 21658 ts_tablet_manager.cc:1403] T 592bf80cbb5c460eba8eca2fb6a894d3 P de51cc6c36f2454eb0c420db5b85d0f7: Time spent bootstrapping tablet: real 0.225s	user 0.068s	sys 0.088s
I20260709 14:55:46.484084 21614 tablet_service.cc:1917] Received RequestConsensusVote() RPC: tablet_id: "77f9841fb27644c9884b43690121b26e" candidate_uuid: "de51cc6c36f2454eb0c420db5b85d0f7" candidate_term: 1 candidate_status { last_received { term: 0 index: 0 } } ignore_live_leader: false dest_uuid: "110adce56f784366af8b93a8006f29b1" is_pre_election: true
I20260709 14:55:46.491362 21616 tablet_service.cc:1917] Received RequestConsensusVote() RPC: tablet_id: "592bf80cbb5c460eba8eca2fb6a894d3" candidate_uuid: "5c83e05daac04e4687cee6e7d07baf7b" candidate_term: 1 candidate_status { last_received { term: 0 index: 0 } } ignore_live_leader: false dest_uuid: "110adce56f784366af8b93a8006f29b1" is_pre_election: true
I20260709 14:55:46.492007 21616 raft_consensus.cc:2468] T 592bf80cbb5c460eba8eca2fb6a894d3 P 110adce56f784366af8b93a8006f29b1 [term 0 FOLLOWER]: Leader pre-election vote request: Granting yes vote for candidate 5c83e05daac04e4687cee6e7d07baf7b in term 0.
I20260709 14:55:46.492377 21656 tablet_bootstrap.cc:492] T e89336d48e494bfc82aab02111741c7e P 110adce56f784366af8b93a8006f29b1: No bootstrap required, opened a new log
I20260709 14:55:46.492589 21614 raft_consensus.cc:2468] T 77f9841fb27644c9884b43690121b26e P 110adce56f784366af8b93a8006f29b1 [term 0 FOLLOWER]: Leader pre-election vote request: Granting yes vote for candidate de51cc6c36f2454eb0c420db5b85d0f7 in term 0.
I20260709 14:55:46.492901 21656 ts_tablet_manager.cc:1403] T e89336d48e494bfc82aab02111741c7e P 110adce56f784366af8b93a8006f29b1: Time spent bootstrapping tablet: real 0.227s	user 0.077s	sys 0.111s
I20260709 14:55:46.486625 21707 raft_consensus.cc:515] T 370e23a5a6094354a149d1be6ef343eb P de51cc6c36f2454eb0c420db5b85d0f7 [term 0 FOLLOWER]: Starting pre-election with config: opid_index: -1 OBSOLETE_local: false peers { permanent_uuid: "de51cc6c36f2454eb0c420db5b85d0f7" member_type: VOTER last_known_addr { host: "127.19.227.193" port: 34365 } } peers { permanent_uuid: "5c83e05daac04e4687cee6e7d07baf7b" member_type: VOTER last_known_addr { host: "127.19.227.194" port: 38659 } } peers { permanent_uuid: "110adce56f784366af8b93a8006f29b1" member_type: VOTER last_known_addr { host: "127.19.227.195" port: 45823 } }
I20260709 14:55:46.497440 21656 raft_consensus.cc:359] T e89336d48e494bfc82aab02111741c7e P 110adce56f784366af8b93a8006f29b1 [term 0 FOLLOWER]: Replica starting. Triggering 0 pending ops. Active config: opid_index: -1 OBSOLETE_local: false peers { permanent_uuid: "de51cc6c36f2454eb0c420db5b85d0f7" member_type: VOTER last_known_addr { host: "127.19.227.193" port: 34365 } } peers { permanent_uuid: "5c83e05daac04e4687cee6e7d07baf7b" member_type: VOTER last_known_addr { host: "127.19.227.194" port: 38659 } } peers { permanent_uuid: "110adce56f784366af8b93a8006f29b1" member_type: VOTER last_known_addr { host: "127.19.227.195" port: 45823 } }
I20260709 14:55:46.499034 21656 raft_consensus.cc:385] T e89336d48e494bfc82aab02111741c7e P 110adce56f784366af8b93a8006f29b1 [term 0 FOLLOWER]: Consensus starting up: Expiring failure detector timer to make a prompt election more likely
I20260709 14:55:46.499343 21656 raft_consensus.cc:740] T e89336d48e494bfc82aab02111741c7e P 110adce56f784366af8b93a8006f29b1 [term 0 FOLLOWER]: Becoming Follower/Learner. State: Replica: 110adce56f784366af8b93a8006f29b1, State: Initialized, Role: FOLLOWER
I20260709 14:55:46.494994 21659 tablet_bootstrap.cc:492] T 26da7dd60f5b4ce4ba8b6a0ce5379a19 P 5c83e05daac04e4687cee6e7d07baf7b: No bootstrap required, opened a new log
I20260709 14:55:46.495198 21506 leader_election.cc:304] T 592bf80cbb5c460eba8eca2fb6a894d3 P 5c83e05daac04e4687cee6e7d07baf7b [CANDIDATE]: Term 1 pre-election: Election decided. Result: candidate won. Election summary: received 2 responses out of 3 voters: 2 yes votes; 0 no votes. yes voters: 110adce56f784366af8b93a8006f29b1, 5c83e05daac04e4687cee6e7d07baf7b; no voters: 
I20260709 14:55:46.500097 21659 ts_tablet_manager.cc:1403] T 26da7dd60f5b4ce4ba8b6a0ce5379a19 P 5c83e05daac04e4687cee6e7d07baf7b: Time spent bootstrapping tablet: real 0.093s	user 0.013s	sys 0.006s
I20260709 14:55:46.499974 21656 consensus_queue.cc:260] T e89336d48e494bfc82aab02111741c7e P 110adce56f784366af8b93a8006f29b1 [NON_LEADER]: Queue going to NON_LEADER mode. State: All replicated index: 0, Majority replicated index: 0, Committed index: 0, Last appended: 0.0, Last appended by leader: 0, Current term: 0, Majority size: -1, State: 0, Mode: NON_LEADER, active raft config: opid_index: -1 OBSOLETE_local: false peers { permanent_uuid: "de51cc6c36f2454eb0c420db5b85d0f7" member_type: VOTER last_known_addr { host: "127.19.227.193" port: 34365 } } peers { permanent_uuid: "5c83e05daac04e4687cee6e7d07baf7b" member_type: VOTER last_known_addr { host: "127.19.227.194" port: 38659 } } peers { permanent_uuid: "110adce56f784366af8b93a8006f29b1" member_type: VOTER last_known_addr { host: "127.19.227.195" port: 45823 } }
I20260709 14:55:46.489746 21676 raft_consensus.cc:515] T 1f991dfa654044c19b3da7e2d74612a7 P de51cc6c36f2454eb0c420db5b85d0f7 [term 1 FOLLOWER]: Starting leader election with config: opid_index: -1 OBSOLETE_local: false peers { permanent_uuid: "de51cc6c36f2454eb0c420db5b85d0f7" member_type: VOTER last_known_addr { host: "127.19.227.193" port: 34365 } } peers { permanent_uuid: "5c83e05daac04e4687cee6e7d07baf7b" member_type: VOTER last_known_addr { host: "127.19.227.194" port: 38659 } } peers { permanent_uuid: "110adce56f784366af8b93a8006f29b1" member_type: VOTER last_known_addr { host: "127.19.227.195" port: 45823 } }
I20260709 14:55:46.499536 21707 leader_election.cc:290] T 370e23a5a6094354a149d1be6ef343eb P de51cc6c36f2454eb0c420db5b85d0f7 [CANDIDATE]: Term 1 pre-election: Requested pre-vote from peers 5c83e05daac04e4687cee6e7d07baf7b (127.19.227.194:38659), 110adce56f784366af8b93a8006f29b1 (127.19.227.195:45823)
I20260709 14:55:46.496258 21462 tablet_service.cc:1917] Received RequestConsensusVote() RPC: tablet_id: "592bf80cbb5c460eba8eca2fb6a894d3" candidate_uuid: "5c83e05daac04e4687cee6e7d07baf7b" candidate_term: 1 candidate_status { last_received { term: 0 index: 0 } } ignore_live_leader: false dest_uuid: "de51cc6c36f2454eb0c420db5b85d0f7" is_pre_election: true
I20260709 14:55:46.501185 21772 raft_consensus.cc:2804] T 592bf80cbb5c460eba8eca2fb6a894d3 P 5c83e05daac04e4687cee6e7d07baf7b [term 0 FOLLOWER]: Leader pre-election won for term 1
I20260709 14:55:46.509568 21656 ts_tablet_manager.cc:1434] T e89336d48e494bfc82aab02111741c7e P 110adce56f784366af8b93a8006f29b1: Time spent starting tablet: real 0.016s	user 0.004s	sys 0.002s
I20260709 14:55:46.510594 21656 tablet_bootstrap.cc:492] T 38f159061ca44fe09927f8c2f9bf16b6 P 110adce56f784366af8b93a8006f29b1: Bootstrap starting.
I20260709 14:55:46.509732 21772 raft_consensus.cc:493] T 592bf80cbb5c460eba8eca2fb6a894d3 P 5c83e05daac04e4687cee6e7d07baf7b [term 0 FOLLOWER]: Starting leader election (no leader contacted us within the election timeout)
I20260709 14:55:46.511816 21772 raft_consensus.cc:3060] T 592bf80cbb5c460eba8eca2fb6a894d3 P 5c83e05daac04e4687cee6e7d07baf7b [term 0 FOLLOWER]: Advancing to term 1
I20260709 14:55:46.487247 21540 raft_consensus.cc:2468] T 77f9841fb27644c9884b43690121b26e P 5c83e05daac04e4687cee6e7d07baf7b [term 0 FOLLOWER]: Leader pre-election vote request: Granting yes vote for candidate de51cc6c36f2454eb0c420db5b85d0f7 in term 0.
I20260709 14:55:46.500931 21706 leader_election.cc:290] T 592bf80cbb5c460eba8eca2fb6a894d3 P 5c83e05daac04e4687cee6e7d07baf7b [CANDIDATE]: Term 1 pre-election: Requested pre-vote from peers de51cc6c36f2454eb0c420db5b85d0f7 (127.19.227.193:34365), 110adce56f784366af8b93a8006f29b1 (127.19.227.195:45823)
W20260709 14:55:46.518463 21413 auto_rebalancer.cc:288] Could not retrieve cluster info: Service unavailable: Tablet not running
I20260709 14:55:46.525715 21772 raft_consensus.cc:515] T 592bf80cbb5c460eba8eca2fb6a894d3 P 5c83e05daac04e4687cee6e7d07baf7b [term 1 FOLLOWER]: Starting leader election with config: opid_index: -1 OBSOLETE_local: false peers { permanent_uuid: "de51cc6c36f2454eb0c420db5b85d0f7" member_type: VOTER last_known_addr { host: "127.19.227.193" port: 34365 } } peers { permanent_uuid: "5c83e05daac04e4687cee6e7d07baf7b" member_type: VOTER last_known_addr { host: "127.19.227.194" port: 38659 } } peers { permanent_uuid: "110adce56f784366af8b93a8006f29b1" member_type: VOTER last_known_addr { host: "127.19.227.195" port: 45823 } }
W20260709 14:55:46.506060 21431 leader_election.cc:343] T 1f991dfa654044c19b3da7e2d74612a7 P de51cc6c36f2454eb0c420db5b85d0f7 [CANDIDATE]: Term 1 pre-election: Tablet error from VoteRequest() call to peer 5c83e05daac04e4687cee6e7d07baf7b (127.19.227.194:38659): Illegal state: must be running to vote when last-logged opid is not known
I20260709 14:55:46.531147 21788 raft_consensus.cc:493] T 026baff79acf4307b6563b69f90d0b78 P 5c83e05daac04e4687cee6e7d07baf7b [term 0 FOLLOWER]: Starting pre-election (no leader contacted us within the election timeout)
I20260709 14:55:46.531757 21676 leader_election.cc:290] T 1f991dfa654044c19b3da7e2d74612a7 P de51cc6c36f2454eb0c420db5b85d0f7 [CANDIDATE]: Term 1 election: Requested vote from peers 5c83e05daac04e4687cee6e7d07baf7b (127.19.227.194:38659), 110adce56f784366af8b93a8006f29b1 (127.19.227.195:45823)
I20260709 14:55:46.531648 21788 raft_consensus.cc:515] T 026baff79acf4307b6563b69f90d0b78 P 5c83e05daac04e4687cee6e7d07baf7b [term 0 FOLLOWER]: Starting pre-election with config: opid_index: -1 OBSOLETE_local: false peers { permanent_uuid: "de51cc6c36f2454eb0c420db5b85d0f7" member_type: VOTER last_known_addr { host: "127.19.227.193" port: 34365 } } peers { permanent_uuid: "5c83e05daac04e4687cee6e7d07baf7b" member_type: VOTER last_known_addr { host: "127.19.227.194" port: 38659 } } peers { permanent_uuid: "110adce56f784366af8b93a8006f29b1" member_type: VOTER last_known_addr { host: "127.19.227.195" port: 45823 } }
I20260709 14:55:46.535585 21658 raft_consensus.cc:359] T 592bf80cbb5c460eba8eca2fb6a894d3 P de51cc6c36f2454eb0c420db5b85d0f7 [term 0 FOLLOWER]: Replica starting. Triggering 0 pending ops. Active config: opid_index: -1 OBSOLETE_local: false peers { permanent_uuid: "de51cc6c36f2454eb0c420db5b85d0f7" member_type: VOTER last_known_addr { host: "127.19.227.193" port: 34365 } } peers { permanent_uuid: "5c83e05daac04e4687cee6e7d07baf7b" member_type: VOTER last_known_addr { host: "127.19.227.194" port: 38659 } } peers { permanent_uuid: "110adce56f784366af8b93a8006f29b1" member_type: VOTER last_known_addr { host: "127.19.227.195" port: 45823 } }
I20260709 14:55:46.536376 21658 raft_consensus.cc:385] T 592bf80cbb5c460eba8eca2fb6a894d3 P de51cc6c36f2454eb0c420db5b85d0f7 [term 0 FOLLOWER]: Consensus starting up: Expiring failure detector timer to make a prompt election more likely
I20260709 14:55:46.541994 21658 raft_consensus.cc:740] T 592bf80cbb5c460eba8eca2fb6a894d3 P de51cc6c36f2454eb0c420db5b85d0f7 [term 0 FOLLOWER]: Becoming Follower/Learner. State: Replica: de51cc6c36f2454eb0c420db5b85d0f7, State: Initialized, Role: FOLLOWER
I20260709 14:55:46.542501 21615 tablet_service.cc:1917] Received RequestConsensusVote() RPC: tablet_id: "1f991dfa654044c19b3da7e2d74612a7" candidate_uuid: "de51cc6c36f2454eb0c420db5b85d0f7" candidate_term: 1 candidate_status { last_received { term: 0 index: 0 } } ignore_live_leader: false dest_uuid: "110adce56f784366af8b93a8006f29b1"
I20260709 14:55:46.543087 21615 raft_consensus.cc:3060] T 1f991dfa654044c19b3da7e2d74612a7 P 110adce56f784366af8b93a8006f29b1 [term 0 FOLLOWER]: Advancing to term 1
I20260709 14:55:46.543357 21788 leader_election.cc:290] T 026baff79acf4307b6563b69f90d0b78 P 5c83e05daac04e4687cee6e7d07baf7b [CANDIDATE]: Term 1 pre-election: Requested pre-vote from peers de51cc6c36f2454eb0c420db5b85d0f7 (127.19.227.193:34365), 110adce56f784366af8b93a8006f29b1 (127.19.227.195:45823)
I20260709 14:55:46.539302 21431 leader_election.cc:304] T 77f9841fb27644c9884b43690121b26e P de51cc6c36f2454eb0c420db5b85d0f7 [CANDIDATE]: Term 1 pre-election: Election decided. Result: candidate won. Election summary: received 2 responses out of 3 voters: 2 yes votes; 0 no votes. yes voters: 110adce56f784366af8b93a8006f29b1, de51cc6c36f2454eb0c420db5b85d0f7; no voters: 
I20260709 14:55:46.540107 21614 tablet_service.cc:1917] Received RequestConsensusVote() RPC: tablet_id: "370e23a5a6094354a149d1be6ef343eb" candidate_uuid: "de51cc6c36f2454eb0c420db5b85d0f7" candidate_term: 1 candidate_status { last_received { term: 0 index: 0 } } ignore_live_leader: false dest_uuid: "110adce56f784366af8b93a8006f29b1" is_pre_election: true
I20260709 14:55:46.543972 21616 tablet_service.cc:1917] Received RequestConsensusVote() RPC: tablet_id: "026baff79acf4307b6563b69f90d0b78" candidate_uuid: "5c83e05daac04e4687cee6e7d07baf7b" candidate_term: 1 candidate_status { last_received { term: 0 index: 0 } } ignore_live_leader: false dest_uuid: "110adce56f784366af8b93a8006f29b1" is_pre_election: true
I20260709 14:55:46.544205 21614 raft_consensus.cc:2468] T 370e23a5a6094354a149d1be6ef343eb P 110adce56f784366af8b93a8006f29b1 [term 0 FOLLOWER]: Leader pre-election vote request: Granting yes vote for candidate de51cc6c36f2454eb0c420db5b85d0f7 in term 0.
I20260709 14:55:46.537420 21659 raft_consensus.cc:359] T 26da7dd60f5b4ce4ba8b6a0ce5379a19 P 5c83e05daac04e4687cee6e7d07baf7b [term 0 FOLLOWER]: Replica starting. Triggering 0 pending ops. Active config: opid_index: -1 OBSOLETE_local: false peers { permanent_uuid: "de51cc6c36f2454eb0c420db5b85d0f7" member_type: VOTER last_known_addr { host: "127.19.227.193" port: 34365 } } peers { permanent_uuid: "5c83e05daac04e4687cee6e7d07baf7b" member_type: VOTER last_known_addr { host: "127.19.227.194" port: 38659 } } peers { permanent_uuid: "110adce56f784366af8b93a8006f29b1" member_type: VOTER last_known_addr { host: "127.19.227.195" port: 45823 } }
I20260709 14:55:46.544690 21659 raft_consensus.cc:385] T 26da7dd60f5b4ce4ba8b6a0ce5379a19 P 5c83e05daac04e4687cee6e7d07baf7b [term 0 FOLLOWER]: Consensus starting up: Expiring failure detector timer to make a prompt election more likely
I20260709 14:55:46.544997 21659 raft_consensus.cc:740] T 26da7dd60f5b4ce4ba8b6a0ce5379a19 P 5c83e05daac04e4687cee6e7d07baf7b [term 0 FOLLOWER]: Becoming Follower/Learner. State: Replica: 5c83e05daac04e4687cee6e7d07baf7b, State: Initialized, Role: FOLLOWER
I20260709 14:55:46.545588 21659 consensus_queue.cc:260] T 26da7dd60f5b4ce4ba8b6a0ce5379a19 P 5c83e05daac04e4687cee6e7d07baf7b [NON_LEADER]: Queue going to NON_LEADER mode. State: All replicated index: 0, Majority replicated index: 0, Committed index: 0, Last appended: 0.0, Last appended by leader: 0, Current term: 0, Majority size: -1, State: 0, Mode: NON_LEADER, active raft config: opid_index: -1 OBSOLETE_local: false peers { permanent_uuid: "de51cc6c36f2454eb0c420db5b85d0f7" member_type: VOTER last_known_addr { host: "127.19.227.193" port: 34365 } } peers { permanent_uuid: "5c83e05daac04e4687cee6e7d07baf7b" member_type: VOTER last_known_addr { host: "127.19.227.194" port: 38659 } } peers { permanent_uuid: "110adce56f784366af8b93a8006f29b1" member_type: VOTER last_known_addr { host: "127.19.227.195" port: 45823 } }
I20260709 14:55:46.546380 21676 raft_consensus.cc:2804] T 77f9841fb27644c9884b43690121b26e P de51cc6c36f2454eb0c420db5b85d0f7 [term 0 FOLLOWER]: Leader pre-election won for term 1
I20260709 14:55:46.542868 21658 consensus_queue.cc:260] T 592bf80cbb5c460eba8eca2fb6a894d3 P de51cc6c36f2454eb0c420db5b85d0f7 [NON_LEADER]: Queue going to NON_LEADER mode. State: All replicated index: 0, Majority replicated index: 0, Committed index: 0, Last appended: 0.0, Last appended by leader: 0, Current term: 0, Majority size: -1, State: 0, Mode: NON_LEADER, active raft config: opid_index: -1 OBSOLETE_local: false peers { permanent_uuid: "de51cc6c36f2454eb0c420db5b85d0f7" member_type: VOTER last_known_addr { host: "127.19.227.193" port: 34365 } } peers { permanent_uuid: "5c83e05daac04e4687cee6e7d07baf7b" member_type: VOTER last_known_addr { host: "127.19.227.194" port: 38659 } } peers { permanent_uuid: "110adce56f784366af8b93a8006f29b1" member_type: VOTER last_known_addr { host: "127.19.227.195" port: 45823 } }
I20260709 14:55:46.548722 21665 raft_consensus.cc:515] T ca8ca0c9be6e457ea70b8fcffacae858 P 5c83e05daac04e4687cee6e7d07baf7b [term 1 FOLLOWER]: Starting leader election with config: opid_index: -1 OBSOLETE_local: false peers { permanent_uuid: "de51cc6c36f2454eb0c420db5b85d0f7" member_type: VOTER last_known_addr { host: "127.19.227.193" port: 34365 } } peers { permanent_uuid: "5c83e05daac04e4687cee6e7d07baf7b" member_type: VOTER last_known_addr { host: "127.19.227.194" port: 38659 } } peers { permanent_uuid: "110adce56f784366af8b93a8006f29b1" member_type: VOTER last_known_addr { host: "127.19.227.195" port: 45823 } }
I20260709 14:55:46.549294 21658 ts_tablet_manager.cc:1434] T 592bf80cbb5c460eba8eca2fb6a894d3 P de51cc6c36f2454eb0c420db5b85d0f7: Time spent starting tablet: real 0.063s	user 0.006s	sys 0.000s
I20260709 14:55:46.549252 21676 raft_consensus.cc:493] T 77f9841fb27644c9884b43690121b26e P de51cc6c36f2454eb0c420db5b85d0f7 [term 0 FOLLOWER]: Starting leader election (no leader contacted us within the election timeout)
I20260709 14:55:46.550629 21658 tablet_bootstrap.cc:492] T 5f9ed2b86d9449d68322e31ecf7cf7de P de51cc6c36f2454eb0c420db5b85d0f7: Bootstrap starting.
I20260709 14:55:46.550518 21676 raft_consensus.cc:3060] T 77f9841fb27644c9884b43690121b26e P de51cc6c36f2454eb0c420db5b85d0f7 [term 0 FOLLOWER]: Advancing to term 1
I20260709 14:55:46.552228 21463 tablet_service.cc:1917] Received RequestConsensusVote() RPC: tablet_id: "026baff79acf4307b6563b69f90d0b78" candidate_uuid: "5c83e05daac04e4687cee6e7d07baf7b" candidate_term: 1 candidate_status { last_received { term: 0 index: 0 } } ignore_live_leader: false dest_uuid: "de51cc6c36f2454eb0c420db5b85d0f7" is_pre_election: true
I20260709 14:55:46.553697 21659 ts_tablet_manager.cc:1434] T 26da7dd60f5b4ce4ba8b6a0ce5379a19 P 5c83e05daac04e4687cee6e7d07baf7b: Time spent starting tablet: real 0.053s	user 0.005s	sys 0.002s
I20260709 14:55:46.554606 21659 tablet_bootstrap.cc:492] T 1f991dfa654044c19b3da7e2d74612a7 P 5c83e05daac04e4687cee6e7d07baf7b: Bootstrap starting.
I20260709 14:55:46.552634 21462 raft_consensus.cc:2468] T 592bf80cbb5c460eba8eca2fb6a894d3 P de51cc6c36f2454eb0c420db5b85d0f7 [term 0 FOLLOWER]: Leader pre-election vote request: Granting yes vote for candidate 5c83e05daac04e4687cee6e7d07baf7b in term 0.
I20260709 14:55:46.552681 21772 leader_election.cc:290] T 592bf80cbb5c460eba8eca2fb6a894d3 P 5c83e05daac04e4687cee6e7d07baf7b [CANDIDATE]: Term 1 election: Requested vote from peers de51cc6c36f2454eb0c420db5b85d0f7 (127.19.227.193:34365), 110adce56f784366af8b93a8006f29b1 (127.19.227.195:45823)
I20260709 14:55:46.557291 21616 tablet_service.cc:1917] Received RequestConsensusVote() RPC: tablet_id: "592bf80cbb5c460eba8eca2fb6a894d3" candidate_uuid: "5c83e05daac04e4687cee6e7d07baf7b" candidate_term: 1 candidate_status { last_received { term: 0 index: 0 } } ignore_live_leader: false dest_uuid: "110adce56f784366af8b93a8006f29b1"
I20260709 14:55:46.557861 21616 raft_consensus.cc:3060] T 592bf80cbb5c460eba8eca2fb6a894d3 P 110adce56f784366af8b93a8006f29b1 [term 0 FOLLOWER]: Advancing to term 1
I20260709 14:55:46.558758 21614 tablet_service.cc:1917] Received RequestConsensusVote() RPC: tablet_id: "ca8ca0c9be6e457ea70b8fcffacae858" candidate_uuid: "5c83e05daac04e4687cee6e7d07baf7b" candidate_term: 1 candidate_status { last_received { term: 0 index: 0 } } ignore_live_leader: false dest_uuid: "110adce56f784366af8b93a8006f29b1"
I20260709 14:55:46.559298 21614 raft_consensus.cc:3060] T ca8ca0c9be6e457ea70b8fcffacae858 P 110adce56f784366af8b93a8006f29b1 [term 0 FOLLOWER]: Advancing to term 1
I20260709 14:55:46.561033 21462 tablet_service.cc:1917] Received RequestConsensusVote() RPC: tablet_id: "592bf80cbb5c460eba8eca2fb6a894d3" candidate_uuid: "5c83e05daac04e4687cee6e7d07baf7b" candidate_term: 1 candidate_status { last_received { term: 0 index: 0 } } ignore_live_leader: false dest_uuid: "de51cc6c36f2454eb0c420db5b85d0f7"
I20260709 14:55:46.561637 21462 raft_consensus.cc:3060] T 592bf80cbb5c460eba8eca2fb6a894d3 P de51cc6c36f2454eb0c420db5b85d0f7 [term 0 FOLLOWER]: Advancing to term 1
I20260709 14:55:46.595459 21772 raft_consensus.cc:493] T 370e23a5a6094354a149d1be6ef343eb P 5c83e05daac04e4687cee6e7d07baf7b [term 0 FOLLOWER]: Starting pre-election (no leader contacted us within the election timeout)
I20260709 14:55:46.598013 21677 consensus_queue.cc:1048] T 2d5c7e5cdff74609b2f6fc5b9d9955b6 P de51cc6c36f2454eb0c420db5b85d0f7 [LEADER]: Connected to new peer: Peer: permanent_uuid: "110adce56f784366af8b93a8006f29b1" member_type: VOTER last_known_addr { host: "127.19.227.195" port: 45823 }, Status: LMP_MISMATCH, Last received: 0.0, Next index: 1, Last known committed idx: 0, Time since last communication: 0.001s
I20260709 14:55:46.598278 21772 raft_consensus.cc:515] T 370e23a5a6094354a149d1be6ef343eb P 5c83e05daac04e4687cee6e7d07baf7b [term 0 FOLLOWER]: Starting pre-election with config: opid_index: -1 OBSOLETE_local: false peers { permanent_uuid: "de51cc6c36f2454eb0c420db5b85d0f7" member_type: VOTER last_known_addr { host: "127.19.227.193" port: 34365 } } peers { permanent_uuid: "5c83e05daac04e4687cee6e7d07baf7b" member_type: VOTER last_known_addr { host: "127.19.227.194" port: 38659 } } peers { permanent_uuid: "110adce56f784366af8b93a8006f29b1" member_type: VOTER last_known_addr { host: "127.19.227.195" port: 45823 } }
I20260709 14:55:46.555807 21507 leader_election.cc:304] T 026baff79acf4307b6563b69f90d0b78 P 5c83e05daac04e4687cee6e7d07baf7b [CANDIDATE]: Term 1 pre-election: Election decided. Result: candidate lost. Election summary: received 3 responses out of 3 voters: 1 yes votes; 2 no votes. yes voters: 5c83e05daac04e4687cee6e7d07baf7b; no voters: 110adce56f784366af8b93a8006f29b1, de51cc6c36f2454eb0c420db5b85d0f7
I20260709 14:55:46.571116 21362 catalog_manager.cc:5697] T 26da7dd60f5b4ce4ba8b6a0ce5379a19 P de51cc6c36f2454eb0c420db5b85d0f7 reported cstate change: term changed from 0 to 1, leader changed from <none> to de51cc6c36f2454eb0c420db5b85d0f7 (127.19.227.193). New cstate: current_term: 1 leader_uuid: "de51cc6c36f2454eb0c420db5b85d0f7" committed_config { opid_index: -1 OBSOLETE_local: false peers { permanent_uuid: "de51cc6c36f2454eb0c420db5b85d0f7" member_type: VOTER last_known_addr { host: "127.19.227.193" port: 34365 } health_report { overall_health: HEALTHY } } peers { permanent_uuid: "5c83e05daac04e4687cee6e7d07baf7b" member_type: VOTER last_known_addr { host: "127.19.227.194" port: 38659 } health_report { overall_health: UNKNOWN } } peers { permanent_uuid: "110adce56f784366af8b93a8006f29b1" member_type: VOTER last_known_addr { host: "127.19.227.195" port: 45823 } health_report { overall_health: UNKNOWN } } }
I20260709 14:55:46.602444 21615 raft_consensus.cc:2468] T 1f991dfa654044c19b3da7e2d74612a7 P 110adce56f784366af8b93a8006f29b1 [term 1 FOLLOWER]: Leader election vote request: Granting yes vote for candidate de51cc6c36f2454eb0c420db5b85d0f7 in term 1.
I20260709 14:55:46.603250 21772 leader_election.cc:290] T 370e23a5a6094354a149d1be6ef343eb P 5c83e05daac04e4687cee6e7d07baf7b [CANDIDATE]: Term 1 pre-election: Requested pre-vote from peers de51cc6c36f2454eb0c420db5b85d0f7 (127.19.227.193:34365), 110adce56f784366af8b93a8006f29b1 (127.19.227.195:45823)
I20260709 14:55:46.598161 21431 leader_election.cc:304] T 370e23a5a6094354a149d1be6ef343eb P de51cc6c36f2454eb0c420db5b85d0f7 [CANDIDATE]: Term 1 pre-election: Election decided. Result: candidate won. Election summary: received 2 responses out of 3 voters: 2 yes votes; 0 no votes. yes voters: 110adce56f784366af8b93a8006f29b1, de51cc6c36f2454eb0c420db5b85d0f7; no voters: 
I20260709 14:55:46.604935 21677 raft_consensus.cc:2804] T 370e23a5a6094354a149d1be6ef343eb P de51cc6c36f2454eb0c420db5b85d0f7 [term 0 FOLLOWER]: Leader pre-election won for term 1
I20260709 14:55:46.605353 21677 raft_consensus.cc:493] T 370e23a5a6094354a149d1be6ef343eb P de51cc6c36f2454eb0c420db5b85d0f7 [term 0 FOLLOWER]: Starting leader election (no leader contacted us within the election timeout)
I20260709 14:55:46.605697 21677 raft_consensus.cc:3060] T 370e23a5a6094354a149d1be6ef343eb P de51cc6c36f2454eb0c420db5b85d0f7 [term 0 FOLLOWER]: Advancing to term 1
I20260709 14:55:46.567036 21665 leader_election.cc:290] T ca8ca0c9be6e457ea70b8fcffacae858 P 5c83e05daac04e4687cee6e7d07baf7b [CANDIDATE]: Term 1 election: Requested vote from peers de51cc6c36f2454eb0c420db5b85d0f7 (127.19.227.193:34365), 110adce56f784366af8b93a8006f29b1 (127.19.227.195:45823)
I20260709 14:55:46.612512 21542 tablet_service.cc:1917] Received RequestConsensusVote() RPC: tablet_id: "370e23a5a6094354a149d1be6ef343eb" candidate_uuid: "de51cc6c36f2454eb0c420db5b85d0f7" candidate_term: 1 candidate_status { last_received { term: 0 index: 0 } } ignore_live_leader: false dest_uuid: "5c83e05daac04e4687cee6e7d07baf7b" is_pre_election: true
I20260709 14:55:46.613137 21542 raft_consensus.cc:2468] T 370e23a5a6094354a149d1be6ef343eb P 5c83e05daac04e4687cee6e7d07baf7b [term 0 FOLLOWER]: Leader pre-election vote request: Granting yes vote for candidate de51cc6c36f2454eb0c420db5b85d0f7 in term 0.
I20260709 14:55:46.613695 21615 tablet_service.cc:1917] Received RequestConsensusVote() RPC: tablet_id: "370e23a5a6094354a149d1be6ef343eb" candidate_uuid: "5c83e05daac04e4687cee6e7d07baf7b" candidate_term: 1 candidate_status { last_received { term: 0 index: 0 } } ignore_live_leader: false dest_uuid: "110adce56f784366af8b93a8006f29b1" is_pre_election: true
I20260709 14:55:46.614326 21615 raft_consensus.cc:2468] T 370e23a5a6094354a149d1be6ef343eb P 110adce56f784366af8b93a8006f29b1 [term 0 FOLLOWER]: Leader pre-election vote request: Granting yes vote for candidate 5c83e05daac04e4687cee6e7d07baf7b in term 0.
W20260709 14:55:46.614516 21507 outbound_call.cc:321] RPC callback for RPC call kudu.consensus.ConsensusService.RequestConsensusVote -> {remote=127.19.227.193:34365, user_credentials={real_user=slave}} blocked reactor thread for 58795.1us
I20260709 14:55:46.608584 21431 leader_election.cc:304] T 1f991dfa654044c19b3da7e2d74612a7 P de51cc6c36f2454eb0c420db5b85d0f7 [CANDIDATE]: Term 1 election: Election decided. Result: candidate won. Election summary: received 2 responses out of 3 voters: 2 yes votes; 0 no votes. yes voters: 110adce56f784366af8b93a8006f29b1, de51cc6c36f2454eb0c420db5b85d0f7; no voters: 
I20260709 14:55:46.611999 21665 raft_consensus.cc:2749] T 026baff79acf4307b6563b69f90d0b78 P 5c83e05daac04e4687cee6e7d07baf7b [term 0 FOLLOWER]: Leader pre-election lost for term 1. Reason: could not achieve majority
I20260709 14:55:46.620824 21656 tablet_bootstrap.cc:654] T 38f159061ca44fe09927f8c2f9bf16b6 P 110adce56f784366af8b93a8006f29b1: Neither blocks nor log segments found. Creating new log.
I20260709 14:55:46.618379 21707 raft_consensus.cc:2804] T 1f991dfa654044c19b3da7e2d74612a7 P de51cc6c36f2454eb0c420db5b85d0f7 [term 1 FOLLOWER]: Leader election won for term 1
I20260709 14:55:46.622793 21707 raft_consensus.cc:697] T 1f991dfa654044c19b3da7e2d74612a7 P de51cc6c36f2454eb0c420db5b85d0f7 [term 1 LEADER]: Becoming Leader. State: Replica: de51cc6c36f2454eb0c420db5b85d0f7, State: Running, Role: LEADER
I20260709 14:55:46.623638 21707 consensus_queue.cc:237] T 1f991dfa654044c19b3da7e2d74612a7 P de51cc6c36f2454eb0c420db5b85d0f7 [LEADER]: Queue going to LEADER mode. State: All replicated index: 0, Majority replicated index: 0, Committed index: 0, Last appended: 0.0, Last appended by leader: 0, Current term: 1, Majority size: 2, State: 0, Mode: LEADER, active raft config: opid_index: -1 OBSOLETE_local: false peers { permanent_uuid: "de51cc6c36f2454eb0c420db5b85d0f7" member_type: VOTER last_known_addr { host: "127.19.227.193" port: 34365 } } peers { permanent_uuid: "5c83e05daac04e4687cee6e7d07baf7b" member_type: VOTER last_known_addr { host: "127.19.227.194" port: 38659 } } peers { permanent_uuid: "110adce56f784366af8b93a8006f29b1" member_type: VOTER last_known_addr { host: "127.19.227.195" port: 45823 } }
I20260709 14:55:46.623965 21465 tablet_service.cc:1917] Received RequestConsensusVote() RPC: tablet_id: "ca8ca0c9be6e457ea70b8fcffacae858" candidate_uuid: "5c83e05daac04e4687cee6e7d07baf7b" candidate_term: 1 candidate_status { last_received { term: 0 index: 0 } } ignore_live_leader: false dest_uuid: "de51cc6c36f2454eb0c420db5b85d0f7"
I20260709 14:55:46.627815 21542 tablet_service.cc:1917] Received RequestConsensusVote() RPC: tablet_id: "1f991dfa654044c19b3da7e2d74612a7" candidate_uuid: "de51cc6c36f2454eb0c420db5b85d0f7" candidate_term: 1 candidate_status { last_received { term: 0 index: 0 } } ignore_live_leader: false dest_uuid: "5c83e05daac04e4687cee6e7d07baf7b"
I20260709 14:55:46.629437 21506 leader_election.cc:304] T 370e23a5a6094354a149d1be6ef343eb P 5c83e05daac04e4687cee6e7d07baf7b [CANDIDATE]: Term 1 pre-election: Election decided. Result: candidate won. Election summary: received 2 responses out of 3 voters: 2 yes votes; 0 no votes. yes voters: 110adce56f784366af8b93a8006f29b1, 5c83e05daac04e4687cee6e7d07baf7b; no voters: 
I20260709 14:55:46.631768 21772 raft_consensus.cc:2804] T 370e23a5a6094354a149d1be6ef343eb P 5c83e05daac04e4687cee6e7d07baf7b [term 0 FOLLOWER]: Leader pre-election won for term 1
W20260709 14:55:46.631729 21828 log.cc:927] Time spent T 26da7dd60f5b4ce4ba8b6a0ce5379a19 P de51cc6c36f2454eb0c420db5b85d0f7: Append to log took a long time: real 0.065s	user 0.000s	sys 0.000s
I20260709 14:55:46.632262 21772 raft_consensus.cc:493] T 370e23a5a6094354a149d1be6ef343eb P 5c83e05daac04e4687cee6e7d07baf7b [term 0 FOLLOWER]: Starting leader election (no leader contacted us within the election timeout)
I20260709 14:55:46.635146 21712 consensus_queue.cc:1048] T 06a3b335bee34effbd03303abf474386 P de51cc6c36f2454eb0c420db5b85d0f7 [LEADER]: Connected to new peer: Peer: permanent_uuid: "110adce56f784366af8b93a8006f29b1" member_type: VOTER last_known_addr { host: "127.19.227.195" port: 45823 }, Status: LMP_MISMATCH, Last received: 0.0, Next index: 1, Last known committed idx: 0, Time since last communication: 0.005s
I20260709 14:55:46.631894 21676 raft_consensus.cc:515] T 77f9841fb27644c9884b43690121b26e P de51cc6c36f2454eb0c420db5b85d0f7 [term 1 FOLLOWER]: Starting leader election with config: opid_index: -1 OBSOLETE_local: false peers { permanent_uuid: "de51cc6c36f2454eb0c420db5b85d0f7" member_type: VOTER last_known_addr { host: "127.19.227.193" port: 34365 } } peers { permanent_uuid: "5c83e05daac04e4687cee6e7d07baf7b" member_type: VOTER last_known_addr { host: "127.19.227.194" port: 38659 } } peers { permanent_uuid: "110adce56f784366af8b93a8006f29b1" member_type: VOTER last_known_addr { host: "127.19.227.195" port: 45823 } }
I20260709 14:55:46.644307 21465 tablet_service.cc:1917] Received RequestConsensusVote() RPC: tablet_id: "370e23a5a6094354a149d1be6ef343eb" candidate_uuid: "5c83e05daac04e4687cee6e7d07baf7b" candidate_term: 1 candidate_status { last_received { term: 0 index: 0 } } ignore_live_leader: false dest_uuid: "de51cc6c36f2454eb0c420db5b85d0f7" is_pre_election: true
I20260709 14:55:46.639930 21772 raft_consensus.cc:3060] T 370e23a5a6094354a149d1be6ef343eb P 5c83e05daac04e4687cee6e7d07baf7b [term 0 FOLLOWER]: Advancing to term 1
I20260709 14:55:46.650925 21542 raft_consensus.cc:3060] T 026baff79acf4307b6563b69f90d0b78 P 5c83e05daac04e4687cee6e7d07baf7b [term 0 FOLLOWER]: Advancing to term 1
