[==========] Running 8 tests from 2 test suites.
[----------] Global test environment set-up.
[----------] 6 tests from LeaderRebalancerTest
[ RUN      ] LeaderRebalancerTest.FunctionalTestForDivided
WARNING: Logging before InitGoogleLogging() is written to STDERR
I20260709 14:55:19.224893 26396 internal_mini_cluster.cc:156] Creating distributed mini masters. Addrs: 127.25.199.62:34081
I20260709 14:55:19.226344 26396 env_posix.cc:2285] Not raising this process' open files per process limit of 1048576; it is already as high as it can go
I20260709 14:55:19.227345 26396 file_cache.cc:504] Constructed file cache file cache with capacity 419430
W20260709 14:55:19.242298 26403 instance_detector.cc:116] could not retrieve Azure instance metadata: Network error: curl error: HTTP response code said error: The requested URL returned error: 404
W20260709 14:55:19.242332 26402 instance_detector.cc:116] could not retrieve AWS instance metadata: Network error: curl error: HTTP response code said error: The requested URL returned error: 404
W20260709 14:55:19.242372 26405 instance_detector.cc:116] could not retrieve OpenStack instance metadata: Network error: curl error: HTTP response code said error: The requested URL returned error: 404
W20260709 14:55:20.351567 26404 instance_detector.cc:116] could not retrieve GCE instance metadata: Timed out: curl timeout: Timeout was reached: Resolving timed out after 1107 milliseconds
I20260709 14:55:20.351665 26396 server_base.cc:1056] Not found: could not retrieve instance metadata: unable to detect cloud type of this node, probably running in non-cloud environment
I20260709 14:55:20.352818 26396 hybrid_clock.cc:584] initializing the hybrid clock with 'system_unsync' time source
W20260709 14:55:20.353025 26396 system_unsync_time.cc:38] NTP support is disabled. Clock error bounds will not be accurate. This configuration is not suitable for distributed clusters.
I20260709 14:55:20.353206 26396 hybrid_clock.cc:648] HybridClock initialized: now 1783608920353182 us; error 0 us; skew 500 ppm
I20260709 14:55:20.353986 26396 server_base.cc:861] Flag tcmalloc_max_total_thread_cache_bytes is not working since tcmalloc is not enabled.
I20260709 14:55:20.359658 26396 webserver.cc:533] Webserver started at http://127.25.199.62:42665/ using document root <none> and password file <none>
I20260709 14:55:20.360468 26396 fs_manager.cc:362] Metadata directory not provided
I20260709 14:55:20.360663 26396 fs_manager.cc:368] Using write-ahead log directory (fs_wal_dir) as metadata directory
I20260709 14:55:20.361071 26396 server_base.cc:909] This appears to be a new deployment of Kudu; creating new FS layout
I20260709 14:55:20.366621 26396 fs_manager.cc:1068] Generated new instance metadata in path /tmp/dist-test-taskdKiNLt/test-tmp/auto_leader_rebalancer-test.0.LeaderRebalancerTest.FunctionalTestForDivided.1783608919065573-26396-0/minicluster-data/master-0-root/instance:
uuid: "ba12667bf4bc46109c23e68a182806db"
format_stamp: "Formatted at 2026-07-09 14:55:20 on dist-test-slave-pqhs"
I20260709 14:55:20.373600 26396 fs_manager.cc:696] Time spent creating directory manager: real 0.006s	user 0.005s	sys 0.001s
I20260709 14:55:20.378371 26411 log_block_manager.cc:4127] Time spent loading block containers with low live blocks: real 0.000s	user 0.000s	sys 0.000s
I20260709 14:55:20.379400 26396 fs_manager.cc:730] Time spent opening block manager: real 0.003s	user 0.003s	sys 0.000s
I20260709 14:55:20.379699 26396 fs_manager.cc:647] Opened local filesystem: /tmp/dist-test-taskdKiNLt/test-tmp/auto_leader_rebalancer-test.0.LeaderRebalancerTest.FunctionalTestForDivided.1783608919065573-26396-0/minicluster-data/master-0-root
uuid: "ba12667bf4bc46109c23e68a182806db"
format_stamp: "Formatted at 2026-07-09 14:55:20 on dist-test-slave-pqhs"
I20260709 14:55:20.379997 26396 fs_report.cc:389] FS layout report
--------------------
wal directory: /tmp/dist-test-taskdKiNLt/test-tmp/auto_leader_rebalancer-test.0.LeaderRebalancerTest.FunctionalTestForDivided.1783608919065573-26396-0/minicluster-data/master-0-root
metadata directory: /tmp/dist-test-taskdKiNLt/test-tmp/auto_leader_rebalancer-test.0.LeaderRebalancerTest.FunctionalTestForDivided.1783608919065573-26396-0/minicluster-data/master-0-root
1 data directories: /tmp/dist-test-taskdKiNLt/test-tmp/auto_leader_rebalancer-test.0.LeaderRebalancerTest.FunctionalTestForDivided.1783608919065573-26396-0/minicluster-data/master-0-root/data
Total live blocks: 0
Total live bytes: 0
Total live bytes (after alignment): 0
Total number of LBM containers: 0 (0 full)
Did not check for missing blocks
Did not check for orphaned blocks
Total full LBM containers with extra space: 0 (0 repaired)
Total full LBM container extra space in bytes: 0 (0 repaired)
Total incomplete LBM containers: 0 (0 repaired)
Total LBM partial records: 0 (0 repaired)
Total corrupted LBM metadata records in RocksDB: 0 (0 repaired)
I20260709 14:55:20.460934 26396 rpc_server.cc:225] running with OpenSSL 1.1.1  11 Sep 2018
I20260709 14:55:20.462433 26396 env_posix.cc:2285] Not raising this process' running threads per effective uid limit of 18446744073709551615; it is already as high as it can go
I20260709 14:55:20.462898 26396 kserver.cc:163] Server-wide thread pool size limit: 3276
I20260709 14:55:20.528592 26396 rpc_server.cc:307] RPC server started. Bound to: 127.25.199.62:34081
I20260709 14:55:20.528658 26462 acceptor_pool.cc:272] collecting diagnostics on the listening RPC socket 127.25.199.62:34081 every 8 connection(s)
I20260709 14:55:20.535955 26463 data_dirs.cc:400] Could only allocate 1 dirs of requested 3 for tablet 00000000000000000000000000000000. 1 dirs total, 0 dirs full, 0 dirs failed
I20260709 14:55:20.556118 26463 tablet_bootstrap.cc:492] T 00000000000000000000000000000000 P ba12667bf4bc46109c23e68a182806db: Bootstrap starting.
I20260709 14:55:20.561489 26463 tablet_bootstrap.cc:654] T 00000000000000000000000000000000 P ba12667bf4bc46109c23e68a182806db: Neither blocks nor log segments found. Creating new log.
I20260709 14:55:20.563177 26463 log.cc:826] T 00000000000000000000000000000000 P ba12667bf4bc46109c23e68a182806db: Log is configured to *not* fsync() on all Append() calls
I20260709 14:55:20.567214 26463 tablet_bootstrap.cc:492] T 00000000000000000000000000000000 P ba12667bf4bc46109c23e68a182806db: No bootstrap required, opened a new log
I20260709 14:55:20.586592 26463 raft_consensus.cc:359] T 00000000000000000000000000000000 P ba12667bf4bc46109c23e68a182806db [term 0 FOLLOWER]: Replica starting. Triggering 0 pending ops. Active config: opid_index: -1 OBSOLETE_local: true peers { permanent_uuid: "ba12667bf4bc46109c23e68a182806db" member_type: VOTER }
I20260709 14:55:20.587105 26463 raft_consensus.cc:385] T 00000000000000000000000000000000 P ba12667bf4bc46109c23e68a182806db [term 0 FOLLOWER]: Consensus starting up: Expiring failure detector timer to make a prompt election more likely
I20260709 14:55:20.587297 26463 raft_consensus.cc:740] T 00000000000000000000000000000000 P ba12667bf4bc46109c23e68a182806db [term 0 FOLLOWER]: Becoming Follower/Learner. State: Replica: ba12667bf4bc46109c23e68a182806db, State: Initialized, Role: FOLLOWER
I20260709 14:55:20.588153 26463 consensus_queue.cc:260] T 00000000000000000000000000000000 P ba12667bf4bc46109c23e68a182806db [NON_LEADER]: Queue going to NON_LEADER mode. State: All replicated index: 0, Majority replicated index: 0, Committed index: 0, Last appended: 0.0, Last appended by leader: 0, Current term: 0, Majority size: -1, State: 0, Mode: NON_LEADER, active raft config: opid_index: -1 OBSOLETE_local: true peers { permanent_uuid: "ba12667bf4bc46109c23e68a182806db" member_type: VOTER }
I20260709 14:55:20.588724 26463 raft_consensus.cc:399] T 00000000000000000000000000000000 P ba12667bf4bc46109c23e68a182806db [term 0 FOLLOWER]: Only one voter in the Raft config. Triggering election immediately
I20260709 14:55:20.589073 26463 raft_consensus.cc:493] T 00000000000000000000000000000000 P ba12667bf4bc46109c23e68a182806db [term 0 FOLLOWER]: Starting leader election (initial election of a single-replica configuration)
I20260709 14:55:20.589402 26463 raft_consensus.cc:3060] T 00000000000000000000000000000000 P ba12667bf4bc46109c23e68a182806db [term 0 FOLLOWER]: Advancing to term 1
I20260709 14:55:20.593235 26463 raft_consensus.cc:515] T 00000000000000000000000000000000 P ba12667bf4bc46109c23e68a182806db [term 1 FOLLOWER]: Starting leader election with config: opid_index: -1 OBSOLETE_local: true peers { permanent_uuid: "ba12667bf4bc46109c23e68a182806db" member_type: VOTER }
I20260709 14:55:20.593889 26463 leader_election.cc:304] T 00000000000000000000000000000000 P ba12667bf4bc46109c23e68a182806db [CANDIDATE]: Term 1 election: Election decided. Result: candidate won. Election summary: received 1 responses out of 1 voters: 1 yes votes; 0 no votes. yes voters: ba12667bf4bc46109c23e68a182806db; no voters: 
I20260709 14:55:20.595490 26463 leader_election.cc:290] T 00000000000000000000000000000000 P ba12667bf4bc46109c23e68a182806db [CANDIDATE]: Term 1 election: Requested vote from peers 
I20260709 14:55:20.595778 26466 raft_consensus.cc:2804] T 00000000000000000000000000000000 P ba12667bf4bc46109c23e68a182806db [term 1 FOLLOWER]: Leader election won for term 1
I20260709 14:55:20.597719 26466 raft_consensus.cc:697] T 00000000000000000000000000000000 P ba12667bf4bc46109c23e68a182806db [term 1 LEADER]: Becoming Leader. State: Replica: ba12667bf4bc46109c23e68a182806db, State: Running, Role: LEADER
I20260709 14:55:20.598568 26466 consensus_queue.cc:237] T 00000000000000000000000000000000 P ba12667bf4bc46109c23e68a182806db [LEADER]: Queue going to LEADER mode. State: All replicated index: 0, Majority replicated index: 0, Committed index: 0, Last appended: 0.0, Last appended by leader: 0, Current term: 1, Majority size: 1, State: 0, Mode: LEADER, active raft config: opid_index: -1 OBSOLETE_local: true peers { permanent_uuid: "ba12667bf4bc46109c23e68a182806db" member_type: VOTER }
I20260709 14:55:20.599534 26463 sys_catalog.cc:565] T 00000000000000000000000000000000 P ba12667bf4bc46109c23e68a182806db [sys.catalog]: configured and running, proceeding with master startup.
I20260709 14:55:20.607391 26468 sys_catalog.cc:455] T 00000000000000000000000000000000 P ba12667bf4bc46109c23e68a182806db [sys.catalog]: SysCatalogTable state changed. Reason: New leader ba12667bf4bc46109c23e68a182806db. Latest consensus state: current_term: 1 leader_uuid: "ba12667bf4bc46109c23e68a182806db" committed_config { opid_index: -1 OBSOLETE_local: true peers { permanent_uuid: "ba12667bf4bc46109c23e68a182806db" member_type: VOTER } }
I20260709 14:55:20.607851 26468 sys_catalog.cc:458] T 00000000000000000000000000000000 P ba12667bf4bc46109c23e68a182806db [sys.catalog]: This master's current role is: LEADER
I20260709 14:55:20.607638 26467 sys_catalog.cc:455] T 00000000000000000000000000000000 P ba12667bf4bc46109c23e68a182806db [sys.catalog]: SysCatalogTable state changed. Reason: RaftConsensus started. Latest consensus state: current_term: 1 leader_uuid: "ba12667bf4bc46109c23e68a182806db" committed_config { opid_index: -1 OBSOLETE_local: true peers { permanent_uuid: "ba12667bf4bc46109c23e68a182806db" member_type: VOTER } }
I20260709 14:55:20.608198 26467 sys_catalog.cc:458] T 00000000000000000000000000000000 P ba12667bf4bc46109c23e68a182806db [sys.catalog]: This master's current role is: LEADER
I20260709 14:55:20.610437 26472 catalog_manager.cc:1511] Loading table and tablet metadata into memory...
I20260709 14:55:20.621205 26472 catalog_manager.cc:1520] Initializing Kudu cluster ID...
I20260709 14:55:20.627107 26396 internal_mini_cluster.cc:184] Waiting to initialize catalog manager on master 0
I20260709 14:55:20.637995 26472 catalog_manager.cc:1383] Generated new cluster ID: 0e77de48f2a34615b154966733de7bee
I20260709 14:55:20.638270 26472 catalog_manager.cc:1531] Initializing Kudu internal certificate authority...
I20260709 14:55:20.681385 26472 catalog_manager.cc:1406] Generated new certificate authority record
I20260709 14:55:20.682848 26472 catalog_manager.cc:1540] Loading token signing keys...
I20260709 14:55:20.700868 26472 catalog_manager.cc:6070] T 00000000000000000000000000000000 P ba12667bf4bc46109c23e68a182806db: Generated new TSK 0
I20260709 14:55:20.701756 26472 catalog_manager.cc:1550] Initializing in-progress tserver states...
I20260709 14:55:20.758198 26396 file_cache.cc:504] Constructed file cache file cache with capacity 419430
W20260709 14:55:20.765658 26485 instance_detector.cc:116] could not retrieve AWS instance metadata: Network error: curl error: HTTP response code said error: The requested URL returned error: 404
W20260709 14:55:20.766714 26486 instance_detector.cc:116] could not retrieve Azure instance metadata: Network error: curl error: HTTP response code said error: The requested URL returned error: 404
W20260709 14:55:20.769122 26488 instance_detector.cc:116] could not retrieve OpenStack instance metadata: Network error: curl error: HTTP response code said error: The requested URL returned error: 404
I20260709 14:55:20.770375 26396 server_base.cc:1061] running on GCE node
I20260709 14:55:20.771065 26396 hybrid_clock.cc:584] initializing the hybrid clock with 'system_unsync' time source
W20260709 14:55:20.771240 26396 system_unsync_time.cc:38] NTP support is disabled. Clock error bounds will not be accurate. This configuration is not suitable for distributed clusters.
I20260709 14:55:20.771407 26396 hybrid_clock.cc:648] HybridClock initialized: now 1783608920771390 us; error 0 us; skew 500 ppm
I20260709 14:55:20.771970 26396 server_base.cc:861] Flag tcmalloc_max_total_thread_cache_bytes is not working since tcmalloc is not enabled.
I20260709 14:55:20.775724 26396 webserver.cc:533] Webserver started at http://127.25.199.1:38043/ using document root <none> and password file <none>
I20260709 14:55:20.776232 26396 fs_manager.cc:362] Metadata directory not provided
I20260709 14:55:20.776420 26396 fs_manager.cc:368] Using write-ahead log directory (fs_wal_dir) as metadata directory
I20260709 14:55:20.776675 26396 server_base.cc:909] This appears to be a new deployment of Kudu; creating new FS layout
I20260709 14:55:20.777719 26396 fs_manager.cc:1068] Generated new instance metadata in path /tmp/dist-test-taskdKiNLt/test-tmp/auto_leader_rebalancer-test.0.LeaderRebalancerTest.FunctionalTestForDivided.1783608919065573-26396-0/minicluster-data/ts-0-root/instance:
uuid: "c719992f4c664a7f865d01a1937bb2bf"
format_stamp: "Formatted at 2026-07-09 14:55:20 on dist-test-slave-pqhs"
I20260709 14:55:20.782878 26396 fs_manager.cc:696] Time spent creating directory manager: real 0.005s	user 0.002s	sys 0.004s
I20260709 14:55:20.786787 26493 log_block_manager.cc:4127] Time spent loading block containers with low live blocks: real 0.000s	user 0.000s	sys 0.000s
I20260709 14:55:20.787485 26396 fs_manager.cc:730] Time spent opening block manager: real 0.003s	user 0.003s	sys 0.001s
I20260709 14:55:20.787732 26396 fs_manager.cc:647] Opened local filesystem: /tmp/dist-test-taskdKiNLt/test-tmp/auto_leader_rebalancer-test.0.LeaderRebalancerTest.FunctionalTestForDivided.1783608919065573-26396-0/minicluster-data/ts-0-root
uuid: "c719992f4c664a7f865d01a1937bb2bf"
format_stamp: "Formatted at 2026-07-09 14:55:20 on dist-test-slave-pqhs"
I20260709 14:55:20.787987 26396 fs_report.cc:389] FS layout report
--------------------
wal directory: /tmp/dist-test-taskdKiNLt/test-tmp/auto_leader_rebalancer-test.0.LeaderRebalancerTest.FunctionalTestForDivided.1783608919065573-26396-0/minicluster-data/ts-0-root
metadata directory: /tmp/dist-test-taskdKiNLt/test-tmp/auto_leader_rebalancer-test.0.LeaderRebalancerTest.FunctionalTestForDivided.1783608919065573-26396-0/minicluster-data/ts-0-root
1 data directories: /tmp/dist-test-taskdKiNLt/test-tmp/auto_leader_rebalancer-test.0.LeaderRebalancerTest.FunctionalTestForDivided.1783608919065573-26396-0/minicluster-data/ts-0-root/data
Total live blocks: 0
Total live bytes: 0
Total live bytes (after alignment): 0
Total number of LBM containers: 0 (0 full)
Did not check for missing blocks
Did not check for orphaned blocks
Total full LBM containers with extra space: 0 (0 repaired)
Total full LBM container extra space in bytes: 0 (0 repaired)
Total incomplete LBM containers: 0 (0 repaired)
Total LBM partial records: 0 (0 repaired)
Total corrupted LBM metadata records in RocksDB: 0 (0 repaired)
I20260709 14:55:20.804829 26396 rpc_server.cc:225] running with OpenSSL 1.1.1  11 Sep 2018
I20260709 14:55:20.806013 26396 kserver.cc:163] Server-wide thread pool size limit: 3276
I20260709 14:55:20.808408 26396 txn_system_client.cc:432] TxnSystemClient initialization is disabled...
I20260709 14:55:20.812500 26396 ts_tablet_manager.cc:585] Loaded tablet metadata (0 total tablets, 0 live tablets)
I20260709 14:55:20.812742 26396 ts_tablet_manager.cc:531] Time spent load tablet metadata: real 0.000s	user 0.000s	sys 0.000s
I20260709 14:55:20.812988 26396 ts_tablet_manager.cc:616] Registered 0 tablets
I20260709 14:55:20.813140 26396 ts_tablet_manager.cc:595] Time spent register tablets: real 0.000s	user 0.000s	sys 0.000s
I20260709 14:55:20.902493 26396 rpc_server.cc:307] RPC server started. Bound to: 127.25.199.1:46573
I20260709 14:55:20.902572 26555 acceptor_pool.cc:272] collecting diagnostics on the listening RPC socket 127.25.199.1:46573 every 8 connection(s)
I20260709 14:55:20.908824 26396 file_cache.cc:504] Constructed file cache file cache with capacity 419430
W20260709 14:55:20.917834 26560 instance_detector.cc:116] could not retrieve AWS instance metadata: Network error: curl error: HTTP response code said error: The requested URL returned error: 404
W20260709 14:55:20.921808 26561 instance_detector.cc:116] could not retrieve Azure instance metadata: Network error: curl error: HTTP response code said error: The requested URL returned error: 404
I20260709 14:55:20.927160 26396 server_base.cc:1061] running on GCE node
W20260709 14:55:20.928278 26563 instance_detector.cc:116] could not retrieve OpenStack instance metadata: Network error: curl error: HTTP response code said error: The requested URL returned error: 404
I20260709 14:55:20.929359 26396 hybrid_clock.cc:584] initializing the hybrid clock with 'system_unsync' time source
W20260709 14:55:20.929618 26396 system_unsync_time.cc:38] NTP support is disabled. Clock error bounds will not be accurate. This configuration is not suitable for distributed clusters.
I20260709 14:55:20.929816 26396 hybrid_clock.cc:648] HybridClock initialized: now 1783608920929797 us; error 0 us; skew 500 ppm
I20260709 14:55:20.930600 26396 server_base.cc:861] Flag tcmalloc_max_total_thread_cache_bytes is not working since tcmalloc is not enabled.
I20260709 14:55:20.933477 26396 webserver.cc:533] Webserver started at http://127.25.199.2:46057/ using document root <none> and password file <none>
I20260709 14:55:20.934108 26396 fs_manager.cc:362] Metadata directory not provided
I20260709 14:55:20.934369 26396 fs_manager.cc:368] Using write-ahead log directory (fs_wal_dir) as metadata directory
I20260709 14:55:20.934722 26396 server_base.cc:909] This appears to be a new deployment of Kudu; creating new FS layout
I20260709 14:55:20.936128 26396 fs_manager.cc:1068] Generated new instance metadata in path /tmp/dist-test-taskdKiNLt/test-tmp/auto_leader_rebalancer-test.0.LeaderRebalancerTest.FunctionalTestForDivided.1783608919065573-26396-0/minicluster-data/ts-1-root/instance:
uuid: "f404aeb78f6c44e4a087d4db9441ae45"
format_stamp: "Formatted at 2026-07-09 14:55:20 on dist-test-slave-pqhs"
I20260709 14:55:20.937552 26556 heartbeater.cc:344] Connected to a master server at 127.25.199.62:34081
I20260709 14:55:20.937952 26556 heartbeater.cc:461] Registering TS with master...
I20260709 14:55:20.938876 26556 heartbeater.cc:507] Master 127.25.199.62:34081 requested a full tablet report, sending...
I20260709 14:55:20.941640 26428 ts_manager.cc:194] Registered new tserver with Master: c719992f4c664a7f865d01a1937bb2bf (127.25.199.1:46573)
I20260709 14:55:20.942729 26396 fs_manager.cc:696] Time spent creating directory manager: real 0.006s	user 0.003s	sys 0.005s
I20260709 14:55:20.943971 26428 master_service.cc:502] Signed X509 certificate for tserver {username='slave'} at 127.0.0.1:43400
I20260709 14:55:20.947454 26568 log_block_manager.cc:4127] Time spent loading block containers with low live blocks: real 0.000s	user 0.000s	sys 0.000s
I20260709 14:55:20.948199 26396 fs_manager.cc:730] Time spent opening block manager: real 0.003s	user 0.004s	sys 0.000s
I20260709 14:55:20.948513 26396 fs_manager.cc:647] Opened local filesystem: /tmp/dist-test-taskdKiNLt/test-tmp/auto_leader_rebalancer-test.0.LeaderRebalancerTest.FunctionalTestForDivided.1783608919065573-26396-0/minicluster-data/ts-1-root
uuid: "f404aeb78f6c44e4a087d4db9441ae45"
format_stamp: "Formatted at 2026-07-09 14:55:20 on dist-test-slave-pqhs"
I20260709 14:55:20.948830 26396 fs_report.cc:389] FS layout report
--------------------
wal directory: /tmp/dist-test-taskdKiNLt/test-tmp/auto_leader_rebalancer-test.0.LeaderRebalancerTest.FunctionalTestForDivided.1783608919065573-26396-0/minicluster-data/ts-1-root
metadata directory: /tmp/dist-test-taskdKiNLt/test-tmp/auto_leader_rebalancer-test.0.LeaderRebalancerTest.FunctionalTestForDivided.1783608919065573-26396-0/minicluster-data/ts-1-root
1 data directories: /tmp/dist-test-taskdKiNLt/test-tmp/auto_leader_rebalancer-test.0.LeaderRebalancerTest.FunctionalTestForDivided.1783608919065573-26396-0/minicluster-data/ts-1-root/data
Total live blocks: 0
Total live bytes: 0
Total live bytes (after alignment): 0
Total number of LBM containers: 0 (0 full)
Did not check for missing blocks
Did not check for orphaned blocks
Total full LBM containers with extra space: 0 (0 repaired)
Total full LBM container extra space in bytes: 0 (0 repaired)
Total incomplete LBM containers: 0 (0 repaired)
Total LBM partial records: 0 (0 repaired)
Total corrupted LBM metadata records in RocksDB: 0 (0 repaired)
I20260709 14:55:21.001226 26396 rpc_server.cc:225] running with OpenSSL 1.1.1  11 Sep 2018
I20260709 14:55:21.002796 26396 kserver.cc:163] Server-wide thread pool size limit: 3276
I20260709 14:55:21.005064 26396 txn_system_client.cc:432] TxnSystemClient initialization is disabled...
I20260709 14:55:21.008085 26396 ts_tablet_manager.cc:585] Loaded tablet metadata (0 total tablets, 0 live tablets)
I20260709 14:55:21.008260 26396 ts_tablet_manager.cc:531] Time spent load tablet metadata: real 0.000s	user 0.000s	sys 0.000s
I20260709 14:55:21.008499 26396 ts_tablet_manager.cc:616] Registered 0 tablets
I20260709 14:55:21.008636 26396 ts_tablet_manager.cc:595] Time spent register tablets: real 0.000s	user 0.000s	sys 0.000s
I20260709 14:55:21.098671 26396 rpc_server.cc:307] RPC server started. Bound to: 127.25.199.2:40101
I20260709 14:55:21.098932 26630 acceptor_pool.cc:272] collecting diagnostics on the listening RPC socket 127.25.199.2:40101 every 8 connection(s)
I20260709 14:55:21.106288 26396 file_cache.cc:504] Constructed file cache file cache with capacity 419430
W20260709 14:55:21.112473 26634 instance_detector.cc:116] could not retrieve AWS instance metadata: Network error: curl error: HTTP response code said error: The requested URL returned error: 404
W20260709 14:55:21.114959 26635 instance_detector.cc:116] could not retrieve Azure instance metadata: Network error: curl error: HTTP response code said error: The requested URL returned error: 404
W20260709 14:55:21.118039 26637 instance_detector.cc:116] could not retrieve OpenStack instance metadata: Network error: curl error: HTTP response code said error: The requested URL returned error: 404
I20260709 14:55:21.119987 26396 server_base.cc:1061] running on GCE node
I20260709 14:55:21.120909 26396 hybrid_clock.cc:584] initializing the hybrid clock with 'system_unsync' time source
W20260709 14:55:21.121114 26396 system_unsync_time.cc:38] NTP support is disabled. Clock error bounds will not be accurate. This configuration is not suitable for distributed clusters.
I20260709 14:55:21.121290 26396 hybrid_clock.cc:648] HybridClock initialized: now 1783608921121272 us; error 0 us; skew 500 ppm
I20260709 14:55:21.121977 26396 server_base.cc:861] Flag tcmalloc_max_total_thread_cache_bytes is not working since tcmalloc is not enabled.
I20260709 14:55:21.124445 26631 heartbeater.cc:344] Connected to a master server at 127.25.199.62:34081
I20260709 14:55:21.124831 26631 heartbeater.cc:461] Registering TS with master...
I20260709 14:55:21.125102 26396 webserver.cc:533] Webserver started at http://127.25.199.3:36815/ using document root <none> and password file <none>
I20260709 14:55:21.125582 26396 fs_manager.cc:362] Metadata directory not provided
I20260709 14:55:21.125764 26396 fs_manager.cc:368] Using write-ahead log directory (fs_wal_dir) as metadata directory
I20260709 14:55:21.125702 26631 heartbeater.cc:507] Master 127.25.199.62:34081 requested a full tablet report, sending...
I20260709 14:55:21.126116 26396 server_base.cc:909] This appears to be a new deployment of Kudu; creating new FS layout
I20260709 14:55:21.127526 26396 fs_manager.cc:1068] Generated new instance metadata in path /tmp/dist-test-taskdKiNLt/test-tmp/auto_leader_rebalancer-test.0.LeaderRebalancerTest.FunctionalTestForDivided.1783608919065573-26396-0/minicluster-data/ts-2-root/instance:
uuid: "02d8204b80b64be69d437f8bff71e3c9"
format_stamp: "Formatted at 2026-07-09 14:55:21 on dist-test-slave-pqhs"
I20260709 14:55:21.128043 26428 ts_manager.cc:194] Registered new tserver with Master: f404aeb78f6c44e4a087d4db9441ae45 (127.25.199.2:40101)
I20260709 14:55:21.129700 26428 master_service.cc:502] Signed X509 certificate for tserver {username='slave'} at 127.0.0.1:43416
I20260709 14:55:21.133126 26396 fs_manager.cc:696] Time spent creating directory manager: real 0.005s	user 0.006s	sys 0.000s
I20260709 14:55:21.136492 26642 log_block_manager.cc:4127] Time spent loading block containers with low live blocks: real 0.000s	user 0.000s	sys 0.000s
I20260709 14:55:21.137243 26396 fs_manager.cc:730] Time spent opening block manager: real 0.002s	user 0.002s	sys 0.000s
I20260709 14:55:21.137576 26396 fs_manager.cc:647] Opened local filesystem: /tmp/dist-test-taskdKiNLt/test-tmp/auto_leader_rebalancer-test.0.LeaderRebalancerTest.FunctionalTestForDivided.1783608919065573-26396-0/minicluster-data/ts-2-root
uuid: "02d8204b80b64be69d437f8bff71e3c9"
format_stamp: "Formatted at 2026-07-09 14:55:21 on dist-test-slave-pqhs"
I20260709 14:55:21.137943 26396 fs_report.cc:389] FS layout report
--------------------
wal directory: /tmp/dist-test-taskdKiNLt/test-tmp/auto_leader_rebalancer-test.0.LeaderRebalancerTest.FunctionalTestForDivided.1783608919065573-26396-0/minicluster-data/ts-2-root
metadata directory: /tmp/dist-test-taskdKiNLt/test-tmp/auto_leader_rebalancer-test.0.LeaderRebalancerTest.FunctionalTestForDivided.1783608919065573-26396-0/minicluster-data/ts-2-root
1 data directories: /tmp/dist-test-taskdKiNLt/test-tmp/auto_leader_rebalancer-test.0.LeaderRebalancerTest.FunctionalTestForDivided.1783608919065573-26396-0/minicluster-data/ts-2-root/data
Total live blocks: 0
Total live bytes: 0
Total live bytes (after alignment): 0
Total number of LBM containers: 0 (0 full)
Did not check for missing blocks
Did not check for orphaned blocks
Total full LBM containers with extra space: 0 (0 repaired)
Total full LBM container extra space in bytes: 0 (0 repaired)
Total incomplete LBM containers: 0 (0 repaired)
Total LBM partial records: 0 (0 repaired)
Total corrupted LBM metadata records in RocksDB: 0 (0 repaired)
I20260709 14:55:21.149999 26396 rpc_server.cc:225] running with OpenSSL 1.1.1  11 Sep 2018
I20260709 14:55:21.151530 26396 kserver.cc:163] Server-wide thread pool size limit: 3276
I20260709 14:55:21.153885 26396 txn_system_client.cc:432] TxnSystemClient initialization is disabled...
I20260709 14:55:21.157353 26396 ts_tablet_manager.cc:585] Loaded tablet metadata (0 total tablets, 0 live tablets)
I20260709 14:55:21.157621 26396 ts_tablet_manager.cc:531] Time spent load tablet metadata: real 0.000s	user 0.000s	sys 0.000s
I20260709 14:55:21.157935 26396 ts_tablet_manager.cc:616] Registered 0 tablets
I20260709 14:55:21.158145 26396 ts_tablet_manager.cc:595] Time spent register tablets: real 0.000s	user 0.000s	sys 0.000s
I20260709 14:55:21.238292 26396 rpc_server.cc:307] RPC server started. Bound to: 127.25.199.3:39617
I20260709 14:55:21.238358 26704 acceptor_pool.cc:272] collecting diagnostics on the listening RPC socket 127.25.199.3:39617 every 8 connection(s)
I20260709 14:55:21.254824 26705 heartbeater.cc:344] Connected to a master server at 127.25.199.62:34081
I20260709 14:55:21.255155 26705 heartbeater.cc:461] Registering TS with master...
I20260709 14:55:21.255864 26705 heartbeater.cc:507] Master 127.25.199.62:34081 requested a full tablet report, sending...
I20260709 14:55:21.257721 26428 ts_manager.cc:194] Registered new tserver with Master: 02d8204b80b64be69d437f8bff71e3c9 (127.25.199.3:39617)
I20260709 14:55:21.258116 26396 internal_mini_cluster.cc:371] 3 TS(s) registered with all masters after 0.013110545s
I20260709 14:55:21.259544 26428 master_service.cc:502] Signed X509 certificate for tserver {username='slave'} at 127.0.0.1:43422
I20260709 14:55:21.303429 26428 catalog_manager.cc:2283] Servicing CreateTable request from {username='slave'} at 127.0.0.1:43428:
name: "test-workload"
schema {
  columns {
    name: "key"
    type: INT32
    is_key: true
    is_nullable: false
    encoding: AUTO_ENCODING
    compression: DEFAULT_COMPRESSION
    cfile_block_size: 0
    immutable: false
  }
  columns {
    name: "int_val"
    type: INT32
    is_key: false
    is_nullable: false
    encoding: AUTO_ENCODING
    compression: DEFAULT_COMPRESSION
    cfile_block_size: 0
    immutable: false
  }
  columns {
    name: "string_val"
    type: STRING
    is_key: false
    is_nullable: true
    encoding: AUTO_ENCODING
    compression: DEFAULT_COMPRESSION
    cfile_block_size: 0
    immutable: false
  }
}
num_replicas: 3
split_rows_range_bounds {
  rows: "\004\001\000\216\3438\016\004\001\000\034\307q\034\004\001\000\252\252\252*\004\001\0008\216\3438\004\001\000\306q\034G\004\001\000TUUU\004\001\000\3428\216c\004\001\000p\034\307q""\004\001\000\216\3438\016\004\001\000\034\307q\034\004\001\000\252\252\252*\004\001\0008\216\3438\004\001\000\306q\034G\004\001\000TUUU\004\001\000\3428\216c\004\001\000p\034\307q"
  indirect_data: """"
}
partition_schema {
  range_schema {
    columns {
      name: "key"
    }
  }
}
W20260709 14:55:21.306927 26428 catalog_manager.cc:7077] The number of live tablet servers is not enough to re-replicate a tablet replica of the newly created table test-workload in case of a server failure: 4 tablet servers would be needed, 3 are available. Consider bringing up more tablet servers.
I20260709 14:55:21.406124 26670 tablet_service.cc:1511] Processing CreateTablet for tablet 906edd9b5173484d916af92a4216dcec (DEFAULT_TABLE table=test-workload [id=c9b549b065cb4a229ffb40ad41f98fc2]), partition=RANGE (key) PARTITION VALUES < 238609294
I20260709 14:55:21.407608 26666 tablet_service.cc:1511] Processing CreateTablet for tablet 3291b9d343c6426fbc103fb2f484634a (DEFAULT_TABLE table=test-workload [id=c9b549b065cb4a229ffb40ad41f98fc2]), partition=RANGE (key) PARTITION 954437176 <= VALUES < 1193046470
I20260709 14:55:21.409227 26669 tablet_service.cc:1511] Processing CreateTablet for tablet 5e20925ec8074ba2be34ff4395b454db (DEFAULT_TABLE table=test-workload [id=c9b549b065cb4a229ffb40ad41f98fc2]), partition=RANGE (key) PARTITION 238609294 <= VALUES < 477218588
I20260709 14:55:21.410558 26665 tablet_service.cc:1511] Processing CreateTablet for tablet 132ccaa5eb8c4c44b9a6aa5499e68c08 (DEFAULT_TABLE table=test-workload [id=c9b549b065cb4a229ffb40ad41f98fc2]), partition=RANGE (key) PARTITION 1193046470 <= VALUES < 1431655764
I20260709 14:55:21.411113 26664 tablet_service.cc:1511] Processing CreateTablet for tablet f36aa009f099439fb198acfee19e3ccf (DEFAULT_TABLE table=test-workload [id=c9b549b065cb4a229ffb40ad41f98fc2]), partition=RANGE (key) PARTITION 1431655764 <= VALUES < 1670265058
I20260709 14:55:21.411474 26668 tablet_service.cc:1511] Processing CreateTablet for tablet 8985368c32aa417988aa607ffb110b2b (DEFAULT_TABLE table=test-workload [id=c9b549b065cb4a229ffb40ad41f98fc2]), partition=RANGE (key) PARTITION 477218588 <= VALUES < 715827882
I20260709 14:55:21.413686 26663 tablet_service.cc:1511] Processing CreateTablet for tablet 8e7e34c19da34d0185a53afab04be5a1 (DEFAULT_TABLE table=test-workload [id=c9b549b065cb4a229ffb40ad41f98fc2]), partition=RANGE (key) PARTITION 1670265058 <= VALUES < 1908874352
I20260709 14:55:21.413816 26667 tablet_service.cc:1511] Processing CreateTablet for tablet 7d6693d754b54732a125398c71927730 (DEFAULT_TABLE table=test-workload [id=c9b549b065cb4a229ffb40ad41f98fc2]), partition=RANGE (key) PARTITION 715827882 <= VALUES < 954437176
I20260709 14:55:21.407799 26670 data_dirs.cc:400] Could only allocate 1 dirs of requested 3 for tablet 906edd9b5173484d916af92a4216dcec. 1 dirs total, 0 dirs full, 0 dirs failed
I20260709 14:55:21.415349 26665 data_dirs.cc:400] Could only allocate 1 dirs of requested 3 for tablet 132ccaa5eb8c4c44b9a6aa5499e68c08. 1 dirs total, 0 dirs full, 0 dirs failed
I20260709 14:55:21.415625 26521 tablet_service.cc:1511] Processing CreateTablet for tablet 906edd9b5173484d916af92a4216dcec (DEFAULT_TABLE table=test-workload [id=c9b549b065cb4a229ffb40ad41f98fc2]), partition=RANGE (key) PARTITION VALUES < 238609294
I20260709 14:55:21.415912 26662 tablet_service.cc:1511] Processing CreateTablet for tablet d1424f86c44f48b8aa288d9ca9140303 (DEFAULT_TABLE table=test-workload [id=c9b549b065cb4a229ffb40ad41f98fc2]), partition=RANGE (key) PARTITION 1908874352 <= VALUES
I20260709 14:55:21.416870 26521 data_dirs.cc:400] Could only allocate 1 dirs of requested 3 for tablet 906edd9b5173484d916af92a4216dcec. 1 dirs total, 0 dirs full, 0 dirs failed
I20260709 14:55:21.417014 26668 data_dirs.cc:400] Could only allocate 1 dirs of requested 3 for tablet 8985368c32aa417988aa607ffb110b2b. 1 dirs total, 0 dirs full, 0 dirs failed
I20260709 14:55:21.417708 26664 data_dirs.cc:400] Could only allocate 1 dirs of requested 3 for tablet f36aa009f099439fb198acfee19e3ccf. 1 dirs total, 0 dirs full, 0 dirs failed
I20260709 14:55:21.418774 26669 data_dirs.cc:400] Could only allocate 1 dirs of requested 3 for tablet 5e20925ec8074ba2be34ff4395b454db. 1 dirs total, 0 dirs full, 0 dirs failed
I20260709 14:55:21.419476 26663 data_dirs.cc:400] Could only allocate 1 dirs of requested 3 for tablet 8e7e34c19da34d0185a53afab04be5a1. 1 dirs total, 0 dirs full, 0 dirs failed
I20260709 14:55:21.421552 26666 data_dirs.cc:400] Could only allocate 1 dirs of requested 3 for tablet 3291b9d343c6426fbc103fb2f484634a. 1 dirs total, 0 dirs full, 0 dirs failed
I20260709 14:55:21.423161 26662 data_dirs.cc:400] Could only allocate 1 dirs of requested 3 for tablet d1424f86c44f48b8aa288d9ca9140303. 1 dirs total, 0 dirs full, 0 dirs failed
I20260709 14:55:21.423801 26520 tablet_service.cc:1511] Processing CreateTablet for tablet 5e20925ec8074ba2be34ff4395b454db (DEFAULT_TABLE table=test-workload [id=c9b549b065cb4a229ffb40ad41f98fc2]), partition=RANGE (key) PARTITION 238609294 <= VALUES < 477218588
I20260709 14:55:21.425101 26520 data_dirs.cc:400] Could only allocate 1 dirs of requested 3 for tablet 5e20925ec8074ba2be34ff4395b454db. 1 dirs total, 0 dirs full, 0 dirs failed
I20260709 14:55:21.427060 26667 data_dirs.cc:400] Could only allocate 1 dirs of requested 3 for tablet 7d6693d754b54732a125398c71927730. 1 dirs total, 0 dirs full, 0 dirs failed
I20260709 14:55:21.440234 26519 tablet_service.cc:1511] Processing CreateTablet for tablet 8985368c32aa417988aa607ffb110b2b (DEFAULT_TABLE table=test-workload [id=c9b549b065cb4a229ffb40ad41f98fc2]), partition=RANGE (key) PARTITION 477218588 <= VALUES < 715827882
I20260709 14:55:21.441529 26519 data_dirs.cc:400] Could only allocate 1 dirs of requested 3 for tablet 8985368c32aa417988aa607ffb110b2b. 1 dirs total, 0 dirs full, 0 dirs failed
I20260709 14:55:21.445571 26595 tablet_service.cc:1511] Processing CreateTablet for tablet 5e20925ec8074ba2be34ff4395b454db (DEFAULT_TABLE table=test-workload [id=c9b549b065cb4a229ffb40ad41f98fc2]), partition=RANGE (key) PARTITION 238609294 <= VALUES < 477218588
I20260709 14:55:21.446925 26595 data_dirs.cc:400] Could only allocate 1 dirs of requested 3 for tablet 5e20925ec8074ba2be34ff4395b454db. 1 dirs total, 0 dirs full, 0 dirs failed
I20260709 14:55:21.447690 26596 tablet_service.cc:1511] Processing CreateTablet for tablet 906edd9b5173484d916af92a4216dcec (DEFAULT_TABLE table=test-workload [id=c9b549b065cb4a229ffb40ad41f98fc2]), partition=RANGE (key) PARTITION VALUES < 238609294
I20260709 14:55:21.448880 26596 data_dirs.cc:400] Could only allocate 1 dirs of requested 3 for tablet 906edd9b5173484d916af92a4216dcec. 1 dirs total, 0 dirs full, 0 dirs failed
I20260709 14:55:21.451655 26594 tablet_service.cc:1511] Processing CreateTablet for tablet 8985368c32aa417988aa607ffb110b2b (DEFAULT_TABLE table=test-workload [id=c9b549b065cb4a229ffb40ad41f98fc2]), partition=RANGE (key) PARTITION 477218588 <= VALUES < 715827882
I20260709 14:55:21.452900 26594 data_dirs.cc:400] Could only allocate 1 dirs of requested 3 for tablet 8985368c32aa417988aa607ffb110b2b. 1 dirs total, 0 dirs full, 0 dirs failed
I20260709 14:55:21.453087 26518 tablet_service.cc:1511] Processing CreateTablet for tablet 7d6693d754b54732a125398c71927730 (DEFAULT_TABLE table=test-workload [id=c9b549b065cb4a229ffb40ad41f98fc2]), partition=RANGE (key) PARTITION 715827882 <= VALUES < 954437176
I20260709 14:55:21.454366 26518 data_dirs.cc:400] Could only allocate 1 dirs of requested 3 for tablet 7d6693d754b54732a125398c71927730. 1 dirs total, 0 dirs full, 0 dirs failed
I20260709 14:55:21.459594 26723 tablet_bootstrap.cc:492] T 132ccaa5eb8c4c44b9a6aa5499e68c08 P 02d8204b80b64be69d437f8bff71e3c9: Bootstrap starting.
I20260709 14:55:21.459372 26592 tablet_service.cc:1511] Processing CreateTablet for tablet 3291b9d343c6426fbc103fb2f484634a (DEFAULT_TABLE table=test-workload [id=c9b549b065cb4a229ffb40ad41f98fc2]), partition=RANGE (key) PARTITION 954437176 <= VALUES < 1193046470
I20260709 14:55:21.460709 26592 data_dirs.cc:400] Could only allocate 1 dirs of requested 3 for tablet 3291b9d343c6426fbc103fb2f484634a. 1 dirs total, 0 dirs full, 0 dirs failed
I20260709 14:55:21.471001 26593 tablet_service.cc:1511] Processing CreateTablet for tablet 7d6693d754b54732a125398c71927730 (DEFAULT_TABLE table=test-workload [id=c9b549b065cb4a229ffb40ad41f98fc2]), partition=RANGE (key) PARTITION 715827882 <= VALUES < 954437176
I20260709 14:55:21.472496 26591 tablet_service.cc:1511] Processing CreateTablet for tablet 132ccaa5eb8c4c44b9a6aa5499e68c08 (DEFAULT_TABLE table=test-workload [id=c9b549b065cb4a229ffb40ad41f98fc2]), partition=RANGE (key) PARTITION 1193046470 <= VALUES < 1431655764
I20260709 14:55:21.477451 26593 data_dirs.cc:400] Could only allocate 1 dirs of requested 3 for tablet 7d6693d754b54732a125398c71927730. 1 dirs total, 0 dirs full, 0 dirs failed
I20260709 14:55:21.478987 26590 tablet_service.cc:1511] Processing CreateTablet for tablet f36aa009f099439fb198acfee19e3ccf (DEFAULT_TABLE table=test-workload [id=c9b549b065cb4a229ffb40ad41f98fc2]), partition=RANGE (key) PARTITION 1431655764 <= VALUES < 1670265058
I20260709 14:55:21.479216 26513 tablet_service.cc:1511] Processing CreateTablet for tablet d1424f86c44f48b8aa288d9ca9140303 (DEFAULT_TABLE table=test-workload [id=c9b549b065cb4a229ffb40ad41f98fc2]), partition=RANGE (key) PARTITION 1908874352 <= VALUES
I20260709 14:55:21.482883 26513 data_dirs.cc:400] Could only allocate 1 dirs of requested 3 for tablet d1424f86c44f48b8aa288d9ca9140303. 1 dirs total, 0 dirs full, 0 dirs failed
I20260709 14:55:21.482717 26516 tablet_service.cc:1511] Processing CreateTablet for tablet 132ccaa5eb8c4c44b9a6aa5499e68c08 (DEFAULT_TABLE table=test-workload [id=c9b549b065cb4a229ffb40ad41f98fc2]), partition=RANGE (key) PARTITION 1193046470 <= VALUES < 1431655764
I20260709 14:55:21.481541 26591 data_dirs.cc:400] Could only allocate 1 dirs of requested 3 for tablet 132ccaa5eb8c4c44b9a6aa5499e68c08. 1 dirs total, 0 dirs full, 0 dirs failed
I20260709 14:55:21.488145 26516 data_dirs.cc:400] Could only allocate 1 dirs of requested 3 for tablet 132ccaa5eb8c4c44b9a6aa5499e68c08. 1 dirs total, 0 dirs full, 0 dirs failed
I20260709 14:55:21.487444 26517 tablet_service.cc:1511] Processing CreateTablet for tablet 3291b9d343c6426fbc103fb2f484634a (DEFAULT_TABLE table=test-workload [id=c9b549b065cb4a229ffb40ad41f98fc2]), partition=RANGE (key) PARTITION 954437176 <= VALUES < 1193046470
I20260709 14:55:21.490556 26589 tablet_service.cc:1511] Processing CreateTablet for tablet 8e7e34c19da34d0185a53afab04be5a1 (DEFAULT_TABLE table=test-workload [id=c9b549b065cb4a229ffb40ad41f98fc2]), partition=RANGE (key) PARTITION 1670265058 <= VALUES < 1908874352
I20260709 14:55:21.489112 26588 tablet_service.cc:1511] Processing CreateTablet for tablet d1424f86c44f48b8aa288d9ca9140303 (DEFAULT_TABLE table=test-workload [id=c9b549b065cb4a229ffb40ad41f98fc2]), partition=RANGE (key) PARTITION 1908874352 <= VALUES
I20260709 14:55:21.494894 26589 data_dirs.cc:400] Could only allocate 1 dirs of requested 3 for tablet 8e7e34c19da34d0185a53afab04be5a1. 1 dirs total, 0 dirs full, 0 dirs failed
I20260709 14:55:21.495713 26590 data_dirs.cc:400] Could only allocate 1 dirs of requested 3 for tablet f36aa009f099439fb198acfee19e3ccf. 1 dirs total, 0 dirs full, 0 dirs failed
I20260709 14:55:21.481719 26515 tablet_service.cc:1511] Processing CreateTablet for tablet f36aa009f099439fb198acfee19e3ccf (DEFAULT_TABLE table=test-workload [id=c9b549b065cb4a229ffb40ad41f98fc2]), partition=RANGE (key) PARTITION 1431655764 <= VALUES < 1670265058
I20260709 14:55:21.490640 26514 tablet_service.cc:1511] Processing CreateTablet for tablet 8e7e34c19da34d0185a53afab04be5a1 (DEFAULT_TABLE table=test-workload [id=c9b549b065cb4a229ffb40ad41f98fc2]), partition=RANGE (key) PARTITION 1670265058 <= VALUES < 1908874352
I20260709 14:55:21.502909 26517 data_dirs.cc:400] Could only allocate 1 dirs of requested 3 for tablet 3291b9d343c6426fbc103fb2f484634a. 1 dirs total, 0 dirs full, 0 dirs failed
I20260709 14:55:21.505101 26514 data_dirs.cc:400] Could only allocate 1 dirs of requested 3 for tablet 8e7e34c19da34d0185a53afab04be5a1. 1 dirs total, 0 dirs full, 0 dirs failed
I20260709 14:55:21.507803 26588 data_dirs.cc:400] Could only allocate 1 dirs of requested 3 for tablet d1424f86c44f48b8aa288d9ca9140303. 1 dirs total, 0 dirs full, 0 dirs failed
I20260709 14:55:21.510537 26515 data_dirs.cc:400] Could only allocate 1 dirs of requested 3 for tablet f36aa009f099439fb198acfee19e3ccf. 1 dirs total, 0 dirs full, 0 dirs failed
I20260709 14:55:21.551981 26724 tablet_bootstrap.cc:492] T 906edd9b5173484d916af92a4216dcec P c719992f4c664a7f865d01a1937bb2bf: Bootstrap starting.
I20260709 14:55:21.591286 26723 tablet_bootstrap.cc:654] T 132ccaa5eb8c4c44b9a6aa5499e68c08 P 02d8204b80b64be69d437f8bff71e3c9: Neither blocks nor log segments found. Creating new log.
W20260709 14:55:21.619666 26477 auto_rebalancer.cc:288] Could not retrieve cluster info: Service unavailable: Tablet not running
I20260709 14:55:21.625166 26725 tablet_bootstrap.cc:492] T 3291b9d343c6426fbc103fb2f484634a P f404aeb78f6c44e4a087d4db9441ae45: Bootstrap starting.
I20260709 14:55:21.632032 26724 tablet_bootstrap.cc:654] T 906edd9b5173484d916af92a4216dcec P c719992f4c664a7f865d01a1937bb2bf: Neither blocks nor log segments found. Creating new log.
I20260709 14:55:21.637043 26725 tablet_bootstrap.cc:654] T 3291b9d343c6426fbc103fb2f484634a P f404aeb78f6c44e4a087d4db9441ae45: Neither blocks nor log segments found. Creating new log.
I20260709 14:55:21.642280 26723 tablet_bootstrap.cc:492] T 132ccaa5eb8c4c44b9a6aa5499e68c08 P 02d8204b80b64be69d437f8bff71e3c9: No bootstrap required, opened a new log
I20260709 14:55:21.642791 26723 ts_tablet_manager.cc:1403] T 132ccaa5eb8c4c44b9a6aa5499e68c08 P 02d8204b80b64be69d437f8bff71e3c9: Time spent bootstrapping tablet: real 0.184s	user 0.010s	sys 0.014s
I20260709 14:55:21.643339 26724 tablet_bootstrap.cc:492] T 906edd9b5173484d916af92a4216dcec P c719992f4c664a7f865d01a1937bb2bf: No bootstrap required, opened a new log
I20260709 14:55:21.643785 26724 ts_tablet_manager.cc:1403] T 906edd9b5173484d916af92a4216dcec P c719992f4c664a7f865d01a1937bb2bf: Time spent bootstrapping tablet: real 0.122s	user 0.008s	sys 0.006s
I20260709 14:55:21.644825 26725 tablet_bootstrap.cc:492] T 3291b9d343c6426fbc103fb2f484634a P f404aeb78f6c44e4a087d4db9441ae45: No bootstrap required, opened a new log
I20260709 14:55:21.645309 26725 ts_tablet_manager.cc:1403] T 3291b9d343c6426fbc103fb2f484634a P f404aeb78f6c44e4a087d4db9441ae45: Time spent bootstrapping tablet: real 0.021s	user 0.008s	sys 0.005s
I20260709 14:55:21.645567 26723 raft_consensus.cc:359] T 132ccaa5eb8c4c44b9a6aa5499e68c08 P 02d8204b80b64be69d437f8bff71e3c9 [term 0 FOLLOWER]: Replica starting. Triggering 0 pending ops. Active config: opid_index: -1 OBSOLETE_local: false peers { permanent_uuid: "c719992f4c664a7f865d01a1937bb2bf" member_type: VOTER last_known_addr { host: "127.25.199.1" port: 46573 } } peers { permanent_uuid: "f404aeb78f6c44e4a087d4db9441ae45" member_type: VOTER last_known_addr { host: "127.25.199.2" port: 40101 } } peers { permanent_uuid: "02d8204b80b64be69d437f8bff71e3c9" member_type: VOTER last_known_addr { host: "127.25.199.3" port: 39617 } }
I20260709 14:55:21.646306 26723 raft_consensus.cc:385] T 132ccaa5eb8c4c44b9a6aa5499e68c08 P 02d8204b80b64be69d437f8bff71e3c9 [term 0 FOLLOWER]: Consensus starting up: Expiring failure detector timer to make a prompt election more likely
I20260709 14:55:21.646625 26723 raft_consensus.cc:740] T 132ccaa5eb8c4c44b9a6aa5499e68c08 P 02d8204b80b64be69d437f8bff71e3c9 [term 0 FOLLOWER]: Becoming Follower/Learner. State: Replica: 02d8204b80b64be69d437f8bff71e3c9, State: Initialized, Role: FOLLOWER
I20260709 14:55:21.646646 26724 raft_consensus.cc:359] T 906edd9b5173484d916af92a4216dcec P c719992f4c664a7f865d01a1937bb2bf [term 0 FOLLOWER]: Replica starting. Triggering 0 pending ops. Active config: opid_index: -1 OBSOLETE_local: false peers { permanent_uuid: "02d8204b80b64be69d437f8bff71e3c9" member_type: VOTER last_known_addr { host: "127.25.199.3" port: 39617 } } peers { permanent_uuid: "f404aeb78f6c44e4a087d4db9441ae45" member_type: VOTER last_known_addr { host: "127.25.199.2" port: 40101 } } peers { permanent_uuid: "c719992f4c664a7f865d01a1937bb2bf" member_type: VOTER last_known_addr { host: "127.25.199.1" port: 46573 } }
I20260709 14:55:21.647667 26724 raft_consensus.cc:385] T 906edd9b5173484d916af92a4216dcec P c719992f4c664a7f865d01a1937bb2bf [term 0 FOLLOWER]: Consensus starting up: Expiring failure detector timer to make a prompt election more likely
I20260709 14:55:21.647537 26723 consensus_queue.cc:260] T 132ccaa5eb8c4c44b9a6aa5499e68c08 P 02d8204b80b64be69d437f8bff71e3c9 [NON_LEADER]: Queue going to NON_LEADER mode. State: All replicated index: 0, Majority replicated index: 0, Committed index: 0, Last appended: 0.0, Last appended by leader: 0, Current term: 0, Majority size: -1, State: 0, Mode: NON_LEADER, active raft config: opid_index: -1 OBSOLETE_local: false peers { permanent_uuid: "c719992f4c664a7f865d01a1937bb2bf" member_type: VOTER last_known_addr { host: "127.25.199.1" port: 46573 } } peers { permanent_uuid: "f404aeb78f6c44e4a087d4db9441ae45" member_type: VOTER last_known_addr { host: "127.25.199.2" port: 40101 } } peers { permanent_uuid: "02d8204b80b64be69d437f8bff71e3c9" member_type: VOTER last_known_addr { host: "127.25.199.3" port: 39617 } }
I20260709 14:55:21.647993 26724 raft_consensus.cc:740] T 906edd9b5173484d916af92a4216dcec P c719992f4c664a7f865d01a1937bb2bf [term 0 FOLLOWER]: Becoming Follower/Learner. State: Replica: c719992f4c664a7f865d01a1937bb2bf, State: Initialized, Role: FOLLOWER
I20260709 14:55:21.648723 26725 raft_consensus.cc:359] T 3291b9d343c6426fbc103fb2f484634a P f404aeb78f6c44e4a087d4db9441ae45 [term 0 FOLLOWER]: Replica starting. Triggering 0 pending ops. Active config: opid_index: -1 OBSOLETE_local: false peers { permanent_uuid: "c719992f4c664a7f865d01a1937bb2bf" member_type: VOTER last_known_addr { host: "127.25.199.1" port: 46573 } } peers { permanent_uuid: "f404aeb78f6c44e4a087d4db9441ae45" member_type: VOTER last_known_addr { host: "127.25.199.2" port: 40101 } } peers { permanent_uuid: "02d8204b80b64be69d437f8bff71e3c9" member_type: VOTER last_known_addr { host: "127.25.199.3" port: 39617 } }
I20260709 14:55:21.648765 26724 consensus_queue.cc:260] T 906edd9b5173484d916af92a4216dcec P c719992f4c664a7f865d01a1937bb2bf [NON_LEADER]: Queue going to NON_LEADER mode. State: All replicated index: 0, Majority replicated index: 0, Committed index: 0, Last appended: 0.0, Last appended by leader: 0, Current term: 0, Majority size: -1, State: 0, Mode: NON_LEADER, active raft config: opid_index: -1 OBSOLETE_local: false peers { permanent_uuid: "02d8204b80b64be69d437f8bff71e3c9" member_type: VOTER last_known_addr { host: "127.25.199.3" port: 39617 } } peers { permanent_uuid: "f404aeb78f6c44e4a087d4db9441ae45" member_type: VOTER last_known_addr { host: "127.25.199.2" port: 40101 } } peers { permanent_uuid: "c719992f4c664a7f865d01a1937bb2bf" member_type: VOTER last_known_addr { host: "127.25.199.1" port: 46573 } }
I20260709 14:55:21.649665 26725 raft_consensus.cc:385] T 3291b9d343c6426fbc103fb2f484634a P f404aeb78f6c44e4a087d4db9441ae45 [term 0 FOLLOWER]: Consensus starting up: Expiring failure detector timer to make a prompt election more likely
I20260709 14:55:21.650071 26725 raft_consensus.cc:740] T 3291b9d343c6426fbc103fb2f484634a P f404aeb78f6c44e4a087d4db9441ae45 [term 0 FOLLOWER]: Becoming Follower/Learner. State: Replica: f404aeb78f6c44e4a087d4db9441ae45, State: Initialized, Role: FOLLOWER
