I20260709 14:55:27.490140 30027 tablet_service.cc:1917] Received RequestConsensusVote() RPC: tablet_id: "2f0afc79833b4320a7a9582389d8e3c9" candidate_uuid: "0aec0da3cc614f679b459feb2ab28fe7" candidate_term: 1 candidate_status { last_received { term: 0 index: 0 } } ignore_live_leader: false dest_uuid: "35501e1b621245e196e1f90d6841a9da" is_pre_election: true
W20260709 14:55:27.492273 29917 leader_election.cc:343] T 2f0afc79833b4320a7a9582389d8e3c9 P 0aec0da3cc614f679b459feb2ab28fe7 [CANDIDATE]: Term 1 pre-election: Tablet error from VoteRequest() call to peer 35501e1b621245e196e1f90d6841a9da (127.28.144.131:40509): Illegal state: must be running to vote when last-logged opid is not known
I20260709 14:55:27.492877 29917 leader_election.cc:304] T 2f0afc79833b4320a7a9582389d8e3c9 P 0aec0da3cc614f679b459feb2ab28fe7 [CANDIDATE]: Term 1 pre-election: Election decided. Result: candidate lost. Election summary: received 3 responses out of 3 voters: 1 yes votes; 2 no votes. yes voters: 0aec0da3cc614f679b459feb2ab28fe7; no voters: 1400e46cc19c46e9b709d385c37f59b9, 35501e1b621245e196e1f90d6841a9da
I20260709 14:55:27.493469 30067 ts_tablet_manager.cc:1434] T 2f0afc79833b4320a7a9582389d8e3c9 P 0aec0da3cc614f679b459feb2ab28fe7: Time spent starting tablet: real 0.182s	user 0.044s	sys 0.051s
I20260709 14:55:27.494092 30072 raft_consensus.cc:2749] T 2f0afc79833b4320a7a9582389d8e3c9 P 0aec0da3cc614f679b459feb2ab28fe7 [term 0 FOLLOWER]: Leader pre-election lost for term 1. Reason: could not achieve majority
I20260709 14:55:27.494510 30067 tablet_bootstrap.cc:492] T 062e45ca0dbb4259863b98367bf59b3d P 0aec0da3cc614f679b459feb2ab28fe7: Bootstrap starting.
I20260709 14:55:27.501055 30067 tablet_bootstrap.cc:654] T 062e45ca0dbb4259863b98367bf59b3d P 0aec0da3cc614f679b459feb2ab28fe7: Neither blocks nor log segments found. Creating new log.
I20260709 14:55:27.515625 30069 tablet_bootstrap.cc:654] T a253dceb2a44495ca74fa74fe8fe4ca5 P 1400e46cc19c46e9b709d385c37f59b9: Neither blocks nor log segments found. Creating new log.
I20260709 14:55:27.522655 30067 tablet_bootstrap.cc:492] T 062e45ca0dbb4259863b98367bf59b3d P 0aec0da3cc614f679b459feb2ab28fe7: No bootstrap required, opened a new log
I20260709 14:55:27.522982 30071 tablet_bootstrap.cc:492] T 867fc7f2425241b2bfae3904965cab35 P 35501e1b621245e196e1f90d6841a9da: No bootstrap required, opened a new log
I20260709 14:55:27.523082 30067 ts_tablet_manager.cc:1403] T 062e45ca0dbb4259863b98367bf59b3d P 0aec0da3cc614f679b459feb2ab28fe7: Time spent bootstrapping tablet: real 0.029s	user 0.016s	sys 0.010s
I20260709 14:55:27.523811 30071 ts_tablet_manager.cc:1403] T 867fc7f2425241b2bfae3904965cab35 P 35501e1b621245e196e1f90d6841a9da: Time spent bootstrapping tablet: real 0.197s	user 0.042s	sys 0.016s
I20260709 14:55:27.526890 30071 raft_consensus.cc:359] T 867fc7f2425241b2bfae3904965cab35 P 35501e1b621245e196e1f90d6841a9da [term 0 FOLLOWER]: Replica starting. Triggering 0 pending ops. Active config: opid_index: -1 OBSOLETE_local: false peers { permanent_uuid: "1400e46cc19c46e9b709d385c37f59b9" member_type: VOTER last_known_addr { host: "127.28.144.129" port: 43619 } } peers { permanent_uuid: "0aec0da3cc614f679b459feb2ab28fe7" member_type: VOTER last_known_addr { host: "127.28.144.130" port: 35331 } } peers { permanent_uuid: "35501e1b621245e196e1f90d6841a9da" member_type: VOTER last_known_addr { host: "127.28.144.131" port: 40509 } }
I20260709 14:55:27.527315 30071 raft_consensus.cc:385] T 867fc7f2425241b2bfae3904965cab35 P 35501e1b621245e196e1f90d6841a9da [term 0 FOLLOWER]: Consensus starting up: Expiring failure detector timer to make a prompt election more likely
I20260709 14:55:27.527614 30071 raft_consensus.cc:740] T 867fc7f2425241b2bfae3904965cab35 P 35501e1b621245e196e1f90d6841a9da [term 0 FOLLOWER]: Becoming Follower/Learner. State: Replica: 35501e1b621245e196e1f90d6841a9da, State: Initialized, Role: FOLLOWER
I20260709 14:55:27.528297 30071 consensus_queue.cc:260] T 867fc7f2425241b2bfae3904965cab35 P 35501e1b621245e196e1f90d6841a9da [NON_LEADER]: Queue going to NON_LEADER mode. State: All replicated index: 0, Majority replicated index: 0, Committed index: 0, Last appended: 0.0, Last appended by leader: 0, Current term: 0, Majority size: -1, State: 0, Mode: NON_LEADER, active raft config: opid_index: -1 OBSOLETE_local: false peers { permanent_uuid: "1400e46cc19c46e9b709d385c37f59b9" member_type: VOTER last_known_addr { host: "127.28.144.129" port: 43619 } } peers { permanent_uuid: "0aec0da3cc614f679b459feb2ab28fe7" member_type: VOTER last_known_addr { host: "127.28.144.130" port: 35331 } } peers { permanent_uuid: "35501e1b621245e196e1f90d6841a9da" member_type: VOTER last_known_addr { host: "127.28.144.131" port: 40509 } }
I20260709 14:55:27.530530 30052 heartbeater.cc:499] Master 127.28.144.190:40563 was elected leader, sending a full tablet report...
I20260709 14:55:27.530886 30071 ts_tablet_manager.cc:1434] T 867fc7f2425241b2bfae3904965cab35 P 35501e1b621245e196e1f90d6841a9da: Time spent starting tablet: real 0.006s	user 0.001s	sys 0.004s
I20260709 14:55:27.531358 30069 tablet_bootstrap.cc:492] T a253dceb2a44495ca74fa74fe8fe4ca5 P 1400e46cc19c46e9b709d385c37f59b9: No bootstrap required, opened a new log
I20260709 14:55:27.531530 30071 tablet_bootstrap.cc:492] T 2f0afc79833b4320a7a9582389d8e3c9 P 35501e1b621245e196e1f90d6841a9da: Bootstrap starting.
I20260709 14:55:27.531813 30069 ts_tablet_manager.cc:1403] T a253dceb2a44495ca74fa74fe8fe4ca5 P 1400e46cc19c46e9b709d385c37f59b9: Time spent bootstrapping tablet: real 0.076s	user 0.005s	sys 0.014s
I20260709 14:55:27.534610 30067 raft_consensus.cc:359] T 062e45ca0dbb4259863b98367bf59b3d P 0aec0da3cc614f679b459feb2ab28fe7 [term 0 FOLLOWER]: Replica starting. Triggering 0 pending ops. Active config: opid_index: -1 OBSOLETE_local: false peers { permanent_uuid: "1400e46cc19c46e9b709d385c37f59b9" member_type: VOTER last_known_addr { host: "127.28.144.129" port: 43619 } } peers { permanent_uuid: "0aec0da3cc614f679b459feb2ab28fe7" member_type: VOTER last_known_addr { host: "127.28.144.130" port: 35331 } } peers { permanent_uuid: "35501e1b621245e196e1f90d6841a9da" member_type: VOTER last_known_addr { host: "127.28.144.131" port: 40509 } }
I20260709 14:55:27.535323 30067 raft_consensus.cc:385] T 062e45ca0dbb4259863b98367bf59b3d P 0aec0da3cc614f679b459feb2ab28fe7 [term 0 FOLLOWER]: Consensus starting up: Expiring failure detector timer to make a prompt election more likely
I20260709 14:55:27.534909 30069 raft_consensus.cc:359] T a253dceb2a44495ca74fa74fe8fe4ca5 P 1400e46cc19c46e9b709d385c37f59b9 [term 0 FOLLOWER]: Replica starting. Triggering 0 pending ops. Active config: opid_index: -1 OBSOLETE_local: false peers { permanent_uuid: "1400e46cc19c46e9b709d385c37f59b9" member_type: VOTER last_known_addr { host: "127.28.144.129" port: 43619 } } peers { permanent_uuid: "0aec0da3cc614f679b459feb2ab28fe7" member_type: VOTER last_known_addr { host: "127.28.144.130" port: 35331 } } peers { permanent_uuid: "35501e1b621245e196e1f90d6841a9da" member_type: VOTER last_known_addr { host: "127.28.144.131" port: 40509 } }
I20260709 14:55:27.535662 30067 raft_consensus.cc:740] T 062e45ca0dbb4259863b98367bf59b3d P 0aec0da3cc614f679b459feb2ab28fe7 [term 0 FOLLOWER]: Becoming Follower/Learner. State: Replica: 0aec0da3cc614f679b459feb2ab28fe7, State: Initialized, Role: FOLLOWER
I20260709 14:55:27.535799 30069 raft_consensus.cc:385] T a253dceb2a44495ca74fa74fe8fe4ca5 P 1400e46cc19c46e9b709d385c37f59b9 [term 0 FOLLOWER]: Consensus starting up: Expiring failure detector timer to make a prompt election more likely
I20260709 14:55:27.536235 30069 raft_consensus.cc:740] T a253dceb2a44495ca74fa74fe8fe4ca5 P 1400e46cc19c46e9b709d385c37f59b9 [term 0 FOLLOWER]: Becoming Follower/Learner. State: Replica: 1400e46cc19c46e9b709d385c37f59b9, State: Initialized, Role: FOLLOWER
I20260709 14:55:27.536865 30071 tablet_bootstrap.cc:654] T 2f0afc79833b4320a7a9582389d8e3c9 P 35501e1b621245e196e1f90d6841a9da: Neither blocks nor log segments found. Creating new log.
I20260709 14:55:27.536574 30067 consensus_queue.cc:260] T 062e45ca0dbb4259863b98367bf59b3d P 0aec0da3cc614f679b459feb2ab28fe7 [NON_LEADER]: Queue going to NON_LEADER mode. State: All replicated index: 0, Majority replicated index: 0, Committed index: 0, Last appended: 0.0, Last appended by leader: 0, Current term: 0, Majority size: -1, State: 0, Mode: NON_LEADER, active raft config: opid_index: -1 OBSOLETE_local: false peers { permanent_uuid: "1400e46cc19c46e9b709d385c37f59b9" member_type: VOTER last_known_addr { host: "127.28.144.129" port: 43619 } } peers { permanent_uuid: "0aec0da3cc614f679b459feb2ab28fe7" member_type: VOTER last_known_addr { host: "127.28.144.130" port: 35331 } } peers { permanent_uuid: "35501e1b621245e196e1f90d6841a9da" member_type: VOTER last_known_addr { host: "127.28.144.131" port: 40509 } }
I20260709 14:55:27.536967 30069 consensus_queue.cc:260] T a253dceb2a44495ca74fa74fe8fe4ca5 P 1400e46cc19c46e9b709d385c37f59b9 [NON_LEADER]: Queue going to NON_LEADER mode. State: All replicated index: 0, Majority replicated index: 0, Committed index: 0, Last appended: 0.0, Last appended by leader: 0, Current term: 0, Majority size: -1, State: 0, Mode: NON_LEADER, active raft config: opid_index: -1 OBSOLETE_local: false peers { permanent_uuid: "1400e46cc19c46e9b709d385c37f59b9" member_type: VOTER last_known_addr { host: "127.28.144.129" port: 43619 } } peers { permanent_uuid: "0aec0da3cc614f679b459feb2ab28fe7" member_type: VOTER last_known_addr { host: "127.28.144.130" port: 35331 } } peers { permanent_uuid: "35501e1b621245e196e1f90d6841a9da" member_type: VOTER last_known_addr { host: "127.28.144.131" port: 40509 } }
I20260709 14:55:27.538847 30067 ts_tablet_manager.cc:1434] T 062e45ca0dbb4259863b98367bf59b3d P 0aec0da3cc614f679b459feb2ab28fe7: Time spent starting tablet: real 0.015s	user 0.003s	sys 0.002s
I20260709 14:55:27.539165 30069 ts_tablet_manager.cc:1434] T a253dceb2a44495ca74fa74fe8fe4ca5 P 1400e46cc19c46e9b709d385c37f59b9: Time spent starting tablet: real 0.007s	user 0.004s	sys 0.004s
I20260709 14:55:27.542688 30069 tablet_bootstrap.cc:492] T 722656791a3341e2a454d8abbf016792 P 1400e46cc19c46e9b709d385c37f59b9: Bootstrap starting.
I20260709 14:55:27.543172 30067 tablet_bootstrap.cc:492] T 59c44627c7ce49ae9c37bd8b2b871d7e P 0aec0da3cc614f679b459feb2ab28fe7: Bootstrap starting.
I20260709 14:55:27.550611 30069 tablet_bootstrap.cc:654] T 722656791a3341e2a454d8abbf016792 P 1400e46cc19c46e9b709d385c37f59b9: Neither blocks nor log segments found. Creating new log.
I20260709 14:55:27.556109 30067 tablet_bootstrap.cc:654] T 59c44627c7ce49ae9c37bd8b2b871d7e P 0aec0da3cc614f679b459feb2ab28fe7: Neither blocks nor log segments found. Creating new log.
I20260709 14:55:27.561626 30071 tablet_bootstrap.cc:492] T 2f0afc79833b4320a7a9582389d8e3c9 P 35501e1b621245e196e1f90d6841a9da: No bootstrap required, opened a new log
I20260709 14:55:27.562021 30071 ts_tablet_manager.cc:1403] T 2f0afc79833b4320a7a9582389d8e3c9 P 35501e1b621245e196e1f90d6841a9da: Time spent bootstrapping tablet: real 0.031s	user 0.012s	sys 0.017s
I20260709 14:55:27.563740 30067 tablet_bootstrap.cc:492] T 59c44627c7ce49ae9c37bd8b2b871d7e P 0aec0da3cc614f679b459feb2ab28fe7: No bootstrap required, opened a new log
I20260709 14:55:27.564096 30069 tablet_bootstrap.cc:492] T 722656791a3341e2a454d8abbf016792 P 1400e46cc19c46e9b709d385c37f59b9: No bootstrap required, opened a new log
I20260709 14:55:27.564152 30067 ts_tablet_manager.cc:1403] T 59c44627c7ce49ae9c37bd8b2b871d7e P 0aec0da3cc614f679b459feb2ab28fe7: Time spent bootstrapping tablet: real 0.021s	user 0.009s	sys 0.001s
I20260709 14:55:27.564731 30071 raft_consensus.cc:359] T 2f0afc79833b4320a7a9582389d8e3c9 P 35501e1b621245e196e1f90d6841a9da [term 0 FOLLOWER]: Replica starting. Triggering 0 pending ops. Active config: opid_index: -1 OBSOLETE_local: false peers { permanent_uuid: "1400e46cc19c46e9b709d385c37f59b9" member_type: VOTER last_known_addr { host: "127.28.144.129" port: 43619 } } peers { permanent_uuid: "0aec0da3cc614f679b459feb2ab28fe7" member_type: VOTER last_known_addr { host: "127.28.144.130" port: 35331 } } peers { permanent_uuid: "35501e1b621245e196e1f90d6841a9da" member_type: VOTER last_known_addr { host: "127.28.144.131" port: 40509 } }
I20260709 14:55:27.564754 30069 ts_tablet_manager.cc:1403] T 722656791a3341e2a454d8abbf016792 P 1400e46cc19c46e9b709d385c37f59b9: Time spent bootstrapping tablet: real 0.022s	user 0.004s	sys 0.016s
I20260709 14:55:27.565454 30071 raft_consensus.cc:385] T 2f0afc79833b4320a7a9582389d8e3c9 P 35501e1b621245e196e1f90d6841a9da [term 0 FOLLOWER]: Consensus starting up: Expiring failure detector timer to make a prompt election more likely
I20260709 14:55:27.565765 30071 raft_consensus.cc:740] T 2f0afc79833b4320a7a9582389d8e3c9 P 35501e1b621245e196e1f90d6841a9da [term 0 FOLLOWER]: Becoming Follower/Learner. State: Replica: 35501e1b621245e196e1f90d6841a9da, State: Initialized, Role: FOLLOWER
I20260709 14:55:27.566445 30071 consensus_queue.cc:260] T 2f0afc79833b4320a7a9582389d8e3c9 P 35501e1b621245e196e1f90d6841a9da [NON_LEADER]: Queue going to NON_LEADER mode. State: All replicated index: 0, Majority replicated index: 0, Committed index: 0, Last appended: 0.0, Last appended by leader: 0, Current term: 0, Majority size: -1, State: 0, Mode: NON_LEADER, active raft config: opid_index: -1 OBSOLETE_local: false peers { permanent_uuid: "1400e46cc19c46e9b709d385c37f59b9" member_type: VOTER last_known_addr { host: "127.28.144.129" port: 43619 } } peers { permanent_uuid: "0aec0da3cc614f679b459feb2ab28fe7" member_type: VOTER last_known_addr { host: "127.28.144.130" port: 35331 } } peers { permanent_uuid: "35501e1b621245e196e1f90d6841a9da" member_type: VOTER last_known_addr { host: "127.28.144.131" port: 40509 } }
I20260709 14:55:27.567176 30067 raft_consensus.cc:359] T 59c44627c7ce49ae9c37bd8b2b871d7e P 0aec0da3cc614f679b459feb2ab28fe7 [term 0 FOLLOWER]: Replica starting. Triggering 0 pending ops. Active config: opid_index: -1 OBSOLETE_local: false peers { permanent_uuid: "1400e46cc19c46e9b709d385c37f59b9" member_type: VOTER last_known_addr { host: "127.28.144.129" port: 43619 } } peers { permanent_uuid: "0aec0da3cc614f679b459feb2ab28fe7" member_type: VOTER last_known_addr { host: "127.28.144.130" port: 35331 } } peers { permanent_uuid: "35501e1b621245e196e1f90d6841a9da" member_type: VOTER last_known_addr { host: "127.28.144.131" port: 40509 } }
I20260709 14:55:27.567799 30067 raft_consensus.cc:385] T 59c44627c7ce49ae9c37bd8b2b871d7e P 0aec0da3cc614f679b459feb2ab28fe7 [term 0 FOLLOWER]: Consensus starting up: Expiring failure detector timer to make a prompt election more likely
I20260709 14:55:27.568107 30067 raft_consensus.cc:740] T 59c44627c7ce49ae9c37bd8b2b871d7e P 0aec0da3cc614f679b459feb2ab28fe7 [term 0 FOLLOWER]: Becoming Follower/Learner. State: Replica: 0aec0da3cc614f679b459feb2ab28fe7, State: Initialized, Role: FOLLOWER
I20260709 14:55:27.568924 30067 consensus_queue.cc:260] T 59c44627c7ce49ae9c37bd8b2b871d7e P 0aec0da3cc614f679b459feb2ab28fe7 [NON_LEADER]: Queue going to NON_LEADER mode. State: All replicated index: 0, Majority replicated index: 0, Committed index: 0, Last appended: 0.0, Last appended by leader: 0, Current term: 0, Majority size: -1, State: 0, Mode: NON_LEADER, active raft config: opid_index: -1 OBSOLETE_local: false peers { permanent_uuid: "1400e46cc19c46e9b709d385c37f59b9" member_type: VOTER last_known_addr { host: "127.28.144.129" port: 43619 } } peers { permanent_uuid: "0aec0da3cc614f679b459feb2ab28fe7" member_type: VOTER last_known_addr { host: "127.28.144.130" port: 35331 } } peers { permanent_uuid: "35501e1b621245e196e1f90d6841a9da" member_type: VOTER last_known_addr { host: "127.28.144.131" port: 40509 } }
I20260709 14:55:27.569445 30071 ts_tablet_manager.cc:1434] T 2f0afc79833b4320a7a9582389d8e3c9 P 35501e1b621245e196e1f90d6841a9da: Time spent starting tablet: real 0.007s	user 0.002s	sys 0.005s
I20260709 14:55:27.569044 30069 raft_consensus.cc:359] T 722656791a3341e2a454d8abbf016792 P 1400e46cc19c46e9b709d385c37f59b9 [term 0 FOLLOWER]: Replica starting. Triggering 0 pending ops. Active config: opid_index: -1 OBSOLETE_local: false peers { permanent_uuid: "1400e46cc19c46e9b709d385c37f59b9" member_type: VOTER last_known_addr { host: "127.28.144.129" port: 43619 } } peers { permanent_uuid: "0aec0da3cc614f679b459feb2ab28fe7" member_type: VOTER last_known_addr { host: "127.28.144.130" port: 35331 } } peers { permanent_uuid: "35501e1b621245e196e1f90d6841a9da" member_type: VOTER last_known_addr { host: "127.28.144.131" port: 40509 } }
I20260709 14:55:27.569880 30069 raft_consensus.cc:385] T 722656791a3341e2a454d8abbf016792 P 1400e46cc19c46e9b709d385c37f59b9 [term 0 FOLLOWER]: Consensus starting up: Expiring failure detector timer to make a prompt election more likely
I20260709 14:55:27.570294 30071 tablet_bootstrap.cc:492] T a6b83968edcb4b78a59c2e3998687374 P 35501e1b621245e196e1f90d6841a9da: Bootstrap starting.
I20260709 14:55:27.570204 30069 raft_consensus.cc:740] T 722656791a3341e2a454d8abbf016792 P 1400e46cc19c46e9b709d385c37f59b9 [term 0 FOLLOWER]: Becoming Follower/Learner. State: Replica: 1400e46cc19c46e9b709d385c37f59b9, State: Initialized, Role: FOLLOWER
I20260709 14:55:27.571101 30069 consensus_queue.cc:260] T 722656791a3341e2a454d8abbf016792 P 1400e46cc19c46e9b709d385c37f59b9 [NON_LEADER]: Queue going to NON_LEADER mode. State: All replicated index: 0, Majority replicated index: 0, Committed index: 0, Last appended: 0.0, Last appended by leader: 0, Current term: 0, Majority size: -1, State: 0, Mode: NON_LEADER, active raft config: opid_index: -1 OBSOLETE_local: false peers { permanent_uuid: "1400e46cc19c46e9b709d385c37f59b9" member_type: VOTER last_known_addr { host: "127.28.144.129" port: 43619 } } peers { permanent_uuid: "0aec0da3cc614f679b459feb2ab28fe7" member_type: VOTER last_known_addr { host: "127.28.144.130" port: 35331 } } peers { permanent_uuid: "35501e1b621245e196e1f90d6841a9da" member_type: VOTER last_known_addr { host: "127.28.144.131" port: 40509 } }
I20260709 14:55:27.576769 30071 tablet_bootstrap.cc:654] T a6b83968edcb4b78a59c2e3998687374 P 35501e1b621245e196e1f90d6841a9da: Neither blocks nor log segments found. Creating new log.
I20260709 14:55:27.577092 30067 ts_tablet_manager.cc:1434] T 59c44627c7ce49ae9c37bd8b2b871d7e P 0aec0da3cc614f679b459feb2ab28fe7: Time spent starting tablet: real 0.012s	user 0.004s	sys 0.002s
I20260709 14:55:27.578573 30069 ts_tablet_manager.cc:1434] T 722656791a3341e2a454d8abbf016792 P 1400e46cc19c46e9b709d385c37f59b9: Time spent starting tablet: real 0.013s	user 0.004s	sys 0.001s
I20260709 14:55:27.581256 30067 tablet_bootstrap.cc:492] T 0fe8c62b7e83448588de1bc5336a2867 P 0aec0da3cc614f679b459feb2ab28fe7: Bootstrap starting.
I20260709 14:55:27.587217 30069 tablet_bootstrap.cc:492] T 867fc7f2425241b2bfae3904965cab35 P 1400e46cc19c46e9b709d385c37f59b9: Bootstrap starting.
I20260709 14:55:27.588374 30067 tablet_bootstrap.cc:654] T 0fe8c62b7e83448588de1bc5336a2867 P 0aec0da3cc614f679b459feb2ab28fe7: Neither blocks nor log segments found. Creating new log.
I20260709 14:55:27.590221 30071 tablet_bootstrap.cc:492] T a6b83968edcb4b78a59c2e3998687374 P 35501e1b621245e196e1f90d6841a9da: No bootstrap required, opened a new log
I20260709 14:55:27.590631 30071 ts_tablet_manager.cc:1403] T a6b83968edcb4b78a59c2e3998687374 P 35501e1b621245e196e1f90d6841a9da: Time spent bootstrapping tablet: real 0.021s	user 0.006s	sys 0.014s
I20260709 14:55:27.592228 30069 tablet_bootstrap.cc:654] T 867fc7f2425241b2bfae3904965cab35 P 1400e46cc19c46e9b709d385c37f59b9: Neither blocks nor log segments found. Creating new log.
I20260709 14:55:27.593254 30067 tablet_bootstrap.cc:492] T 0fe8c62b7e83448588de1bc5336a2867 P 0aec0da3cc614f679b459feb2ab28fe7: No bootstrap required, opened a new log
I20260709 14:55:27.593729 30067 ts_tablet_manager.cc:1403] T 0fe8c62b7e83448588de1bc5336a2867 P 0aec0da3cc614f679b459feb2ab28fe7: Time spent bootstrapping tablet: real 0.013s	user 0.001s	sys 0.010s
I20260709 14:55:27.593415 30071 raft_consensus.cc:359] T a6b83968edcb4b78a59c2e3998687374 P 35501e1b621245e196e1f90d6841a9da [term 0 FOLLOWER]: Replica starting. Triggering 0 pending ops. Active config: opid_index: -1 OBSOLETE_local: false peers { permanent_uuid: "0aec0da3cc614f679b459feb2ab28fe7" member_type: VOTER last_known_addr { host: "127.28.144.130" port: 35331 } } peers { permanent_uuid: "35501e1b621245e196e1f90d6841a9da" member_type: VOTER last_known_addr { host: "127.28.144.131" port: 40509 } } peers { permanent_uuid: "1400e46cc19c46e9b709d385c37f59b9" member_type: VOTER last_known_addr { host: "127.28.144.129" port: 43619 } }
I20260709 14:55:27.594165 30071 raft_consensus.cc:385] T a6b83968edcb4b78a59c2e3998687374 P 35501e1b621245e196e1f90d6841a9da [term 0 FOLLOWER]: Consensus starting up: Expiring failure detector timer to make a prompt election more likely
I20260709 14:55:27.594483 30071 raft_consensus.cc:740] T a6b83968edcb4b78a59c2e3998687374 P 35501e1b621245e196e1f90d6841a9da [term 0 FOLLOWER]: Becoming Follower/Learner. State: Replica: 35501e1b621245e196e1f90d6841a9da, State: Initialized, Role: FOLLOWER
I20260709 14:55:27.595194 30071 consensus_queue.cc:260] T a6b83968edcb4b78a59c2e3998687374 P 35501e1b621245e196e1f90d6841a9da [NON_LEADER]: Queue going to NON_LEADER mode. State: All replicated index: 0, Majority replicated index: 0, Committed index: 0, Last appended: 0.0, Last appended by leader: 0, Current term: 0, Majority size: -1, State: 0, Mode: NON_LEADER, active raft config: opid_index: -1 OBSOLETE_local: false peers { permanent_uuid: "0aec0da3cc614f679b459feb2ab28fe7" member_type: VOTER last_known_addr { host: "127.28.144.130" port: 35331 } } peers { permanent_uuid: "35501e1b621245e196e1f90d6841a9da" member_type: VOTER last_known_addr { host: "127.28.144.131" port: 40509 } } peers { permanent_uuid: "1400e46cc19c46e9b709d385c37f59b9" member_type: VOTER last_known_addr { host: "127.28.144.129" port: 43619 } }
I20260709 14:55:27.596383 30067 raft_consensus.cc:359] T 0fe8c62b7e83448588de1bc5336a2867 P 0aec0da3cc614f679b459feb2ab28fe7 [term 0 FOLLOWER]: Replica starting. Triggering 0 pending ops. Active config: opid_index: -1 OBSOLETE_local: false peers { permanent_uuid: "1400e46cc19c46e9b709d385c37f59b9" member_type: VOTER last_known_addr { host: "127.28.144.129" port: 43619 } } peers { permanent_uuid: "0aec0da3cc614f679b459feb2ab28fe7" member_type: VOTER last_known_addr { host: "127.28.144.130" port: 35331 } } peers { permanent_uuid: "35501e1b621245e196e1f90d6841a9da" member_type: VOTER last_known_addr { host: "127.28.144.131" port: 40509 } }
I20260709 14:55:27.597044 30067 raft_consensus.cc:385] T 0fe8c62b7e83448588de1bc5336a2867 P 0aec0da3cc614f679b459feb2ab28fe7 [term 0 FOLLOWER]: Consensus starting up: Expiring failure detector timer to make a prompt election more likely
I20260709 14:55:27.597187 30071 ts_tablet_manager.cc:1434] T a6b83968edcb4b78a59c2e3998687374 P 35501e1b621245e196e1f90d6841a9da: Time spent starting tablet: real 0.006s	user 0.006s	sys 0.000s
I20260709 14:55:27.597317 30067 raft_consensus.cc:740] T 0fe8c62b7e83448588de1bc5336a2867 P 0aec0da3cc614f679b459feb2ab28fe7 [term 0 FOLLOWER]: Becoming Follower/Learner. State: Replica: 0aec0da3cc614f679b459feb2ab28fe7, State: Initialized, Role: FOLLOWER
I20260709 14:55:27.598204 30071 tablet_bootstrap.cc:492] T 2023490cc31b4ff9939d5abd0c9dd90f P 35501e1b621245e196e1f90d6841a9da: Bootstrap starting.
I20260709 14:55:27.598012 30067 consensus_queue.cc:260] T 0fe8c62b7e83448588de1bc5336a2867 P 0aec0da3cc614f679b459feb2ab28fe7 [NON_LEADER]: Queue going to NON_LEADER mode. State: All replicated index: 0, Majority replicated index: 0, Committed index: 0, Last appended: 0.0, Last appended by leader: 0, Current term: 0, Majority size: -1, State: 0, Mode: NON_LEADER, active raft config: opid_index: -1 OBSOLETE_local: false peers { permanent_uuid: "1400e46cc19c46e9b709d385c37f59b9" member_type: VOTER last_known_addr { host: "127.28.144.129" port: 43619 } } peers { permanent_uuid: "0aec0da3cc614f679b459feb2ab28fe7" member_type: VOTER last_known_addr { host: "127.28.144.130" port: 35331 } } peers { permanent_uuid: "35501e1b621245e196e1f90d6841a9da" member_type: VOTER last_known_addr { host: "127.28.144.131" port: 40509 } }
I20260709 14:55:27.600117 30067 ts_tablet_manager.cc:1434] T 0fe8c62b7e83448588de1bc5336a2867 P 0aec0da3cc614f679b459feb2ab28fe7: Time spent starting tablet: real 0.006s	user 0.004s	sys 0.000s
I20260709 14:55:27.601020 30067 tablet_bootstrap.cc:492] T baebaf00cf4e4f52844cf95657bd0176 P 0aec0da3cc614f679b459feb2ab28fe7: Bootstrap starting.
I20260709 14:55:27.604579 30071 tablet_bootstrap.cc:654] T 2023490cc31b4ff9939d5abd0c9dd90f P 35501e1b621245e196e1f90d6841a9da: Neither blocks nor log segments found. Creating new log.
I20260709 14:55:27.607093 30067 tablet_bootstrap.cc:654] T baebaf00cf4e4f52844cf95657bd0176 P 0aec0da3cc614f679b459feb2ab28fe7: Neither blocks nor log segments found. Creating new log.
I20260709 14:55:27.610711 30071 tablet_bootstrap.cc:492] T 2023490cc31b4ff9939d5abd0c9dd90f P 35501e1b621245e196e1f90d6841a9da: No bootstrap required, opened a new log
I20260709 14:55:27.609766 30069 tablet_bootstrap.cc:492] T 867fc7f2425241b2bfae3904965cab35 P 1400e46cc19c46e9b709d385c37f59b9: No bootstrap required, opened a new log
I20260709 14:55:27.611125 30071 ts_tablet_manager.cc:1403] T 2023490cc31b4ff9939d5abd0c9dd90f P 35501e1b621245e196e1f90d6841a9da: Time spent bootstrapping tablet: real 0.013s	user 0.006s	sys 0.004s
I20260709 14:55:27.611313 30069 ts_tablet_manager.cc:1403] T 867fc7f2425241b2bfae3904965cab35 P 1400e46cc19c46e9b709d385c37f59b9: Time spent bootstrapping tablet: real 0.024s	user 0.018s	sys 0.003s
I20260709 14:55:27.612439 30067 tablet_bootstrap.cc:492] T baebaf00cf4e4f52844cf95657bd0176 P 0aec0da3cc614f679b459feb2ab28fe7: No bootstrap required, opened a new log
I20260709 14:55:27.612892 30067 ts_tablet_manager.cc:1403] T baebaf00cf4e4f52844cf95657bd0176 P 0aec0da3cc614f679b459feb2ab28fe7: Time spent bootstrapping tablet: real 0.012s	user 0.006s	sys 0.005s
I20260709 14:55:27.613951 30071 raft_consensus.cc:359] T 2023490cc31b4ff9939d5abd0c9dd90f P 35501e1b621245e196e1f90d6841a9da [term 0 FOLLOWER]: Replica starting. Triggering 0 pending ops. Active config: opid_index: -1 OBSOLETE_local: false peers { permanent_uuid: "1400e46cc19c46e9b709d385c37f59b9" member_type: VOTER last_known_addr { host: "127.28.144.129" port: 43619 } } peers { permanent_uuid: "0aec0da3cc614f679b459feb2ab28fe7" member_type: VOTER last_known_addr { host: "127.28.144.130" port: 35331 } } peers { permanent_uuid: "35501e1b621245e196e1f90d6841a9da" member_type: VOTER last_known_addr { host: "127.28.144.131" port: 40509 } }
I20260709 14:55:27.614470 30069 raft_consensus.cc:359] T 867fc7f2425241b2bfae3904965cab35 P 1400e46cc19c46e9b709d385c37f59b9 [term 0 FOLLOWER]: Replica starting. Triggering 0 pending ops. Active config: opid_index: -1 OBSOLETE_local: false peers { permanent_uuid: "1400e46cc19c46e9b709d385c37f59b9" member_type: VOTER last_known_addr { host: "127.28.144.129" port: 43619 } } peers { permanent_uuid: "0aec0da3cc614f679b459feb2ab28fe7" member_type: VOTER last_known_addr { host: "127.28.144.130" port: 35331 } } peers { permanent_uuid: "35501e1b621245e196e1f90d6841a9da" member_type: VOTER last_known_addr { host: "127.28.144.131" port: 40509 } }
I20260709 14:55:27.615063 30071 raft_consensus.cc:385] T 2023490cc31b4ff9939d5abd0c9dd90f P 35501e1b621245e196e1f90d6841a9da [term 0 FOLLOWER]: Consensus starting up: Expiring failure detector timer to make a prompt election more likely
I20260709 14:55:27.615192 30069 raft_consensus.cc:385] T 867fc7f2425241b2bfae3904965cab35 P 1400e46cc19c46e9b709d385c37f59b9 [term 0 FOLLOWER]: Consensus starting up: Expiring failure detector timer to make a prompt election more likely
I20260709 14:55:27.615684 30069 raft_consensus.cc:740] T 867fc7f2425241b2bfae3904965cab35 P 1400e46cc19c46e9b709d385c37f59b9 [term 0 FOLLOWER]: Becoming Follower/Learner. State: Replica: 1400e46cc19c46e9b709d385c37f59b9, State: Initialized, Role: FOLLOWER
I20260709 14:55:27.615613 30071 raft_consensus.cc:740] T 2023490cc31b4ff9939d5abd0c9dd90f P 35501e1b621245e196e1f90d6841a9da [term 0 FOLLOWER]: Becoming Follower/Learner. State: Replica: 35501e1b621245e196e1f90d6841a9da, State: Initialized, Role: FOLLOWER
I20260709 14:55:27.616705 30071 consensus_queue.cc:260] T 2023490cc31b4ff9939d5abd0c9dd90f P 35501e1b621245e196e1f90d6841a9da [NON_LEADER]: Queue going to NON_LEADER mode. State: All replicated index: 0, Majority replicated index: 0, Committed index: 0, Last appended: 0.0, Last appended by leader: 0, Current term: 0, Majority size: -1, State: 0, Mode: NON_LEADER, active raft config: opid_index: -1 OBSOLETE_local: false peers { permanent_uuid: "1400e46cc19c46e9b709d385c37f59b9" member_type: VOTER last_known_addr { host: "127.28.144.129" port: 43619 } } peers { permanent_uuid: "0aec0da3cc614f679b459feb2ab28fe7" member_type: VOTER last_known_addr { host: "127.28.144.130" port: 35331 } } peers { permanent_uuid: "35501e1b621245e196e1f90d6841a9da" member_type: VOTER last_known_addr { host: "127.28.144.131" port: 40509 } }
I20260709 14:55:27.617854 30067 raft_consensus.cc:359] T baebaf00cf4e4f52844cf95657bd0176 P 0aec0da3cc614f679b459feb2ab28fe7 [term 0 FOLLOWER]: Replica starting. Triggering 0 pending ops. Active config: opid_index: -1 OBSOLETE_local: false peers { permanent_uuid: "1400e46cc19c46e9b709d385c37f59b9" member_type: VOTER last_known_addr { host: "127.28.144.129" port: 43619 } } peers { permanent_uuid: "0aec0da3cc614f679b459feb2ab28fe7" member_type: VOTER last_known_addr { host: "127.28.144.130" port: 35331 } } peers { permanent_uuid: "35501e1b621245e196e1f90d6841a9da" member_type: VOTER last_known_addr { host: "127.28.144.131" port: 40509 } }
I20260709 14:55:27.618577 30067 raft_consensus.cc:385] T baebaf00cf4e4f52844cf95657bd0176 P 0aec0da3cc614f679b459feb2ab28fe7 [term 0 FOLLOWER]: Consensus starting up: Expiring failure detector timer to make a prompt election more likely
I20260709 14:55:27.618233 30069 consensus_queue.cc:260] T 867fc7f2425241b2bfae3904965cab35 P 1400e46cc19c46e9b709d385c37f59b9 [NON_LEADER]: Queue going to NON_LEADER mode. State: All replicated index: 0, Majority replicated index: 0, Committed index: 0, Last appended: 0.0, Last appended by leader: 0, Current term: 0, Majority size: -1, State: 0, Mode: NON_LEADER, active raft config: opid_index: -1 OBSOLETE_local: false peers { permanent_uuid: "1400e46cc19c46e9b709d385c37f59b9" member_type: VOTER last_known_addr { host: "127.28.144.129" port: 43619 } } peers { permanent_uuid: "0aec0da3cc614f679b459feb2ab28fe7" member_type: VOTER last_known_addr { host: "127.28.144.130" port: 35331 } } peers { permanent_uuid: "35501e1b621245e196e1f90d6841a9da" member_type: VOTER last_known_addr { host: "127.28.144.131" port: 40509 } }
I20260709 14:55:27.618856 30071 ts_tablet_manager.cc:1434] T 2023490cc31b4ff9939d5abd0c9dd90f P 35501e1b621245e196e1f90d6841a9da: Time spent starting tablet: real 0.007s	user 0.006s	sys 0.000s
I20260709 14:55:27.618921 30067 raft_consensus.cc:740] T baebaf00cf4e4f52844cf95657bd0176 P 0aec0da3cc614f679b459feb2ab28fe7 [term 0 FOLLOWER]: Becoming Follower/Learner. State: Replica: 0aec0da3cc614f679b459feb2ab28fe7, State: Initialized, Role: FOLLOWER
I20260709 14:55:27.619917 30071 tablet_bootstrap.cc:492] T 062e45ca0dbb4259863b98367bf59b3d P 35501e1b621245e196e1f90d6841a9da: Bootstrap starting.
I20260709 14:55:27.619892 30067 consensus_queue.cc:260] T baebaf00cf4e4f52844cf95657bd0176 P 0aec0da3cc614f679b459feb2ab28fe7 [NON_LEADER]: Queue going to NON_LEADER mode. State: All replicated index: 0, Majority replicated index: 0, Committed index: 0, Last appended: 0.0, Last appended by leader: 0, Current term: 0, Majority size: -1, State: 0, Mode: NON_LEADER, active raft config: opid_index: -1 OBSOLETE_local: false peers { permanent_uuid: "1400e46cc19c46e9b709d385c37f59b9" member_type: VOTER last_known_addr { host: "127.28.144.129" port: 43619 } } peers { permanent_uuid: "0aec0da3cc614f679b459feb2ab28fe7" member_type: VOTER last_known_addr { host: "127.28.144.130" port: 35331 } } peers { permanent_uuid: "35501e1b621245e196e1f90d6841a9da" member_type: VOTER last_known_addr { host: "127.28.144.131" port: 40509 } }
I20260709 14:55:27.620990 30069 ts_tablet_manager.cc:1434] T 867fc7f2425241b2bfae3904965cab35 P 1400e46cc19c46e9b709d385c37f59b9: Time spent starting tablet: real 0.009s	user 0.007s	sys 0.000s
I20260709 14:55:27.621902 30069 tablet_bootstrap.cc:492] T 59c44627c7ce49ae9c37bd8b2b871d7e P 1400e46cc19c46e9b709d385c37f59b9: Bootstrap starting.
I20260709 14:55:27.622288 30067 ts_tablet_manager.cc:1434] T baebaf00cf4e4f52844cf95657bd0176 P 0aec0da3cc614f679b459feb2ab28fe7: Time spent starting tablet: real 0.009s	user 0.006s	sys 0.000s
I20260709 14:55:27.623317 30067 tablet_bootstrap.cc:492] T 722656791a3341e2a454d8abbf016792 P 0aec0da3cc614f679b459feb2ab28fe7: Bootstrap starting.
I20260709 14:55:27.621845 30072 raft_consensus.cc:493] T 0fe8c62b7e83448588de1bc5336a2867 P 0aec0da3cc614f679b459feb2ab28fe7 [term 0 FOLLOWER]: Starting pre-election (no leader contacted us within the election timeout)
I20260709 14:55:27.625325 30072 raft_consensus.cc:515] T 0fe8c62b7e83448588de1bc5336a2867 P 0aec0da3cc614f679b459feb2ab28fe7 [term 0 FOLLOWER]: Starting pre-election with config: opid_index: -1 OBSOLETE_local: false peers { permanent_uuid: "1400e46cc19c46e9b709d385c37f59b9" member_type: VOTER last_known_addr { host: "127.28.144.129" port: 43619 } } peers { permanent_uuid: "0aec0da3cc614f679b459feb2ab28fe7" member_type: VOTER last_known_addr { host: "127.28.144.130" port: 35331 } } peers { permanent_uuid: "35501e1b621245e196e1f90d6841a9da" member_type: VOTER last_known_addr { host: "127.28.144.131" port: 40509 } }
I20260709 14:55:27.626627 30071 tablet_bootstrap.cc:654] T 062e45ca0dbb4259863b98367bf59b3d P 35501e1b621245e196e1f90d6841a9da: Neither blocks nor log segments found. Creating new log.
I20260709 14:55:27.628737 30069 tablet_bootstrap.cc:654] T 59c44627c7ce49ae9c37bd8b2b871d7e P 1400e46cc19c46e9b709d385c37f59b9: Neither blocks nor log segments found. Creating new log.
I20260709 14:55:27.628911 29878 tablet_service.cc:1917] Received RequestConsensusVote() RPC: tablet_id: "0fe8c62b7e83448588de1bc5336a2867" candidate_uuid: "0aec0da3cc614f679b459feb2ab28fe7" candidate_term: 1 candidate_status { last_received { term: 0 index: 0 } } ignore_live_leader: false dest_uuid: "1400e46cc19c46e9b709d385c37f59b9" is_pre_election: true
I20260709 14:55:27.629545 30067 tablet_bootstrap.cc:654] T 722656791a3341e2a454d8abbf016792 P 0aec0da3cc614f679b459feb2ab28fe7: Neither blocks nor log segments found. Creating new log.
W20260709 14:55:27.630213 29916 leader_election.cc:343] T 0fe8c62b7e83448588de1bc5336a2867 P 0aec0da3cc614f679b459feb2ab28fe7 [CANDIDATE]: Term 1 pre-election: Tablet error from VoteRequest() call to peer 1400e46cc19c46e9b709d385c37f59b9 (127.28.144.129:43619): Illegal state: must be running to vote when last-logged opid is not known
I20260709 14:55:27.630945 30073 raft_consensus.cc:493] T baebaf00cf4e4f52844cf95657bd0176 P 1400e46cc19c46e9b709d385c37f59b9 [term 0 FOLLOWER]: Starting pre-election (no leader contacted us within the election timeout)
I20260709 14:55:27.631534 30073 raft_consensus.cc:515] T baebaf00cf4e4f52844cf95657bd0176 P 1400e46cc19c46e9b709d385c37f59b9 [term 0 FOLLOWER]: Starting pre-election with config: opid_index: -1 OBSOLETE_local: false peers { permanent_uuid: "1400e46cc19c46e9b709d385c37f59b9" member_type: VOTER last_known_addr { host: "127.28.144.129" port: 43619 } } peers { permanent_uuid: "0aec0da3cc614f679b459feb2ab28fe7" member_type: VOTER last_known_addr { host: "127.28.144.130" port: 35331 } } peers { permanent_uuid: "35501e1b621245e196e1f90d6841a9da" member_type: VOTER last_known_addr { host: "127.28.144.131" port: 40509 } }
I20260709 14:55:27.637506 30027 tablet_service.cc:1917] Received RequestConsensusVote() RPC: tablet_id: "0fe8c62b7e83448588de1bc5336a2867" candidate_uuid: "0aec0da3cc614f679b459feb2ab28fe7" candidate_term: 1 candidate_status { last_received { term: 0 index: 0 } } ignore_live_leader: false dest_uuid: "35501e1b621245e196e1f90d6841a9da" is_pre_election: true
I20260709 14:55:27.640568 30073 leader_election.cc:290] T baebaf00cf4e4f52844cf95657bd0176 P 1400e46cc19c46e9b709d385c37f59b9 [CANDIDATE]: Term 1 pre-election: Requested pre-vote from peers 0aec0da3cc614f679b459feb2ab28fe7 (127.28.144.130:35331), 35501e1b621245e196e1f90d6841a9da (127.28.144.131:40509)
W20260709 14:55:27.643124 29917 leader_election.cc:343] T 0fe8c62b7e83448588de1bc5336a2867 P 0aec0da3cc614f679b459feb2ab28fe7 [CANDIDATE]: Term 1 pre-election: Tablet error from VoteRequest() call to peer 35501e1b621245e196e1f90d6841a9da (127.28.144.131:40509): Illegal state: must be running to vote when last-logged opid is not known
I20260709 14:55:27.643724 29917 leader_election.cc:304] T 0fe8c62b7e83448588de1bc5336a2867 P 0aec0da3cc614f679b459feb2ab28fe7 [CANDIDATE]: Term 1 pre-election: Election decided. Result: candidate lost. Election summary: received 3 responses out of 3 voters: 1 yes votes; 2 no votes. yes voters: 0aec0da3cc614f679b459feb2ab28fe7; no voters: 1400e46cc19c46e9b709d385c37f59b9, 35501e1b621245e196e1f90d6841a9da
I20260709 14:55:27.644724 30074 raft_consensus.cc:2749] T 0fe8c62b7e83448588de1bc5336a2867 P 0aec0da3cc614f679b459feb2ab28fe7 [term 0 FOLLOWER]: Leader pre-election lost for term 1. Reason: could not achieve majority
I20260709 14:55:27.649864 30069 tablet_bootstrap.cc:492] T 59c44627c7ce49ae9c37bd8b2b871d7e P 1400e46cc19c46e9b709d385c37f59b9: No bootstrap required, opened a new log
I20260709 14:55:27.653090 30069 ts_tablet_manager.cc:1403] T 59c44627c7ce49ae9c37bd8b2b871d7e P 1400e46cc19c46e9b709d385c37f59b9: Time spent bootstrapping tablet: real 0.031s	user 0.011s	sys 0.000s
I20260709 14:55:27.653637 30074 raft_consensus.cc:493] T 59c44627c7ce49ae9c37bd8b2b871d7e P 0aec0da3cc614f679b459feb2ab28fe7 [term 0 FOLLOWER]: Starting pre-election (no leader contacted us within the election timeout)
I20260709 14:55:27.654184 30074 raft_consensus.cc:515] T 59c44627c7ce49ae9c37bd8b2b871d7e P 0aec0da3cc614f679b459feb2ab28fe7 [term 0 FOLLOWER]: Starting pre-election with config: opid_index: -1 OBSOLETE_local: false peers { permanent_uuid: "1400e46cc19c46e9b709d385c37f59b9" member_type: VOTER last_known_addr { host: "127.28.144.129" port: 43619 } } peers { permanent_uuid: "0aec0da3cc614f679b459feb2ab28fe7" member_type: VOTER last_known_addr { host: "127.28.144.130" port: 35331 } } peers { permanent_uuid: "35501e1b621245e196e1f90d6841a9da" member_type: VOTER last_known_addr { host: "127.28.144.131" port: 40509 } }
I20260709 14:55:27.656592 30074 leader_election.cc:290] T 59c44627c7ce49ae9c37bd8b2b871d7e P 0aec0da3cc614f679b459feb2ab28fe7 [CANDIDATE]: Term 1 pre-election: Requested pre-vote from peers 1400e46cc19c46e9b709d385c37f59b9 (127.28.144.129:43619), 35501e1b621245e196e1f90d6841a9da (127.28.144.131:40509)
I20260709 14:55:27.657218 30072 leader_election.cc:290] T 0fe8c62b7e83448588de1bc5336a2867 P 0aec0da3cc614f679b459feb2ab28fe7 [CANDIDATE]: Term 1 pre-election: Requested pre-vote from peers 1400e46cc19c46e9b709d385c37f59b9 (127.28.144.129:43619), 35501e1b621245e196e1f90d6841a9da (127.28.144.131:40509)
W20260709 14:55:27.657397 29824 auto_rebalancer.cc:288] Could not retrieve cluster info: Service unavailable: Tablet not running
I20260709 14:55:27.657701 30027 tablet_service.cc:1917] Received RequestConsensusVote() RPC: tablet_id: "59c44627c7ce49ae9c37bd8b2b871d7e" candidate_uuid: "0aec0da3cc614f679b459feb2ab28fe7" candidate_term: 1 candidate_status { last_received { term: 0 index: 0 } } ignore_live_leader: false dest_uuid: "35501e1b621245e196e1f90d6841a9da" is_pre_election: true
I20260709 14:55:27.658900 29878 tablet_service.cc:1917] Received RequestConsensusVote() RPC: tablet_id: "59c44627c7ce49ae9c37bd8b2b871d7e" candidate_uuid: "0aec0da3cc614f679b459feb2ab28fe7" candidate_term: 1 candidate_status { last_received { term: 0 index: 0 } } ignore_live_leader: false dest_uuid: "1400e46cc19c46e9b709d385c37f59b9" is_pre_election: true
W20260709 14:55:27.659029 29917 leader_election.cc:343] T 59c44627c7ce49ae9c37bd8b2b871d7e P 0aec0da3cc614f679b459feb2ab28fe7 [CANDIDATE]: Term 1 pre-election: Tablet error from VoteRequest() call to peer 35501e1b621245e196e1f90d6841a9da (127.28.144.131:40509): Illegal state: must be running to vote when last-logged opid is not known
W20260709 14:55:27.660432 29916 leader_election.cc:343] T 59c44627c7ce49ae9c37bd8b2b871d7e P 0aec0da3cc614f679b459feb2ab28fe7 [CANDIDATE]: Term 1 pre-election: Tablet error from VoteRequest() call to peer 1400e46cc19c46e9b709d385c37f59b9 (127.28.144.129:43619): Illegal state: must be running to vote when last-logged opid is not known
I20260709 14:55:27.661022 29916 leader_election.cc:304] T 59c44627c7ce49ae9c37bd8b2b871d7e P 0aec0da3cc614f679b459feb2ab28fe7 [CANDIDATE]: Term 1 pre-election: Election decided. Result: candidate lost. Election summary: received 3 responses out of 3 voters: 1 yes votes; 2 no votes. yes voters: 0aec0da3cc614f679b459feb2ab28fe7; no voters: 1400e46cc19c46e9b709d385c37f59b9, 35501e1b621245e196e1f90d6841a9da
I20260709 14:55:27.661410 30069 raft_consensus.cc:359] T 59c44627c7ce49ae9c37bd8b2b871d7e P 1400e46cc19c46e9b709d385c37f59b9 [term 0 FOLLOWER]: Replica starting. Triggering 0 pending ops. Active config: opid_index: -1 OBSOLETE_local: false peers { permanent_uuid: "1400e46cc19c46e9b709d385c37f59b9" member_type: VOTER last_known_addr { host: "127.28.144.129" port: 43619 } } peers { permanent_uuid: "0aec0da3cc614f679b459feb2ab28fe7" member_type: VOTER last_known_addr { host: "127.28.144.130" port: 35331 } } peers { permanent_uuid: "35501e1b621245e196e1f90d6841a9da" member_type: VOTER last_known_addr { host: "127.28.144.131" port: 40509 } }
I20260709 14:55:27.662117 30069 raft_consensus.cc:385] T 59c44627c7ce49ae9c37bd8b2b871d7e P 1400e46cc19c46e9b709d385c37f59b9 [term 0 FOLLOWER]: Consensus starting up: Expiring failure detector timer to make a prompt election more likely
I20260709 14:55:27.662189 30072 raft_consensus.cc:2749] T 59c44627c7ce49ae9c37bd8b2b871d7e P 0aec0da3cc614f679b459feb2ab28fe7 [term 0 FOLLOWER]: Leader pre-election lost for term 1. Reason: could not achieve majority
I20260709 14:55:27.662463 30069 raft_consensus.cc:740] T 59c44627c7ce49ae9c37bd8b2b871d7e P 1400e46cc19c46e9b709d385c37f59b9 [term 0 FOLLOWER]: Becoming Follower/Learner. State: Replica: 1400e46cc19c46e9b709d385c37f59b9, State: Initialized, Role: FOLLOWER
I20260709 14:55:27.663213 30069 consensus_queue.cc:260] T 59c44627c7ce49ae9c37bd8b2b871d7e P 1400e46cc19c46e9b709d385c37f59b9 [NON_LEADER]: Queue going to NON_LEADER mode. State: All replicated index: 0, Majority replicated index: 0, Committed index: 0, Last appended: 0.0, Last appended by leader: 0, Current term: 0, Majority size: -1, State: 0, Mode: NON_LEADER, active raft config: opid_index: -1 OBSOLETE_local: false peers { permanent_uuid: "1400e46cc19c46e9b709d385c37f59b9" member_type: VOTER last_known_addr { host: "127.28.144.129" port: 43619 } } peers { permanent_uuid: "0aec0da3cc614f679b459feb2ab28fe7" member_type: VOTER last_known_addr { host: "127.28.144.130" port: 35331 } } peers { permanent_uuid: "35501e1b621245e196e1f90d6841a9da" member_type: VOTER last_known_addr { host: "127.28.144.131" port: 40509 } }
I20260709 14:55:27.666152 30069 ts_tablet_manager.cc:1434] T 59c44627c7ce49ae9c37bd8b2b871d7e P 1400e46cc19c46e9b709d385c37f59b9: Time spent starting tablet: real 0.013s	user 0.006s	sys 0.000s
I20260709 14:55:27.667022 30069 tablet_bootstrap.cc:492] T a6b83968edcb4b78a59c2e3998687374 P 1400e46cc19c46e9b709d385c37f59b9: Bootstrap starting.
I20260709 14:55:27.671097 30027 tablet_service.cc:1917] Received RequestConsensusVote() RPC: tablet_id: "baebaf00cf4e4f52844cf95657bd0176" candidate_uuid: "1400e46cc19c46e9b709d385c37f59b9" candidate_term: 1 candidate_status { last_received { term: 0 index: 0 } } ignore_live_leader: false dest_uuid: "35501e1b621245e196e1f90d6841a9da" is_pre_election: true
W20260709 14:55:27.672780 29842 leader_election.cc:343] T baebaf00cf4e4f52844cf95657bd0176 P 1400e46cc19c46e9b709d385c37f59b9 [CANDIDATE]: Term 1 pre-election: Tablet error from VoteRequest() call to peer 35501e1b621245e196e1f90d6841a9da (127.28.144.131:40509): Illegal state: must be running to vote when last-logged opid is not known
I20260709 14:55:27.675109 30069 tablet_bootstrap.cc:654] T a6b83968edcb4b78a59c2e3998687374 P 1400e46cc19c46e9b709d385c37f59b9: Neither blocks nor log segments found. Creating new log.
I20260709 14:55:27.675220 29953 tablet_service.cc:1917] Received RequestConsensusVote() RPC: tablet_id: "baebaf00cf4e4f52844cf95657bd0176" candidate_uuid: "1400e46cc19c46e9b709d385c37f59b9" candidate_term: 1 candidate_status { last_received { term: 0 index: 0 } } ignore_live_leader: false dest_uuid: "0aec0da3cc614f679b459feb2ab28fe7" is_pre_election: true
I20260709 14:55:27.675875 29953 raft_consensus.cc:2468] T baebaf00cf4e4f52844cf95657bd0176 P 0aec0da3cc614f679b459feb2ab28fe7 [term 0 FOLLOWER]: Leader pre-election vote request: Granting yes vote for candidate 1400e46cc19c46e9b709d385c37f59b9 in term 0.
I20260709 14:55:27.676023 30071 tablet_bootstrap.cc:492] T 062e45ca0dbb4259863b98367bf59b3d P 35501e1b621245e196e1f90d6841a9da: No bootstrap required, opened a new log
I20260709 14:55:27.676513 30071 ts_tablet_manager.cc:1403] T 062e45ca0dbb4259863b98367bf59b3d P 35501e1b621245e196e1f90d6841a9da: Time spent bootstrapping tablet: real 0.057s	user 0.012s	sys 0.013s
I20260709 14:55:27.676770 30079 raft_consensus.cc:493] T a6b83968edcb4b78a59c2e3998687374 P 35501e1b621245e196e1f90d6841a9da [term 0 FOLLOWER]: Starting pre-election (no leader contacted us within the election timeout)
I20260709 14:55:27.677088 29843 leader_election.cc:304] T baebaf00cf4e4f52844cf95657bd0176 P 1400e46cc19c46e9b709d385c37f59b9 [CANDIDATE]: Term 1 pre-election: Election decided. Result: candidate won. Election summary: received 3 responses out of 3 voters: 2 yes votes; 1 no votes. yes voters: 0aec0da3cc614f679b459feb2ab28fe7, 1400e46cc19c46e9b709d385c37f59b9; no voters: 35501e1b621245e196e1f90d6841a9da
I20260709 14:55:27.677361 30079 raft_consensus.cc:515] T a6b83968edcb4b78a59c2e3998687374 P 35501e1b621245e196e1f90d6841a9da [term 0 FOLLOWER]: Starting pre-election with config: opid_index: -1 OBSOLETE_local: false peers { permanent_uuid: "0aec0da3cc614f679b459feb2ab28fe7" member_type: VOTER last_known_addr { host: "127.28.144.130" port: 35331 } } peers { permanent_uuid: "35501e1b621245e196e1f90d6841a9da" member_type: VOTER last_known_addr { host: "127.28.144.131" port: 40509 } } peers { permanent_uuid: "1400e46cc19c46e9b709d385c37f59b9" member_type: VOTER last_known_addr { host: "127.28.144.129" port: 43619 } }
I20260709 14:55:27.678156 30073 raft_consensus.cc:2804] T baebaf00cf4e4f52844cf95657bd0176 P 1400e46cc19c46e9b709d385c37f59b9 [term 0 FOLLOWER]: Leader pre-election won for term 1
I20260709 14:55:27.678495 30073 raft_consensus.cc:493] T baebaf00cf4e4f52844cf95657bd0176 P 1400e46cc19c46e9b709d385c37f59b9 [term 0 FOLLOWER]: Starting leader election (no leader contacted us within the election timeout)
I20260709 14:55:27.678804 30073 raft_consensus.cc:3060] T baebaf00cf4e4f52844cf95657bd0176 P 1400e46cc19c46e9b709d385c37f59b9 [term 0 FOLLOWER]: Advancing to term 1
I20260709 14:55:27.679237 30071 raft_consensus.cc:359] T 062e45ca0dbb4259863b98367bf59b3d P 35501e1b621245e196e1f90d6841a9da [term 0 FOLLOWER]: Replica starting. Triggering 0 pending ops. Active config: opid_index: -1 OBSOLETE_local: false peers { permanent_uuid: "1400e46cc19c46e9b709d385c37f59b9" member_type: VOTER last_known_addr { host: "127.28.144.129" port: 43619 } } peers { permanent_uuid: "0aec0da3cc614f679b459feb2ab28fe7" member_type: VOTER last_known_addr { host: "127.28.144.130" port: 35331 } } peers { permanent_uuid: "35501e1b621245e196e1f90d6841a9da" member_type: VOTER last_known_addr { host: "127.28.144.131" port: 40509 } }
I20260709 14:55:27.679935 30071 raft_consensus.cc:385] T 062e45ca0dbb4259863b98367bf59b3d P 35501e1b621245e196e1f90d6841a9da [term 0 FOLLOWER]: Consensus starting up: Expiring failure detector timer to make a prompt election more likely
I20260709 14:55:27.680238 30071 raft_consensus.cc:740] T 062e45ca0dbb4259863b98367bf59b3d P 35501e1b621245e196e1f90d6841a9da [term 0 FOLLOWER]: Becoming Follower/Learner. State: Replica: 35501e1b621245e196e1f90d6841a9da, State: Initialized, Role: FOLLOWER
I20260709 14:55:27.681066 30071 consensus_queue.cc:260] T 062e45ca0dbb4259863b98367bf59b3d P 35501e1b621245e196e1f90d6841a9da [NON_LEADER]: Queue going to NON_LEADER mode. State: All replicated index: 0, Majority replicated index: 0, Committed index: 0, Last appended: 0.0, Last appended by leader: 0, Current term: 0, Majority size: -1, State: 0, Mode: NON_LEADER, active raft config: opid_index: -1 OBSOLETE_local: false peers { permanent_uuid: "1400e46cc19c46e9b709d385c37f59b9" member_type: VOTER last_known_addr { host: "127.28.144.129" port: 43619 } } peers { permanent_uuid: "0aec0da3cc614f679b459feb2ab28fe7" member_type: VOTER last_known_addr { host: "127.28.144.130" port: 35331 } } peers { permanent_uuid: "35501e1b621245e196e1f90d6841a9da" member_type: VOTER last_known_addr { host: "127.28.144.131" port: 40509 } }
I20260709 14:55:27.683250 30079 leader_election.cc:290] T a6b83968edcb4b78a59c2e3998687374 P 35501e1b621245e196e1f90d6841a9da [CANDIDATE]: Term 1 pre-election: Requested pre-vote from peers 0aec0da3cc614f679b459feb2ab28fe7 (127.28.144.130:35331), 1400e46cc19c46e9b709d385c37f59b9 (127.28.144.129:43619)
I20260709 14:55:27.684774 30067 tablet_bootstrap.cc:492] T 722656791a3341e2a454d8abbf016792 P 0aec0da3cc614f679b459feb2ab28fe7: No bootstrap required, opened a new log
