I20260709 14:55:27.390893 22521 catalog_manager.cc:5697] T 66d83b369e4d428e9c55e65d5c175eb0 P 7a6211c960364882a506bff2e2d05fb1 reported cstate change: term changed from 0 to 1, leader changed from <none> to 7a6211c960364882a506bff2e2d05fb1 (127.21.124.2). New cstate: current_term: 1 leader_uuid: "7a6211c960364882a506bff2e2d05fb1" committed_config { opid_index: -1 OBSOLETE_local: false peers { permanent_uuid: "23275e893a7e4e25bfca96aa5c2020d4" member_type: VOTER last_known_addr { host: "127.21.124.1" port: 38373 } health_report { overall_health: UNKNOWN } } peers { permanent_uuid: "7a6211c960364882a506bff2e2d05fb1" member_type: VOTER last_known_addr { host: "127.21.124.2" port: 34693 } health_report { overall_health: HEALTHY } } peers { permanent_uuid: "243d0af425d74b88a1b2b44248eda49e" member_type: VOTER last_known_addr { host: "127.21.124.3" port: 40867 } health_report { overall_health: UNKNOWN } } }
I20260709 14:55:27.392590 22521 catalog_manager.cc:5697] T db9888cb002b423d81c41d17f5ddf877 P 7a6211c960364882a506bff2e2d05fb1 reported cstate change: term changed from 0 to 1, leader changed from <none> to 7a6211c960364882a506bff2e2d05fb1 (127.21.124.2). New cstate: current_term: 1 leader_uuid: "7a6211c960364882a506bff2e2d05fb1" committed_config { opid_index: -1 OBSOLETE_local: false peers { permanent_uuid: "23275e893a7e4e25bfca96aa5c2020d4" member_type: VOTER last_known_addr { host: "127.21.124.1" port: 38373 } health_report { overall_health: UNKNOWN } } peers { permanent_uuid: "7a6211c960364882a506bff2e2d05fb1" member_type: VOTER last_known_addr { host: "127.21.124.2" port: 34693 } health_report { overall_health: HEALTHY } } peers { permanent_uuid: "243d0af425d74b88a1b2b44248eda49e" member_type: VOTER last_known_addr { host: "127.21.124.3" port: 40867 } health_report { overall_health: UNKNOWN } } }
I20260709 14:55:27.393273 22699 raft_consensus.cc:2468] T da9ed19286eb4d6789dcb8fe770c08cd P 7a6211c960364882a506bff2e2d05fb1 [term 1 FOLLOWER]: Leader election vote request: Granting yes vote for candidate 243d0af425d74b88a1b2b44248eda49e in term 1.
I20260709 14:55:27.393549 22622 raft_consensus.cc:2468] T da9ed19286eb4d6789dcb8fe770c08cd P 23275e893a7e4e25bfca96aa5c2020d4 [term 1 FOLLOWER]: Leader election vote request: Granting yes vote for candidate 243d0af425d74b88a1b2b44248eda49e in term 1.
I20260709 14:55:27.394677 22738 leader_election.cc:304] T da9ed19286eb4d6789dcb8fe770c08cd P 243d0af425d74b88a1b2b44248eda49e [CANDIDATE]: Term 1 election: Election decided. Result: candidate won. Election summary: received 2 responses out of 3 voters: 2 yes votes; 0 no votes. yes voters: 23275e893a7e4e25bfca96aa5c2020d4, 243d0af425d74b88a1b2b44248eda49e; no voters: 
I20260709 14:55:27.398257 22623 raft_consensus.cc:2468] T c329971f523946689a1836b228c38937 P 23275e893a7e4e25bfca96aa5c2020d4 [term 1 FOLLOWER]: Leader election vote request: Granting yes vote for candidate 243d0af425d74b88a1b2b44248eda49e in term 1.
I20260709 14:55:27.399960 22829 raft_consensus.cc:2804] T da9ed19286eb4d6789dcb8fe770c08cd P 243d0af425d74b88a1b2b44248eda49e [term 1 FOLLOWER]: Leader election won for term 1
I20260709 14:55:27.400426 22829 raft_consensus.cc:697] T da9ed19286eb4d6789dcb8fe770c08cd P 243d0af425d74b88a1b2b44248eda49e [term 1 LEADER]: Becoming Leader. State: Replica: 243d0af425d74b88a1b2b44248eda49e, State: Running, Role: LEADER
I20260709 14:55:27.401209 22829 consensus_queue.cc:237] T da9ed19286eb4d6789dcb8fe770c08cd P 243d0af425d74b88a1b2b44248eda49e [LEADER]: Queue going to LEADER mode. State: All replicated index: 0, Majority replicated index: 0, Committed index: 0, Last appended: 0.0, Last appended by leader: 0, Current term: 1, Majority size: 2, State: 0, Mode: LEADER, active raft config: opid_index: -1 OBSOLETE_local: false peers { permanent_uuid: "23275e893a7e4e25bfca96aa5c2020d4" member_type: VOTER last_known_addr { host: "127.21.124.1" port: 38373 } } peers { permanent_uuid: "7a6211c960364882a506bff2e2d05fb1" member_type: VOTER last_known_addr { host: "127.21.124.2" port: 34693 } } peers { permanent_uuid: "243d0af425d74b88a1b2b44248eda49e" member_type: VOTER last_known_addr { host: "127.21.124.3" port: 40867 } }
I20260709 14:55:27.403376 22699 raft_consensus.cc:3060] T ca5b9b550154497ca955d065ac34973b P 7a6211c960364882a506bff2e2d05fb1 [term 0 FOLLOWER]: Advancing to term 1
I20260709 14:55:27.404904 22819 raft_consensus.cc:493] T 798beb36a9054384ba841ce498aa10ac P 23275e893a7e4e25bfca96aa5c2020d4 [term 0 FOLLOWER]: Starting pre-election (no leader contacted us within the election timeout)
I20260709 14:55:27.404390 22522 catalog_manager.cc:5697] T c329971f523946689a1836b228c38937 P 243d0af425d74b88a1b2b44248eda49e reported cstate change: term changed from 0 to 1, leader changed from <none> to 243d0af425d74b88a1b2b44248eda49e (127.21.124.3). New cstate: current_term: 1 leader_uuid: "243d0af425d74b88a1b2b44248eda49e" committed_config { opid_index: -1 OBSOLETE_local: false peers { permanent_uuid: "23275e893a7e4e25bfca96aa5c2020d4" member_type: VOTER last_known_addr { host: "127.21.124.1" port: 38373 } health_report { overall_health: UNKNOWN } } peers { permanent_uuid: "7a6211c960364882a506bff2e2d05fb1" member_type: VOTER last_known_addr { host: "127.21.124.2" port: 34693 } health_report { overall_health: UNKNOWN } } peers { permanent_uuid: "243d0af425d74b88a1b2b44248eda49e" member_type: VOTER last_known_addr { host: "127.21.124.3" port: 40867 } health_report { overall_health: HEALTHY } } }
I20260709 14:55:27.405395 22819 raft_consensus.cc:515] T 798beb36a9054384ba841ce498aa10ac P 23275e893a7e4e25bfca96aa5c2020d4 [term 0 FOLLOWER]: Starting pre-election with config: opid_index: -1 OBSOLETE_local: false peers { permanent_uuid: "243d0af425d74b88a1b2b44248eda49e" member_type: VOTER last_known_addr { host: "127.21.124.3" port: 40867 } } peers { permanent_uuid: "23275e893a7e4e25bfca96aa5c2020d4" member_type: VOTER last_known_addr { host: "127.21.124.1" port: 38373 } } peers { permanent_uuid: "7a6211c960364882a506bff2e2d05fb1" member_type: VOTER last_known_addr { host: "127.21.124.2" port: 34693 } }
I20260709 14:55:27.406988 22829 consensus_queue.cc:1048] T 798beb36a9054384ba841ce498aa10ac P 243d0af425d74b88a1b2b44248eda49e [LEADER]: Connected to new peer: Peer: permanent_uuid: "7a6211c960364882a506bff2e2d05fb1" member_type: VOTER last_known_addr { host: "127.21.124.2" port: 34693 }, Status: LMP_MISMATCH, Last received: 0.0, Next index: 1, Last known committed idx: 0, Time since last communication: 0.000s
I20260709 14:55:27.408656 22819 leader_election.cc:290] T 798beb36a9054384ba841ce498aa10ac P 23275e893a7e4e25bfca96aa5c2020d4 [CANDIDATE]: Term 1 pre-election: Requested pre-vote from peers 243d0af425d74b88a1b2b44248eda49e (127.21.124.3:40867), 7a6211c960364882a506bff2e2d05fb1 (127.21.124.2:34693)
I20260709 14:55:27.409302 22773 tablet_service.cc:1917] Received RequestConsensusVote() RPC: tablet_id: "798beb36a9054384ba841ce498aa10ac" candidate_uuid: "23275e893a7e4e25bfca96aa5c2020d4" candidate_term: 1 candidate_status { last_received { term: 0 index: 0 } } ignore_live_leader: false dest_uuid: "243d0af425d74b88a1b2b44248eda49e" is_pre_election: true
I20260709 14:55:27.410166 22697 tablet_service.cc:1917] Received RequestConsensusVote() RPC: tablet_id: "798beb36a9054384ba841ce498aa10ac" candidate_uuid: "23275e893a7e4e25bfca96aa5c2020d4" candidate_term: 1 candidate_status { last_received { term: 0 index: 0 } } ignore_live_leader: false dest_uuid: "7a6211c960364882a506bff2e2d05fb1" is_pre_election: true
I20260709 14:55:27.412470 22590 leader_election.cc:304] T 798beb36a9054384ba841ce498aa10ac P 23275e893a7e4e25bfca96aa5c2020d4 [CANDIDATE]: Term 1 pre-election: Election decided. Result: candidate lost. Election summary: received 3 responses out of 3 voters: 1 yes votes; 2 no votes. yes voters: 23275e893a7e4e25bfca96aa5c2020d4; no voters: 243d0af425d74b88a1b2b44248eda49e, 7a6211c960364882a506bff2e2d05fb1
I20260709 14:55:27.417218 22819 raft_consensus.cc:2749] T 798beb36a9054384ba841ce498aa10ac P 23275e893a7e4e25bfca96aa5c2020d4 [term 0 FOLLOWER]: Leader pre-election lost for term 1. Reason: could not achieve majority
I20260709 14:55:27.416857 22829 consensus_queue.cc:1048] T ca5b9b550154497ca955d065ac34973b P 243d0af425d74b88a1b2b44248eda49e [LEADER]: Connected to new peer: Peer: permanent_uuid: "23275e893a7e4e25bfca96aa5c2020d4" member_type: VOTER last_known_addr { host: "127.21.124.1" port: 38373 }, Status: LMP_MISMATCH, Last received: 0.0, Next index: 1, Last known committed idx: 0, Time since last communication: 0.001s
I20260709 14:55:27.417994 22836 consensus_queue.cc:1048] T ca5b9b550154497ca955d065ac34973b P 243d0af425d74b88a1b2b44248eda49e [LEADER]: Connected to new peer: Peer: permanent_uuid: "7a6211c960364882a506bff2e2d05fb1" member_type: VOTER last_known_addr { host: "127.21.124.2" port: 34693 }, Status: LMP_MISMATCH, Last received: 0.0, Next index: 1, Last known committed idx: 0, Time since last communication: 0.000s
I20260709 14:55:27.424333 22522 catalog_manager.cc:5697] T da9ed19286eb4d6789dcb8fe770c08cd P 243d0af425d74b88a1b2b44248eda49e reported cstate change: term changed from 0 to 1, leader changed from <none> to 243d0af425d74b88a1b2b44248eda49e (127.21.124.3). New cstate: current_term: 1 leader_uuid: "243d0af425d74b88a1b2b44248eda49e" committed_config { opid_index: -1 OBSOLETE_local: false peers { permanent_uuid: "23275e893a7e4e25bfca96aa5c2020d4" member_type: VOTER last_known_addr { host: "127.21.124.1" port: 38373 } health_report { overall_health: UNKNOWN } } peers { permanent_uuid: "7a6211c960364882a506bff2e2d05fb1" member_type: VOTER last_known_addr { host: "127.21.124.2" port: 34693 } health_report { overall_health: UNKNOWN } } peers { permanent_uuid: "243d0af425d74b88a1b2b44248eda49e" member_type: VOTER last_known_addr { host: "127.21.124.3" port: 40867 } health_report { overall_health: HEALTHY } } }
I20260709 14:55:27.426515 22622 raft_consensus.cc:3060] T 798beb36a9054384ba841ce498aa10ac P 23275e893a7e4e25bfca96aa5c2020d4 [term 0 FOLLOWER]: Advancing to term 1
I20260709 14:55:27.437054 22828 consensus_queue.cc:1048] T 798beb36a9054384ba841ce498aa10ac P 243d0af425d74b88a1b2b44248eda49e [LEADER]: Connected to new peer: Peer: permanent_uuid: "23275e893a7e4e25bfca96aa5c2020d4" member_type: VOTER last_known_addr { host: "127.21.124.1" port: 38373 }, Status: LMP_MISMATCH, Last received: 0.0, Next index: 1, Last known committed idx: 0, Time since last communication: 0.000s
I20260709 14:55:27.493956 22773 tablet_service.cc:2072] Received LeaderStepDown RPC: tablet_id: "798beb36a9054384ba841ce498aa10ac"
dest_uuid: "243d0af425d74b88a1b2b44248eda49e"
mode: GRACEFUL
new_leader_uuid: "23275e893a7e4e25bfca96aa5c2020d4"
 from {username='slave'} at 127.0.0.1:33712
I20260709 14:55:27.494437 22773 raft_consensus.cc:606] T 798beb36a9054384ba841ce498aa10ac P 243d0af425d74b88a1b2b44248eda49e [term 1 LEADER]: Received request to transfer leadership to TS 23275e893a7e4e25bfca96aa5c2020d4
I20260709 14:55:27.506589 22699 tablet_service.cc:2072] Received LeaderStepDown RPC: tablet_id: "134f2686d4cf49939e836dc6aac7177e"
dest_uuid: "7a6211c960364882a506bff2e2d05fb1"
mode: GRACEFUL
new_leader_uuid: "23275e893a7e4e25bfca96aa5c2020d4"
 from {username='slave'} at 127.0.0.1:57896
I20260709 14:55:27.507071 22699 raft_consensus.cc:606] T 134f2686d4cf49939e836dc6aac7177e P 7a6211c960364882a506bff2e2d05fb1 [term 1 LEADER]: Received request to transfer leadership to TS 23275e893a7e4e25bfca96aa5c2020d4
I20260709 14:55:27.511984 22773 tablet_service.cc:2072] Received LeaderStepDown RPC: tablet_id: "c329971f523946689a1836b228c38937"
dest_uuid: "243d0af425d74b88a1b2b44248eda49e"
mode: GRACEFUL
new_leader_uuid: "23275e893a7e4e25bfca96aa5c2020d4"
 from {username='slave'} at 127.0.0.1:33712
I20260709 14:55:27.512455 22773 raft_consensus.cc:606] T c329971f523946689a1836b228c38937 P 243d0af425d74b88a1b2b44248eda49e [term 1 LEADER]: Received request to transfer leadership to TS 23275e893a7e4e25bfca96aa5c2020d4
I20260709 14:55:27.516819 22773 tablet_service.cc:2072] Received LeaderStepDown RPC: tablet_id: "da9ed19286eb4d6789dcb8fe770c08cd"
dest_uuid: "243d0af425d74b88a1b2b44248eda49e"
mode: GRACEFUL
new_leader_uuid: "23275e893a7e4e25bfca96aa5c2020d4"
 from {username='slave'} at 127.0.0.1:33712
I20260709 14:55:27.517251 22773 raft_consensus.cc:606] T da9ed19286eb4d6789dcb8fe770c08cd P 243d0af425d74b88a1b2b44248eda49e [term 1 LEADER]: Received request to transfer leadership to TS 23275e893a7e4e25bfca96aa5c2020d4
I20260709 14:55:27.521371 22773 tablet_service.cc:2072] Received LeaderStepDown RPC: tablet_id: "a5a84c06d12746adb40a097f6681d0c9"
dest_uuid: "243d0af425d74b88a1b2b44248eda49e"
mode: GRACEFUL
new_leader_uuid: "23275e893a7e4e25bfca96aa5c2020d4"
 from {username='slave'} at 127.0.0.1:33712
I20260709 14:55:27.521795 22773 raft_consensus.cc:606] T a5a84c06d12746adb40a097f6681d0c9 P 243d0af425d74b88a1b2b44248eda49e [term 1 LEADER]: Received request to transfer leadership to TS 23275e893a7e4e25bfca96aa5c2020d4
I20260709 14:55:27.528206 22773 tablet_service.cc:2072] Received LeaderStepDown RPC: tablet_id: "0304153d6d2f485fb35eadc44fcbaebd"
dest_uuid: "243d0af425d74b88a1b2b44248eda49e"
mode: GRACEFUL
new_leader_uuid: "7a6211c960364882a506bff2e2d05fb1"
 from {username='slave'} at 127.0.0.1:33712
I20260709 14:55:27.528636 22773 raft_consensus.cc:606] T 0304153d6d2f485fb35eadc44fcbaebd P 243d0af425d74b88a1b2b44248eda49e [term 1 LEADER]: Received request to transfer leadership to TS 7a6211c960364882a506bff2e2d05fb1
I20260709 14:55:27.532752 22773 tablet_service.cc:2072] Received LeaderStepDown RPC: tablet_id: "ca5b9b550154497ca955d065ac34973b"
dest_uuid: "243d0af425d74b88a1b2b44248eda49e"
mode: GRACEFUL
new_leader_uuid: "7a6211c960364882a506bff2e2d05fb1"
 from {username='slave'} at 127.0.0.1:33712
I20260709 14:55:27.533165 22773 raft_consensus.cc:606] T ca5b9b550154497ca955d065ac34973b P 243d0af425d74b88a1b2b44248eda49e [term 1 LEADER]: Received request to transfer leadership to TS 7a6211c960364882a506bff2e2d05fb1
I20260709 14:55:27.539619 22699 tablet_service.cc:2072] Received LeaderStepDown RPC: tablet_id: "bedfac19877149f585d5e0919dbbae37"
dest_uuid: "7a6211c960364882a506bff2e2d05fb1"
mode: GRACEFUL
new_leader_uuid: "243d0af425d74b88a1b2b44248eda49e"
 from {username='slave'} at 127.0.0.1:57896
I20260709 14:55:27.540053 22699 raft_consensus.cc:606] T bedfac19877149f585d5e0919dbbae37 P 7a6211c960364882a506bff2e2d05fb1 [term 1 LEADER]: Received request to transfer leadership to TS 243d0af425d74b88a1b2b44248eda49e
I20260709 14:55:27.578606 22848 consensus_queue.cc:1048] T 134f2686d4cf49939e836dc6aac7177e P 7a6211c960364882a506bff2e2d05fb1 [LEADER]: Connected to new peer: Peer: permanent_uuid: "243d0af425d74b88a1b2b44248eda49e" member_type: VOTER last_known_addr { host: "127.21.124.3" port: 40867 }, Status: LMP_MISMATCH, Last received: 0.0, Next index: 1, Last known committed idx: 0, Time since last communication: 0.000s
I20260709 14:55:27.589385 22622 raft_consensus.cc:3060] T 134f2686d4cf49939e836dc6aac7177e P 23275e893a7e4e25bfca96aa5c2020d4 [term 0 FOLLOWER]: Advancing to term 1
I20260709 14:55:27.596086 22847 consensus_queue.cc:1048] T 134f2686d4cf49939e836dc6aac7177e P 7a6211c960364882a506bff2e2d05fb1 [LEADER]: Connected to new peer: Peer: permanent_uuid: "23275e893a7e4e25bfca96aa5c2020d4" member_type: VOTER last_known_addr { host: "127.21.124.1" port: 38373 }, Status: LMP_MISMATCH, Last received: 0.0, Next index: 1, Last known committed idx: 0, Time since last communication: 0.000s
I20260709 14:55:27.602275 22849 raft_consensus.cc:993] T 134f2686d4cf49939e836dc6aac7177e P 7a6211c960364882a506bff2e2d05fb1: : Instructing follower 23275e893a7e4e25bfca96aa5c2020d4 to start an election
I20260709 14:55:27.602725 22847 raft_consensus.cc:1081] T 134f2686d4cf49939e836dc6aac7177e P 7a6211c960364882a506bff2e2d05fb1 [term 1 LEADER]: Signalling peer 23275e893a7e4e25bfca96aa5c2020d4 to start an election
I20260709 14:55:27.604053 22622 tablet_service.cc:2044] Received Run Leader Election RPC: tablet_id: "134f2686d4cf49939e836dc6aac7177e"
dest_uuid: "23275e893a7e4e25bfca96aa5c2020d4"
 from {username='slave'} at 127.0.0.1:45434
I20260709 14:55:27.604519 22622 raft_consensus.cc:493] T 134f2686d4cf49939e836dc6aac7177e P 23275e893a7e4e25bfca96aa5c2020d4 [term 1 FOLLOWER]: Starting forced leader election (received explicit request)
I20260709 14:55:27.604792 22622 raft_consensus.cc:3060] T 134f2686d4cf49939e836dc6aac7177e P 23275e893a7e4e25bfca96aa5c2020d4 [term 1 FOLLOWER]: Advancing to term 2
I20260709 14:55:27.609473 22622 raft_consensus.cc:515] T 134f2686d4cf49939e836dc6aac7177e P 23275e893a7e4e25bfca96aa5c2020d4 [term 2 FOLLOWER]: Starting forced leader election with config: opid_index: -1 OBSOLETE_local: false peers { permanent_uuid: "23275e893a7e4e25bfca96aa5c2020d4" member_type: VOTER last_known_addr { host: "127.21.124.1" port: 38373 } } peers { permanent_uuid: "7a6211c960364882a506bff2e2d05fb1" member_type: VOTER last_known_addr { host: "127.21.124.2" port: 34693 } } peers { permanent_uuid: "243d0af425d74b88a1b2b44248eda49e" member_type: VOTER last_known_addr { host: "127.21.124.3" port: 40867 } }
I20260709 14:55:27.611519 22622 leader_election.cc:290] T 134f2686d4cf49939e836dc6aac7177e P 23275e893a7e4e25bfca96aa5c2020d4 [CANDIDATE]: Term 2 election: Requested vote from peers 7a6211c960364882a506bff2e2d05fb1 (127.21.124.2:34693), 243d0af425d74b88a1b2b44248eda49e (127.21.124.3:40867)
I20260709 14:55:27.612193 22773 tablet_service.cc:1917] Received RequestConsensusVote() RPC: tablet_id: "134f2686d4cf49939e836dc6aac7177e" candidate_uuid: "23275e893a7e4e25bfca96aa5c2020d4" candidate_term: 2 candidate_status { last_received { term: 1 index: 1 } } ignore_live_leader: true dest_uuid: "243d0af425d74b88a1b2b44248eda49e"
I20260709 14:55:27.611740 22699 tablet_service.cc:1917] Received RequestConsensusVote() RPC: tablet_id: "134f2686d4cf49939e836dc6aac7177e" candidate_uuid: "23275e893a7e4e25bfca96aa5c2020d4" candidate_term: 2 candidate_status { last_received { term: 1 index: 1 } } ignore_live_leader: true dest_uuid: "7a6211c960364882a506bff2e2d05fb1"
I20260709 14:55:27.612748 22773 raft_consensus.cc:3060] T 134f2686d4cf49939e836dc6aac7177e P 243d0af425d74b88a1b2b44248eda49e [term 1 FOLLOWER]: Advancing to term 2
I20260709 14:55:27.612828 22699 raft_consensus.cc:3055] T 134f2686d4cf49939e836dc6aac7177e P 7a6211c960364882a506bff2e2d05fb1 [term 1 LEADER]: Stepping down as leader of term 1
I20260709 14:55:27.613214 22699 raft_consensus.cc:740] T 134f2686d4cf49939e836dc6aac7177e P 7a6211c960364882a506bff2e2d05fb1 [term 1 LEADER]: Becoming Follower/Learner. State: Replica: 7a6211c960364882a506bff2e2d05fb1, State: Running, Role: LEADER
I20260709 14:55:27.614004 22699 consensus_queue.cc:260] T 134f2686d4cf49939e836dc6aac7177e P 7a6211c960364882a506bff2e2d05fb1 [NON_LEADER]: Queue going to NON_LEADER mode. State: All replicated index: 0, Majority replicated index: 1, Committed index: 1, Last appended: 1.1, Last appended by leader: 1, Current term: 1, Majority size: -1, State: 0, Mode: NON_LEADER, active raft config: opid_index: -1 OBSOLETE_local: false peers { permanent_uuid: "23275e893a7e4e25bfca96aa5c2020d4" member_type: VOTER last_known_addr { host: "127.21.124.1" port: 38373 } } peers { permanent_uuid: "7a6211c960364882a506bff2e2d05fb1" member_type: VOTER last_known_addr { host: "127.21.124.2" port: 34693 } } peers { permanent_uuid: "243d0af425d74b88a1b2b44248eda49e" member_type: VOTER last_known_addr { host: "127.21.124.3" port: 40867 } }
I20260709 14:55:27.615093 22699 raft_consensus.cc:3060] T 134f2686d4cf49939e836dc6aac7177e P 7a6211c960364882a506bff2e2d05fb1 [term 1 FOLLOWER]: Advancing to term 2
I20260709 14:55:27.618211 22773 raft_consensus.cc:2468] T 134f2686d4cf49939e836dc6aac7177e P 243d0af425d74b88a1b2b44248eda49e [term 2 FOLLOWER]: Leader election vote request: Granting yes vote for candidate 23275e893a7e4e25bfca96aa5c2020d4 in term 2.
I20260709 14:55:27.619161 22588 leader_election.cc:304] T 134f2686d4cf49939e836dc6aac7177e P 23275e893a7e4e25bfca96aa5c2020d4 [CANDIDATE]: Term 2 election: Election decided. Result: candidate won. Election summary: received 2 responses out of 3 voters: 2 yes votes; 0 no votes. yes voters: 23275e893a7e4e25bfca96aa5c2020d4, 243d0af425d74b88a1b2b44248eda49e; no voters: 
I20260709 14:55:27.619889 22819 raft_consensus.cc:2804] T 134f2686d4cf49939e836dc6aac7177e P 23275e893a7e4e25bfca96aa5c2020d4 [term 2 FOLLOWER]: Leader election won for term 2
I20260709 14:55:27.620707 22699 raft_consensus.cc:2468] T 134f2686d4cf49939e836dc6aac7177e P 7a6211c960364882a506bff2e2d05fb1 [term 2 FOLLOWER]: Leader election vote request: Granting yes vote for candidate 23275e893a7e4e25bfca96aa5c2020d4 in term 2.
I20260709 14:55:27.621052 22819 raft_consensus.cc:697] T 134f2686d4cf49939e836dc6aac7177e P 23275e893a7e4e25bfca96aa5c2020d4 [term 2 LEADER]: Becoming Leader. State: Replica: 23275e893a7e4e25bfca96aa5c2020d4, State: Running, Role: LEADER
I20260709 14:55:27.621842 22819 consensus_queue.cc:237] T 134f2686d4cf49939e836dc6aac7177e P 23275e893a7e4e25bfca96aa5c2020d4 [LEADER]: Queue going to LEADER mode. State: All replicated index: 0, Majority replicated index: 1, Committed index: 1, Last appended: 1.1, Last appended by leader: 1, Current term: 2, Majority size: 2, State: 0, Mode: LEADER, active raft config: opid_index: -1 OBSOLETE_local: false peers { permanent_uuid: "23275e893a7e4e25bfca96aa5c2020d4" member_type: VOTER last_known_addr { host: "127.21.124.1" port: 38373 } } peers { permanent_uuid: "7a6211c960364882a506bff2e2d05fb1" member_type: VOTER last_known_addr { host: "127.21.124.2" port: 34693 } } peers { permanent_uuid: "243d0af425d74b88a1b2b44248eda49e" member_type: VOTER last_known_addr { host: "127.21.124.3" port: 40867 } }
I20260709 14:55:27.628062 22522 catalog_manager.cc:5697] T 134f2686d4cf49939e836dc6aac7177e P 23275e893a7e4e25bfca96aa5c2020d4 reported cstate change: term changed from 1 to 2, leader changed from 7a6211c960364882a506bff2e2d05fb1 (127.21.124.2) to 23275e893a7e4e25bfca96aa5c2020d4 (127.21.124.1). New cstate: current_term: 2 leader_uuid: "23275e893a7e4e25bfca96aa5c2020d4" committed_config { opid_index: -1 OBSOLETE_local: false peers { permanent_uuid: "23275e893a7e4e25bfca96aa5c2020d4" member_type: VOTER last_known_addr { host: "127.21.124.1" port: 38373 } health_report { overall_health: HEALTHY } } peers { permanent_uuid: "7a6211c960364882a506bff2e2d05fb1" member_type: VOTER last_known_addr { host: "127.21.124.2" port: 34693 } health_report { overall_health: UNKNOWN } } peers { permanent_uuid: "243d0af425d74b88a1b2b44248eda49e" member_type: VOTER last_known_addr { host: "127.21.124.3" port: 40867 } health_report { overall_health: UNKNOWN } } }
I20260709 14:55:27.629038 22817 consensus_queue.cc:1048] T 0304153d6d2f485fb35eadc44fcbaebd P 243d0af425d74b88a1b2b44248eda49e [LEADER]: Connected to new peer: Peer: permanent_uuid: "7a6211c960364882a506bff2e2d05fb1" member_type: VOTER last_known_addr { host: "127.21.124.2" port: 34693 }, Status: LMP_MISMATCH, Last received: 0.0, Next index: 1, Last known committed idx: 0, Time since last communication: 0.000s
I20260709 14:55:27.634475 22847 raft_consensus.cc:493] T a5a84c06d12746adb40a097f6681d0c9 P 7a6211c960364882a506bff2e2d05fb1 [term 0 FOLLOWER]: Starting pre-election (no leader contacted us within the election timeout)
I20260709 14:55:27.634943 22847 raft_consensus.cc:515] T a5a84c06d12746adb40a097f6681d0c9 P 7a6211c960364882a506bff2e2d05fb1 [term 0 FOLLOWER]: Starting pre-election with config: opid_index: -1 OBSOLETE_local: false peers { permanent_uuid: "23275e893a7e4e25bfca96aa5c2020d4" member_type: VOTER last_known_addr { host: "127.21.124.1" port: 38373 } } peers { permanent_uuid: "7a6211c960364882a506bff2e2d05fb1" member_type: VOTER last_known_addr { host: "127.21.124.2" port: 34693 } } peers { permanent_uuid: "243d0af425d74b88a1b2b44248eda49e" member_type: VOTER last_known_addr { host: "127.21.124.3" port: 40867 } }
I20260709 14:55:27.635975 22836 raft_consensus.cc:993] T 0304153d6d2f485fb35eadc44fcbaebd P 243d0af425d74b88a1b2b44248eda49e: : Instructing follower 7a6211c960364882a506bff2e2d05fb1 to start an election
I20260709 14:55:27.636404 22836 raft_consensus.cc:1081] T 0304153d6d2f485fb35eadc44fcbaebd P 243d0af425d74b88a1b2b44248eda49e [term 1 LEADER]: Signalling peer 7a6211c960364882a506bff2e2d05fb1 to start an election
I20260709 14:55:27.636926 22847 leader_election.cc:290] T a5a84c06d12746adb40a097f6681d0c9 P 7a6211c960364882a506bff2e2d05fb1 [CANDIDATE]: Term 1 pre-election: Requested pre-vote from peers 23275e893a7e4e25bfca96aa5c2020d4 (127.21.124.1:38373), 243d0af425d74b88a1b2b44248eda49e (127.21.124.3:40867)
I20260709 14:55:27.638173 22773 tablet_service.cc:1917] Received RequestConsensusVote() RPC: tablet_id: "a5a84c06d12746adb40a097f6681d0c9" candidate_uuid: "7a6211c960364882a506bff2e2d05fb1" candidate_term: 1 candidate_status { last_received { term: 0 index: 0 } } ignore_live_leader: false dest_uuid: "243d0af425d74b88a1b2b44248eda49e" is_pre_election: true
I20260709 14:55:27.638510 22622 tablet_service.cc:1917] Received RequestConsensusVote() RPC: tablet_id: "a5a84c06d12746adb40a097f6681d0c9" candidate_uuid: "7a6211c960364882a506bff2e2d05fb1" candidate_term: 1 candidate_status { last_received { term: 0 index: 0 } } ignore_live_leader: false dest_uuid: "23275e893a7e4e25bfca96aa5c2020d4" is_pre_election: true
I20260709 14:55:27.639230 22622 raft_consensus.cc:2393] T a5a84c06d12746adb40a097f6681d0c9 P 23275e893a7e4e25bfca96aa5c2020d4 [term 1 FOLLOWER]: Leader pre-election vote request: Denying vote to candidate 7a6211c960364882a506bff2e2d05fb1 in current term 1: Already voted for candidate 243d0af425d74b88a1b2b44248eda49e in this term.
I20260709 14:55:27.640652 22664 leader_election.cc:304] T a5a84c06d12746adb40a097f6681d0c9 P 7a6211c960364882a506bff2e2d05fb1 [CANDIDATE]: Term 1 pre-election: Election decided. Result: candidate lost. Election summary: received 3 responses out of 3 voters: 1 yes votes; 2 no votes. yes voters: 7a6211c960364882a506bff2e2d05fb1; no voters: 23275e893a7e4e25bfca96aa5c2020d4, 243d0af425d74b88a1b2b44248eda49e
I20260709 14:55:27.641666 22849 raft_consensus.cc:3060] T a5a84c06d12746adb40a097f6681d0c9 P 7a6211c960364882a506bff2e2d05fb1 [term 0 FOLLOWER]: Advancing to term 1
I20260709 14:55:27.642081 22829 consensus_queue.cc:1048] T 0304153d6d2f485fb35eadc44fcbaebd P 243d0af425d74b88a1b2b44248eda49e [LEADER]: Connected to new peer: Peer: permanent_uuid: "23275e893a7e4e25bfca96aa5c2020d4" member_type: VOTER last_known_addr { host: "127.21.124.1" port: 38373 }, Status: LMP_MISMATCH, Last received: 0.0, Next index: 1, Last known committed idx: 0, Time since last communication: 0.000s
I20260709 14:55:27.642776 22699 tablet_service.cc:2044] Received Run Leader Election RPC: tablet_id: "0304153d6d2f485fb35eadc44fcbaebd"
dest_uuid: "7a6211c960364882a506bff2e2d05fb1"
 from {username='slave'} at 127.0.0.1:57880
I20260709 14:55:27.644012 22699 raft_consensus.cc:493] T 0304153d6d2f485fb35eadc44fcbaebd P 7a6211c960364882a506bff2e2d05fb1 [term 1 FOLLOWER]: Starting forced leader election (received explicit request)
I20260709 14:55:27.644426 22699 raft_consensus.cc:3060] T 0304153d6d2f485fb35eadc44fcbaebd P 7a6211c960364882a506bff2e2d05fb1 [term 1 FOLLOWER]: Advancing to term 2
I20260709 14:55:27.649251 22849 raft_consensus.cc:2749] T a5a84c06d12746adb40a097f6681d0c9 P 7a6211c960364882a506bff2e2d05fb1 [term 1 FOLLOWER]: Leader pre-election lost for term 1. Reason: could not achieve majority
I20260709 14:55:27.652365 22699 raft_consensus.cc:515] T 0304153d6d2f485fb35eadc44fcbaebd P 7a6211c960364882a506bff2e2d05fb1 [term 2 FOLLOWER]: Starting forced leader election with config: opid_index: -1 OBSOLETE_local: false peers { permanent_uuid: "23275e893a7e4e25bfca96aa5c2020d4" member_type: VOTER last_known_addr { host: "127.21.124.1" port: 38373 } } peers { permanent_uuid: "7a6211c960364882a506bff2e2d05fb1" member_type: VOTER last_known_addr { host: "127.21.124.2" port: 34693 } } peers { permanent_uuid: "243d0af425d74b88a1b2b44248eda49e" member_type: VOTER last_known_addr { host: "127.21.124.3" port: 40867 } }
I20260709 14:55:27.654541 22699 leader_election.cc:290] T 0304153d6d2f485fb35eadc44fcbaebd P 7a6211c960364882a506bff2e2d05fb1 [CANDIDATE]: Term 2 election: Requested vote from peers 23275e893a7e4e25bfca96aa5c2020d4 (127.21.124.1:38373), 243d0af425d74b88a1b2b44248eda49e (127.21.124.3:40867)
I20260709 14:55:27.654875 22622 tablet_service.cc:1917] Received RequestConsensusVote() RPC: tablet_id: "0304153d6d2f485fb35eadc44fcbaebd" candidate_uuid: "7a6211c960364882a506bff2e2d05fb1" candidate_term: 2 candidate_status { last_received { term: 1 index: 1 } } ignore_live_leader: true dest_uuid: "23275e893a7e4e25bfca96aa5c2020d4"
I20260709 14:55:27.655481 22622 raft_consensus.cc:3060] T 0304153d6d2f485fb35eadc44fcbaebd P 23275e893a7e4e25bfca96aa5c2020d4 [term 1 FOLLOWER]: Advancing to term 2
I20260709 14:55:27.655645 22773 tablet_service.cc:1917] Received RequestConsensusVote() RPC: tablet_id: "0304153d6d2f485fb35eadc44fcbaebd" candidate_uuid: "7a6211c960364882a506bff2e2d05fb1" candidate_term: 2 candidate_status { last_received { term: 1 index: 1 } } ignore_live_leader: true dest_uuid: "243d0af425d74b88a1b2b44248eda49e"
I20260709 14:55:27.656210 22773 raft_consensus.cc:3055] T 0304153d6d2f485fb35eadc44fcbaebd P 243d0af425d74b88a1b2b44248eda49e [term 1 LEADER]: Stepping down as leader of term 1
I20260709 14:55:27.656563 22773 raft_consensus.cc:740] T 0304153d6d2f485fb35eadc44fcbaebd P 243d0af425d74b88a1b2b44248eda49e [term 1 LEADER]: Becoming Follower/Learner. State: Replica: 243d0af425d74b88a1b2b44248eda49e, State: Running, Role: LEADER
I20260709 14:55:27.657333 22773 consensus_queue.cc:260] T 0304153d6d2f485fb35eadc44fcbaebd P 243d0af425d74b88a1b2b44248eda49e [NON_LEADER]: Queue going to NON_LEADER mode. State: All replicated index: 0, Majority replicated index: 1, Committed index: 1, Last appended: 1.1, Last appended by leader: 1, Current term: 1, Majority size: -1, State: 0, Mode: NON_LEADER, active raft config: opid_index: -1 OBSOLETE_local: false peers { permanent_uuid: "23275e893a7e4e25bfca96aa5c2020d4" member_type: VOTER last_known_addr { host: "127.21.124.1" port: 38373 } } peers { permanent_uuid: "7a6211c960364882a506bff2e2d05fb1" member_type: VOTER last_known_addr { host: "127.21.124.2" port: 34693 } } peers { permanent_uuid: "243d0af425d74b88a1b2b44248eda49e" member_type: VOTER last_known_addr { host: "127.21.124.3" port: 40867 } }
I20260709 14:55:27.658519 22773 raft_consensus.cc:3060] T 0304153d6d2f485fb35eadc44fcbaebd P 243d0af425d74b88a1b2b44248eda49e [term 1 FOLLOWER]: Advancing to term 2
I20260709 14:55:27.661173 22847 consensus_queue.cc:1048] T bedfac19877149f585d5e0919dbbae37 P 7a6211c960364882a506bff2e2d05fb1 [LEADER]: Connected to new peer: Peer: permanent_uuid: "23275e893a7e4e25bfca96aa5c2020d4" member_type: VOTER last_known_addr { host: "127.21.124.1" port: 38373 }, Status: LMP_MISMATCH, Last received: 0.0, Next index: 1, Last known committed idx: 0, Time since last communication: 0.000s
I20260709 14:55:27.663297 22622 raft_consensus.cc:2468] T 0304153d6d2f485fb35eadc44fcbaebd P 23275e893a7e4e25bfca96aa5c2020d4 [term 2 FOLLOWER]: Leader election vote request: Granting yes vote for candidate 7a6211c960364882a506bff2e2d05fb1 in term 2.
I20260709 14:55:27.665125 22773 raft_consensus.cc:2468] T 0304153d6d2f485fb35eadc44fcbaebd P 243d0af425d74b88a1b2b44248eda49e [term 2 FOLLOWER]: Leader election vote request: Granting yes vote for candidate 7a6211c960364882a506bff2e2d05fb1 in term 2.
I20260709 14:55:27.666404 22663 leader_election.cc:304] T 0304153d6d2f485fb35eadc44fcbaebd P 7a6211c960364882a506bff2e2d05fb1 [CANDIDATE]: Term 2 election: Election decided. Result: candidate won. Election summary: received 2 responses out of 3 voters: 2 yes votes; 0 no votes. yes voters: 243d0af425d74b88a1b2b44248eda49e, 7a6211c960364882a506bff2e2d05fb1; no voters: 
I20260709 14:55:27.667178 22849 raft_consensus.cc:2804] T 0304153d6d2f485fb35eadc44fcbaebd P 7a6211c960364882a506bff2e2d05fb1 [term 2 FOLLOWER]: Leader election won for term 2
I20260709 14:55:27.667647 22849 raft_consensus.cc:697] T 0304153d6d2f485fb35eadc44fcbaebd P 7a6211c960364882a506bff2e2d05fb1 [term 2 LEADER]: Becoming Leader. State: Replica: 7a6211c960364882a506bff2e2d05fb1, State: Running, Role: LEADER
I20260709 14:55:27.668375 22849 consensus_queue.cc:237] T 0304153d6d2f485fb35eadc44fcbaebd P 7a6211c960364882a506bff2e2d05fb1 [LEADER]: Queue going to LEADER mode. State: All replicated index: 0, Majority replicated index: 1, Committed index: 1, Last appended: 1.1, Last appended by leader: 1, Current term: 2, Majority size: 2, State: 0, Mode: LEADER, active raft config: opid_index: -1 OBSOLETE_local: false peers { permanent_uuid: "23275e893a7e4e25bfca96aa5c2020d4" member_type: VOTER last_known_addr { host: "127.21.124.1" port: 38373 } } peers { permanent_uuid: "7a6211c960364882a506bff2e2d05fb1" member_type: VOTER last_known_addr { host: "127.21.124.2" port: 34693 } } peers { permanent_uuid: "243d0af425d74b88a1b2b44248eda49e" member_type: VOTER last_known_addr { host: "127.21.124.3" port: 40867 } }
I20260709 14:55:27.674577 22845 consensus_queue.cc:1048] T bedfac19877149f585d5e0919dbbae37 P 7a6211c960364882a506bff2e2d05fb1 [LEADER]: Connected to new peer: Peer: permanent_uuid: "243d0af425d74b88a1b2b44248eda49e" member_type: VOTER last_known_addr { host: "127.21.124.3" port: 40867 }, Status: LMP_MISMATCH, Last received: 0.0, Next index: 1, Last known committed idx: 0, Time since last communication: 0.000s
I20260709 14:55:27.676733 22522 catalog_manager.cc:5697] T 0304153d6d2f485fb35eadc44fcbaebd P 7a6211c960364882a506bff2e2d05fb1 reported cstate change: term changed from 1 to 2, leader changed from 243d0af425d74b88a1b2b44248eda49e (127.21.124.3) to 7a6211c960364882a506bff2e2d05fb1 (127.21.124.2). New cstate: current_term: 2 leader_uuid: "7a6211c960364882a506bff2e2d05fb1" committed_config { opid_index: -1 OBSOLETE_local: false peers { permanent_uuid: "23275e893a7e4e25bfca96aa5c2020d4" member_type: VOTER last_known_addr { host: "127.21.124.1" port: 38373 } health_report { overall_health: UNKNOWN } } peers { permanent_uuid: "7a6211c960364882a506bff2e2d05fb1" member_type: VOTER last_known_addr { host: "127.21.124.2" port: 34693 } health_report { overall_health: HEALTHY } } peers { permanent_uuid: "243d0af425d74b88a1b2b44248eda49e" member_type: VOTER last_known_addr { host: "127.21.124.3" port: 40867 } health_report { overall_health: UNKNOWN } } }
I20260709 14:55:27.681938 22845 raft_consensus.cc:993] T bedfac19877149f585d5e0919dbbae37 P 7a6211c960364882a506bff2e2d05fb1: : Instructing follower 243d0af425d74b88a1b2b44248eda49e to start an election
I20260709 14:55:27.682336 22845 raft_consensus.cc:1081] T bedfac19877149f585d5e0919dbbae37 P 7a6211c960364882a506bff2e2d05fb1 [term 1 LEADER]: Signalling peer 243d0af425d74b88a1b2b44248eda49e to start an election
I20260709 14:55:27.684018 22773 tablet_service.cc:2044] Received Run Leader Election RPC: tablet_id: "bedfac19877149f585d5e0919dbbae37"
dest_uuid: "243d0af425d74b88a1b2b44248eda49e"
 from {username='slave'} at 127.0.0.1:33700
I20260709 14:55:27.684522 22773 raft_consensus.cc:493] T bedfac19877149f585d5e0919dbbae37 P 243d0af425d74b88a1b2b44248eda49e [term 1 FOLLOWER]: Starting forced leader election (received explicit request)
I20260709 14:55:27.684880 22773 raft_consensus.cc:3060] T bedfac19877149f585d5e0919dbbae37 P 243d0af425d74b88a1b2b44248eda49e [term 1 FOLLOWER]: Advancing to term 2
I20260709 14:55:27.691586 22773 raft_consensus.cc:515] T bedfac19877149f585d5e0919dbbae37 P 243d0af425d74b88a1b2b44248eda49e [term 2 FOLLOWER]: Starting forced leader election with config: opid_index: -1 OBSOLETE_local: false peers { permanent_uuid: "23275e893a7e4e25bfca96aa5c2020d4" member_type: VOTER last_known_addr { host: "127.21.124.1" port: 38373 } } peers { permanent_uuid: "7a6211c960364882a506bff2e2d05fb1" member_type: VOTER last_known_addr { host: "127.21.124.2" port: 34693 } } peers { permanent_uuid: "243d0af425d74b88a1b2b44248eda49e" member_type: VOTER last_known_addr { host: "127.21.124.3" port: 40867 } }
I20260709 14:55:27.693581 22773 leader_election.cc:290] T bedfac19877149f585d5e0919dbbae37 P 243d0af425d74b88a1b2b44248eda49e [CANDIDATE]: Term 2 election: Requested vote from peers 23275e893a7e4e25bfca96aa5c2020d4 (127.21.124.1:38373), 7a6211c960364882a506bff2e2d05fb1 (127.21.124.2:34693)
I20260709 14:55:27.694186 22623 tablet_service.cc:1917] Received RequestConsensusVote() RPC: tablet_id: "bedfac19877149f585d5e0919dbbae37" candidate_uuid: "243d0af425d74b88a1b2b44248eda49e" candidate_term: 2 candidate_status { last_received { term: 1 index: 1 } } ignore_live_leader: true dest_uuid: "23275e893a7e4e25bfca96aa5c2020d4"
I20260709 14:55:27.694687 22623 raft_consensus.cc:3060] T bedfac19877149f585d5e0919dbbae37 P 23275e893a7e4e25bfca96aa5c2020d4 [term 1 FOLLOWER]: Advancing to term 2
I20260709 14:55:27.694931 22699 tablet_service.cc:1917] Received RequestConsensusVote() RPC: tablet_id: "bedfac19877149f585d5e0919dbbae37" candidate_uuid: "243d0af425d74b88a1b2b44248eda49e" candidate_term: 2 candidate_status { last_received { term: 1 index: 1 } } ignore_live_leader: true dest_uuid: "7a6211c960364882a506bff2e2d05fb1"
I20260709 14:55:27.695469 22699 raft_consensus.cc:3055] T bedfac19877149f585d5e0919dbbae37 P 7a6211c960364882a506bff2e2d05fb1 [term 1 LEADER]: Stepping down as leader of term 1
I20260709 14:55:27.695786 22699 raft_consensus.cc:740] T bedfac19877149f585d5e0919dbbae37 P 7a6211c960364882a506bff2e2d05fb1 [term 1 LEADER]: Becoming Follower/Learner. State: Replica: 7a6211c960364882a506bff2e2d05fb1, State: Running, Role: LEADER
I20260709 14:55:27.696539 22699 consensus_queue.cc:260] T bedfac19877149f585d5e0919dbbae37 P 7a6211c960364882a506bff2e2d05fb1 [NON_LEADER]: Queue going to NON_LEADER mode. State: All replicated index: 0, Majority replicated index: 1, Committed index: 1, Last appended: 1.1, Last appended by leader: 1, Current term: 1, Majority size: -1, State: 0, Mode: NON_LEADER, active raft config: opid_index: -1 OBSOLETE_local: false peers { permanent_uuid: "23275e893a7e4e25bfca96aa5c2020d4" member_type: VOTER last_known_addr { host: "127.21.124.1" port: 38373 } } peers { permanent_uuid: "7a6211c960364882a506bff2e2d05fb1" member_type: VOTER last_known_addr { host: "127.21.124.2" port: 34693 } } peers { permanent_uuid: "243d0af425d74b88a1b2b44248eda49e" member_type: VOTER last_known_addr { host: "127.21.124.3" port: 40867 } }
I20260709 14:55:27.697701 22699 raft_consensus.cc:3060] T bedfac19877149f585d5e0919dbbae37 P 7a6211c960364882a506bff2e2d05fb1 [term 1 FOLLOWER]: Advancing to term 2
I20260709 14:55:27.701332 22623 raft_consensus.cc:2468] T bedfac19877149f585d5e0919dbbae37 P 23275e893a7e4e25bfca96aa5c2020d4 [term 2 FOLLOWER]: Leader election vote request: Granting yes vote for candidate 243d0af425d74b88a1b2b44248eda49e in term 2.
I20260709 14:55:27.702361 22738 leader_election.cc:304] T bedfac19877149f585d5e0919dbbae37 P 243d0af425d74b88a1b2b44248eda49e [CANDIDATE]: Term 2 election: Election decided. Result: candidate won. Election summary: received 2 responses out of 3 voters: 2 yes votes; 0 no votes. yes voters: 23275e893a7e4e25bfca96aa5c2020d4, 243d0af425d74b88a1b2b44248eda49e; no voters: 
I20260709 14:55:27.703155 22829 raft_consensus.cc:2804] T bedfac19877149f585d5e0919dbbae37 P 243d0af425d74b88a1b2b44248eda49e [term 2 FOLLOWER]: Leader election won for term 2
I20260709 14:55:27.703555 22829 raft_consensus.cc:697] T bedfac19877149f585d5e0919dbbae37 P 243d0af425d74b88a1b2b44248eda49e [term 2 LEADER]: Becoming Leader. State: Replica: 243d0af425d74b88a1b2b44248eda49e, State: Running, Role: LEADER
I20260709 14:55:27.704048 22699 raft_consensus.cc:2468] T bedfac19877149f585d5e0919dbbae37 P 7a6211c960364882a506bff2e2d05fb1 [term 2 FOLLOWER]: Leader election vote request: Granting yes vote for candidate 243d0af425d74b88a1b2b44248eda49e in term 2.
I20260709 14:55:27.704226 22829 consensus_queue.cc:237] T bedfac19877149f585d5e0919dbbae37 P 243d0af425d74b88a1b2b44248eda49e [LEADER]: Queue going to LEADER mode. State: All replicated index: 0, Majority replicated index: 1, Committed index: 1, Last appended: 1.1, Last appended by leader: 1, Current term: 2, Majority size: 2, State: 0, Mode: LEADER, active raft config: opid_index: -1 OBSOLETE_local: false peers { permanent_uuid: "23275e893a7e4e25bfca96aa5c2020d4" member_type: VOTER last_known_addr { host: "127.21.124.1" port: 38373 } } peers { permanent_uuid: "7a6211c960364882a506bff2e2d05fb1" member_type: VOTER last_known_addr { host: "127.21.124.2" port: 34693 } } peers { permanent_uuid: "243d0af425d74b88a1b2b44248eda49e" member_type: VOTER last_known_addr { host: "127.21.124.3" port: 40867 } }
I20260709 14:55:27.709939 22522 catalog_manager.cc:5697] T bedfac19877149f585d5e0919dbbae37 P 243d0af425d74b88a1b2b44248eda49e reported cstate change: term changed from 1 to 2, leader changed from 7a6211c960364882a506bff2e2d05fb1 (127.21.124.2) to 243d0af425d74b88a1b2b44248eda49e (127.21.124.3). New cstate: current_term: 2 leader_uuid: "243d0af425d74b88a1b2b44248eda49e" committed_config { opid_index: -1 OBSOLETE_local: false peers { permanent_uuid: "23275e893a7e4e25bfca96aa5c2020d4" member_type: VOTER last_known_addr { host: "127.21.124.1" port: 38373 } health_report { overall_health: UNKNOWN } } peers { permanent_uuid: "7a6211c960364882a506bff2e2d05fb1" member_type: VOTER last_known_addr { host: "127.21.124.2" port: 34693 } health_report { overall_health: UNKNOWN } } peers { permanent_uuid: "243d0af425d74b88a1b2b44248eda49e" member_type: VOTER last_known_addr { host: "127.21.124.3" port: 40867 } health_report { overall_health: HEALTHY } } }
I20260709 14:55:27.756771 22829 consensus_queue.cc:1048] T a5a84c06d12746adb40a097f6681d0c9 P 243d0af425d74b88a1b2b44248eda49e [LEADER]: Connected to new peer: Peer: permanent_uuid: "7a6211c960364882a506bff2e2d05fb1" member_type: VOTER last_known_addr { host: "127.21.124.2" port: 34693 }, Status: LMP_MISMATCH, Last received: 0.0, Next index: 1, Last known committed idx: 0, Time since last communication: 0.000s
I20260709 14:55:27.766273 22817 consensus_queue.cc:1048] T a5a84c06d12746adb40a097f6681d0c9 P 243d0af425d74b88a1b2b44248eda49e [LEADER]: Connected to new peer: Peer: permanent_uuid: "23275e893a7e4e25bfca96aa5c2020d4" member_type: VOTER last_known_addr { host: "127.21.124.1" port: 38373 }, Status: LMP_MISMATCH, Last received: 0.0, Next index: 1, Last known committed idx: 0, Time since last communication: 0.000s
I20260709 14:55:27.773284 22828 raft_consensus.cc:993] T a5a84c06d12746adb40a097f6681d0c9 P 243d0af425d74b88a1b2b44248eda49e: : Instructing follower 23275e893a7e4e25bfca96aa5c2020d4 to start an election
I20260709 14:55:27.773694 22817 raft_consensus.cc:1081] T a5a84c06d12746adb40a097f6681d0c9 P 243d0af425d74b88a1b2b44248eda49e [term 1 LEADER]: Signalling peer 23275e893a7e4e25bfca96aa5c2020d4 to start an election
I20260709 14:55:27.775079 22623 tablet_service.cc:2044] Received Run Leader Election RPC: tablet_id: "a5a84c06d12746adb40a097f6681d0c9"
dest_uuid: "23275e893a7e4e25bfca96aa5c2020d4"
 from {username='slave'} at 127.0.0.1:45424
I20260709 14:55:27.775501 22623 raft_consensus.cc:493] T a5a84c06d12746adb40a097f6681d0c9 P 23275e893a7e4e25bfca96aa5c2020d4 [term 1 FOLLOWER]: Starting forced leader election (received explicit request)
I20260709 14:55:27.775740 22623 raft_consensus.cc:3060] T a5a84c06d12746adb40a097f6681d0c9 P 23275e893a7e4e25bfca96aa5c2020d4 [term 1 FOLLOWER]: Advancing to term 2
I20260709 14:55:27.780284 22623 raft_consensus.cc:515] T a5a84c06d12746adb40a097f6681d0c9 P 23275e893a7e4e25bfca96aa5c2020d4 [term 2 FOLLOWER]: Starting forced leader election with config: opid_index: -1 OBSOLETE_local: false peers { permanent_uuid: "23275e893a7e4e25bfca96aa5c2020d4" member_type: VOTER last_known_addr { host: "127.21.124.1" port: 38373 } } peers { permanent_uuid: "7a6211c960364882a506bff2e2d05fb1" member_type: VOTER last_known_addr { host: "127.21.124.2" port: 34693 } } peers { permanent_uuid: "243d0af425d74b88a1b2b44248eda49e" member_type: VOTER last_known_addr { host: "127.21.124.3" port: 40867 } }
I20260709 14:55:27.782191 22623 leader_election.cc:290] T a5a84c06d12746adb40a097f6681d0c9 P 23275e893a7e4e25bfca96aa5c2020d4 [CANDIDATE]: Term 2 election: Requested vote from peers 7a6211c960364882a506bff2e2d05fb1 (127.21.124.2:34693), 243d0af425d74b88a1b2b44248eda49e (127.21.124.3:40867)
I20260709 14:55:27.782498 22699 tablet_service.cc:1917] Received RequestConsensusVote() RPC: tablet_id: "a5a84c06d12746adb40a097f6681d0c9" candidate_uuid: "23275e893a7e4e25bfca96aa5c2020d4" candidate_term: 2 candidate_status { last_received { term: 1 index: 1 } } ignore_live_leader: true dest_uuid: "7a6211c960364882a506bff2e2d05fb1"
I20260709 14:55:27.782778 22773 tablet_service.cc:1917] Received RequestConsensusVote() RPC: tablet_id: "a5a84c06d12746adb40a097f6681d0c9" candidate_uuid: "23275e893a7e4e25bfca96aa5c2020d4" candidate_term: 2 candidate_status { last_received { term: 1 index: 1 } } ignore_live_leader: true dest_uuid: "243d0af425d74b88a1b2b44248eda49e"
I20260709 14:55:27.783118 22699 raft_consensus.cc:3060] T a5a84c06d12746adb40a097f6681d0c9 P 7a6211c960364882a506bff2e2d05fb1 [term 1 FOLLOWER]: Advancing to term 2
I20260709 14:55:27.783325 22773 raft_consensus.cc:3055] T a5a84c06d12746adb40a097f6681d0c9 P 243d0af425d74b88a1b2b44248eda49e [term 1 LEADER]: Stepping down as leader of term 1
I20260709 14:55:27.783707 22773 raft_consensus.cc:740] T a5a84c06d12746adb40a097f6681d0c9 P 243d0af425d74b88a1b2b44248eda49e [term 1 LEADER]: Becoming Follower/Learner. State: Replica: 243d0af425d74b88a1b2b44248eda49e, State: Running, Role: LEADER
I20260709 14:55:27.784396 22773 consensus_queue.cc:260] T a5a84c06d12746adb40a097f6681d0c9 P 243d0af425d74b88a1b2b44248eda49e [NON_LEADER]: Queue going to NON_LEADER mode. State: All replicated index: 0, Majority replicated index: 1, Committed index: 1, Last appended: 1.1, Last appended by leader: 1, Current term: 1, Majority size: -1, State: 0, Mode: NON_LEADER, active raft config: opid_index: -1 OBSOLETE_local: false peers { permanent_uuid: "23275e893a7e4e25bfca96aa5c2020d4" member_type: VOTER last_known_addr { host: "127.21.124.1" port: 38373 } } peers { permanent_uuid: "7a6211c960364882a506bff2e2d05fb1" member_type: VOTER last_known_addr { host: "127.21.124.2" port: 34693 } } peers { permanent_uuid: "243d0af425d74b88a1b2b44248eda49e" member_type: VOTER last_known_addr { host: "127.21.124.3" port: 40867 } }
I20260709 14:55:27.785267 22773 raft_consensus.cc:3060] T a5a84c06d12746adb40a097f6681d0c9 P 243d0af425d74b88a1b2b44248eda49e [term 1 FOLLOWER]: Advancing to term 2
I20260709 14:55:27.788699 22699 raft_consensus.cc:2468] T a5a84c06d12746adb40a097f6681d0c9 P 7a6211c960364882a506bff2e2d05fb1 [term 2 FOLLOWER]: Leader election vote request: Granting yes vote for candidate 23275e893a7e4e25bfca96aa5c2020d4 in term 2.
I20260709 14:55:27.789644 22590 leader_election.cc:304] T a5a84c06d12746adb40a097f6681d0c9 P 23275e893a7e4e25bfca96aa5c2020d4 [CANDIDATE]: Term 2 election: Election decided. Result: candidate won. Election summary: received 2 responses out of 3 voters: 2 yes votes; 0 no votes. yes voters: 23275e893a7e4e25bfca96aa5c2020d4, 7a6211c960364882a506bff2e2d05fb1; no voters: 
I20260709 14:55:27.790208 22773 raft_consensus.cc:2468] T a5a84c06d12746adb40a097f6681d0c9 P 243d0af425d74b88a1b2b44248eda49e [term 2 FOLLOWER]: Leader election vote request: Granting yes vote for candidate 23275e893a7e4e25bfca96aa5c2020d4 in term 2.
I20260709 14:55:27.790439 22819 raft_consensus.cc:2804] T a5a84c06d12746adb40a097f6681d0c9 P 23275e893a7e4e25bfca96aa5c2020d4 [term 2 FOLLOWER]: Leader election won for term 2
I20260709 14:55:27.790988 22819 raft_consensus.cc:697] T a5a84c06d12746adb40a097f6681d0c9 P 23275e893a7e4e25bfca96aa5c2020d4 [term 2 LEADER]: Becoming Leader. State: Replica: 23275e893a7e4e25bfca96aa5c2020d4, State: Running, Role: LEADER
I20260709 14:55:27.791745 22819 consensus_queue.cc:237] T a5a84c06d12746adb40a097f6681d0c9 P 23275e893a7e4e25bfca96aa5c2020d4 [LEADER]: Queue going to LEADER mode. State: All replicated index: 0, Majority replicated index: 1, Committed index: 1, Last appended: 1.1, Last appended by leader: 1, Current term: 2, Majority size: 2, State: 0, Mode: LEADER, active raft config: opid_index: -1 OBSOLETE_local: false peers { permanent_uuid: "23275e893a7e4e25bfca96aa5c2020d4" member_type: VOTER last_known_addr { host: "127.21.124.1" port: 38373 } } peers { permanent_uuid: "7a6211c960364882a506bff2e2d05fb1" member_type: VOTER last_known_addr { host: "127.21.124.2" port: 34693 } } peers { permanent_uuid: "243d0af425d74b88a1b2b44248eda49e" member_type: VOTER last_known_addr { host: "127.21.124.3" port: 40867 } }
I20260709 14:55:27.797204 22519 catalog_manager.cc:5697] T a5a84c06d12746adb40a097f6681d0c9 P 23275e893a7e4e25bfca96aa5c2020d4 reported cstate change: term changed from 1 to 2, leader changed from 243d0af425d74b88a1b2b44248eda49e (127.21.124.3) to 23275e893a7e4e25bfca96aa5c2020d4 (127.21.124.1). New cstate: current_term: 2 leader_uuid: "23275e893a7e4e25bfca96aa5c2020d4" committed_config { opid_index: -1 OBSOLETE_local: false peers { permanent_uuid: "23275e893a7e4e25bfca96aa5c2020d4" member_type: VOTER last_known_addr { host: "127.21.124.1" port: 38373 } health_report { overall_health: HEALTHY } } peers { permanent_uuid: "7a6211c960364882a506bff2e2d05fb1" member_type: VOTER last_known_addr { host: "127.21.124.2" port: 34693 } health_report { overall_health: UNKNOWN } } peers { permanent_uuid: "243d0af425d74b88a1b2b44248eda49e" member_type: VOTER last_known_addr { host: "127.21.124.3" port: 40867 } health_report { overall_health: UNKNOWN } } }
