I20260709 14:55:41.396620 27461 consensus_queue.cc:260] T f46f45298b3f4391a86431d956f866a5 P ade9fa30b00f471b9222b9636d76a1d4 [NON_LEADER]: Queue going to NON_LEADER mode. State: All replicated index: 0, Majority replicated index: 0, Committed index: 0, Last appended: 0.0, Last appended by leader: 0, Current term: 0, Majority size: -1, State: 0, Mode: NON_LEADER, active raft config: opid_index: -1 OBSOLETE_local: false peers { permanent_uuid: "885a13898ba64d9a9a982ac13afc72db" member_type: VOTER last_known_addr { host: "127.25.143.65" port: 36005 } } peers { permanent_uuid: "80c0c75d3475498b9cd0dc9ce89fc785" member_type: VOTER last_known_addr { host: "127.25.143.66" port: 33211 } } peers { permanent_uuid: "ade9fa30b00f471b9222b9636d76a1d4" member_type: VOTER last_known_addr { host: "127.25.143.67" port: 39479 } }
I20260709 14:55:41.399938 27461 ts_tablet_manager.cc:1434] T f46f45298b3f4391a86431d956f866a5 P ade9fa30b00f471b9222b9636d76a1d4: Time spent starting tablet: real 0.009s	user 0.006s	sys 0.000s
I20260709 14:55:41.400985 27461 tablet_bootstrap.cc:492] T a8bbd3dbc39c4450b02977ffb9b7afd5 P ade9fa30b00f471b9222b9636d76a1d4: Bootstrap starting.
I20260709 14:55:41.401628 27606 consensus_queue.cc:1048] T 90b5cfd4babe47b294718fa964e7c507 P 80c0c75d3475498b9cd0dc9ce89fc785 [LEADER]: Connected to new peer: Peer: permanent_uuid: "ade9fa30b00f471b9222b9636d76a1d4" member_type: VOTER last_known_addr { host: "127.25.143.67" port: 39479 }, Status: LMP_MISMATCH, Last received: 0.0, Next index: 1, Last known committed idx: 0, Time since last communication: 0.001s
I20260709 14:55:41.387508 27236 leader_election.cc:304] T c06df6471ed3446ba5145ef2b391f8c6 P 885a13898ba64d9a9a982ac13afc72db [CANDIDATE]: Term 1 pre-election: Election decided. Result: candidate won. Election summary: received 3 responses out of 3 voters: 2 yes votes; 1 no votes. yes voters: 885a13898ba64d9a9a982ac13afc72db, ade9fa30b00f471b9222b9636d76a1d4; no voters: 80c0c75d3475498b9cd0dc9ce89fc785
I20260709 14:55:41.403733 27348 raft_consensus.cc:3060] T 026e633c0f6546c6b104f87eae3ce71c P 80c0c75d3475498b9cd0dc9ce89fc785 [term 0 FOLLOWER]: Advancing to term 1
I20260709 14:55:41.404398 27462 tablet_bootstrap.cc:654] T c907e969496c4b32b0c7f82ca1d465aa P 885a13898ba64d9a9a982ac13afc72db: Neither blocks nor log segments found. Creating new log.
I20260709 14:55:41.408500 27628 raft_consensus.cc:2804] T c06df6471ed3446ba5145ef2b391f8c6 P 885a13898ba64d9a9a982ac13afc72db [term 0 FOLLOWER]: Leader pre-election won for term 1
I20260709 14:55:41.408906 27628 raft_consensus.cc:493] T c06df6471ed3446ba5145ef2b391f8c6 P 885a13898ba64d9a9a982ac13afc72db [term 0 FOLLOWER]: Starting leader election (no leader contacted us within the election timeout)
I20260709 14:55:41.409297 27628 raft_consensus.cc:3060] T c06df6471ed3446ba5145ef2b391f8c6 P 885a13898ba64d9a9a982ac13afc72db [term 0 FOLLOWER]: Advancing to term 1
I20260709 14:55:41.411669 27313 leader_election.cc:304] T 43cfe275c53547c583b5bf93f1d080a6 P 80c0c75d3475498b9cd0dc9ce89fc785 [CANDIDATE]: Term 1 election: Election decided. Result: candidate won. Election summary: received 2 responses out of 3 voters: 2 yes votes; 0 no votes. yes voters: 80c0c75d3475498b9cd0dc9ce89fc785, 885a13898ba64d9a9a982ac13afc72db; no voters: 
I20260709 14:55:41.405712 27273 tablet_service.cc:1917] Received RequestConsensusVote() RPC: tablet_id: "026e633c0f6546c6b104f87eae3ce71c" candidate_uuid: "80c0c75d3475498b9cd0dc9ce89fc785" candidate_term: 1 candidate_status { last_received { term: 0 index: 0 } } ignore_live_leader: false dest_uuid: "885a13898ba64d9a9a982ac13afc72db" is_pre_election: true
I20260709 14:55:41.413059 27168 catalog_manager.cc:5697] T 2365a923468d40b388e6904b8f454177 P ade9fa30b00f471b9222b9636d76a1d4 reported cstate change: term changed from 0 to 1, leader changed from <none> to ade9fa30b00f471b9222b9636d76a1d4 (127.25.143.67). New cstate: current_term: 1 leader_uuid: "ade9fa30b00f471b9222b9636d76a1d4" committed_config { opid_index: -1 OBSOLETE_local: false peers { permanent_uuid: "885a13898ba64d9a9a982ac13afc72db" member_type: VOTER last_known_addr { host: "127.25.143.65" port: 36005 } health_report { overall_health: UNKNOWN } } peers { permanent_uuid: "80c0c75d3475498b9cd0dc9ce89fc785" member_type: VOTER last_known_addr { host: "127.25.143.66" port: 33211 } health_report { overall_health: UNKNOWN } } peers { permanent_uuid: "ade9fa30b00f471b9222b9636d76a1d4" member_type: VOTER last_known_addr { host: "127.25.143.67" port: 39479 } health_report { overall_health: HEALTHY } } }
I20260709 14:55:41.413872 27606 raft_consensus.cc:2804] T 43cfe275c53547c583b5bf93f1d080a6 P 80c0c75d3475498b9cd0dc9ce89fc785 [term 1 FOLLOWER]: Leader election won for term 1
I20260709 14:55:41.418311 27606 raft_consensus.cc:697] T 43cfe275c53547c583b5bf93f1d080a6 P 80c0c75d3475498b9cd0dc9ce89fc785 [term 1 LEADER]: Becoming Leader. State: Replica: 80c0c75d3475498b9cd0dc9ce89fc785, State: Running, Role: LEADER
I20260709 14:55:41.419113 27606 consensus_queue.cc:237] T 43cfe275c53547c583b5bf93f1d080a6 P 80c0c75d3475498b9cd0dc9ce89fc785 [LEADER]: Queue going to LEADER mode. State: All replicated index: 0, Majority replicated index: 0, Committed index: 0, Last appended: 0.0, Last appended by leader: 0, Current term: 1, Majority size: 2, State: 0, Mode: LEADER, active raft config: opid_index: -1 OBSOLETE_local: false peers { permanent_uuid: "885a13898ba64d9a9a982ac13afc72db" member_type: VOTER last_known_addr { host: "127.25.143.65" port: 36005 } } peers { permanent_uuid: "80c0c75d3475498b9cd0dc9ce89fc785" member_type: VOTER last_known_addr { host: "127.25.143.66" port: 33211 } } peers { permanent_uuid: "ade9fa30b00f471b9222b9636d76a1d4" member_type: VOTER last_known_addr { host: "127.25.143.67" port: 39479 } }
I20260709 14:55:41.421185 27628 raft_consensus.cc:515] T c06df6471ed3446ba5145ef2b391f8c6 P 885a13898ba64d9a9a982ac13afc72db [term 1 FOLLOWER]: Starting leader election with config: opid_index: -1 OBSOLETE_local: false peers { permanent_uuid: "885a13898ba64d9a9a982ac13afc72db" member_type: VOTER last_known_addr { host: "127.25.143.65" port: 36005 } } peers { permanent_uuid: "80c0c75d3475498b9cd0dc9ce89fc785" member_type: VOTER last_known_addr { host: "127.25.143.66" port: 33211 } } peers { permanent_uuid: "ade9fa30b00f471b9222b9636d76a1d4" member_type: VOTER last_known_addr { host: "127.25.143.67" port: 39479 } }
I20260709 14:55:41.420787 27464 raft_consensus.cc:359] T 06fe86fd8bfa485daa659e37cdc1a0fa P 80c0c75d3475498b9cd0dc9ce89fc785 [term 0 FOLLOWER]: Replica starting. Triggering 0 pending ops. Active config: opid_index: -1 OBSOLETE_local: false peers { permanent_uuid: "885a13898ba64d9a9a982ac13afc72db" member_type: VOTER last_known_addr { host: "127.25.143.65" port: 36005 } } peers { permanent_uuid: "80c0c75d3475498b9cd0dc9ce89fc785" member_type: VOTER last_known_addr { host: "127.25.143.66" port: 33211 } } peers { permanent_uuid: "ade9fa30b00f471b9222b9636d76a1d4" member_type: VOTER last_known_addr { host: "127.25.143.67" port: 39479 } }
I20260709 14:55:41.422513 27464 raft_consensus.cc:385] T 06fe86fd8bfa485daa659e37cdc1a0fa P 80c0c75d3475498b9cd0dc9ce89fc785 [term 0 FOLLOWER]: Consensus starting up: Expiring failure detector timer to make a prompt election more likely
I20260709 14:55:41.432529 27268 raft_consensus.cc:3060] T d4206ebb862b442ba1113790e41f8601 P 885a13898ba64d9a9a982ac13afc72db [term 0 FOLLOWER]: Advancing to term 1
I20260709 14:55:41.422804 27464 raft_consensus.cc:740] T 06fe86fd8bfa485daa659e37cdc1a0fa P 80c0c75d3475498b9cd0dc9ce89fc785 [term 0 FOLLOWER]: Becoming Follower/Learner. State: Replica: 80c0c75d3475498b9cd0dc9ce89fc785, State: Initialized, Role: FOLLOWER
I20260709 14:55:41.430585 27169 catalog_manager.cc:5697] T f2cbf528fd334585bd755c17ac2848e6 P 885a13898ba64d9a9a982ac13afc72db reported cstate change: term changed from 0 to 1, leader changed from <none> to 885a13898ba64d9a9a982ac13afc72db (127.25.143.65). New cstate: current_term: 1 leader_uuid: "885a13898ba64d9a9a982ac13afc72db" committed_config { opid_index: -1 OBSOLETE_local: false peers { permanent_uuid: "885a13898ba64d9a9a982ac13afc72db" member_type: VOTER last_known_addr { host: "127.25.143.65" port: 36005 } health_report { overall_health: HEALTHY } } peers { permanent_uuid: "80c0c75d3475498b9cd0dc9ce89fc785" member_type: VOTER last_known_addr { host: "127.25.143.66" port: 33211 } health_report { overall_health: UNKNOWN } } peers { permanent_uuid: "ade9fa30b00f471b9222b9636d76a1d4" member_type: VOTER last_known_addr { host: "127.25.143.67" port: 39479 } health_report { overall_health: UNKNOWN } } }
I20260709 14:55:41.434121 27464 consensus_queue.cc:260] T 06fe86fd8bfa485daa659e37cdc1a0fa P 80c0c75d3475498b9cd0dc9ce89fc785 [NON_LEADER]: Queue going to NON_LEADER mode. State: All replicated index: 0, Majority replicated index: 0, Committed index: 0, Last appended: 0.0, Last appended by leader: 0, Current term: 0, Majority size: -1, State: 0, Mode: NON_LEADER, active raft config: opid_index: -1 OBSOLETE_local: false peers { permanent_uuid: "885a13898ba64d9a9a982ac13afc72db" member_type: VOTER last_known_addr { host: "127.25.143.65" port: 36005 } } peers { permanent_uuid: "80c0c75d3475498b9cd0dc9ce89fc785" member_type: VOTER last_known_addr { host: "127.25.143.66" port: 33211 } } peers { permanent_uuid: "ade9fa30b00f471b9222b9636d76a1d4" member_type: VOTER last_known_addr { host: "127.25.143.67" port: 39479 } }
I20260709 14:55:41.441354 27464 ts_tablet_manager.cc:1434] T 06fe86fd8bfa485daa659e37cdc1a0fa P 80c0c75d3475498b9cd0dc9ce89fc785: Time spent starting tablet: real 0.060s	user 0.006s	sys 0.000s
I20260709 14:55:41.436506 27470 consensus_queue.cc:1048] T 115dff9a3af344b18bdfe12a7fbaf24e P 80c0c75d3475498b9cd0dc9ce89fc785 [LEADER]: Connected to new peer: Peer: permanent_uuid: "885a13898ba64d9a9a982ac13afc72db" member_type: VOTER last_known_addr { host: "127.25.143.65" port: 36005 }, Status: LMP_MISMATCH, Last received: 0.0, Next index: 1, Last known committed idx: 0, Time since last communication: 0.010s
I20260709 14:55:41.450309 27464 tablet_bootstrap.cc:492] T f2cbf528fd334585bd755c17ac2848e6 P 80c0c75d3475498b9cd0dc9ce89fc785: Bootstrap starting.
I20260709 14:55:41.432250 27628 leader_election.cc:290] T c06df6471ed3446ba5145ef2b391f8c6 P 885a13898ba64d9a9a982ac13afc72db [CANDIDATE]: Term 1 election: Requested vote from peers 80c0c75d3475498b9cd0dc9ce89fc785 (127.25.143.66:33211), ade9fa30b00f471b9222b9636d76a1d4 (127.25.143.67:39479)
I20260709 14:55:41.457739 27461 tablet_bootstrap.cc:654] T a8bbd3dbc39c4450b02977ffb9b7afd5 P ade9fa30b00f471b9222b9636d76a1d4: Neither blocks nor log segments found. Creating new log.
W20260709 14:55:41.438978 27236 leader_election.cc:343] T f46f45298b3f4391a86431d956f866a5 P 885a13898ba64d9a9a982ac13afc72db [CANDIDATE]: Term 1 pre-election: Tablet error from VoteRequest() call to peer ade9fa30b00f471b9222b9636d76a1d4 (127.25.143.67:39479): Illegal state: must be running to vote when last-logged opid is not known
I20260709 14:55:41.464239 27347 tablet_service.cc:1917] Received RequestConsensusVote() RPC: tablet_id: "c06df6471ed3446ba5145ef2b391f8c6" candidate_uuid: "885a13898ba64d9a9a982ac13afc72db" candidate_term: 1 candidate_status { last_received { term: 0 index: 0 } } ignore_live_leader: false dest_uuid: "80c0c75d3475498b9cd0dc9ce89fc785"
I20260709 14:55:41.464443 27313 leader_election.cc:304] T 026e633c0f6546c6b104f87eae3ce71c P 80c0c75d3475498b9cd0dc9ce89fc785 [CANDIDATE]: Term 1 pre-election: Election decided. Result: candidate lost. Election summary: received 3 responses out of 3 voters: 1 yes votes; 2 no votes. yes voters: 80c0c75d3475498b9cd0dc9ce89fc785; no voters: 885a13898ba64d9a9a982ac13afc72db, ade9fa30b00f471b9222b9636d76a1d4
I20260709 14:55:41.467067 27236 leader_election.cc:304] T f46f45298b3f4391a86431d956f866a5 P 885a13898ba64d9a9a982ac13afc72db [CANDIDATE]: Term 1 pre-election: Election decided. Result: candidate lost. Election summary: received 3 responses out of 3 voters: 1 yes votes; 2 no votes. yes voters: 885a13898ba64d9a9a982ac13afc72db; no voters: 80c0c75d3475498b9cd0dc9ce89fc785, ade9fa30b00f471b9222b9636d76a1d4
I20260709 14:55:41.468475 27627 raft_consensus.cc:2749] T f46f45298b3f4391a86431d956f866a5 P 885a13898ba64d9a9a982ac13afc72db [term 0 FOLLOWER]: Leader pre-election lost for term 1. Reason: could not achieve majority
I20260709 14:55:41.455464 27273 tablet_service.cc:1917] Received RequestConsensusVote() RPC: tablet_id: "43cfe275c53547c583b5bf93f1d080a6" candidate_uuid: "ade9fa30b00f471b9222b9636d76a1d4" candidate_term: 1 candidate_status { last_received { term: 0 index: 0 } } ignore_live_leader: false dest_uuid: "885a13898ba64d9a9a982ac13afc72db" is_pre_election: true
I20260709 14:55:41.470153 27273 raft_consensus.cc:2393] T 43cfe275c53547c583b5bf93f1d080a6 P 885a13898ba64d9a9a982ac13afc72db [term 1 FOLLOWER]: Leader pre-election vote request: Denying vote to candidate ade9fa30b00f471b9222b9636d76a1d4 in current term 1: Already voted for candidate 80c0c75d3475498b9cd0dc9ce89fc785 in this term.
W20260709 14:55:41.472210 27387 leader_election.cc:343] T c58d513d6b2e4046aa7a22a060f5fe8b P ade9fa30b00f471b9222b9636d76a1d4 [CANDIDATE]: Term 1 pre-election: Tablet error from VoteRequest() call to peer 885a13898ba64d9a9a982ac13afc72db (127.25.143.65:36005): Illegal state: must be running to vote when last-logged opid is not known
I20260709 14:55:41.472369 27420 tablet_service.cc:1917] Received RequestConsensusVote() RPC: tablet_id: "c06df6471ed3446ba5145ef2b391f8c6" candidate_uuid: "885a13898ba64d9a9a982ac13afc72db" candidate_term: 1 candidate_status { last_received { term: 0 index: 0 } } ignore_live_leader: false dest_uuid: "ade9fa30b00f471b9222b9636d76a1d4"
I20260709 14:55:41.472669 27387 leader_election.cc:304] T c58d513d6b2e4046aa7a22a060f5fe8b P ade9fa30b00f471b9222b9636d76a1d4 [CANDIDATE]: Term 1 pre-election: Election decided. Result: candidate lost. Election summary: received 3 responses out of 3 voters: 1 yes votes; 2 no votes. yes voters: ade9fa30b00f471b9222b9636d76a1d4; no voters: 80c0c75d3475498b9cd0dc9ce89fc785, 885a13898ba64d9a9a982ac13afc72db
I20260709 14:55:41.472899 27420 raft_consensus.cc:3060] T c06df6471ed3446ba5145ef2b391f8c6 P ade9fa30b00f471b9222b9636d76a1d4 [term 0 FOLLOWER]: Advancing to term 1
W20260709 14:55:41.473137 27238 leader_election.cc:343] T c06df6471ed3446ba5145ef2b391f8c6 P 885a13898ba64d9a9a982ac13afc72db [CANDIDATE]: Term 1 election: Tablet error from VoteRequest() call to peer 80c0c75d3475498b9cd0dc9ce89fc785 (127.25.143.66:33211): Illegal state: must be running to vote when last-logged opid is not known
I20260709 14:55:41.475828 27583 consensus_queue.cc:1048] T 06fe86fd8bfa485daa659e37cdc1a0fa P ade9fa30b00f471b9222b9636d76a1d4 [LEADER]: Connected to new peer: Peer: permanent_uuid: "885a13898ba64d9a9a982ac13afc72db" member_type: VOTER last_known_addr { host: "127.25.143.65" port: 36005 }, Status: LMP_MISMATCH, Last received: 0.0, Next index: 1, Last known committed idx: 0, Time since last communication: 0.000s
I20260709 14:55:41.477659 27497 raft_consensus.cc:2749] T c58d513d6b2e4046aa7a22a060f5fe8b P ade9fa30b00f471b9222b9636d76a1d4 [term 0 FOLLOWER]: Leader pre-election lost for term 1. Reason: could not achieve majority
I20260709 14:55:41.481781 27582 raft_consensus.cc:493] T c907e969496c4b32b0c7f82ca1d465aa P ade9fa30b00f471b9222b9636d76a1d4 [term 0 FOLLOWER]: Starting pre-election (no leader contacted us within the election timeout)
I20260709 14:55:41.482252 27582 raft_consensus.cc:515] T c907e969496c4b32b0c7f82ca1d465aa P ade9fa30b00f471b9222b9636d76a1d4 [term 0 FOLLOWER]: Starting pre-election with config: opid_index: -1 OBSOLETE_local: false peers { permanent_uuid: "885a13898ba64d9a9a982ac13afc72db" member_type: VOTER last_known_addr { host: "127.25.143.65" port: 36005 } } peers { permanent_uuid: "80c0c75d3475498b9cd0dc9ce89fc785" member_type: VOTER last_known_addr { host: "127.25.143.66" port: 33211 } } peers { permanent_uuid: "ade9fa30b00f471b9222b9636d76a1d4" member_type: VOTER last_known_addr { host: "127.25.143.67" port: 39479 } }
I20260709 14:55:41.486251 27582 leader_election.cc:290] T c907e969496c4b32b0c7f82ca1d465aa P ade9fa30b00f471b9222b9636d76a1d4 [CANDIDATE]: Term 1 pre-election: Requested pre-vote from peers 885a13898ba64d9a9a982ac13afc72db (127.25.143.65:36005), 80c0c75d3475498b9cd0dc9ce89fc785 (127.25.143.66:33211)
I20260709 14:55:41.486729 27606 raft_consensus.cc:2749] T 026e633c0f6546c6b104f87eae3ce71c P 80c0c75d3475498b9cd0dc9ce89fc785 [term 1 FOLLOWER]: Leader pre-election lost for term 1. Reason: could not achieve majority
I20260709 14:55:41.487600 27497 consensus_queue.cc:1048] T d4206ebb862b442ba1113790e41f8601 P ade9fa30b00f471b9222b9636d76a1d4 [LEADER]: Connected to new peer: Peer: permanent_uuid: "885a13898ba64d9a9a982ac13afc72db" member_type: VOTER last_known_addr { host: "127.25.143.65" port: 36005 }, Status: LMP_MISMATCH, Last received: 0.0, Next index: 1, Last known committed idx: 0, Time since last communication: 0.000s
I20260709 14:55:41.491122 27421 raft_consensus.cc:2468] T 43cfe275c53547c583b5bf93f1d080a6 P ade9fa30b00f471b9222b9636d76a1d4 [term 1 FOLLOWER]: Leader election vote request: Granting yes vote for candidate 80c0c75d3475498b9cd0dc9ce89fc785 in term 1.
I20260709 14:55:41.497217 27387 leader_election.cc:304] T 43cfe275c53547c583b5bf93f1d080a6 P ade9fa30b00f471b9222b9636d76a1d4 [CANDIDATE]: Term 1 pre-election: Election decided. Result: candidate lost. Election summary: received 3 responses out of 3 voters: 1 yes votes; 2 no votes. yes voters: ade9fa30b00f471b9222b9636d76a1d4; no voters: 80c0c75d3475498b9cd0dc9ce89fc785, 885a13898ba64d9a9a982ac13afc72db
I20260709 14:55:41.507439 27464 tablet_bootstrap.cc:654] T f2cbf528fd334585bd755c17ac2848e6 P 80c0c75d3475498b9cd0dc9ce89fc785: Neither blocks nor log segments found. Creating new log.
I20260709 14:55:41.516467 27468 consensus_queue.cc:1048] T d4206ebb862b442ba1113790e41f8601 P ade9fa30b00f471b9222b9636d76a1d4 [LEADER]: Connected to new peer: Peer: permanent_uuid: "80c0c75d3475498b9cd0dc9ce89fc785" member_type: VOTER last_known_addr { host: "127.25.143.66" port: 33211 }, Status: LMP_MISMATCH, Last received: 0.0, Next index: 1, Last known committed idx: 0, Time since last communication: 0.000s
I20260709 14:55:41.502717 27583 raft_consensus.cc:2749] T 43cfe275c53547c583b5bf93f1d080a6 P ade9fa30b00f471b9222b9636d76a1d4 [term 1 FOLLOWER]: Leader pre-election lost for term 1. Reason: could not achieve majority
I20260709 14:55:41.526584 27420 raft_consensus.cc:2468] T c06df6471ed3446ba5145ef2b391f8c6 P ade9fa30b00f471b9222b9636d76a1d4 [term 1 FOLLOWER]: Leader election vote request: Granting yes vote for candidate 885a13898ba64d9a9a982ac13afc72db in term 1.
I20260709 14:55:41.528028 27236 leader_election.cc:304] T c06df6471ed3446ba5145ef2b391f8c6 P 885a13898ba64d9a9a982ac13afc72db [CANDIDATE]: Term 1 election: Election decided. Result: candidate won. Election summary: received 3 responses out of 3 voters: 2 yes votes; 1 no votes. yes voters: 885a13898ba64d9a9a982ac13afc72db, ade9fa30b00f471b9222b9636d76a1d4; no voters: 80c0c75d3475498b9cd0dc9ce89fc785
I20260709 14:55:41.529199 27630 raft_consensus.cc:2804] T c06df6471ed3446ba5145ef2b391f8c6 P 885a13898ba64d9a9a982ac13afc72db [term 1 FOLLOWER]: Leader election won for term 1
I20260709 14:55:41.529686 27630 raft_consensus.cc:697] T c06df6471ed3446ba5145ef2b391f8c6 P 885a13898ba64d9a9a982ac13afc72db [term 1 LEADER]: Becoming Leader. State: Replica: 885a13898ba64d9a9a982ac13afc72db, State: Running, Role: LEADER
I20260709 14:55:41.534162 27461 tablet_bootstrap.cc:492] T a8bbd3dbc39c4450b02977ffb9b7afd5 P ade9fa30b00f471b9222b9636d76a1d4: No bootstrap required, opened a new log
I20260709 14:55:41.534652 27461 ts_tablet_manager.cc:1403] T a8bbd3dbc39c4450b02977ffb9b7afd5 P ade9fa30b00f471b9222b9636d76a1d4: Time spent bootstrapping tablet: real 0.134s	user 0.010s	sys 0.004s
I20260709 14:55:41.532661 27582 raft_consensus.cc:493] T f46f45298b3f4391a86431d956f866a5 P ade9fa30b00f471b9222b9636d76a1d4 [term 0 FOLLOWER]: Starting pre-election (no leader contacted us within the election timeout)
I20260709 14:55:41.536636 27582 raft_consensus.cc:515] T f46f45298b3f4391a86431d956f866a5 P ade9fa30b00f471b9222b9636d76a1d4 [term 0 FOLLOWER]: Starting pre-election with config: opid_index: -1 OBSOLETE_local: false peers { permanent_uuid: "885a13898ba64d9a9a982ac13afc72db" member_type: VOTER last_known_addr { host: "127.25.143.65" port: 36005 } } peers { permanent_uuid: "80c0c75d3475498b9cd0dc9ce89fc785" member_type: VOTER last_known_addr { host: "127.25.143.66" port: 33211 } } peers { permanent_uuid: "ade9fa30b00f471b9222b9636d76a1d4" member_type: VOTER last_known_addr { host: "127.25.143.67" port: 39479 } }
I20260709 14:55:41.537606 27461 raft_consensus.cc:359] T a8bbd3dbc39c4450b02977ffb9b7afd5 P ade9fa30b00f471b9222b9636d76a1d4 [term 0 FOLLOWER]: Replica starting. Triggering 0 pending ops. Active config: opid_index: -1 OBSOLETE_local: false peers { permanent_uuid: "885a13898ba64d9a9a982ac13afc72db" member_type: VOTER last_known_addr { host: "127.25.143.65" port: 36005 } } peers { permanent_uuid: "80c0c75d3475498b9cd0dc9ce89fc785" member_type: VOTER last_known_addr { host: "127.25.143.66" port: 33211 } } peers { permanent_uuid: "ade9fa30b00f471b9222b9636d76a1d4" member_type: VOTER last_known_addr { host: "127.25.143.67" port: 39479 } }
I20260709 14:55:41.538239 27461 raft_consensus.cc:385] T a8bbd3dbc39c4450b02977ffb9b7afd5 P ade9fa30b00f471b9222b9636d76a1d4 [term 0 FOLLOWER]: Consensus starting up: Expiring failure detector timer to make a prompt election more likely
I20260709 14:55:41.538476 27461 raft_consensus.cc:740] T a8bbd3dbc39c4450b02977ffb9b7afd5 P ade9fa30b00f471b9222b9636d76a1d4 [term 0 FOLLOWER]: Becoming Follower/Learner. State: Replica: ade9fa30b00f471b9222b9636d76a1d4, State: Initialized, Role: FOLLOWER
I20260709 14:55:41.534516 27630 consensus_queue.cc:237] T c06df6471ed3446ba5145ef2b391f8c6 P 885a13898ba64d9a9a982ac13afc72db [LEADER]: Queue going to LEADER mode. State: All replicated index: 0, Majority replicated index: 0, Committed index: 0, Last appended: 0.0, Last appended by leader: 0, Current term: 1, Majority size: 2, State: 0, Mode: LEADER, active raft config: opid_index: -1 OBSOLETE_local: false peers { permanent_uuid: "885a13898ba64d9a9a982ac13afc72db" member_type: VOTER last_known_addr { host: "127.25.143.65" port: 36005 } } peers { permanent_uuid: "80c0c75d3475498b9cd0dc9ce89fc785" member_type: VOTER last_known_addr { host: "127.25.143.66" port: 33211 } } peers { permanent_uuid: "ade9fa30b00f471b9222b9636d76a1d4" member_type: VOTER last_known_addr { host: "127.25.143.67" port: 39479 } }
I20260709 14:55:41.538486 27582 leader_election.cc:290] T f46f45298b3f4391a86431d956f866a5 P ade9fa30b00f471b9222b9636d76a1d4 [CANDIDATE]: Term 1 pre-election: Requested pre-vote from peers 885a13898ba64d9a9a982ac13afc72db (127.25.143.65:36005), 80c0c75d3475498b9cd0dc9ce89fc785 (127.25.143.66:33211)
I20260709 14:55:41.551771 27461 consensus_queue.cc:260] T a8bbd3dbc39c4450b02977ffb9b7afd5 P ade9fa30b00f471b9222b9636d76a1d4 [NON_LEADER]: Queue going to NON_LEADER mode. State: All replicated index: 0, Majority replicated index: 0, Committed index: 0, Last appended: 0.0, Last appended by leader: 0, Current term: 0, Majority size: -1, State: 0, Mode: NON_LEADER, active raft config: opid_index: -1 OBSOLETE_local: false peers { permanent_uuid: "885a13898ba64d9a9a982ac13afc72db" member_type: VOTER last_known_addr { host: "127.25.143.65" port: 36005 } } peers { permanent_uuid: "80c0c75d3475498b9cd0dc9ce89fc785" member_type: VOTER last_known_addr { host: "127.25.143.66" port: 33211 } } peers { permanent_uuid: "ade9fa30b00f471b9222b9636d76a1d4" member_type: VOTER last_known_addr { host: "127.25.143.67" port: 39479 } }
I20260709 14:55:41.554173 27461 ts_tablet_manager.cc:1434] T a8bbd3dbc39c4450b02977ffb9b7afd5 P ade9fa30b00f471b9222b9636d76a1d4: Time spent starting tablet: real 0.019s	user 0.007s	sys 0.000s
I20260709 14:55:41.556396 27272 tablet_service.cc:1917] Received RequestConsensusVote() RPC: tablet_id: "c907e969496c4b32b0c7f82ca1d465aa" candidate_uuid: "ade9fa30b00f471b9222b9636d76a1d4" candidate_term: 1 candidate_status { last_received { term: 0 index: 0 } } ignore_live_leader: false dest_uuid: "885a13898ba64d9a9a982ac13afc72db" is_pre_election: true
I20260709 14:55:41.555028 27461 tablet_bootstrap.cc:492] T 9bd6d6d826b54a11ba70684ddd9498aa P ade9fa30b00f471b9222b9636d76a1d4: Bootstrap starting.
I20260709 14:55:41.557863 27271 tablet_service.cc:1917] Received RequestConsensusVote() RPC: tablet_id: "f46f45298b3f4391a86431d956f866a5" candidate_uuid: "ade9fa30b00f471b9222b9636d76a1d4" candidate_term: 1 candidate_status { last_received { term: 0 index: 0 } } ignore_live_leader: false dest_uuid: "885a13898ba64d9a9a982ac13afc72db" is_pre_election: true
I20260709 14:55:41.558794 27271 raft_consensus.cc:2468] T f46f45298b3f4391a86431d956f866a5 P 885a13898ba64d9a9a982ac13afc72db [term 0 FOLLOWER]: Leader pre-election vote request: Granting yes vote for candidate ade9fa30b00f471b9222b9636d76a1d4 in term 0.
I20260709 14:55:41.563597 27346 raft_consensus.cc:3060] T 06fe86fd8bfa485daa659e37cdc1a0fa P 80c0c75d3475498b9cd0dc9ce89fc785 [term 0 FOLLOWER]: Advancing to term 1
W20260709 14:55:41.565140 27387 leader_election.cc:343] T c907e969496c4b32b0c7f82ca1d465aa P ade9fa30b00f471b9222b9636d76a1d4 [CANDIDATE]: Term 1 pre-election: Tablet error from VoteRequest() call to peer 885a13898ba64d9a9a982ac13afc72db (127.25.143.65:36005): Illegal state: must be running to vote when last-logged opid is not known
I20260709 14:55:41.567427 27347 tablet_service.cc:1917] Received RequestConsensusVote() RPC: tablet_id: "c907e969496c4b32b0c7f82ca1d465aa" candidate_uuid: "ade9fa30b00f471b9222b9636d76a1d4" candidate_term: 1 candidate_status { last_received { term: 0 index: 0 } } ignore_live_leader: false dest_uuid: "80c0c75d3475498b9cd0dc9ce89fc785" is_pre_election: true
I20260709 14:55:41.569532 27387 leader_election.cc:304] T f46f45298b3f4391a86431d956f866a5 P ade9fa30b00f471b9222b9636d76a1d4 [CANDIDATE]: Term 1 pre-election: Election decided. Result: candidate won. Election summary: received 2 responses out of 3 voters: 2 yes votes; 0 no votes. yes voters: 885a13898ba64d9a9a982ac13afc72db, ade9fa30b00f471b9222b9636d76a1d4; no voters: 
I20260709 14:55:41.570711 27343 tablet_service.cc:1917] Received RequestConsensusVote() RPC: tablet_id: "f46f45298b3f4391a86431d956f866a5" candidate_uuid: "ade9fa30b00f471b9222b9636d76a1d4" candidate_term: 1 candidate_status { last_received { term: 0 index: 0 } } ignore_live_leader: false dest_uuid: "80c0c75d3475498b9cd0dc9ce89fc785" is_pre_election: true
I20260709 14:55:41.582242 27652 raft_consensus.cc:2804] T f46f45298b3f4391a86431d956f866a5 P ade9fa30b00f471b9222b9636d76a1d4 [term 0 FOLLOWER]: Leader pre-election won for term 1
I20260709 14:55:41.584112 27652 raft_consensus.cc:493] T f46f45298b3f4391a86431d956f866a5 P ade9fa30b00f471b9222b9636d76a1d4 [term 0 FOLLOWER]: Starting leader election (no leader contacted us within the election timeout)
I20260709 14:55:41.584460 27652 raft_consensus.cc:3060] T f46f45298b3f4391a86431d956f866a5 P ade9fa30b00f471b9222b9636d76a1d4 [term 0 FOLLOWER]: Advancing to term 1
I20260709 14:55:41.600798 27462 tablet_bootstrap.cc:492] T c907e969496c4b32b0c7f82ca1d465aa P 885a13898ba64d9a9a982ac13afc72db: No bootstrap required, opened a new log
I20260709 14:55:41.601269 27462 ts_tablet_manager.cc:1403] T c907e969496c4b32b0c7f82ca1d465aa P 885a13898ba64d9a9a982ac13afc72db: Time spent bootstrapping tablet: real 0.217s	user 0.014s	sys 0.010s
W20260709 14:55:41.596184 27387 leader_election.cc:343] T c907e969496c4b32b0c7f82ca1d465aa P ade9fa30b00f471b9222b9636d76a1d4 [CANDIDATE]: Term 1 pre-election: Tablet error from VoteRequest() call to peer 80c0c75d3475498b9cd0dc9ce89fc785 (127.25.143.66:33211): Illegal state: must be running to vote when last-logged opid is not known
I20260709 14:55:41.602483 27387 leader_election.cc:304] T c907e969496c4b32b0c7f82ca1d465aa P ade9fa30b00f471b9222b9636d76a1d4 [CANDIDATE]: Term 1 pre-election: Election decided. Result: candidate lost. Election summary: received 3 responses out of 3 voters: 1 yes votes; 2 no votes. yes voters: ade9fa30b00f471b9222b9636d76a1d4; no voters: 80c0c75d3475498b9cd0dc9ce89fc785, 885a13898ba64d9a9a982ac13afc72db
I20260709 14:55:41.603878 27462 raft_consensus.cc:359] T c907e969496c4b32b0c7f82ca1d465aa P 885a13898ba64d9a9a982ac13afc72db [term 0 FOLLOWER]: Replica starting. Triggering 0 pending ops. Active config: opid_index: -1 OBSOLETE_local: false peers { permanent_uuid: "885a13898ba64d9a9a982ac13afc72db" member_type: VOTER last_known_addr { host: "127.25.143.65" port: 36005 } } peers { permanent_uuid: "80c0c75d3475498b9cd0dc9ce89fc785" member_type: VOTER last_known_addr { host: "127.25.143.66" port: 33211 } } peers { permanent_uuid: "ade9fa30b00f471b9222b9636d76a1d4" member_type: VOTER last_known_addr { host: "127.25.143.67" port: 39479 } }
I20260709 14:55:41.604583 27462 raft_consensus.cc:385] T c907e969496c4b32b0c7f82ca1d465aa P 885a13898ba64d9a9a982ac13afc72db [term 0 FOLLOWER]: Consensus starting up: Expiring failure detector timer to make a prompt election more likely
I20260709 14:55:41.604849 27462 raft_consensus.cc:740] T c907e969496c4b32b0c7f82ca1d465aa P 885a13898ba64d9a9a982ac13afc72db [term 0 FOLLOWER]: Becoming Follower/Learner. State: Replica: 885a13898ba64d9a9a982ac13afc72db, State: Initialized, Role: FOLLOWER
I20260709 14:55:41.605974 27582 raft_consensus.cc:2749] T c907e969496c4b32b0c7f82ca1d465aa P ade9fa30b00f471b9222b9636d76a1d4 [term 0 FOLLOWER]: Leader pre-election lost for term 1. Reason: could not achieve majority
I20260709 14:55:41.607156 27462 consensus_queue.cc:260] T c907e969496c4b32b0c7f82ca1d465aa P 885a13898ba64d9a9a982ac13afc72db [NON_LEADER]: Queue going to NON_LEADER mode. State: All replicated index: 0, Majority replicated index: 0, Committed index: 0, Last appended: 0.0, Last appended by leader: 0, Current term: 0, Majority size: -1, State: 0, Mode: NON_LEADER, active raft config: opid_index: -1 OBSOLETE_local: false peers { permanent_uuid: "885a13898ba64d9a9a982ac13afc72db" member_type: VOTER last_known_addr { host: "127.25.143.65" port: 36005 } } peers { permanent_uuid: "80c0c75d3475498b9cd0dc9ce89fc785" member_type: VOTER last_known_addr { host: "127.25.143.66" port: 33211 } } peers { permanent_uuid: "ade9fa30b00f471b9222b9636d76a1d4" member_type: VOTER last_known_addr { host: "127.25.143.67" port: 39479 } }
I20260709 14:55:41.625262 27464 tablet_bootstrap.cc:492] T f2cbf528fd334585bd755c17ac2848e6 P 80c0c75d3475498b9cd0dc9ce89fc785: No bootstrap required, opened a new log
I20260709 14:55:41.625725 27464 ts_tablet_manager.cc:1403] T f2cbf528fd334585bd755c17ac2848e6 P 80c0c75d3475498b9cd0dc9ce89fc785: Time spent bootstrapping tablet: real 0.176s	user 0.008s	sys 0.006s
I20260709 14:55:41.631072 27464 raft_consensus.cc:359] T f2cbf528fd334585bd755c17ac2848e6 P 80c0c75d3475498b9cd0dc9ce89fc785 [term 0 FOLLOWER]: Replica starting. Triggering 0 pending ops. Active config: opid_index: -1 OBSOLETE_local: false peers { permanent_uuid: "885a13898ba64d9a9a982ac13afc72db" member_type: VOTER last_known_addr { host: "127.25.143.65" port: 36005 } } peers { permanent_uuid: "80c0c75d3475498b9cd0dc9ce89fc785" member_type: VOTER last_known_addr { host: "127.25.143.66" port: 33211 } } peers { permanent_uuid: "ade9fa30b00f471b9222b9636d76a1d4" member_type: VOTER last_known_addr { host: "127.25.143.67" port: 39479 } }
I20260709 14:55:41.631815 27464 raft_consensus.cc:385] T f2cbf528fd334585bd755c17ac2848e6 P 80c0c75d3475498b9cd0dc9ce89fc785 [term 0 FOLLOWER]: Consensus starting up: Expiring failure detector timer to make a prompt election more likely
I20260709 14:55:41.632253 27464 raft_consensus.cc:740] T f2cbf528fd334585bd755c17ac2848e6 P 80c0c75d3475498b9cd0dc9ce89fc785 [term 0 FOLLOWER]: Becoming Follower/Learner. State: Replica: 80c0c75d3475498b9cd0dc9ce89fc785, State: Initialized, Role: FOLLOWER
I20260709 14:55:41.632771 27464 consensus_queue.cc:260] T f2cbf528fd334585bd755c17ac2848e6 P 80c0c75d3475498b9cd0dc9ce89fc785 [NON_LEADER]: Queue going to NON_LEADER mode. State: All replicated index: 0, Majority replicated index: 0, Committed index: 0, Last appended: 0.0, Last appended by leader: 0, Current term: 0, Majority size: -1, State: 0, Mode: NON_LEADER, active raft config: opid_index: -1 OBSOLETE_local: false peers { permanent_uuid: "885a13898ba64d9a9a982ac13afc72db" member_type: VOTER last_known_addr { host: "127.25.143.65" port: 36005 } } peers { permanent_uuid: "80c0c75d3475498b9cd0dc9ce89fc785" member_type: VOTER last_known_addr { host: "127.25.143.66" port: 33211 } } peers { permanent_uuid: "ade9fa30b00f471b9222b9636d76a1d4" member_type: VOTER last_known_addr { host: "127.25.143.67" port: 39479 } }
W20260709 14:55:41.603905 27387 leader_election.cc:343] T f46f45298b3f4391a86431d956f866a5 P ade9fa30b00f471b9222b9636d76a1d4 [CANDIDATE]: Term 1 pre-election: Tablet error from VoteRequest() call to peer 80c0c75d3475498b9cd0dc9ce89fc785 (127.25.143.66:33211): Illegal state: must be running to vote when last-logged opid is not known
I20260709 14:55:41.644048 27462 ts_tablet_manager.cc:1434] T c907e969496c4b32b0c7f82ca1d465aa P 885a13898ba64d9a9a982ac13afc72db: Time spent starting tablet: real 0.043s	user 0.005s	sys 0.006s
I20260709 14:55:41.643700 27606 raft_consensus.cc:493] T f2cbf528fd334585bd755c17ac2848e6 P 80c0c75d3475498b9cd0dc9ce89fc785 [term 0 FOLLOWER]: Starting pre-election (no leader contacted us within the election timeout)
I20260709 14:55:41.644591 27464 ts_tablet_manager.cc:1434] T f2cbf528fd334585bd755c17ac2848e6 P 80c0c75d3475498b9cd0dc9ce89fc785: Time spent starting tablet: real 0.019s	user 0.003s	sys 0.003s
I20260709 14:55:41.645078 27606 raft_consensus.cc:515] T f2cbf528fd334585bd755c17ac2848e6 P 80c0c75d3475498b9cd0dc9ce89fc785 [term 0 FOLLOWER]: Starting pre-election with config: opid_index: -1 OBSOLETE_local: false peers { permanent_uuid: "885a13898ba64d9a9a982ac13afc72db" member_type: VOTER last_known_addr { host: "127.25.143.65" port: 36005 } } peers { permanent_uuid: "80c0c75d3475498b9cd0dc9ce89fc785" member_type: VOTER last_known_addr { host: "127.25.143.66" port: 33211 } } peers { permanent_uuid: "ade9fa30b00f471b9222b9636d76a1d4" member_type: VOTER last_known_addr { host: "127.25.143.67" port: 39479 } }
I20260709 14:55:41.645618 27464 tablet_bootstrap.cc:492] T cae4b00f9aef4d6a8c9131b64e34462e P 80c0c75d3475498b9cd0dc9ce89fc785: Bootstrap starting.
I20260709 14:55:41.646629 27169 catalog_manager.cc:5697] T c06df6471ed3446ba5145ef2b391f8c6 P 885a13898ba64d9a9a982ac13afc72db reported cstate change: term changed from 0 to 1, leader changed from <none> to 885a13898ba64d9a9a982ac13afc72db (127.25.143.65). New cstate: current_term: 1 leader_uuid: "885a13898ba64d9a9a982ac13afc72db" committed_config { opid_index: -1 OBSOLETE_local: false peers { permanent_uuid: "885a13898ba64d9a9a982ac13afc72db" member_type: VOTER last_known_addr { host: "127.25.143.65" port: 36005 } health_report { overall_health: HEALTHY } } peers { permanent_uuid: "80c0c75d3475498b9cd0dc9ce89fc785" member_type: VOTER last_known_addr { host: "127.25.143.66" port: 33211 } health_report { overall_health: UNKNOWN } } peers { permanent_uuid: "ade9fa30b00f471b9222b9636d76a1d4" member_type: VOTER last_known_addr { host: "127.25.143.67" port: 39479 } health_report { overall_health: UNKNOWN } } }
I20260709 14:55:41.649221 27268 tablet_service.cc:1917] Received RequestConsensusVote() RPC: tablet_id: "f2cbf528fd334585bd755c17ac2848e6" candidate_uuid: "80c0c75d3475498b9cd0dc9ce89fc785" candidate_term: 1 candidate_status { last_received { term: 0 index: 0 } } ignore_live_leader: false dest_uuid: "885a13898ba64d9a9a982ac13afc72db" is_pre_election: true
I20260709 14:55:41.649761 27652 raft_consensus.cc:515] T f46f45298b3f4391a86431d956f866a5 P ade9fa30b00f471b9222b9636d76a1d4 [term 1 FOLLOWER]: Starting leader election with config: opid_index: -1 OBSOLETE_local: false peers { permanent_uuid: "885a13898ba64d9a9a982ac13afc72db" member_type: VOTER last_known_addr { host: "127.25.143.65" port: 36005 } } peers { permanent_uuid: "80c0c75d3475498b9cd0dc9ce89fc785" member_type: VOTER last_known_addr { host: "127.25.143.66" port: 33211 } } peers { permanent_uuid: "ade9fa30b00f471b9222b9636d76a1d4" member_type: VOTER last_known_addr { host: "127.25.143.67" port: 39479 } }
I20260709 14:55:41.651681 27652 leader_election.cc:290] T f46f45298b3f4391a86431d956f866a5 P ade9fa30b00f471b9222b9636d76a1d4 [CANDIDATE]: Term 1 election: Requested vote from peers 885a13898ba64d9a9a982ac13afc72db (127.25.143.65:36005), 80c0c75d3475498b9cd0dc9ce89fc785 (127.25.143.66:33211)
I20260709 14:55:41.651587 27420 tablet_service.cc:1917] Received RequestConsensusVote() RPC: tablet_id: "f2cbf528fd334585bd755c17ac2848e6" candidate_uuid: "80c0c75d3475498b9cd0dc9ce89fc785" candidate_term: 1 candidate_status { last_received { term: 0 index: 0 } } ignore_live_leader: false dest_uuid: "ade9fa30b00f471b9222b9636d76a1d4" is_pre_election: true
I20260709 14:55:41.652724 27420 raft_consensus.cc:2393] T f2cbf528fd334585bd755c17ac2848e6 P ade9fa30b00f471b9222b9636d76a1d4 [term 1 FOLLOWER]: Leader pre-election vote request: Denying vote to candidate 80c0c75d3475498b9cd0dc9ce89fc785 in current term 1: Already voted for candidate 885a13898ba64d9a9a982ac13afc72db in this term.
I20260709 14:55:41.653326 27606 leader_election.cc:290] T f2cbf528fd334585bd755c17ac2848e6 P 80c0c75d3475498b9cd0dc9ce89fc785 [CANDIDATE]: Term 1 pre-election: Requested pre-vote from peers 885a13898ba64d9a9a982ac13afc72db (127.25.143.65:36005), ade9fa30b00f471b9222b9636d76a1d4 (127.25.143.67:39479)
I20260709 14:55:41.645095 27462 tablet_bootstrap.cc:492] T 719e2d5d947b4d9e902b37bda3187c33 P 885a13898ba64d9a9a982ac13afc72db: Bootstrap starting.
I20260709 14:55:41.662353 27348 tablet_service.cc:1917] Received RequestConsensusVote() RPC: tablet_id: "f46f45298b3f4391a86431d956f866a5" candidate_uuid: "ade9fa30b00f471b9222b9636d76a1d4" candidate_term: 1 candidate_status { last_received { term: 0 index: 0 } } ignore_live_leader: false dest_uuid: "80c0c75d3475498b9cd0dc9ce89fc785"
I20260709 14:55:41.665704 27271 tablet_service.cc:1917] Received RequestConsensusVote() RPC: tablet_id: "f46f45298b3f4391a86431d956f866a5" candidate_uuid: "ade9fa30b00f471b9222b9636d76a1d4" candidate_term: 1 candidate_status { last_received { term: 0 index: 0 } } ignore_live_leader: false dest_uuid: "885a13898ba64d9a9a982ac13afc72db"
I20260709 14:55:41.666230 27271 raft_consensus.cc:3060] T f46f45298b3f4391a86431d956f866a5 P 885a13898ba64d9a9a982ac13afc72db [term 0 FOLLOWER]: Advancing to term 1
I20260709 14:55:41.667054 27313 leader_election.cc:304] T f2cbf528fd334585bd755c17ac2848e6 P 80c0c75d3475498b9cd0dc9ce89fc785 [CANDIDATE]: Term 1 pre-election: Election decided. Result: candidate lost. Election summary: received 3 responses out of 3 voters: 1 yes votes; 2 no votes. yes voters: 80c0c75d3475498b9cd0dc9ce89fc785; no voters: 885a13898ba64d9a9a982ac13afc72db, ade9fa30b00f471b9222b9636d76a1d4
I20260709 14:55:41.672181 27461 tablet_bootstrap.cc:654] T 9bd6d6d826b54a11ba70684ddd9498aa P ade9fa30b00f471b9222b9636d76a1d4: Neither blocks nor log segments found. Creating new log.
W20260709 14:55:41.674185 27387 leader_election.cc:343] T f46f45298b3f4391a86431d956f866a5 P ade9fa30b00f471b9222b9636d76a1d4 [CANDIDATE]: Term 1 election: Tablet error from VoteRequest() call to peer 80c0c75d3475498b9cd0dc9ce89fc785 (127.25.143.66:33211): Illegal state: must be running to vote when last-logged opid is not known
I20260709 14:55:41.674576 27606 raft_consensus.cc:3060] T f2cbf528fd334585bd755c17ac2848e6 P 80c0c75d3475498b9cd0dc9ce89fc785 [term 0 FOLLOWER]: Advancing to term 1
I20260709 14:55:41.675379 27271 raft_consensus.cc:2468] T f46f45298b3f4391a86431d956f866a5 P 885a13898ba64d9a9a982ac13afc72db [term 1 FOLLOWER]: Leader election vote request: Granting yes vote for candidate ade9fa30b00f471b9222b9636d76a1d4 in term 1.
I20260709 14:55:41.679296 27387 leader_election.cc:304] T f46f45298b3f4391a86431d956f866a5 P ade9fa30b00f471b9222b9636d76a1d4 [CANDIDATE]: Term 1 election: Election decided. Result: candidate won. Election summary: received 3 responses out of 3 voters: 2 yes votes; 1 no votes. yes voters: 885a13898ba64d9a9a982ac13afc72db, ade9fa30b00f471b9222b9636d76a1d4; no voters: 80c0c75d3475498b9cd0dc9ce89fc785
I20260709 14:55:41.680116 27582 raft_consensus.cc:2804] T f46f45298b3f4391a86431d956f866a5 P ade9fa30b00f471b9222b9636d76a1d4 [term 1 FOLLOWER]: Leader election won for term 1
I20260709 14:55:41.680585 27582 raft_consensus.cc:697] T f46f45298b3f4391a86431d956f866a5 P ade9fa30b00f471b9222b9636d76a1d4 [term 1 LEADER]: Becoming Leader. State: Replica: ade9fa30b00f471b9222b9636d76a1d4, State: Running, Role: LEADER
I20260709 14:55:41.681361 27582 consensus_queue.cc:237] T f46f45298b3f4391a86431d956f866a5 P ade9fa30b00f471b9222b9636d76a1d4 [LEADER]: Queue going to LEADER mode. State: All replicated index: 0, Majority replicated index: 0, Committed index: 0, Last appended: 0.0, Last appended by leader: 0, Current term: 1, Majority size: 2, State: 0, Mode: LEADER, active raft config: opid_index: -1 OBSOLETE_local: false peers { permanent_uuid: "885a13898ba64d9a9a982ac13afc72db" member_type: VOTER last_known_addr { host: "127.25.143.65" port: 36005 } } peers { permanent_uuid: "80c0c75d3475498b9cd0dc9ce89fc785" member_type: VOTER last_known_addr { host: "127.25.143.66" port: 33211 } } peers { permanent_uuid: "ade9fa30b00f471b9222b9636d76a1d4" member_type: VOTER last_known_addr { host: "127.25.143.67" port: 39479 } }
I20260709 14:55:41.681989 27464 tablet_bootstrap.cc:654] T cae4b00f9aef4d6a8c9131b64e34462e P 80c0c75d3475498b9cd0dc9ce89fc785: Neither blocks nor log segments found. Creating new log.
I20260709 14:55:41.683566 27606 raft_consensus.cc:2749] T f2cbf528fd334585bd755c17ac2848e6 P 80c0c75d3475498b9cd0dc9ce89fc785 [term 1 FOLLOWER]: Leader pre-election lost for term 1. Reason: could not achieve majority
I20260709 14:55:41.683720 27171 catalog_manager.cc:5697] T 43cfe275c53547c583b5bf93f1d080a6 P 80c0c75d3475498b9cd0dc9ce89fc785 reported cstate change: term changed from 0 to 1, leader changed from <none> to 80c0c75d3475498b9cd0dc9ce89fc785 (127.25.143.66). New cstate: current_term: 1 leader_uuid: "80c0c75d3475498b9cd0dc9ce89fc785" committed_config { opid_index: -1 OBSOLETE_local: false peers { permanent_uuid: "885a13898ba64d9a9a982ac13afc72db" member_type: VOTER last_known_addr { host: "127.25.143.65" port: 36005 } health_report { overall_health: UNKNOWN } } peers { permanent_uuid: "80c0c75d3475498b9cd0dc9ce89fc785" member_type: VOTER last_known_addr { host: "127.25.143.66" port: 33211 } health_report { overall_health: HEALTHY } } peers { permanent_uuid: "ade9fa30b00f471b9222b9636d76a1d4" member_type: VOTER last_known_addr { host: "127.25.143.67" port: 39479 } health_report { overall_health: UNKNOWN } } }
I20260709 14:55:41.691368 27652 consensus_queue.cc:1048] T 2365a923468d40b388e6904b8f454177 P ade9fa30b00f471b9222b9636d76a1d4 [LEADER]: Connected to new peer: Peer: permanent_uuid: "885a13898ba64d9a9a982ac13afc72db" member_type: VOTER last_known_addr { host: "127.25.143.65" port: 36005 }, Status: LMP_MISMATCH, Last received: 0.0, Next index: 1, Last known committed idx: 0, Time since last communication: 0.001s
I20260709 14:55:41.700762 27462 tablet_bootstrap.cc:654] T 719e2d5d947b4d9e902b37bda3187c33 P 885a13898ba64d9a9a982ac13afc72db: Neither blocks nor log segments found. Creating new log.
I20260709 14:55:41.746428 27461 tablet_bootstrap.cc:492] T 9bd6d6d826b54a11ba70684ddd9498aa P ade9fa30b00f471b9222b9636d76a1d4: No bootstrap required, opened a new log
I20260709 14:55:41.770130 27461 ts_tablet_manager.cc:1403] T 9bd6d6d826b54a11ba70684ddd9498aa P ade9fa30b00f471b9222b9636d76a1d4: Time spent bootstrapping tablet: real 0.215s	user 0.011s	sys 0.009s
I20260709 14:55:41.770546 27171 catalog_manager.cc:5697] T f46f45298b3f4391a86431d956f866a5 P ade9fa30b00f471b9222b9636d76a1d4 reported cstate change: term changed from 0 to 1, leader changed from <none> to ade9fa30b00f471b9222b9636d76a1d4 (127.25.143.67). New cstate: current_term: 1 leader_uuid: "ade9fa30b00f471b9222b9636d76a1d4" committed_config { opid_index: -1 OBSOLETE_local: false peers { permanent_uuid: "885a13898ba64d9a9a982ac13afc72db" member_type: VOTER last_known_addr { host: "127.25.143.65" port: 36005 } health_report { overall_health: UNKNOWN } } peers { permanent_uuid: "80c0c75d3475498b9cd0dc9ce89fc785" member_type: VOTER last_known_addr { host: "127.25.143.66" port: 33211 } health_report { overall_health: UNKNOWN } } peers { permanent_uuid: "ade9fa30b00f471b9222b9636d76a1d4" member_type: VOTER last_known_addr { host: "127.25.143.67" port: 39479 } health_report { overall_health: HEALTHY } } }
I20260709 14:55:41.777846 27461 raft_consensus.cc:359] T 9bd6d6d826b54a11ba70684ddd9498aa P ade9fa30b00f471b9222b9636d76a1d4 [term 0 FOLLOWER]: Replica starting. Triggering 0 pending ops. Active config: opid_index: -1 OBSOLETE_local: false peers { permanent_uuid: "885a13898ba64d9a9a982ac13afc72db" member_type: VOTER last_known_addr { host: "127.25.143.65" port: 36005 } } peers { permanent_uuid: "80c0c75d3475498b9cd0dc9ce89fc785" member_type: VOTER last_known_addr { host: "127.25.143.66" port: 33211 } } peers { permanent_uuid: "ade9fa30b00f471b9222b9636d76a1d4" member_type: VOTER last_known_addr { host: "127.25.143.67" port: 39479 } }
I20260709 14:55:41.779426 27461 raft_consensus.cc:385] T 9bd6d6d826b54a11ba70684ddd9498aa P ade9fa30b00f471b9222b9636d76a1d4 [term 0 FOLLOWER]: Consensus starting up: Expiring failure detector timer to make a prompt election more likely
I20260709 14:55:41.779722 27461 raft_consensus.cc:740] T 9bd6d6d826b54a11ba70684ddd9498aa P ade9fa30b00f471b9222b9636d76a1d4 [term 0 FOLLOWER]: Becoming Follower/Learner. State: Replica: ade9fa30b00f471b9222b9636d76a1d4, State: Initialized, Role: FOLLOWER
I20260709 14:55:41.781004 27461 consensus_queue.cc:260] T 9bd6d6d826b54a11ba70684ddd9498aa P ade9fa30b00f471b9222b9636d76a1d4 [NON_LEADER]: Queue going to NON_LEADER mode. State: All replicated index: 0, Majority replicated index: 0, Committed index: 0, Last appended: 0.0, Last appended by leader: 0, Current term: 0, Majority size: -1, State: 0, Mode: NON_LEADER, active raft config: opid_index: -1 OBSOLETE_local: false peers { permanent_uuid: "885a13898ba64d9a9a982ac13afc72db" member_type: VOTER last_known_addr { host: "127.25.143.65" port: 36005 } } peers { permanent_uuid: "80c0c75d3475498b9cd0dc9ce89fc785" member_type: VOTER last_known_addr { host: "127.25.143.66" port: 33211 } } peers { permanent_uuid: "ade9fa30b00f471b9222b9636d76a1d4" member_type: VOTER last_known_addr { host: "127.25.143.67" port: 39479 } }
I20260709 14:55:41.786254 27461 ts_tablet_manager.cc:1434] T 9bd6d6d826b54a11ba70684ddd9498aa P ade9fa30b00f471b9222b9636d76a1d4: Time spent starting tablet: real 0.016s	user 0.003s	sys 0.003s
I20260709 14:55:41.787166 27461 tablet_bootstrap.cc:492] T 36b7e37a8c73459f903e9074ad7988e0 P ade9fa30b00f471b9222b9636d76a1d4: Bootstrap starting.
I20260709 14:55:41.788470 27526 consensus_queue.cc:1048] T 2365a923468d40b388e6904b8f454177 P ade9fa30b00f471b9222b9636d76a1d4 [LEADER]: Connected to new peer: Peer: permanent_uuid: "80c0c75d3475498b9cd0dc9ce89fc785" member_type: VOTER last_known_addr { host: "127.25.143.66" port: 33211 }, Status: LMP_MISMATCH, Last received: 0.0, Next index: 1, Last known committed idx: 0, Time since last communication: 0.000s
I20260709 14:55:41.789733 27464 tablet_bootstrap.cc:492] T cae4b00f9aef4d6a8c9131b64e34462e P 80c0c75d3475498b9cd0dc9ce89fc785: No bootstrap required, opened a new log
I20260709 14:55:41.790212 27464 ts_tablet_manager.cc:1403] T cae4b00f9aef4d6a8c9131b64e34462e P 80c0c75d3475498b9cd0dc9ce89fc785: Time spent bootstrapping tablet: real 0.145s	user 0.016s	sys 0.004s
I20260709 14:55:41.791540 27462 tablet_bootstrap.cc:492] T 719e2d5d947b4d9e902b37bda3187c33 P 885a13898ba64d9a9a982ac13afc72db: No bootstrap required, opened a new log
I20260709 14:55:41.791971 27462 ts_tablet_manager.cc:1403] T 719e2d5d947b4d9e902b37bda3187c33 P 885a13898ba64d9a9a982ac13afc72db: Time spent bootstrapping tablet: real 0.147s	user 0.008s	sys 0.012s
I20260709 14:55:41.793154 27464 raft_consensus.cc:359] T cae4b00f9aef4d6a8c9131b64e34462e P 80c0c75d3475498b9cd0dc9ce89fc785 [term 0 FOLLOWER]: Replica starting. Triggering 0 pending ops. Active config: opid_index: -1 OBSOLETE_local: false peers { permanent_uuid: "885a13898ba64d9a9a982ac13afc72db" member_type: VOTER last_known_addr { host: "127.25.143.65" port: 36005 } } peers { permanent_uuid: "80c0c75d3475498b9cd0dc9ce89fc785" member_type: VOTER last_known_addr { host: "127.25.143.66" port: 33211 } } peers { permanent_uuid: "ade9fa30b00f471b9222b9636d76a1d4" member_type: VOTER last_known_addr { host: "127.25.143.67" port: 39479 } }
I20260709 14:55:41.793799 27464 raft_consensus.cc:385] T cae4b00f9aef4d6a8c9131b64e34462e P 80c0c75d3475498b9cd0dc9ce89fc785 [term 0 FOLLOWER]: Consensus starting up: Expiring failure detector timer to make a prompt election more likely
I20260709 14:55:41.794063 27464 raft_consensus.cc:740] T cae4b00f9aef4d6a8c9131b64e34462e P 80c0c75d3475498b9cd0dc9ce89fc785 [term 0 FOLLOWER]: Becoming Follower/Learner. State: Replica: 80c0c75d3475498b9cd0dc9ce89fc785, State: Initialized, Role: FOLLOWER
