I20260709 14:55:31.223626 26869 raft_consensus.cc:1275] T b873c9454c1040f096bcc6216ff1d1bc P 4d26fdd79d394cdaa0dd9df05f867798 [term 2 FOLLOWER]: Refusing update from remote peer b6b105f7b6a341e2821f11dc52455dec: Log matching property violated. Preceding OpId in replica: term: 1 index: 1. Preceding OpId from leader: term: 2 index: 2. (index mismatch)
I20260709 14:55:31.225032 27013 consensus_queue.cc:1048] T b873c9454c1040f096bcc6216ff1d1bc P b6b105f7b6a341e2821f11dc52455dec [LEADER]: Connected to new peer: Peer: permanent_uuid: "4d26fdd79d394cdaa0dd9df05f867798" member_type: VOTER last_known_addr { host: "127.25.143.66" port: 45229 }, Status: LMP_MISMATCH, Last received: 0.0, Next index: 2, Last known committed idx: 1, Time since last communication: 0.000s
I20260709 14:55:31.232508 26795 raft_consensus.cc:1275] T b873c9454c1040f096bcc6216ff1d1bc P 3c33adf53c904390a24751ec7fda1362 [term 2 FOLLOWER]: Refusing update from remote peer b6b105f7b6a341e2821f11dc52455dec: Log matching property violated. Preceding OpId in replica: term: 1 index: 1. Preceding OpId from leader: term: 2 index: 2. (index mismatch)
I20260709 14:55:31.233868 27088 consensus_queue.cc:1048] T b873c9454c1040f096bcc6216ff1d1bc P b6b105f7b6a341e2821f11dc52455dec [LEADER]: Connected to new peer: Peer: permanent_uuid: "3c33adf53c904390a24751ec7fda1362" member_type: VOTER last_known_addr { host: "127.25.143.65" port: 35659 }, Status: LMP_MISMATCH, Last received: 0.0, Next index: 2, Last known committed idx: 1, Time since last communication: 0.000s
I20260709 14:55:31.297050 26173 auto_leader_rebalancer.cc:141] leader rebalance for table test-workload
I20260709 14:55:31.309082 26944 tablet_service.cc:2072] Received LeaderStepDown RPC: tablet_id: "b873c9454c1040f096bcc6216ff1d1bc"
dest_uuid: "b6b105f7b6a341e2821f11dc52455dec"
mode: GRACEFUL
new_leader_uuid: "3c33adf53c904390a24751ec7fda1362"
 from {username='slave'} at 127.0.0.1:53952
I20260709 14:55:31.309508 26944 raft_consensus.cc:606] T b873c9454c1040f096bcc6216ff1d1bc P b6b105f7b6a341e2821f11dc52455dec [term 2 LEADER]: Received request to transfer leadership to TS 3c33adf53c904390a24751ec7fda1362
I20260709 14:55:31.315544 26944 tablet_service.cc:2072] Received LeaderStepDown RPC: tablet_id: "5e21559700cf443e831f43466a27354a"
dest_uuid: "b6b105f7b6a341e2821f11dc52455dec"
mode: GRACEFUL
new_leader_uuid: "3c33adf53c904390a24751ec7fda1362"
 from {username='slave'} at 127.0.0.1:53952
I20260709 14:55:31.315946 26944 raft_consensus.cc:606] T 5e21559700cf443e831f43466a27354a P b6b105f7b6a341e2821f11dc52455dec [term 3 LEADER]: Received request to transfer leadership to TS 3c33adf53c904390a24751ec7fda1362
I20260709 14:55:31.336495 26869 tablet_service.cc:2072] Received LeaderStepDown RPC: tablet_id: "7af8c7476ee44fe992a75a3834b6f262"
dest_uuid: "4d26fdd79d394cdaa0dd9df05f867798"
mode: GRACEFUL
new_leader_uuid: "3c33adf53c904390a24751ec7fda1362"
 from {username='slave'} at 127.0.0.1:35610
I20260709 14:55:31.336942 26869 raft_consensus.cc:606] T 7af8c7476ee44fe992a75a3834b6f262 P 4d26fdd79d394cdaa0dd9df05f867798 [term 2 LEADER]: Received request to transfer leadership to TS 3c33adf53c904390a24751ec7fda1362
I20260709 14:55:31.341257 26869 tablet_service.cc:2072] Received LeaderStepDown RPC: tablet_id: "98a50425d3ac49dbbf3990d8f450e23b"
dest_uuid: "4d26fdd79d394cdaa0dd9df05f867798"
mode: GRACEFUL
new_leader_uuid: "3c33adf53c904390a24751ec7fda1362"
 from {username='slave'} at 127.0.0.1:35610
I20260709 14:55:31.341667 26869 raft_consensus.cc:606] T 98a50425d3ac49dbbf3990d8f450e23b P 4d26fdd79d394cdaa0dd9df05f867798 [term 1 LEADER]: Received request to transfer leadership to TS 3c33adf53c904390a24751ec7fda1362
I20260709 14:55:31.345619 26869 tablet_service.cc:2072] Received LeaderStepDown RPC: tablet_id: "f22c973399cd49068dd25f8ea6fa5419"
dest_uuid: "4d26fdd79d394cdaa0dd9df05f867798"
mode: GRACEFUL
new_leader_uuid: "3c33adf53c904390a24751ec7fda1362"
 from {username='slave'} at 127.0.0.1:35610
I20260709 14:55:31.346030 26869 raft_consensus.cc:606] T f22c973399cd49068dd25f8ea6fa5419 P 4d26fdd79d394cdaa0dd9df05f867798 [term 2 LEADER]: Received request to transfer leadership to TS 3c33adf53c904390a24751ec7fda1362
I20260709 14:55:31.415948 27097 raft_consensus.cc:993] T f22c973399cd49068dd25f8ea6fa5419 P 4d26fdd79d394cdaa0dd9df05f867798: : Instructing follower 3c33adf53c904390a24751ec7fda1362 to start an election
I20260709 14:55:31.416345 27074 raft_consensus.cc:1081] T f22c973399cd49068dd25f8ea6fa5419 P 4d26fdd79d394cdaa0dd9df05f867798 [term 2 LEADER]: Signalling peer 3c33adf53c904390a24751ec7fda1362 to start an election
I20260709 14:55:31.417609 26795 tablet_service.cc:2044] Received Run Leader Election RPC: tablet_id: "f22c973399cd49068dd25f8ea6fa5419"
dest_uuid: "3c33adf53c904390a24751ec7fda1362"
 from {username='slave'} at 127.0.0.1:51508
I20260709 14:55:31.418004 26795 raft_consensus.cc:493] T f22c973399cd49068dd25f8ea6fa5419 P 3c33adf53c904390a24751ec7fda1362 [term 2 FOLLOWER]: Starting forced leader election (received explicit request)
I20260709 14:55:31.418255 26795 raft_consensus.cc:3060] T f22c973399cd49068dd25f8ea6fa5419 P 3c33adf53c904390a24751ec7fda1362 [term 2 FOLLOWER]: Advancing to term 3
I20260709 14:55:31.422046 26795 raft_consensus.cc:515] T f22c973399cd49068dd25f8ea6fa5419 P 3c33adf53c904390a24751ec7fda1362 [term 3 FOLLOWER]: Starting forced leader election with config: opid_index: -1 OBSOLETE_local: false peers { permanent_uuid: "3c33adf53c904390a24751ec7fda1362" member_type: VOTER last_known_addr { host: "127.25.143.65" port: 35659 } } peers { permanent_uuid: "4d26fdd79d394cdaa0dd9df05f867798" member_type: VOTER last_known_addr { host: "127.25.143.66" port: 45229 } } peers { permanent_uuid: "b6b105f7b6a341e2821f11dc52455dec" member_type: VOTER last_known_addr { host: "127.25.143.67" port: 36521 } }
I20260709 14:55:31.423388 26795 leader_election.cc:290] T f22c973399cd49068dd25f8ea6fa5419 P 3c33adf53c904390a24751ec7fda1362 [CANDIDATE]: Term 3 election: Requested vote from peers 4d26fdd79d394cdaa0dd9df05f867798 (127.25.143.66:45229), b6b105f7b6a341e2821f11dc52455dec (127.25.143.67:36521)
I20260709 14:55:31.423977 26869 tablet_service.cc:1917] Received RequestConsensusVote() RPC: tablet_id: "f22c973399cd49068dd25f8ea6fa5419" candidate_uuid: "3c33adf53c904390a24751ec7fda1362" candidate_term: 3 candidate_status { last_received { term: 2 index: 2 } } ignore_live_leader: true dest_uuid: "4d26fdd79d394cdaa0dd9df05f867798"
I20260709 14:55:31.424420 26944 tablet_service.cc:1917] Received RequestConsensusVote() RPC: tablet_id: "f22c973399cd49068dd25f8ea6fa5419" candidate_uuid: "3c33adf53c904390a24751ec7fda1362" candidate_term: 3 candidate_status { last_received { term: 2 index: 2 } } ignore_live_leader: true dest_uuid: "b6b105f7b6a341e2821f11dc52455dec"
I20260709 14:55:31.424523 26869 raft_consensus.cc:3055] T f22c973399cd49068dd25f8ea6fa5419 P 4d26fdd79d394cdaa0dd9df05f867798 [term 2 LEADER]: Stepping down as leader of term 2
I20260709 14:55:31.424845 26869 raft_consensus.cc:740] T f22c973399cd49068dd25f8ea6fa5419 P 4d26fdd79d394cdaa0dd9df05f867798 [term 2 LEADER]: Becoming Follower/Learner. State: Replica: 4d26fdd79d394cdaa0dd9df05f867798, State: Running, Role: LEADER
I20260709 14:55:31.424858 26944 raft_consensus.cc:3060] T f22c973399cd49068dd25f8ea6fa5419 P b6b105f7b6a341e2821f11dc52455dec [term 2 FOLLOWER]: Advancing to term 3
I20260709 14:55:31.425488 26869 consensus_queue.cc:260] T f22c973399cd49068dd25f8ea6fa5419 P 4d26fdd79d394cdaa0dd9df05f867798 [NON_LEADER]: Queue going to NON_LEADER mode. State: All replicated index: 0, Majority replicated index: 2, Committed index: 2, Last appended: 2.2, Last appended by leader: 2, Current term: 2, Majority size: -1, State: 0, Mode: NON_LEADER, active raft config: opid_index: -1 OBSOLETE_local: false peers { permanent_uuid: "3c33adf53c904390a24751ec7fda1362" member_type: VOTER last_known_addr { host: "127.25.143.65" port: 35659 } } peers { permanent_uuid: "4d26fdd79d394cdaa0dd9df05f867798" member_type: VOTER last_known_addr { host: "127.25.143.66" port: 45229 } } peers { permanent_uuid: "b6b105f7b6a341e2821f11dc52455dec" member_type: VOTER last_known_addr { host: "127.25.143.67" port: 36521 } }
I20260709 14:55:31.426242 26869 raft_consensus.cc:3060] T f22c973399cd49068dd25f8ea6fa5419 P 4d26fdd79d394cdaa0dd9df05f867798 [term 2 FOLLOWER]: Advancing to term 3
I20260709 14:55:31.428705 26944 raft_consensus.cc:2468] T f22c973399cd49068dd25f8ea6fa5419 P b6b105f7b6a341e2821f11dc52455dec [term 3 FOLLOWER]: Leader election vote request: Granting yes vote for candidate 3c33adf53c904390a24751ec7fda1362 in term 3.
I20260709 14:55:31.429553 26758 leader_election.cc:304] T f22c973399cd49068dd25f8ea6fa5419 P 3c33adf53c904390a24751ec7fda1362 [CANDIDATE]: Term 3 election: Election decided. Result: candidate won. Election summary: received 2 responses out of 3 voters: 2 yes votes; 0 no votes. yes voters: 3c33adf53c904390a24751ec7fda1362, b6b105f7b6a341e2821f11dc52455dec; no voters: 
I20260709 14:55:31.430035 26869 raft_consensus.cc:2468] T f22c973399cd49068dd25f8ea6fa5419 P 4d26fdd79d394cdaa0dd9df05f867798 [term 3 FOLLOWER]: Leader election vote request: Granting yes vote for candidate 3c33adf53c904390a24751ec7fda1362 in term 3.
I20260709 14:55:31.430145 27078 raft_consensus.cc:2804] T f22c973399cd49068dd25f8ea6fa5419 P 3c33adf53c904390a24751ec7fda1362 [term 3 FOLLOWER]: Leader election won for term 3
I20260709 14:55:31.431231 27078 raft_consensus.cc:697] T f22c973399cd49068dd25f8ea6fa5419 P 3c33adf53c904390a24751ec7fda1362 [term 3 LEADER]: Becoming Leader. State: Replica: 3c33adf53c904390a24751ec7fda1362, State: Running, Role: LEADER
I20260709 14:55:31.431921 27078 consensus_queue.cc:237] T f22c973399cd49068dd25f8ea6fa5419 P 3c33adf53c904390a24751ec7fda1362 [LEADER]: Queue going to LEADER mode. State: All replicated index: 0, Majority replicated index: 2, Committed index: 2, Last appended: 2.2, Last appended by leader: 2, Current term: 3, Majority size: 2, State: 0, Mode: LEADER, active raft config: opid_index: -1 OBSOLETE_local: false peers { permanent_uuid: "3c33adf53c904390a24751ec7fda1362" member_type: VOTER last_known_addr { host: "127.25.143.65" port: 35659 } } peers { permanent_uuid: "4d26fdd79d394cdaa0dd9df05f867798" member_type: VOTER last_known_addr { host: "127.25.143.66" port: 45229 } } peers { permanent_uuid: "b6b105f7b6a341e2821f11dc52455dec" member_type: VOTER last_known_addr { host: "127.25.143.67" port: 36521 } }
I20260709 14:55:31.437871 26692 catalog_manager.cc:5697] T f22c973399cd49068dd25f8ea6fa5419 P 3c33adf53c904390a24751ec7fda1362 reported cstate change: term changed from 2 to 3, leader changed from 4d26fdd79d394cdaa0dd9df05f867798 (127.25.143.66) to 3c33adf53c904390a24751ec7fda1362 (127.25.143.65). New cstate: current_term: 3 leader_uuid: "3c33adf53c904390a24751ec7fda1362" committed_config { opid_index: -1 OBSOLETE_local: false peers { permanent_uuid: "3c33adf53c904390a24751ec7fda1362" member_type: VOTER last_known_addr { host: "127.25.143.65" port: 35659 } health_report { overall_health: HEALTHY } } peers { permanent_uuid: "4d26fdd79d394cdaa0dd9df05f867798" member_type: VOTER last_known_addr { host: "127.25.143.66" port: 45229 } health_report { overall_health: UNKNOWN } } peers { permanent_uuid: "b6b105f7b6a341e2821f11dc52455dec" member_type: VOTER last_known_addr { host: "127.25.143.67" port: 36521 } health_report { overall_health: UNKNOWN } } }
I20260709 14:55:31.524206 27097 raft_consensus.cc:993] T 98a50425d3ac49dbbf3990d8f450e23b P 4d26fdd79d394cdaa0dd9df05f867798: : Instructing follower 3c33adf53c904390a24751ec7fda1362 to start an election
I20260709 14:55:31.524636 27097 raft_consensus.cc:1081] T 98a50425d3ac49dbbf3990d8f450e23b P 4d26fdd79d394cdaa0dd9df05f867798 [term 1 LEADER]: Signalling peer 3c33adf53c904390a24751ec7fda1362 to start an election
I20260709 14:55:31.526240 26795 tablet_service.cc:2044] Received Run Leader Election RPC: tablet_id: "98a50425d3ac49dbbf3990d8f450e23b"
dest_uuid: "3c33adf53c904390a24751ec7fda1362"
 from {username='slave'} at 127.0.0.1:51508
I20260709 14:55:31.526826 26795 raft_consensus.cc:493] T 98a50425d3ac49dbbf3990d8f450e23b P 3c33adf53c904390a24751ec7fda1362 [term 1 FOLLOWER]: Starting forced leader election (received explicit request)
I20260709 14:55:31.527235 26795 raft_consensus.cc:3060] T 98a50425d3ac49dbbf3990d8f450e23b P 3c33adf53c904390a24751ec7fda1362 [term 1 FOLLOWER]: Advancing to term 2
I20260709 14:55:31.531548 26795 raft_consensus.cc:515] T 98a50425d3ac49dbbf3990d8f450e23b P 3c33adf53c904390a24751ec7fda1362 [term 2 FOLLOWER]: Starting forced leader election with config: opid_index: -1 OBSOLETE_local: false peers { permanent_uuid: "3c33adf53c904390a24751ec7fda1362" member_type: VOTER last_known_addr { host: "127.25.143.65" port: 35659 } } peers { permanent_uuid: "4d26fdd79d394cdaa0dd9df05f867798" member_type: VOTER last_known_addr { host: "127.25.143.66" port: 45229 } } peers { permanent_uuid: "b6b105f7b6a341e2821f11dc52455dec" member_type: VOTER last_known_addr { host: "127.25.143.67" port: 36521 } }
I20260709 14:55:31.532845 26795 leader_election.cc:290] T 98a50425d3ac49dbbf3990d8f450e23b P 3c33adf53c904390a24751ec7fda1362 [CANDIDATE]: Term 2 election: Requested vote from peers 4d26fdd79d394cdaa0dd9df05f867798 (127.25.143.66:45229), b6b105f7b6a341e2821f11dc52455dec (127.25.143.67:36521)
I20260709 14:55:31.533695 26869 tablet_service.cc:1917] Received RequestConsensusVote() RPC: tablet_id: "98a50425d3ac49dbbf3990d8f450e23b" candidate_uuid: "3c33adf53c904390a24751ec7fda1362" candidate_term: 2 candidate_status { last_received { term: 1 index: 1 } } ignore_live_leader: true dest_uuid: "4d26fdd79d394cdaa0dd9df05f867798"
I20260709 14:55:31.533847 26944 tablet_service.cc:1917] Received RequestConsensusVote() RPC: tablet_id: "98a50425d3ac49dbbf3990d8f450e23b" candidate_uuid: "3c33adf53c904390a24751ec7fda1362" candidate_term: 2 candidate_status { last_received { term: 1 index: 1 } } ignore_live_leader: true dest_uuid: "b6b105f7b6a341e2821f11dc52455dec"
I20260709 14:55:31.534261 26869 raft_consensus.cc:3055] T 98a50425d3ac49dbbf3990d8f450e23b P 4d26fdd79d394cdaa0dd9df05f867798 [term 1 LEADER]: Stepping down as leader of term 1
I20260709 14:55:31.534341 26944 raft_consensus.cc:3060] T 98a50425d3ac49dbbf3990d8f450e23b P b6b105f7b6a341e2821f11dc52455dec [term 1 FOLLOWER]: Advancing to term 2
I20260709 14:55:31.534533 26869 raft_consensus.cc:740] T 98a50425d3ac49dbbf3990d8f450e23b P 4d26fdd79d394cdaa0dd9df05f867798 [term 1 LEADER]: Becoming Follower/Learner. State: Replica: 4d26fdd79d394cdaa0dd9df05f867798, State: Running, Role: LEADER
I20260709 14:55:31.535154 26869 consensus_queue.cc:260] T 98a50425d3ac49dbbf3990d8f450e23b P 4d26fdd79d394cdaa0dd9df05f867798 [NON_LEADER]: Queue going to NON_LEADER mode. State: All replicated index: 0, Majority replicated index: 1, Committed index: 1, Last appended: 1.1, Last appended by leader: 1, Current term: 1, Majority size: -1, State: 0, Mode: NON_LEADER, active raft config: opid_index: -1 OBSOLETE_local: false peers { permanent_uuid: "3c33adf53c904390a24751ec7fda1362" member_type: VOTER last_known_addr { host: "127.25.143.65" port: 35659 } } peers { permanent_uuid: "4d26fdd79d394cdaa0dd9df05f867798" member_type: VOTER last_known_addr { host: "127.25.143.66" port: 45229 } } peers { permanent_uuid: "b6b105f7b6a341e2821f11dc52455dec" member_type: VOTER last_known_addr { host: "127.25.143.67" port: 36521 } }
I20260709 14:55:31.535931 26869 raft_consensus.cc:3060] T 98a50425d3ac49dbbf3990d8f450e23b P 4d26fdd79d394cdaa0dd9df05f867798 [term 1 FOLLOWER]: Advancing to term 2
I20260709 14:55:31.538084 26944 raft_consensus.cc:2468] T 98a50425d3ac49dbbf3990d8f450e23b P b6b105f7b6a341e2821f11dc52455dec [term 2 FOLLOWER]: Leader election vote request: Granting yes vote for candidate 3c33adf53c904390a24751ec7fda1362 in term 2.
I20260709 14:55:31.538902 26758 leader_election.cc:304] T 98a50425d3ac49dbbf3990d8f450e23b P 3c33adf53c904390a24751ec7fda1362 [CANDIDATE]: Term 2 election: Election decided. Result: candidate won. Election summary: received 2 responses out of 3 voters: 2 yes votes; 0 no votes. yes voters: 3c33adf53c904390a24751ec7fda1362, b6b105f7b6a341e2821f11dc52455dec; no voters: 
I20260709 14:55:31.539511 27078 raft_consensus.cc:2804] T 98a50425d3ac49dbbf3990d8f450e23b P 3c33adf53c904390a24751ec7fda1362 [term 2 FOLLOWER]: Leader election won for term 2
I20260709 14:55:31.539535 26869 raft_consensus.cc:2468] T 98a50425d3ac49dbbf3990d8f450e23b P 4d26fdd79d394cdaa0dd9df05f867798 [term 2 FOLLOWER]: Leader election vote request: Granting yes vote for candidate 3c33adf53c904390a24751ec7fda1362 in term 2.
I20260709 14:55:31.539978 27078 raft_consensus.cc:697] T 98a50425d3ac49dbbf3990d8f450e23b P 3c33adf53c904390a24751ec7fda1362 [term 2 LEADER]: Becoming Leader. State: Replica: 3c33adf53c904390a24751ec7fda1362, State: Running, Role: LEADER
I20260709 14:55:31.540669 27078 consensus_queue.cc:237] T 98a50425d3ac49dbbf3990d8f450e23b P 3c33adf53c904390a24751ec7fda1362 [LEADER]: Queue going to LEADER mode. State: All replicated index: 0, Majority replicated index: 1, Committed index: 1, Last appended: 1.1, Last appended by leader: 1, Current term: 2, Majority size: 2, State: 0, Mode: LEADER, active raft config: opid_index: -1 OBSOLETE_local: false peers { permanent_uuid: "3c33adf53c904390a24751ec7fda1362" member_type: VOTER last_known_addr { host: "127.25.143.65" port: 35659 } } peers { permanent_uuid: "4d26fdd79d394cdaa0dd9df05f867798" member_type: VOTER last_known_addr { host: "127.25.143.66" port: 45229 } } peers { permanent_uuid: "b6b105f7b6a341e2821f11dc52455dec" member_type: VOTER last_known_addr { host: "127.25.143.67" port: 36521 } }
I20260709 14:55:31.546964 26692 catalog_manager.cc:5697] T 98a50425d3ac49dbbf3990d8f450e23b P 3c33adf53c904390a24751ec7fda1362 reported cstate change: term changed from 1 to 2, leader changed from 4d26fdd79d394cdaa0dd9df05f867798 (127.25.143.66) to 3c33adf53c904390a24751ec7fda1362 (127.25.143.65). New cstate: current_term: 2 leader_uuid: "3c33adf53c904390a24751ec7fda1362" committed_config { opid_index: -1 OBSOLETE_local: false peers { permanent_uuid: "3c33adf53c904390a24751ec7fda1362" member_type: VOTER last_known_addr { host: "127.25.143.65" port: 35659 } health_report { overall_health: HEALTHY } } peers { permanent_uuid: "4d26fdd79d394cdaa0dd9df05f867798" member_type: VOTER last_known_addr { host: "127.25.143.66" port: 45229 } health_report { overall_health: UNKNOWN } } peers { permanent_uuid: "b6b105f7b6a341e2821f11dc52455dec" member_type: VOTER last_known_addr { host: "127.25.143.67" port: 36521 } health_report { overall_health: UNKNOWN } } }
I20260709 14:55:31.611814 27088 raft_consensus.cc:993] T 5e21559700cf443e831f43466a27354a P b6b105f7b6a341e2821f11dc52455dec: : Instructing follower 3c33adf53c904390a24751ec7fda1362 to start an election
I20260709 14:55:31.612269 27093 raft_consensus.cc:1081] T 5e21559700cf443e831f43466a27354a P b6b105f7b6a341e2821f11dc52455dec [term 3 LEADER]: Signalling peer 3c33adf53c904390a24751ec7fda1362 to start an election
I20260709 14:55:31.613696 26795 tablet_service.cc:2044] Received Run Leader Election RPC: tablet_id: "5e21559700cf443e831f43466a27354a"
dest_uuid: "3c33adf53c904390a24751ec7fda1362"
 from {username='slave'} at 127.0.0.1:51506
I20260709 14:55:31.614092 26795 raft_consensus.cc:493] T 5e21559700cf443e831f43466a27354a P 3c33adf53c904390a24751ec7fda1362 [term 3 FOLLOWER]: Starting forced leader election (received explicit request)
I20260709 14:55:31.614354 26795 raft_consensus.cc:3060] T 5e21559700cf443e831f43466a27354a P 3c33adf53c904390a24751ec7fda1362 [term 3 FOLLOWER]: Advancing to term 4
I20260709 14:55:31.618896 26795 raft_consensus.cc:515] T 5e21559700cf443e831f43466a27354a P 3c33adf53c904390a24751ec7fda1362 [term 4 FOLLOWER]: Starting forced leader election with config: opid_index: -1 OBSOLETE_local: false peers { permanent_uuid: "3c33adf53c904390a24751ec7fda1362" member_type: VOTER last_known_addr { host: "127.25.143.65" port: 35659 } } peers { permanent_uuid: "4d26fdd79d394cdaa0dd9df05f867798" member_type: VOTER last_known_addr { host: "127.25.143.66" port: 45229 } } peers { permanent_uuid: "b6b105f7b6a341e2821f11dc52455dec" member_type: VOTER last_known_addr { host: "127.25.143.67" port: 36521 } }
I20260709 14:55:31.620355 26795 leader_election.cc:290] T 5e21559700cf443e831f43466a27354a P 3c33adf53c904390a24751ec7fda1362 [CANDIDATE]: Term 4 election: Requested vote from peers 4d26fdd79d394cdaa0dd9df05f867798 (127.25.143.66:45229), b6b105f7b6a341e2821f11dc52455dec (127.25.143.67:36521)
I20260709 14:55:31.620995 26869 tablet_service.cc:1917] Received RequestConsensusVote() RPC: tablet_id: "5e21559700cf443e831f43466a27354a" candidate_uuid: "3c33adf53c904390a24751ec7fda1362" candidate_term: 4 candidate_status { last_received { term: 3 index: 3 } } ignore_live_leader: true dest_uuid: "4d26fdd79d394cdaa0dd9df05f867798"
I20260709 14:55:31.621248 26944 tablet_service.cc:1917] Received RequestConsensusVote() RPC: tablet_id: "5e21559700cf443e831f43466a27354a" candidate_uuid: "3c33adf53c904390a24751ec7fda1362" candidate_term: 4 candidate_status { last_received { term: 3 index: 3 } } ignore_live_leader: true dest_uuid: "b6b105f7b6a341e2821f11dc52455dec"
I20260709 14:55:31.621582 26869 raft_consensus.cc:3060] T 5e21559700cf443e831f43466a27354a P 4d26fdd79d394cdaa0dd9df05f867798 [term 3 FOLLOWER]: Advancing to term 4
I20260709 14:55:31.621716 26944 raft_consensus.cc:3055] T 5e21559700cf443e831f43466a27354a P b6b105f7b6a341e2821f11dc52455dec [term 3 LEADER]: Stepping down as leader of term 3
I20260709 14:55:31.622013 26944 raft_consensus.cc:740] T 5e21559700cf443e831f43466a27354a P b6b105f7b6a341e2821f11dc52455dec [term 3 LEADER]: Becoming Follower/Learner. State: Replica: b6b105f7b6a341e2821f11dc52455dec, State: Running, Role: LEADER
I20260709 14:55:31.622676 26944 consensus_queue.cc:260] T 5e21559700cf443e831f43466a27354a P b6b105f7b6a341e2821f11dc52455dec [NON_LEADER]: Queue going to NON_LEADER mode. State: All replicated index: 0, Majority replicated index: 3, Committed index: 3, Last appended: 3.3, Last appended by leader: 3, Current term: 3, Majority size: -1, State: 0, Mode: NON_LEADER, active raft config: opid_index: -1 OBSOLETE_local: false peers { permanent_uuid: "3c33adf53c904390a24751ec7fda1362" member_type: VOTER last_known_addr { host: "127.25.143.65" port: 35659 } } peers { permanent_uuid: "4d26fdd79d394cdaa0dd9df05f867798" member_type: VOTER last_known_addr { host: "127.25.143.66" port: 45229 } } peers { permanent_uuid: "b6b105f7b6a341e2821f11dc52455dec" member_type: VOTER last_known_addr { host: "127.25.143.67" port: 36521 } }
I20260709 14:55:31.623718 26944 raft_consensus.cc:3060] T 5e21559700cf443e831f43466a27354a P b6b105f7b6a341e2821f11dc52455dec [term 3 FOLLOWER]: Advancing to term 4
I20260709 14:55:31.627357 26869 raft_consensus.cc:2468] T 5e21559700cf443e831f43466a27354a P 4d26fdd79d394cdaa0dd9df05f867798 [term 4 FOLLOWER]: Leader election vote request: Granting yes vote for candidate 3c33adf53c904390a24751ec7fda1362 in term 4.
I20260709 14:55:31.628271 26760 leader_election.cc:304] T 5e21559700cf443e831f43466a27354a P 3c33adf53c904390a24751ec7fda1362 [CANDIDATE]: Term 4 election: Election decided. Result: candidate won. Election summary: received 2 responses out of 3 voters: 2 yes votes; 0 no votes. yes voters: 3c33adf53c904390a24751ec7fda1362, 4d26fdd79d394cdaa0dd9df05f867798; no voters: 
I20260709 14:55:31.628850 27078 raft_consensus.cc:2804] T 5e21559700cf443e831f43466a27354a P 3c33adf53c904390a24751ec7fda1362 [term 4 FOLLOWER]: Leader election won for term 4
I20260709 14:55:31.628944 26944 raft_consensus.cc:2468] T 5e21559700cf443e831f43466a27354a P b6b105f7b6a341e2821f11dc52455dec [term 4 FOLLOWER]: Leader election vote request: Granting yes vote for candidate 3c33adf53c904390a24751ec7fda1362 in term 4.
I20260709 14:55:31.629225 27078 raft_consensus.cc:697] T 5e21559700cf443e831f43466a27354a P 3c33adf53c904390a24751ec7fda1362 [term 4 LEADER]: Becoming Leader. State: Replica: 3c33adf53c904390a24751ec7fda1362, State: Running, Role: LEADER
I20260709 14:55:31.629981 27078 consensus_queue.cc:237] T 5e21559700cf443e831f43466a27354a P 3c33adf53c904390a24751ec7fda1362 [LEADER]: Queue going to LEADER mode. State: All replicated index: 0, Majority replicated index: 3, Committed index: 3, Last appended: 3.3, Last appended by leader: 3, Current term: 4, Majority size: 2, State: 0, Mode: LEADER, active raft config: opid_index: -1 OBSOLETE_local: false peers { permanent_uuid: "3c33adf53c904390a24751ec7fda1362" member_type: VOTER last_known_addr { host: "127.25.143.65" port: 35659 } } peers { permanent_uuid: "4d26fdd79d394cdaa0dd9df05f867798" member_type: VOTER last_known_addr { host: "127.25.143.66" port: 45229 } } peers { permanent_uuid: "b6b105f7b6a341e2821f11dc52455dec" member_type: VOTER last_known_addr { host: "127.25.143.67" port: 36521 } }
I20260709 14:55:31.635269 26692 catalog_manager.cc:5697] T 5e21559700cf443e831f43466a27354a P 3c33adf53c904390a24751ec7fda1362 reported cstate change: term changed from 3 to 4, leader changed from b6b105f7b6a341e2821f11dc52455dec (127.25.143.67) to 3c33adf53c904390a24751ec7fda1362 (127.25.143.65). New cstate: current_term: 4 leader_uuid: "3c33adf53c904390a24751ec7fda1362" committed_config { opid_index: -1 OBSOLETE_local: false peers { permanent_uuid: "3c33adf53c904390a24751ec7fda1362" member_type: VOTER last_known_addr { host: "127.25.143.65" port: 35659 } health_report { overall_health: HEALTHY } } peers { permanent_uuid: "4d26fdd79d394cdaa0dd9df05f867798" member_type: VOTER last_known_addr { host: "127.25.143.66" port: 45229 } health_report { overall_health: UNKNOWN } } peers { permanent_uuid: "b6b105f7b6a341e2821f11dc52455dec" member_type: VOTER last_known_addr { host: "127.25.143.67" port: 36521 } health_report { overall_health: UNKNOWN } } }
I20260709 14:55:31.738412 27088 raft_consensus.cc:993] T b873c9454c1040f096bcc6216ff1d1bc P b6b105f7b6a341e2821f11dc52455dec: : Instructing follower 3c33adf53c904390a24751ec7fda1362 to start an election
I20260709 14:55:31.738559 27074 raft_consensus.cc:993] T 7af8c7476ee44fe992a75a3834b6f262 P 4d26fdd79d394cdaa0dd9df05f867798: : Instructing follower 3c33adf53c904390a24751ec7fda1362 to start an election
I20260709 14:55:31.738857 27093 raft_consensus.cc:1081] T b873c9454c1040f096bcc6216ff1d1bc P b6b105f7b6a341e2821f11dc52455dec [term 2 LEADER]: Signalling peer 3c33adf53c904390a24751ec7fda1362 to start an election
I20260709 14:55:31.738993 27097 raft_consensus.cc:1081] T 7af8c7476ee44fe992a75a3834b6f262 P 4d26fdd79d394cdaa0dd9df05f867798 [term 2 LEADER]: Signalling peer 3c33adf53c904390a24751ec7fda1362 to start an election
I20260709 14:55:31.740453 26795 tablet_service.cc:2044] Received Run Leader Election RPC: tablet_id: "7af8c7476ee44fe992a75a3834b6f262"
dest_uuid: "3c33adf53c904390a24751ec7fda1362"
 from {username='slave'} at 127.0.0.1:51508
I20260709 14:55:31.740418 26794 tablet_service.cc:2044] Received Run Leader Election RPC: tablet_id: "b873c9454c1040f096bcc6216ff1d1bc"
dest_uuid: "3c33adf53c904390a24751ec7fda1362"
 from {username='slave'} at 127.0.0.1:51506
I20260709 14:55:31.741011 26795 raft_consensus.cc:493] T 7af8c7476ee44fe992a75a3834b6f262 P 3c33adf53c904390a24751ec7fda1362 [term 2 FOLLOWER]: Starting forced leader election (received explicit request)
I20260709 14:55:31.741083 26794 raft_consensus.cc:493] T b873c9454c1040f096bcc6216ff1d1bc P 3c33adf53c904390a24751ec7fda1362 [term 2 FOLLOWER]: Starting forced leader election (received explicit request)
I20260709 14:55:31.741305 26795 raft_consensus.cc:3060] T 7af8c7476ee44fe992a75a3834b6f262 P 3c33adf53c904390a24751ec7fda1362 [term 2 FOLLOWER]: Advancing to term 3
I20260709 14:55:31.741564 26794 raft_consensus.cc:3060] T b873c9454c1040f096bcc6216ff1d1bc P 3c33adf53c904390a24751ec7fda1362 [term 2 FOLLOWER]: Advancing to term 3
I20260709 14:55:31.745188 26795 raft_consensus.cc:515] T 7af8c7476ee44fe992a75a3834b6f262 P 3c33adf53c904390a24751ec7fda1362 [term 3 FOLLOWER]: Starting forced leader election with config: opid_index: -1 OBSOLETE_local: false peers { permanent_uuid: "3c33adf53c904390a24751ec7fda1362" member_type: VOTER last_known_addr { host: "127.25.143.65" port: 35659 } } peers { permanent_uuid: "4d26fdd79d394cdaa0dd9df05f867798" member_type: VOTER last_known_addr { host: "127.25.143.66" port: 45229 } } peers { permanent_uuid: "b6b105f7b6a341e2821f11dc52455dec" member_type: VOTER last_known_addr { host: "127.25.143.67" port: 36521 } }
I20260709 14:55:31.745788 26794 raft_consensus.cc:515] T b873c9454c1040f096bcc6216ff1d1bc P 3c33adf53c904390a24751ec7fda1362 [term 3 FOLLOWER]: Starting forced leader election with config: opid_index: -1 OBSOLETE_local: false peers { permanent_uuid: "3c33adf53c904390a24751ec7fda1362" member_type: VOTER last_known_addr { host: "127.25.143.65" port: 35659 } } peers { permanent_uuid: "4d26fdd79d394cdaa0dd9df05f867798" member_type: VOTER last_known_addr { host: "127.25.143.66" port: 45229 } } peers { permanent_uuid: "b6b105f7b6a341e2821f11dc52455dec" member_type: VOTER last_known_addr { host: "127.25.143.67" port: 36521 } }
I20260709 14:55:31.746567 26795 leader_election.cc:290] T 7af8c7476ee44fe992a75a3834b6f262 P 3c33adf53c904390a24751ec7fda1362 [CANDIDATE]: Term 3 election: Requested vote from peers 4d26fdd79d394cdaa0dd9df05f867798 (127.25.143.66:45229), b6b105f7b6a341e2821f11dc52455dec (127.25.143.67:36521)
I20260709 14:55:31.747850 26944 tablet_service.cc:1917] Received RequestConsensusVote() RPC: tablet_id: "7af8c7476ee44fe992a75a3834b6f262" candidate_uuid: "3c33adf53c904390a24751ec7fda1362" candidate_term: 3 candidate_status { last_received { term: 2 index: 2 } } ignore_live_leader: true dest_uuid: "b6b105f7b6a341e2821f11dc52455dec"
I20260709 14:55:31.748021 26794 leader_election.cc:290] T b873c9454c1040f096bcc6216ff1d1bc P 3c33adf53c904390a24751ec7fda1362 [CANDIDATE]: Term 3 election: Requested vote from peers 4d26fdd79d394cdaa0dd9df05f867798 (127.25.143.66:45229), b6b105f7b6a341e2821f11dc52455dec (127.25.143.67:36521)
I20260709 14:55:31.751277 26944 raft_consensus.cc:3060] T 7af8c7476ee44fe992a75a3834b6f262 P b6b105f7b6a341e2821f11dc52455dec [term 2 FOLLOWER]: Advancing to term 3
I20260709 14:55:31.748234 26870 tablet_service.cc:1917] Received RequestConsensusVote() RPC: tablet_id: "b873c9454c1040f096bcc6216ff1d1bc" candidate_uuid: "3c33adf53c904390a24751ec7fda1362" candidate_term: 3 candidate_status { last_received { term: 2 index: 2 } } ignore_live_leader: true dest_uuid: "4d26fdd79d394cdaa0dd9df05f867798"
I20260709 14:55:31.748510 26943 tablet_service.cc:1917] Received RequestConsensusVote() RPC: tablet_id: "b873c9454c1040f096bcc6216ff1d1bc" candidate_uuid: "3c33adf53c904390a24751ec7fda1362" candidate_term: 3 candidate_status { last_received { term: 2 index: 2 } } ignore_live_leader: true dest_uuid: "b6b105f7b6a341e2821f11dc52455dec"
I20260709 14:55:31.751899 26870 raft_consensus.cc:3060] T b873c9454c1040f096bcc6216ff1d1bc P 4d26fdd79d394cdaa0dd9df05f867798 [term 2 FOLLOWER]: Advancing to term 3
I20260709 14:55:31.752194 26943 raft_consensus.cc:3055] T b873c9454c1040f096bcc6216ff1d1bc P b6b105f7b6a341e2821f11dc52455dec [term 2 LEADER]: Stepping down as leader of term 2
I20260709 14:55:31.752534 26943 raft_consensus.cc:740] T b873c9454c1040f096bcc6216ff1d1bc P b6b105f7b6a341e2821f11dc52455dec [term 2 LEADER]: Becoming Follower/Learner. State: Replica: b6b105f7b6a341e2821f11dc52455dec, State: Running, Role: LEADER
I20260709 14:55:31.753258 26943 consensus_queue.cc:260] T b873c9454c1040f096bcc6216ff1d1bc P b6b105f7b6a341e2821f11dc52455dec [NON_LEADER]: Queue going to NON_LEADER mode. State: All replicated index: 0, Majority replicated index: 2, Committed index: 2, Last appended: 2.2, Last appended by leader: 2, Current term: 2, Majority size: -1, State: 0, Mode: NON_LEADER, active raft config: opid_index: -1 OBSOLETE_local: false peers { permanent_uuid: "3c33adf53c904390a24751ec7fda1362" member_type: VOTER last_known_addr { host: "127.25.143.65" port: 35659 } } peers { permanent_uuid: "4d26fdd79d394cdaa0dd9df05f867798" member_type: VOTER last_known_addr { host: "127.25.143.66" port: 45229 } } peers { permanent_uuid: "b6b105f7b6a341e2821f11dc52455dec" member_type: VOTER last_known_addr { host: "127.25.143.67" port: 36521 } }
I20260709 14:55:31.754382 26943 raft_consensus.cc:3060] T b873c9454c1040f096bcc6216ff1d1bc P b6b105f7b6a341e2821f11dc52455dec [term 2 FOLLOWER]: Advancing to term 3
I20260709 14:55:31.756074 26870 raft_consensus.cc:2468] T b873c9454c1040f096bcc6216ff1d1bc P 4d26fdd79d394cdaa0dd9df05f867798 [term 3 FOLLOWER]: Leader election vote request: Granting yes vote for candidate 3c33adf53c904390a24751ec7fda1362 in term 3.
I20260709 14:55:31.747356 26869 tablet_service.cc:1917] Received RequestConsensusVote() RPC: tablet_id: "7af8c7476ee44fe992a75a3834b6f262" candidate_uuid: "3c33adf53c904390a24751ec7fda1362" candidate_term: 3 candidate_status { last_received { term: 2 index: 2 } } ignore_live_leader: true dest_uuid: "4d26fdd79d394cdaa0dd9df05f867798"
I20260709 14:55:31.756750 26869 raft_consensus.cc:3055] T 7af8c7476ee44fe992a75a3834b6f262 P 4d26fdd79d394cdaa0dd9df05f867798 [term 2 LEADER]: Stepping down as leader of term 2
I20260709 14:55:31.756935 26944 raft_consensus.cc:2468] T 7af8c7476ee44fe992a75a3834b6f262 P b6b105f7b6a341e2821f11dc52455dec [term 3 FOLLOWER]: Leader election vote request: Granting yes vote for candidate 3c33adf53c904390a24751ec7fda1362 in term 3.
I20260709 14:55:31.757107 26869 raft_consensus.cc:740] T 7af8c7476ee44fe992a75a3834b6f262 P 4d26fdd79d394cdaa0dd9df05f867798 [term 2 LEADER]: Becoming Follower/Learner. State: Replica: 4d26fdd79d394cdaa0dd9df05f867798, State: Running, Role: LEADER
I20260709 14:55:31.757020 26760 leader_election.cc:304] T b873c9454c1040f096bcc6216ff1d1bc P 3c33adf53c904390a24751ec7fda1362 [CANDIDATE]: Term 3 election: Election decided. Result: candidate won. Election summary: received 2 responses out of 3 voters: 2 yes votes; 0 no votes. yes voters: 3c33adf53c904390a24751ec7fda1362, 4d26fdd79d394cdaa0dd9df05f867798; no voters: 
I20260709 14:55:31.757997 27078 raft_consensus.cc:2804] T b873c9454c1040f096bcc6216ff1d1bc P 3c33adf53c904390a24751ec7fda1362 [term 3 FOLLOWER]: Leader election won for term 3
I20260709 14:55:31.758137 26758 leader_election.cc:304] T 7af8c7476ee44fe992a75a3834b6f262 P 3c33adf53c904390a24751ec7fda1362 [CANDIDATE]: Term 3 election: Election decided. Result: candidate won. Election summary: received 2 responses out of 3 voters: 2 yes votes; 0 no votes. yes voters: 3c33adf53c904390a24751ec7fda1362, b6b105f7b6a341e2821f11dc52455dec; no voters: 
I20260709 14:55:31.758481 27078 raft_consensus.cc:697] T b873c9454c1040f096bcc6216ff1d1bc P 3c33adf53c904390a24751ec7fda1362 [term 3 LEADER]: Becoming Leader. State: Replica: 3c33adf53c904390a24751ec7fda1362, State: Running, Role: LEADER
I20260709 14:55:31.758002 26869 consensus_queue.cc:260] T 7af8c7476ee44fe992a75a3834b6f262 P 4d26fdd79d394cdaa0dd9df05f867798 [NON_LEADER]: Queue going to NON_LEADER mode. State: All replicated index: 0, Majority replicated index: 2, Committed index: 2, Last appended: 2.2, Last appended by leader: 2, Current term: 2, Majority size: -1, State: 0, Mode: NON_LEADER, active raft config: opid_index: -1 OBSOLETE_local: false peers { permanent_uuid: "3c33adf53c904390a24751ec7fda1362" member_type: VOTER last_known_addr { host: "127.25.143.65" port: 35659 } } peers { permanent_uuid: "4d26fdd79d394cdaa0dd9df05f867798" member_type: VOTER last_known_addr { host: "127.25.143.66" port: 45229 } } peers { permanent_uuid: "b6b105f7b6a341e2821f11dc52455dec" member_type: VOTER last_known_addr { host: "127.25.143.67" port: 36521 } }
I20260709 14:55:31.759351 27098 raft_consensus.cc:2804] T 7af8c7476ee44fe992a75a3834b6f262 P 3c33adf53c904390a24751ec7fda1362 [term 3 FOLLOWER]: Leader election won for term 3
I20260709 14:55:31.759253 27078 consensus_queue.cc:237] T b873c9454c1040f096bcc6216ff1d1bc P 3c33adf53c904390a24751ec7fda1362 [LEADER]: Queue going to LEADER mode. State: All replicated index: 0, Majority replicated index: 2, Committed index: 2, Last appended: 2.2, Last appended by leader: 2, Current term: 3, Majority size: 2, State: 0, Mode: LEADER, active raft config: opid_index: -1 OBSOLETE_local: false peers { permanent_uuid: "3c33adf53c904390a24751ec7fda1362" member_type: VOTER last_known_addr { host: "127.25.143.65" port: 35659 } } peers { permanent_uuid: "4d26fdd79d394cdaa0dd9df05f867798" member_type: VOTER last_known_addr { host: "127.25.143.66" port: 45229 } } peers { permanent_uuid: "b6b105f7b6a341e2821f11dc52455dec" member_type: VOTER last_known_addr { host: "127.25.143.67" port: 36521 } }
I20260709 14:55:31.759881 27098 raft_consensus.cc:697] T 7af8c7476ee44fe992a75a3834b6f262 P 3c33adf53c904390a24751ec7fda1362 [term 3 LEADER]: Becoming Leader. State: Replica: 3c33adf53c904390a24751ec7fda1362, State: Running, Role: LEADER
I20260709 14:55:31.760164 26943 raft_consensus.cc:2468] T b873c9454c1040f096bcc6216ff1d1bc P b6b105f7b6a341e2821f11dc52455dec [term 3 FOLLOWER]: Leader election vote request: Granting yes vote for candidate 3c33adf53c904390a24751ec7fda1362 in term 3.
I20260709 14:55:31.760628 27098 consensus_queue.cc:237] T 7af8c7476ee44fe992a75a3834b6f262 P 3c33adf53c904390a24751ec7fda1362 [LEADER]: Queue going to LEADER mode. State: All replicated index: 0, Majority replicated index: 2, Committed index: 2, Last appended: 2.2, Last appended by leader: 2, Current term: 3, Majority size: 2, State: 0, Mode: LEADER, active raft config: opid_index: -1 OBSOLETE_local: false peers { permanent_uuid: "3c33adf53c904390a24751ec7fda1362" member_type: VOTER last_known_addr { host: "127.25.143.65" port: 35659 } } peers { permanent_uuid: "4d26fdd79d394cdaa0dd9df05f867798" member_type: VOTER last_known_addr { host: "127.25.143.66" port: 45229 } } peers { permanent_uuid: "b6b105f7b6a341e2821f11dc52455dec" member_type: VOTER last_known_addr { host: "127.25.143.67" port: 36521 } }
I20260709 14:55:31.762380 26869 raft_consensus.cc:3060] T 7af8c7476ee44fe992a75a3834b6f262 P 4d26fdd79d394cdaa0dd9df05f867798 [term 2 FOLLOWER]: Advancing to term 3
I20260709 14:55:31.766049 26692 catalog_manager.cc:5697] T b873c9454c1040f096bcc6216ff1d1bc P 3c33adf53c904390a24751ec7fda1362 reported cstate change: term changed from 2 to 3, leader changed from b6b105f7b6a341e2821f11dc52455dec (127.25.143.67) to 3c33adf53c904390a24751ec7fda1362 (127.25.143.65). New cstate: current_term: 3 leader_uuid: "3c33adf53c904390a24751ec7fda1362" committed_config { opid_index: -1 OBSOLETE_local: false peers { permanent_uuid: "3c33adf53c904390a24751ec7fda1362" member_type: VOTER last_known_addr { host: "127.25.143.65" port: 35659 } health_report { overall_health: HEALTHY } } peers { permanent_uuid: "4d26fdd79d394cdaa0dd9df05f867798" member_type: VOTER last_known_addr { host: "127.25.143.66" port: 45229 } health_report { overall_health: UNKNOWN } } peers { permanent_uuid: "b6b105f7b6a341e2821f11dc52455dec" member_type: VOTER last_known_addr { host: "127.25.143.67" port: 36521 } health_report { overall_health: UNKNOWN } } }
I20260709 14:55:31.766871 26869 raft_consensus.cc:2468] T 7af8c7476ee44fe992a75a3834b6f262 P 4d26fdd79d394cdaa0dd9df05f867798 [term 3 FOLLOWER]: Leader election vote request: Granting yes vote for candidate 3c33adf53c904390a24751ec7fda1362 in term 3.
I20260709 14:55:31.775928 26692 catalog_manager.cc:5697] T 7af8c7476ee44fe992a75a3834b6f262 P 3c33adf53c904390a24751ec7fda1362 reported cstate change: term changed from 2 to 3, leader changed from 4d26fdd79d394cdaa0dd9df05f867798 (127.25.143.66) to 3c33adf53c904390a24751ec7fda1362 (127.25.143.65). New cstate: current_term: 3 leader_uuid: "3c33adf53c904390a24751ec7fda1362" committed_config { opid_index: -1 OBSOLETE_local: false peers { permanent_uuid: "3c33adf53c904390a24751ec7fda1362" member_type: VOTER last_known_addr { host: "127.25.143.65" port: 35659 } health_report { overall_health: HEALTHY } } peers { permanent_uuid: "4d26fdd79d394cdaa0dd9df05f867798" member_type: VOTER last_known_addr { host: "127.25.143.66" port: 45229 } health_report { overall_health: UNKNOWN } } peers { permanent_uuid: "b6b105f7b6a341e2821f11dc52455dec" member_type: VOTER last_known_addr { host: "127.25.143.67" port: 36521 } health_report { overall_health: UNKNOWN } } }
I20260709 14:55:31.825548 26869 raft_consensus.cc:1275] T f22c973399cd49068dd25f8ea6fa5419 P 4d26fdd79d394cdaa0dd9df05f867798 [term 3 FOLLOWER]: Refusing update from remote peer 3c33adf53c904390a24751ec7fda1362: Log matching property violated. Preceding OpId in replica: term: 2 index: 2. Preceding OpId from leader: term: 3 index: 3. (index mismatch)
I20260709 14:55:31.826536 27098 consensus_queue.cc:1048] T f22c973399cd49068dd25f8ea6fa5419 P 3c33adf53c904390a24751ec7fda1362 [LEADER]: Connected to new peer: Peer: permanent_uuid: "4d26fdd79d394cdaa0dd9df05f867798" member_type: VOTER last_known_addr { host: "127.25.143.66" port: 45229 }, Status: LMP_MISMATCH, Last received: 0.0, Next index: 3, Last known committed idx: 2, Time since last communication: 0.000s
I20260709 14:55:31.834786 26943 raft_consensus.cc:1275] T f22c973399cd49068dd25f8ea6fa5419 P b6b105f7b6a341e2821f11dc52455dec [term 3 FOLLOWER]: Refusing update from remote peer 3c33adf53c904390a24751ec7fda1362: Log matching property violated. Preceding OpId in replica: term: 2 index: 2. Preceding OpId from leader: term: 3 index: 3. (index mismatch)
I20260709 14:55:31.836752 27104 consensus_queue.cc:1048] T f22c973399cd49068dd25f8ea6fa5419 P 3c33adf53c904390a24751ec7fda1362 [LEADER]: Connected to new peer: Peer: permanent_uuid: "b6b105f7b6a341e2821f11dc52455dec" member_type: VOTER last_known_addr { host: "127.25.143.67" port: 36521 }, Status: LMP_MISMATCH, Last received: 0.0, Next index: 3, Last known committed idx: 2, Time since last communication: 0.001s
I20260709 14:55:32.063740 26943 raft_consensus.cc:1275] T 5e21559700cf443e831f43466a27354a P b6b105f7b6a341e2821f11dc52455dec [term 4 FOLLOWER]: Refusing update from remote peer 3c33adf53c904390a24751ec7fda1362: Log matching property violated. Preceding OpId in replica: term: 3 index: 3. Preceding OpId from leader: term: 4 index: 4. (index mismatch)
I20260709 14:55:32.064817 27104 consensus_queue.cc:1048] T 5e21559700cf443e831f43466a27354a P 3c33adf53c904390a24751ec7fda1362 [LEADER]: Connected to new peer: Peer: permanent_uuid: "b6b105f7b6a341e2821f11dc52455dec" member_type: VOTER last_known_addr { host: "127.25.143.67" port: 36521 }, Status: LMP_MISMATCH, Last received: 0.0, Next index: 4, Last known committed idx: 3, Time since last communication: 0.000s
I20260709 14:55:32.073607 26869 raft_consensus.cc:1275] T 5e21559700cf443e831f43466a27354a P 4d26fdd79d394cdaa0dd9df05f867798 [term 4 FOLLOWER]: Refusing update from remote peer 3c33adf53c904390a24751ec7fda1362: Log matching property violated. Preceding OpId in replica: term: 3 index: 3. Preceding OpId from leader: term: 4 index: 4. (index mismatch)
I20260709 14:55:32.074790 27104 consensus_queue.cc:1048] T 5e21559700cf443e831f43466a27354a P 3c33adf53c904390a24751ec7fda1362 [LEADER]: Connected to new peer: Peer: permanent_uuid: "4d26fdd79d394cdaa0dd9df05f867798" member_type: VOTER last_known_addr { host: "127.25.143.66" port: 45229 }, Status: LMP_MISMATCH, Last received: 0.0, Next index: 4, Last known committed idx: 3, Time since last communication: 0.000s
I20260709 14:55:32.156328 26943 raft_consensus.cc:1275] T 98a50425d3ac49dbbf3990d8f450e23b P b6b105f7b6a341e2821f11dc52455dec [term 2 FOLLOWER]: Refusing update from remote peer 3c33adf53c904390a24751ec7fda1362: Log matching property violated. Preceding OpId in replica: term: 1 index: 1. Preceding OpId from leader: term: 2 index: 2. (index mismatch)
I20260709 14:55:32.157359 27104 consensus_queue.cc:1048] T 98a50425d3ac49dbbf3990d8f450e23b P 3c33adf53c904390a24751ec7fda1362 [LEADER]: Connected to new peer: Peer: permanent_uuid: "b6b105f7b6a341e2821f11dc52455dec" member_type: VOTER last_known_addr { host: "127.25.143.67" port: 36521 }, Status: LMP_MISMATCH, Last received: 0.0, Next index: 2, Last known committed idx: 1, Time since last communication: 0.000s
I20260709 14:55:32.164215 26869 raft_consensus.cc:1275] T 98a50425d3ac49dbbf3990d8f450e23b P 4d26fdd79d394cdaa0dd9df05f867798 [term 2 FOLLOWER]: Refusing update from remote peer 3c33adf53c904390a24751ec7fda1362: Log matching property violated. Preceding OpId in replica: term: 1 index: 1. Preceding OpId from leader: term: 2 index: 2. (index mismatch)
I20260709 14:55:32.165441 27104 consensus_queue.cc:1048] T 98a50425d3ac49dbbf3990d8f450e23b P 3c33adf53c904390a24751ec7fda1362 [LEADER]: Connected to new peer: Peer: permanent_uuid: "4d26fdd79d394cdaa0dd9df05f867798" member_type: VOTER last_known_addr { host: "127.25.143.66" port: 45229 }, Status: LMP_MISMATCH, Last received: 0.0, Next index: 2, Last known committed idx: 1, Time since last communication: 0.000s
I20260709 14:55:32.221349 26869 raft_consensus.cc:1275] T 7af8c7476ee44fe992a75a3834b6f262 P 4d26fdd79d394cdaa0dd9df05f867798 [term 3 FOLLOWER]: Refusing update from remote peer 3c33adf53c904390a24751ec7fda1362: Log matching property violated. Preceding OpId in replica: term: 2 index: 2. Preceding OpId from leader: term: 3 index: 3. (index mismatch)
I20260709 14:55:32.222407 27104 consensus_queue.cc:1048] T 7af8c7476ee44fe992a75a3834b6f262 P 3c33adf53c904390a24751ec7fda1362 [LEADER]: Connected to new peer: Peer: permanent_uuid: "4d26fdd79d394cdaa0dd9df05f867798" member_type: VOTER last_known_addr { host: "127.25.143.66" port: 45229 }, Status: LMP_MISMATCH, Last received: 0.0, Next index: 3, Last known committed idx: 2, Time since last communication: 0.000s
I20260709 14:55:32.230736 26943 raft_consensus.cc:1275] T 7af8c7476ee44fe992a75a3834b6f262 P b6b105f7b6a341e2821f11dc52455dec [term 3 FOLLOWER]: Refusing update from remote peer 3c33adf53c904390a24751ec7fda1362: Log matching property violated. Preceding OpId in replica: term: 2 index: 2. Preceding OpId from leader: term: 3 index: 3. (index mismatch)
I20260709 14:55:32.232285 27078 consensus_queue.cc:1048] T 7af8c7476ee44fe992a75a3834b6f262 P 3c33adf53c904390a24751ec7fda1362 [LEADER]: Connected to new peer: Peer: permanent_uuid: "b6b105f7b6a341e2821f11dc52455dec" member_type: VOTER last_known_addr { host: "127.25.143.67" port: 36521 }, Status: LMP_MISMATCH, Last received: 0.0, Next index: 3, Last known committed idx: 2, Time since last communication: 0.000s
I20260709 14:55:32.238694 26944 raft_consensus.cc:1275] T b873c9454c1040f096bcc6216ff1d1bc P b6b105f7b6a341e2821f11dc52455dec [term 3 FOLLOWER]: Refusing update from remote peer 3c33adf53c904390a24751ec7fda1362: Log matching property violated. Preceding OpId in replica: term: 2 index: 2. Preceding OpId from leader: term: 3 index: 3. (index mismatch)
I20260709 14:55:32.240350 27078 consensus_queue.cc:1048] T b873c9454c1040f096bcc6216ff1d1bc P 3c33adf53c904390a24751ec7fda1362 [LEADER]: Connected to new peer: Peer: permanent_uuid: "b6b105f7b6a341e2821f11dc52455dec" member_type: VOTER last_known_addr { host: "127.25.143.67" port: 36521 }, Status: LMP_MISMATCH, Last received: 0.0, Next index: 3, Last known committed idx: 2, Time since last communication: 0.000s
I20260709 14:55:32.249599 26869 raft_consensus.cc:1275] T b873c9454c1040f096bcc6216ff1d1bc P 4d26fdd79d394cdaa0dd9df05f867798 [term 3 FOLLOWER]: Refusing update from remote peer 3c33adf53c904390a24751ec7fda1362: Log matching property violated. Preceding OpId in replica: term: 2 index: 2. Preceding OpId from leader: term: 3 index: 3. (index mismatch)
I20260709 14:55:32.250844 27104 consensus_queue.cc:1048] T b873c9454c1040f096bcc6216ff1d1bc P 3c33adf53c904390a24751ec7fda1362 [LEADER]: Connected to new peer: Peer: permanent_uuid: "4d26fdd79d394cdaa0dd9df05f867798" member_type: VOTER last_known_addr { host: "127.25.143.66" port: 45229 }, Status: LMP_MISMATCH, Last received: 0.0, Next index: 3, Last known committed idx: 2, Time since last communication: 0.000s
I20260709 14:55:34.352298 26173 auto_leader_rebalancer.cc:141] leader rebalance for table test-workload
I20260709 14:55:34.359692 26794 tablet_service.cc:2072] Received LeaderStepDown RPC: tablet_id: "12a3dd516d2b486991e832f01c9345f8"
dest_uuid: "3c33adf53c904390a24751ec7fda1362"
mode: GRACEFUL
new_leader_uuid: "4d26fdd79d394cdaa0dd9df05f867798"
 from {username='slave'} at 127.0.0.1:51524
I20260709 14:55:34.360356 26794 raft_consensus.cc:606] T 12a3dd516d2b486991e832f01c9345f8 P 3c33adf53c904390a24751ec7fda1362 [term 1 LEADER]: Received request to transfer leadership to TS 4d26fdd79d394cdaa0dd9df05f867798
I20260709 14:55:34.362663 26794 tablet_service.cc:2072] Received LeaderStepDown RPC: tablet_id: "7af8c7476ee44fe992a75a3834b6f262"
dest_uuid: "3c33adf53c904390a24751ec7fda1362"
mode: GRACEFUL
new_leader_uuid: "b6b105f7b6a341e2821f11dc52455dec"
 from {username='slave'} at 127.0.0.1:51524
I20260709 14:55:34.363143 26794 raft_consensus.cc:606] T 7af8c7476ee44fe992a75a3834b6f262 P 3c33adf53c904390a24751ec7fda1362 [term 3 LEADER]: Received request to transfer leadership to TS b6b105f7b6a341e2821f11dc52455dec
I20260709 14:55:34.365345 26794 tablet_service.cc:2072] Received LeaderStepDown RPC: tablet_id: "96434835c25c47e195a8342814bae2ec"
dest_uuid: "3c33adf53c904390a24751ec7fda1362"
mode: GRACEFUL
new_leader_uuid: "b6b105f7b6a341e2821f11dc52455dec"
 from {username='slave'} at 127.0.0.1:51524
I20260709 14:55:34.365844 26794 raft_consensus.cc:606] T 96434835c25c47e195a8342814bae2ec P 3c33adf53c904390a24751ec7fda1362 [term 1 LEADER]: Received request to transfer leadership to TS b6b105f7b6a341e2821f11dc52455dec
I20260709 14:55:34.367717 26794 tablet_service.cc:2072] Received LeaderStepDown RPC: tablet_id: "f22c973399cd49068dd25f8ea6fa5419"
dest_uuid: "3c33adf53c904390a24751ec7fda1362"
mode: GRACEFUL
new_leader_uuid: "4d26fdd79d394cdaa0dd9df05f867798"
 from {username='slave'} at 127.0.0.1:51524
