I20260709 14:55:42.303583 27462 raft_consensus.cc:359] T f9278b2b61164bbca9ed94fb9370221d P 885a13898ba64d9a9a982ac13afc72db [term 0 FOLLOWER]: Replica starting. Triggering 0 pending ops. Active config: opid_index: -1 OBSOLETE_local: false peers { permanent_uuid: "885a13898ba64d9a9a982ac13afc72db" member_type: VOTER last_known_addr { host: "127.25.143.65" port: 36005 } } peers { permanent_uuid: "80c0c75d3475498b9cd0dc9ce89fc785" member_type: VOTER last_known_addr { host: "127.25.143.66" port: 33211 } } peers { permanent_uuid: "ade9fa30b00f471b9222b9636d76a1d4" member_type: VOTER last_known_addr { host: "127.25.143.67" port: 39479 } }
I20260709 14:55:42.313400 27464 tablet_bootstrap.cc:654] T c7372b0f4c5b4288b59944297ebe4d2c P 80c0c75d3475498b9cd0dc9ce89fc785: Neither blocks nor log segments found. Creating new log.
I20260709 14:55:42.313534 27462 raft_consensus.cc:385] T f9278b2b61164bbca9ed94fb9370221d P 885a13898ba64d9a9a982ac13afc72db [term 0 FOLLOWER]: Consensus starting up: Expiring failure detector timer to make a prompt election more likely
I20260709 14:55:42.314004 27462 raft_consensus.cc:740] T f9278b2b61164bbca9ed94fb9370221d P 885a13898ba64d9a9a982ac13afc72db [term 0 FOLLOWER]: Becoming Follower/Learner. State: Replica: 885a13898ba64d9a9a982ac13afc72db, State: Initialized, Role: FOLLOWER
I20260709 14:55:42.315068 27462 consensus_queue.cc:260] T f9278b2b61164bbca9ed94fb9370221d P 885a13898ba64d9a9a982ac13afc72db [NON_LEADER]: Queue going to NON_LEADER mode. State: All replicated index: 0, Majority replicated index: 0, Committed index: 0, Last appended: 0.0, Last appended by leader: 0, Current term: 0, Majority size: -1, State: 0, Mode: NON_LEADER, active raft config: opid_index: -1 OBSOLETE_local: false peers { permanent_uuid: "885a13898ba64d9a9a982ac13afc72db" member_type: VOTER last_known_addr { host: "127.25.143.65" port: 36005 } } peers { permanent_uuid: "80c0c75d3475498b9cd0dc9ce89fc785" member_type: VOTER last_known_addr { host: "127.25.143.66" port: 33211 } } peers { permanent_uuid: "ade9fa30b00f471b9222b9636d76a1d4" member_type: VOTER last_known_addr { host: "127.25.143.67" port: 39479 } }
I20260709 14:55:42.316278 27461 tablet_bootstrap.cc:654] T 740600874d4a4966abe0030e3741cb6a P ade9fa30b00f471b9222b9636d76a1d4: Neither blocks nor log segments found. Creating new log.
I20260709 14:55:42.316991 27462 ts_tablet_manager.cc:1434] T f9278b2b61164bbca9ed94fb9370221d P 885a13898ba64d9a9a982ac13afc72db: Time spent starting tablet: real 0.016s	user 0.003s	sys 0.003s
I20260709 14:55:42.318286 27462 tablet_bootstrap.cc:492] T e27fd008bc2b48ab82055481bd7dc660 P 885a13898ba64d9a9a982ac13afc72db: Bootstrap starting.
I20260709 14:55:42.323514 27462 tablet_bootstrap.cc:654] T e27fd008bc2b48ab82055481bd7dc660 P 885a13898ba64d9a9a982ac13afc72db: Neither blocks nor log segments found. Creating new log.
I20260709 14:55:42.327497 27628 raft_consensus.cc:515] T 9bd6d6d826b54a11ba70684ddd9498aa P 885a13898ba64d9a9a982ac13afc72db [term 1 FOLLOWER]: Starting leader election with config: opid_index: -1 OBSOLETE_local: false peers { permanent_uuid: "885a13898ba64d9a9a982ac13afc72db" member_type: VOTER last_known_addr { host: "127.25.143.65" port: 36005 } } peers { permanent_uuid: "80c0c75d3475498b9cd0dc9ce89fc785" member_type: VOTER last_known_addr { host: "127.25.143.66" port: 33211 } } peers { permanent_uuid: "ade9fa30b00f471b9222b9636d76a1d4" member_type: VOTER last_known_addr { host: "127.25.143.67" port: 39479 } }
I20260709 14:55:42.328994 27461 tablet_bootstrap.cc:492] T 740600874d4a4966abe0030e3741cb6a P ade9fa30b00f471b9222b9636d76a1d4: No bootstrap required, opened a new log
I20260709 14:55:42.330060 27461 ts_tablet_manager.cc:1403] T 740600874d4a4966abe0030e3741cb6a P ade9fa30b00f471b9222b9636d76a1d4: Time spent bootstrapping tablet: real 0.026s	user 0.008s	sys 0.004s
I20260709 14:55:42.333081 27461 raft_consensus.cc:359] T 740600874d4a4966abe0030e3741cb6a P ade9fa30b00f471b9222b9636d76a1d4 [term 0 FOLLOWER]: Replica starting. Triggering 0 pending ops. Active config: opid_index: -1 OBSOLETE_local: false peers { permanent_uuid: "885a13898ba64d9a9a982ac13afc72db" member_type: VOTER last_known_addr { host: "127.25.143.65" port: 36005 } } peers { permanent_uuid: "80c0c75d3475498b9cd0dc9ce89fc785" member_type: VOTER last_known_addr { host: "127.25.143.66" port: 33211 } } peers { permanent_uuid: "ade9fa30b00f471b9222b9636d76a1d4" member_type: VOTER last_known_addr { host: "127.25.143.67" port: 39479 } }
I20260709 14:55:42.337124 27461 raft_consensus.cc:385] T 740600874d4a4966abe0030e3741cb6a P ade9fa30b00f471b9222b9636d76a1d4 [term 0 FOLLOWER]: Consensus starting up: Expiring failure detector timer to make a prompt election more likely
I20260709 14:55:42.337697 27421 tablet_service.cc:1917] Received RequestConsensusVote() RPC: tablet_id: "9bd6d6d826b54a11ba70684ddd9498aa" candidate_uuid: "885a13898ba64d9a9a982ac13afc72db" candidate_term: 1 candidate_status { last_received { term: 0 index: 0 } } ignore_live_leader: false dest_uuid: "ade9fa30b00f471b9222b9636d76a1d4"
I20260709 14:55:42.335371 27464 tablet_bootstrap.cc:492] T c7372b0f4c5b4288b59944297ebe4d2c P 80c0c75d3475498b9cd0dc9ce89fc785: No bootstrap required, opened a new log
I20260709 14:55:42.337841 27461 raft_consensus.cc:740] T 740600874d4a4966abe0030e3741cb6a P ade9fa30b00f471b9222b9636d76a1d4 [term 0 FOLLOWER]: Becoming Follower/Learner. State: Replica: ade9fa30b00f471b9222b9636d76a1d4, State: Initialized, Role: FOLLOWER
I20260709 14:55:42.334272 27346 tablet_service.cc:1917] Received RequestConsensusVote() RPC: tablet_id: "9bd6d6d826b54a11ba70684ddd9498aa" candidate_uuid: "885a13898ba64d9a9a982ac13afc72db" candidate_term: 1 candidate_status { last_received { term: 0 index: 0 } } ignore_live_leader: false dest_uuid: "80c0c75d3475498b9cd0dc9ce89fc785"
I20260709 14:55:42.338459 27464 ts_tablet_manager.cc:1403] T c7372b0f4c5b4288b59944297ebe4d2c P 80c0c75d3475498b9cd0dc9ce89fc785: Time spent bootstrapping tablet: real 0.031s	user 0.008s	sys 0.006s
I20260709 14:55:42.339118 27461 consensus_queue.cc:260] T 740600874d4a4966abe0030e3741cb6a P ade9fa30b00f471b9222b9636d76a1d4 [NON_LEADER]: Queue going to NON_LEADER mode. State: All replicated index: 0, Majority replicated index: 0, Committed index: 0, Last appended: 0.0, Last appended by leader: 0, Current term: 0, Majority size: -1, State: 0, Mode: NON_LEADER, active raft config: opid_index: -1 OBSOLETE_local: false peers { permanent_uuid: "885a13898ba64d9a9a982ac13afc72db" member_type: VOTER last_known_addr { host: "127.25.143.65" port: 36005 } } peers { permanent_uuid: "80c0c75d3475498b9cd0dc9ce89fc785" member_type: VOTER last_known_addr { host: "127.25.143.66" port: 33211 } } peers { permanent_uuid: "ade9fa30b00f471b9222b9636d76a1d4" member_type: VOTER last_known_addr { host: "127.25.143.67" port: 39479 } }
I20260709 14:55:42.340238 27462 tablet_bootstrap.cc:492] T e27fd008bc2b48ab82055481bd7dc660 P 885a13898ba64d9a9a982ac13afc72db: No bootstrap required, opened a new log
W20260709 14:55:42.340662 27238 leader_election.cc:343] T 9bd6d6d826b54a11ba70684ddd9498aa P 885a13898ba64d9a9a982ac13afc72db [CANDIDATE]: Term 1 election: Tablet error from VoteRequest() call to peer 80c0c75d3475498b9cd0dc9ce89fc785 (127.25.143.66:33211): Illegal state: must be running to vote when last-logged opid is not known
I20260709 14:55:42.341106 27462 ts_tablet_manager.cc:1403] T e27fd008bc2b48ab82055481bd7dc660 P 885a13898ba64d9a9a982ac13afc72db: Time spent bootstrapping tablet: real 0.023s	user 0.012s	sys 0.007s
I20260709 14:55:42.340919 27464 raft_consensus.cc:359] T c7372b0f4c5b4288b59944297ebe4d2c P 80c0c75d3475498b9cd0dc9ce89fc785 [term 0 FOLLOWER]: Replica starting. Triggering 0 pending ops. Active config: opid_index: -1 OBSOLETE_local: false peers { permanent_uuid: "885a13898ba64d9a9a982ac13afc72db" member_type: VOTER last_known_addr { host: "127.25.143.65" port: 36005 } } peers { permanent_uuid: "80c0c75d3475498b9cd0dc9ce89fc785" member_type: VOTER last_known_addr { host: "127.25.143.66" port: 33211 } } peers { permanent_uuid: "ade9fa30b00f471b9222b9636d76a1d4" member_type: VOTER last_known_addr { host: "127.25.143.67" port: 39479 } }
I20260709 14:55:42.341588 27464 raft_consensus.cc:385] T c7372b0f4c5b4288b59944297ebe4d2c P 80c0c75d3475498b9cd0dc9ce89fc785 [term 0 FOLLOWER]: Consensus starting up: Expiring failure detector timer to make a prompt election more likely
I20260709 14:55:42.338296 27421 raft_consensus.cc:3060] T 9bd6d6d826b54a11ba70684ddd9498aa P ade9fa30b00f471b9222b9636d76a1d4 [term 0 FOLLOWER]: Advancing to term 1
I20260709 14:55:42.341845 27464 raft_consensus.cc:740] T c7372b0f4c5b4288b59944297ebe4d2c P 80c0c75d3475498b9cd0dc9ce89fc785 [term 0 FOLLOWER]: Becoming Follower/Learner. State: Replica: 80c0c75d3475498b9cd0dc9ce89fc785, State: Initialized, Role: FOLLOWER
I20260709 14:55:42.342473 27464 consensus_queue.cc:260] T c7372b0f4c5b4288b59944297ebe4d2c P 80c0c75d3475498b9cd0dc9ce89fc785 [NON_LEADER]: Queue going to NON_LEADER mode. State: All replicated index: 0, Majority replicated index: 0, Committed index: 0, Last appended: 0.0, Last appended by leader: 0, Current term: 0, Majority size: -1, State: 0, Mode: NON_LEADER, active raft config: opid_index: -1 OBSOLETE_local: false peers { permanent_uuid: "885a13898ba64d9a9a982ac13afc72db" member_type: VOTER last_known_addr { host: "127.25.143.65" port: 36005 } } peers { permanent_uuid: "80c0c75d3475498b9cd0dc9ce89fc785" member_type: VOTER last_known_addr { host: "127.25.143.66" port: 33211 } } peers { permanent_uuid: "ade9fa30b00f471b9222b9636d76a1d4" member_type: VOTER last_known_addr { host: "127.25.143.67" port: 39479 } }
I20260709 14:55:42.345019 27464 ts_tablet_manager.cc:1434] T c7372b0f4c5b4288b59944297ebe4d2c P 80c0c75d3475498b9cd0dc9ce89fc785: Time spent starting tablet: real 0.006s	user 0.006s	sys 0.000s
I20260709 14:55:42.345847 27464 tablet_bootstrap.cc:492] T f46f45298b3f4391a86431d956f866a5 P 80c0c75d3475498b9cd0dc9ce89fc785: Bootstrap starting.
I20260709 14:55:42.347059 27461 ts_tablet_manager.cc:1434] T 740600874d4a4966abe0030e3741cb6a P ade9fa30b00f471b9222b9636d76a1d4: Time spent starting tablet: real 0.016s	user 0.003s	sys 0.003s
I20260709 14:55:42.348645 27461 tablet_bootstrap.cc:492] T 14dc59204be24d5990c0105e92394b43 P ade9fa30b00f471b9222b9636d76a1d4: Bootstrap starting.
I20260709 14:55:42.350050 27462 raft_consensus.cc:359] T e27fd008bc2b48ab82055481bd7dc660 P 885a13898ba64d9a9a982ac13afc72db [term 0 FOLLOWER]: Replica starting. Triggering 0 pending ops. Active config: opid_index: -1 OBSOLETE_local: false peers { permanent_uuid: "885a13898ba64d9a9a982ac13afc72db" member_type: VOTER last_known_addr { host: "127.25.143.65" port: 36005 } } peers { permanent_uuid: "80c0c75d3475498b9cd0dc9ce89fc785" member_type: VOTER last_known_addr { host: "127.25.143.66" port: 33211 } } peers { permanent_uuid: "ade9fa30b00f471b9222b9636d76a1d4" member_type: VOTER last_known_addr { host: "127.25.143.67" port: 39479 } }
I20260709 14:55:42.350694 27462 raft_consensus.cc:385] T e27fd008bc2b48ab82055481bd7dc660 P 885a13898ba64d9a9a982ac13afc72db [term 0 FOLLOWER]: Consensus starting up: Expiring failure detector timer to make a prompt election more likely
I20260709 14:55:42.350967 27462 raft_consensus.cc:740] T e27fd008bc2b48ab82055481bd7dc660 P 885a13898ba64d9a9a982ac13afc72db [term 0 FOLLOWER]: Becoming Follower/Learner. State: Replica: 885a13898ba64d9a9a982ac13afc72db, State: Initialized, Role: FOLLOWER
I20260709 14:55:42.352094 27462 consensus_queue.cc:260] T e27fd008bc2b48ab82055481bd7dc660 P 885a13898ba64d9a9a982ac13afc72db [NON_LEADER]: Queue going to NON_LEADER mode. State: All replicated index: 0, Majority replicated index: 0, Committed index: 0, Last appended: 0.0, Last appended by leader: 0, Current term: 0, Majority size: -1, State: 0, Mode: NON_LEADER, active raft config: opid_index: -1 OBSOLETE_local: false peers { permanent_uuid: "885a13898ba64d9a9a982ac13afc72db" member_type: VOTER last_known_addr { host: "127.25.143.65" port: 36005 } } peers { permanent_uuid: "80c0c75d3475498b9cd0dc9ce89fc785" member_type: VOTER last_known_addr { host: "127.25.143.66" port: 33211 } } peers { permanent_uuid: "ade9fa30b00f471b9222b9636d76a1d4" member_type: VOTER last_known_addr { host: "127.25.143.67" port: 39479 } }
I20260709 14:55:42.352946 27653 raft_consensus.cc:493] T 601ac18dee5d4a4db83e72940a033117 P ade9fa30b00f471b9222b9636d76a1d4 [term 0 FOLLOWER]: Starting pre-election (no leader contacted us within the election timeout)
I20260709 14:55:42.353421 27653 raft_consensus.cc:515] T 601ac18dee5d4a4db83e72940a033117 P ade9fa30b00f471b9222b9636d76a1d4 [term 0 FOLLOWER]: Starting pre-election with config: opid_index: -1 OBSOLETE_local: false peers { permanent_uuid: "885a13898ba64d9a9a982ac13afc72db" member_type: VOTER last_known_addr { host: "127.25.143.65" port: 36005 } } peers { permanent_uuid: "80c0c75d3475498b9cd0dc9ce89fc785" member_type: VOTER last_known_addr { host: "127.25.143.66" port: 33211 } } peers { permanent_uuid: "ade9fa30b00f471b9222b9636d76a1d4" member_type: VOTER last_known_addr { host: "127.25.143.67" port: 39479 } }
I20260709 14:55:42.357723 27653 leader_election.cc:290] T 601ac18dee5d4a4db83e72940a033117 P ade9fa30b00f471b9222b9636d76a1d4 [CANDIDATE]: Term 1 pre-election: Requested pre-vote from peers 885a13898ba64d9a9a982ac13afc72db (127.25.143.65:36005), 80c0c75d3475498b9cd0dc9ce89fc785 (127.25.143.66:33211)
I20260709 14:55:42.359547 27346 tablet_service.cc:1917] Received RequestConsensusVote() RPC: tablet_id: "601ac18dee5d4a4db83e72940a033117" candidate_uuid: "ade9fa30b00f471b9222b9636d76a1d4" candidate_term: 1 candidate_status { last_received { term: 0 index: 0 } } ignore_live_leader: false dest_uuid: "80c0c75d3475498b9cd0dc9ce89fc785" is_pre_election: true
I20260709 14:55:42.361557 27526 raft_consensus.cc:493] T e27fd008bc2b48ab82055481bd7dc660 P ade9fa30b00f471b9222b9636d76a1d4 [term 0 FOLLOWER]: Starting pre-election (no leader contacted us within the election timeout)
I20260709 14:55:42.357903 27461 tablet_bootstrap.cc:654] T 14dc59204be24d5990c0105e92394b43 P ade9fa30b00f471b9222b9636d76a1d4: Neither blocks nor log segments found. Creating new log.
I20260709 14:55:42.359477 27268 tablet_service.cc:1917] Received RequestConsensusVote() RPC: tablet_id: "601ac18dee5d4a4db83e72940a033117" candidate_uuid: "ade9fa30b00f471b9222b9636d76a1d4" candidate_term: 1 candidate_status { last_received { term: 0 index: 0 } } ignore_live_leader: false dest_uuid: "885a13898ba64d9a9a982ac13afc72db" is_pre_election: true
I20260709 14:55:42.362514 27464 tablet_bootstrap.cc:654] T f46f45298b3f4391a86431d956f866a5 P 80c0c75d3475498b9cd0dc9ce89fc785: Neither blocks nor log segments found. Creating new log.
I20260709 14:55:42.365566 27268 raft_consensus.cc:2468] T 601ac18dee5d4a4db83e72940a033117 P 885a13898ba64d9a9a982ac13afc72db [term 0 FOLLOWER]: Leader pre-election vote request: Granting yes vote for candidate ade9fa30b00f471b9222b9636d76a1d4 in term 0.
I20260709 14:55:42.365326 27526 raft_consensus.cc:515] T e27fd008bc2b48ab82055481bd7dc660 P ade9fa30b00f471b9222b9636d76a1d4 [term 0 FOLLOWER]: Starting pre-election with config: opid_index: -1 OBSOLETE_local: false peers { permanent_uuid: "885a13898ba64d9a9a982ac13afc72db" member_type: VOTER last_known_addr { host: "127.25.143.65" port: 36005 } } peers { permanent_uuid: "80c0c75d3475498b9cd0dc9ce89fc785" member_type: VOTER last_known_addr { host: "127.25.143.66" port: 33211 } } peers { permanent_uuid: "ade9fa30b00f471b9222b9636d76a1d4" member_type: VOTER last_known_addr { host: "127.25.143.67" port: 39479 } }
I20260709 14:55:42.367044 27387 leader_election.cc:304] T 601ac18dee5d4a4db83e72940a033117 P ade9fa30b00f471b9222b9636d76a1d4 [CANDIDATE]: Term 1 pre-election: Election decided. Result: candidate won. Election summary: received 2 responses out of 3 voters: 2 yes votes; 0 no votes. yes voters: 885a13898ba64d9a9a982ac13afc72db, ade9fa30b00f471b9222b9636d76a1d4; no voters: 
I20260709 14:55:42.367839 27526 leader_election.cc:290] T e27fd008bc2b48ab82055481bd7dc660 P ade9fa30b00f471b9222b9636d76a1d4 [CANDIDATE]: Term 1 pre-election: Requested pre-vote from peers 885a13898ba64d9a9a982ac13afc72db (127.25.143.65:36005), 80c0c75d3475498b9cd0dc9ce89fc785 (127.25.143.66:33211)
I20260709 14:55:42.368449 27526 raft_consensus.cc:2804] T 601ac18dee5d4a4db83e72940a033117 P ade9fa30b00f471b9222b9636d76a1d4 [term 0 FOLLOWER]: Leader pre-election won for term 1
I20260709 14:55:42.368794 27526 raft_consensus.cc:493] T 601ac18dee5d4a4db83e72940a033117 P ade9fa30b00f471b9222b9636d76a1d4 [term 0 FOLLOWER]: Starting leader election (no leader contacted us within the election timeout)
I20260709 14:55:42.369119 27526 raft_consensus.cc:3060] T 601ac18dee5d4a4db83e72940a033117 P ade9fa30b00f471b9222b9636d76a1d4 [term 0 FOLLOWER]: Advancing to term 1
I20260709 14:55:42.370270 27268 tablet_service.cc:1917] Received RequestConsensusVote() RPC: tablet_id: "e27fd008bc2b48ab82055481bd7dc660" candidate_uuid: "ade9fa30b00f471b9222b9636d76a1d4" candidate_term: 1 candidate_status { last_received { term: 0 index: 0 } } ignore_live_leader: false dest_uuid: "885a13898ba64d9a9a982ac13afc72db" is_pre_election: true
I20260709 14:55:42.370914 27268 raft_consensus.cc:2468] T e27fd008bc2b48ab82055481bd7dc660 P 885a13898ba64d9a9a982ac13afc72db [term 0 FOLLOWER]: Leader pre-election vote request: Granting yes vote for candidate ade9fa30b00f471b9222b9636d76a1d4 in term 0.
I20260709 14:55:42.362689 27462 ts_tablet_manager.cc:1434] T e27fd008bc2b48ab82055481bd7dc660 P 885a13898ba64d9a9a982ac13afc72db: Time spent starting tablet: real 0.021s	user 0.006s	sys 0.000s
I20260709 14:55:42.372186 27462 tablet_bootstrap.cc:492] T a6d8e84f016343fcb3047c8afe8e7299 P 885a13898ba64d9a9a982ac13afc72db: Bootstrap starting.
I20260709 14:55:42.372558 27387 leader_election.cc:304] T e27fd008bc2b48ab82055481bd7dc660 P ade9fa30b00f471b9222b9636d76a1d4 [CANDIDATE]: Term 1 pre-election: Election decided. Result: candidate won. Election summary: received 2 responses out of 3 voters: 2 yes votes; 0 no votes. yes voters: 885a13898ba64d9a9a982ac13afc72db, ade9fa30b00f471b9222b9636d76a1d4; no voters: 
I20260709 14:55:42.377957 27582 raft_consensus.cc:2804] T e27fd008bc2b48ab82055481bd7dc660 P ade9fa30b00f471b9222b9636d76a1d4 [term 0 FOLLOWER]: Leader pre-election won for term 1
I20260709 14:55:42.380648 27582 raft_consensus.cc:493] T e27fd008bc2b48ab82055481bd7dc660 P ade9fa30b00f471b9222b9636d76a1d4 [term 0 FOLLOWER]: Starting leader election (no leader contacted us within the election timeout)
I20260709 14:55:42.381001 27582 raft_consensus.cc:3060] T e27fd008bc2b48ab82055481bd7dc660 P ade9fa30b00f471b9222b9636d76a1d4 [term 0 FOLLOWER]: Advancing to term 1
I20260709 14:55:42.385854 27560 raft_consensus.cc:493] T c06df6471ed3446ba5145ef2b391f8c6 P 80c0c75d3475498b9cd0dc9ce89fc785 [term 0 FOLLOWER]: Starting pre-election (no leader contacted us within the election timeout)
I20260709 14:55:42.386356 27560 raft_consensus.cc:515] T c06df6471ed3446ba5145ef2b391f8c6 P 80c0c75d3475498b9cd0dc9ce89fc785 [term 0 FOLLOWER]: Starting pre-election with config: opid_index: -1 OBSOLETE_local: false peers { permanent_uuid: "885a13898ba64d9a9a982ac13afc72db" member_type: VOTER last_known_addr { host: "127.25.143.65" port: 36005 } } peers { permanent_uuid: "80c0c75d3475498b9cd0dc9ce89fc785" member_type: VOTER last_known_addr { host: "127.25.143.66" port: 33211 } } peers { permanent_uuid: "ade9fa30b00f471b9222b9636d76a1d4" member_type: VOTER last_known_addr { host: "127.25.143.67" port: 39479 } }
I20260709 14:55:42.377952 27628 leader_election.cc:290] T 9bd6d6d826b54a11ba70684ddd9498aa P 885a13898ba64d9a9a982ac13afc72db [CANDIDATE]: Term 1 election: Requested vote from peers 80c0c75d3475498b9cd0dc9ce89fc785 (127.25.143.66:33211), ade9fa30b00f471b9222b9636d76a1d4 (127.25.143.67:39479)
I20260709 14:55:42.389583 27348 tablet_service.cc:1917] Received RequestConsensusVote() RPC: tablet_id: "e27fd008bc2b48ab82055481bd7dc660" candidate_uuid: "ade9fa30b00f471b9222b9636d76a1d4" candidate_term: 1 candidate_status { last_received { term: 0 index: 0 } } ignore_live_leader: false dest_uuid: "80c0c75d3475498b9cd0dc9ce89fc785" is_pre_election: true
I20260709 14:55:42.390833 27268 tablet_service.cc:1917] Received RequestConsensusVote() RPC: tablet_id: "c06df6471ed3446ba5145ef2b391f8c6" candidate_uuid: "80c0c75d3475498b9cd0dc9ce89fc785" candidate_term: 1 candidate_status { last_received { term: 0 index: 0 } } ignore_live_leader: false dest_uuid: "885a13898ba64d9a9a982ac13afc72db" is_pre_election: true
I20260709 14:55:42.392093 27468 raft_consensus.cc:493] T 740600874d4a4966abe0030e3741cb6a P ade9fa30b00f471b9222b9636d76a1d4 [term 0 FOLLOWER]: Starting pre-election (no leader contacted us within the election timeout)
I20260709 14:55:42.392572 27468 raft_consensus.cc:515] T 740600874d4a4966abe0030e3741cb6a P ade9fa30b00f471b9222b9636d76a1d4 [term 0 FOLLOWER]: Starting pre-election with config: opid_index: -1 OBSOLETE_local: false peers { permanent_uuid: "885a13898ba64d9a9a982ac13afc72db" member_type: VOTER last_known_addr { host: "127.25.143.65" port: 36005 } } peers { permanent_uuid: "80c0c75d3475498b9cd0dc9ce89fc785" member_type: VOTER last_known_addr { host: "127.25.143.66" port: 33211 } } peers { permanent_uuid: "ade9fa30b00f471b9222b9636d76a1d4" member_type: VOTER last_known_addr { host: "127.25.143.67" port: 39479 } }
I20260709 14:55:42.394556 27468 leader_election.cc:290] T 740600874d4a4966abe0030e3741cb6a P ade9fa30b00f471b9222b9636d76a1d4 [CANDIDATE]: Term 1 pre-election: Requested pre-vote from peers 885a13898ba64d9a9a982ac13afc72db (127.25.143.65:36005), 80c0c75d3475498b9cd0dc9ce89fc785 (127.25.143.66:33211)
W20260709 14:55:42.400045 27387 leader_election.cc:343] T 601ac18dee5d4a4db83e72940a033117 P ade9fa30b00f471b9222b9636d76a1d4 [CANDIDATE]: Term 1 pre-election: Tablet error from VoteRequest() call to peer 80c0c75d3475498b9cd0dc9ce89fc785 (127.25.143.66:33211): Illegal state: must be running to vote when last-logged opid is not known
I20260709 14:55:42.401260 27268 tablet_service.cc:1917] Received RequestConsensusVote() RPC: tablet_id: "740600874d4a4966abe0030e3741cb6a" candidate_uuid: "ade9fa30b00f471b9222b9636d76a1d4" candidate_term: 1 candidate_status { last_received { term: 0 index: 0 } } ignore_live_leader: false dest_uuid: "885a13898ba64d9a9a982ac13afc72db" is_pre_election: true
I20260709 14:55:42.404336 27420 tablet_service.cc:1917] Received RequestConsensusVote() RPC: tablet_id: "c06df6471ed3446ba5145ef2b391f8c6" candidate_uuid: "80c0c75d3475498b9cd0dc9ce89fc785" candidate_term: 1 candidate_status { last_received { term: 0 index: 0 } } ignore_live_leader: false dest_uuid: "ade9fa30b00f471b9222b9636d76a1d4" is_pre_election: true
I20260709 14:55:42.405939 27311 leader_election.cc:304] T c06df6471ed3446ba5145ef2b391f8c6 P 80c0c75d3475498b9cd0dc9ce89fc785 [CANDIDATE]: Term 1 pre-election: Election decided. Result: candidate lost. Election summary: received 3 responses out of 3 voters: 1 yes votes; 2 no votes. yes voters: 80c0c75d3475498b9cd0dc9ce89fc785; no voters: 885a13898ba64d9a9a982ac13afc72db, ade9fa30b00f471b9222b9636d76a1d4
I20260709 14:55:42.406809 27566 raft_consensus.cc:2749] T c06df6471ed3446ba5145ef2b391f8c6 P 80c0c75d3475498b9cd0dc9ce89fc785 [term 0 FOLLOWER]: Leader pre-election lost for term 1. Reason: could not achieve majority
W20260709 14:55:42.409241 27387 leader_election.cc:343] T 740600874d4a4966abe0030e3741cb6a P ade9fa30b00f471b9222b9636d76a1d4 [CANDIDATE]: Term 1 pre-election: Tablet error from VoteRequest() call to peer 885a13898ba64d9a9a982ac13afc72db (127.25.143.65:36005): Illegal state: must be running to vote when last-logged opid is not known
I20260709 14:55:42.409924 27421 raft_consensus.cc:2468] T 9bd6d6d826b54a11ba70684ddd9498aa P ade9fa30b00f471b9222b9636d76a1d4 [term 1 FOLLOWER]: Leader election vote request: Granting yes vote for candidate 885a13898ba64d9a9a982ac13afc72db in term 1.
I20260709 14:55:42.410908 27236 leader_election.cc:304] T 9bd6d6d826b54a11ba70684ddd9498aa P 885a13898ba64d9a9a982ac13afc72db [CANDIDATE]: Term 1 election: Election decided. Result: candidate won. Election summary: received 3 responses out of 3 voters: 2 yes votes; 1 no votes. yes voters: 885a13898ba64d9a9a982ac13afc72db, ade9fa30b00f471b9222b9636d76a1d4; no voters: 80c0c75d3475498b9cd0dc9ce89fc785
I20260709 14:55:42.402307 27560 leader_election.cc:290] T c06df6471ed3446ba5145ef2b391f8c6 P 80c0c75d3475498b9cd0dc9ce89fc785 [CANDIDATE]: Term 1 pre-election: Requested pre-vote from peers 885a13898ba64d9a9a982ac13afc72db (127.25.143.65:36005), ade9fa30b00f471b9222b9636d76a1d4 (127.25.143.67:39479)
I20260709 14:55:42.411695 27628 raft_consensus.cc:2804] T 9bd6d6d826b54a11ba70684ddd9498aa P 885a13898ba64d9a9a982ac13afc72db [term 1 FOLLOWER]: Leader election won for term 1
I20260709 14:55:42.412176 27628 raft_consensus.cc:697] T 9bd6d6d826b54a11ba70684ddd9498aa P 885a13898ba64d9a9a982ac13afc72db [term 1 LEADER]: Becoming Leader. State: Replica: 885a13898ba64d9a9a982ac13afc72db, State: Running, Role: LEADER
I20260709 14:55:42.412959 27628 consensus_queue.cc:237] T 9bd6d6d826b54a11ba70684ddd9498aa P 885a13898ba64d9a9a982ac13afc72db [LEADER]: Queue going to LEADER mode. State: All replicated index: 0, Majority replicated index: 0, Committed index: 0, Last appended: 0.0, Last appended by leader: 0, Current term: 1, Majority size: 2, State: 0, Mode: LEADER, active raft config: opid_index: -1 OBSOLETE_local: false peers { permanent_uuid: "885a13898ba64d9a9a982ac13afc72db" member_type: VOTER last_known_addr { host: "127.25.143.65" port: 36005 } } peers { permanent_uuid: "80c0c75d3475498b9cd0dc9ce89fc785" member_type: VOTER last_known_addr { host: "127.25.143.66" port: 33211 } } peers { permanent_uuid: "ade9fa30b00f471b9222b9636d76a1d4" member_type: VOTER last_known_addr { host: "127.25.143.67" port: 39479 } }
W20260709 14:55:42.415409 27387 leader_election.cc:343] T e27fd008bc2b48ab82055481bd7dc660 P ade9fa30b00f471b9222b9636d76a1d4 [CANDIDATE]: Term 1 pre-election: Tablet error from VoteRequest() call to peer 80c0c75d3475498b9cd0dc9ce89fc785 (127.25.143.66:33211): Illegal state: must be running to vote when last-logged opid is not known
I20260709 14:55:42.416350 27348 tablet_service.cc:1917] Received RequestConsensusVote() RPC: tablet_id: "740600874d4a4966abe0030e3741cb6a" candidate_uuid: "ade9fa30b00f471b9222b9636d76a1d4" candidate_term: 1 candidate_status { last_received { term: 0 index: 0 } } ignore_live_leader: false dest_uuid: "80c0c75d3475498b9cd0dc9ce89fc785" is_pre_election: true
I20260709 14:55:42.417997 27630 raft_consensus.cc:493] T e3282b1eef304fd4abeed8baec43fdcf P 885a13898ba64d9a9a982ac13afc72db [term 0 FOLLOWER]: Starting pre-election (no leader contacted us within the election timeout)
I20260709 14:55:42.418464 27630 raft_consensus.cc:515] T e3282b1eef304fd4abeed8baec43fdcf P 885a13898ba64d9a9a982ac13afc72db [term 0 FOLLOWER]: Starting pre-election with config: opid_index: -1 OBSOLETE_local: false peers { permanent_uuid: "885a13898ba64d9a9a982ac13afc72db" member_type: VOTER last_known_addr { host: "127.25.143.65" port: 36005 } } peers { permanent_uuid: "80c0c75d3475498b9cd0dc9ce89fc785" member_type: VOTER last_known_addr { host: "127.25.143.66" port: 33211 } } peers { permanent_uuid: "ade9fa30b00f471b9222b9636d76a1d4" member_type: VOTER last_known_addr { host: "127.25.143.67" port: 39479 } }
W20260709 14:55:42.418804 27387 leader_election.cc:343] T 740600874d4a4966abe0030e3741cb6a P ade9fa30b00f471b9222b9636d76a1d4 [CANDIDATE]: Term 1 pre-election: Tablet error from VoteRequest() call to peer 80c0c75d3475498b9cd0dc9ce89fc785 (127.25.143.66:33211): Illegal state: must be running to vote when last-logged opid is not known
I20260709 14:55:42.419196 27387 leader_election.cc:304] T 740600874d4a4966abe0030e3741cb6a P ade9fa30b00f471b9222b9636d76a1d4 [CANDIDATE]: Term 1 pre-election: Election decided. Result: candidate lost. Election summary: received 3 responses out of 3 voters: 1 yes votes; 2 no votes. yes voters: ade9fa30b00f471b9222b9636d76a1d4; no voters: 80c0c75d3475498b9cd0dc9ce89fc785, 885a13898ba64d9a9a982ac13afc72db
I20260709 14:55:42.419818 27652 raft_consensus.cc:2749] T 740600874d4a4966abe0030e3741cb6a P ade9fa30b00f471b9222b9636d76a1d4 [term 0 FOLLOWER]: Leader pre-election lost for term 1. Reason: could not achieve majority
I20260709 14:55:42.420774 27526 raft_consensus.cc:515] T 601ac18dee5d4a4db83e72940a033117 P ade9fa30b00f471b9222b9636d76a1d4 [term 1 FOLLOWER]: Starting leader election with config: opid_index: -1 OBSOLETE_local: false peers { permanent_uuid: "885a13898ba64d9a9a982ac13afc72db" member_type: VOTER last_known_addr { host: "127.25.143.65" port: 36005 } } peers { permanent_uuid: "80c0c75d3475498b9cd0dc9ce89fc785" member_type: VOTER last_known_addr { host: "127.25.143.66" port: 33211 } } peers { permanent_uuid: "ade9fa30b00f471b9222b9636d76a1d4" member_type: VOTER last_known_addr { host: "127.25.143.67" port: 39479 } }
I20260709 14:55:42.421456 27630 leader_election.cc:290] T e3282b1eef304fd4abeed8baec43fdcf P 885a13898ba64d9a9a982ac13afc72db [CANDIDATE]: Term 1 pre-election: Requested pre-vote from peers 80c0c75d3475498b9cd0dc9ce89fc785 (127.25.143.66:33211), ade9fa30b00f471b9222b9636d76a1d4 (127.25.143.67:39479)
I20260709 14:55:42.422492 27462 tablet_bootstrap.cc:654] T a6d8e84f016343fcb3047c8afe8e7299 P 885a13898ba64d9a9a982ac13afc72db: Neither blocks nor log segments found. Creating new log.
I20260709 14:55:42.422900 27526 leader_election.cc:290] T 601ac18dee5d4a4db83e72940a033117 P ade9fa30b00f471b9222b9636d76a1d4 [CANDIDATE]: Term 1 election: Requested vote from peers 885a13898ba64d9a9a982ac13afc72db (127.25.143.65:36005), 80c0c75d3475498b9cd0dc9ce89fc785 (127.25.143.66:33211)
I20260709 14:55:42.423846 27348 tablet_service.cc:1917] Received RequestConsensusVote() RPC: tablet_id: "601ac18dee5d4a4db83e72940a033117" candidate_uuid: "ade9fa30b00f471b9222b9636d76a1d4" candidate_term: 1 candidate_status { last_received { term: 0 index: 0 } } ignore_live_leader: false dest_uuid: "80c0c75d3475498b9cd0dc9ce89fc785"
I20260709 14:55:42.425355 27348 raft_consensus.cc:3060] T c06df6471ed3446ba5145ef2b391f8c6 P 80c0c75d3475498b9cd0dc9ce89fc785 [term 0 FOLLOWER]: Advancing to term 1
I20260709 14:55:42.426584 27346 tablet_service.cc:1917] Received RequestConsensusVote() RPC: tablet_id: "e3282b1eef304fd4abeed8baec43fdcf" candidate_uuid: "885a13898ba64d9a9a982ac13afc72db" candidate_term: 1 candidate_status { last_received { term: 0 index: 0 } } ignore_live_leader: false dest_uuid: "80c0c75d3475498b9cd0dc9ce89fc785" is_pre_election: true
I20260709 14:55:42.426584 27268 tablet_service.cc:1917] Received RequestConsensusVote() RPC: tablet_id: "601ac18dee5d4a4db83e72940a033117" candidate_uuid: "ade9fa30b00f471b9222b9636d76a1d4" candidate_term: 1 candidate_status { last_received { term: 0 index: 0 } } ignore_live_leader: false dest_uuid: "885a13898ba64d9a9a982ac13afc72db"
I20260709 14:55:42.428016 27268 raft_consensus.cc:3060] T 601ac18dee5d4a4db83e72940a033117 P 885a13898ba64d9a9a982ac13afc72db [term 0 FOLLOWER]: Advancing to term 1
I20260709 14:55:42.429049 27421 tablet_service.cc:1917] Received RequestConsensusVote() RPC: tablet_id: "e3282b1eef304fd4abeed8baec43fdcf" candidate_uuid: "885a13898ba64d9a9a982ac13afc72db" candidate_term: 1 candidate_status { last_received { term: 0 index: 0 } } ignore_live_leader: false dest_uuid: "ade9fa30b00f471b9222b9636d76a1d4" is_pre_election: true
W20260709 14:55:42.429715 27238 leader_election.cc:343] T e3282b1eef304fd4abeed8baec43fdcf P 885a13898ba64d9a9a982ac13afc72db [CANDIDATE]: Term 1 pre-election: Tablet error from VoteRequest() call to peer 80c0c75d3475498b9cd0dc9ce89fc785 (127.25.143.66:33211): Illegal state: must be running to vote when last-logged opid is not known
I20260709 14:55:42.429966 27461 tablet_bootstrap.cc:492] T 14dc59204be24d5990c0105e92394b43 P ade9fa30b00f471b9222b9636d76a1d4: No bootstrap required, opened a new log
I20260709 14:55:42.430411 27461 ts_tablet_manager.cc:1403] T 14dc59204be24d5990c0105e92394b43 P ade9fa30b00f471b9222b9636d76a1d4: Time spent bootstrapping tablet: real 0.082s	user 0.004s	sys 0.012s
W20260709 14:55:42.430480 27236 leader_election.cc:343] T e3282b1eef304fd4abeed8baec43fdcf P 885a13898ba64d9a9a982ac13afc72db [CANDIDATE]: Term 1 pre-election: Tablet error from VoteRequest() call to peer ade9fa30b00f471b9222b9636d76a1d4 (127.25.143.67:39479): Illegal state: must be running to vote when last-logged opid is not known
I20260709 14:55:42.430924 27236 leader_election.cc:304] T e3282b1eef304fd4abeed8baec43fdcf P 885a13898ba64d9a9a982ac13afc72db [CANDIDATE]: Term 1 pre-election: Election decided. Result: candidate lost. Election summary: received 3 responses out of 3 voters: 1 yes votes; 2 no votes. yes voters: 885a13898ba64d9a9a982ac13afc72db; no voters: 80c0c75d3475498b9cd0dc9ce89fc785, ade9fa30b00f471b9222b9636d76a1d4
I20260709 14:55:42.431922 27630 raft_consensus.cc:2749] T e3282b1eef304fd4abeed8baec43fdcf P 885a13898ba64d9a9a982ac13afc72db [term 0 FOLLOWER]: Leader pre-election lost for term 1. Reason: could not achieve majority
I20260709 14:55:42.433051 27461 raft_consensus.cc:359] T 14dc59204be24d5990c0105e92394b43 P ade9fa30b00f471b9222b9636d76a1d4 [term 0 FOLLOWER]: Replica starting. Triggering 0 pending ops. Active config: opid_index: -1 OBSOLETE_local: false peers { permanent_uuid: "885a13898ba64d9a9a982ac13afc72db" member_type: VOTER last_known_addr { host: "127.25.143.65" port: 36005 } } peers { permanent_uuid: "80c0c75d3475498b9cd0dc9ce89fc785" member_type: VOTER last_known_addr { host: "127.25.143.66" port: 33211 } } peers { permanent_uuid: "ade9fa30b00f471b9222b9636d76a1d4" member_type: VOTER last_known_addr { host: "127.25.143.67" port: 39479 } }
I20260709 14:55:42.433807 27461 raft_consensus.cc:385] T 14dc59204be24d5990c0105e92394b43 P ade9fa30b00f471b9222b9636d76a1d4 [term 0 FOLLOWER]: Consensus starting up: Expiring failure detector timer to make a prompt election more likely
I20260709 14:55:42.434099 27461 raft_consensus.cc:740] T 14dc59204be24d5990c0105e92394b43 P ade9fa30b00f471b9222b9636d76a1d4 [term 0 FOLLOWER]: Becoming Follower/Learner. State: Replica: ade9fa30b00f471b9222b9636d76a1d4, State: Initialized, Role: FOLLOWER
I20260709 14:55:42.434777 27461 consensus_queue.cc:260] T 14dc59204be24d5990c0105e92394b43 P ade9fa30b00f471b9222b9636d76a1d4 [NON_LEADER]: Queue going to NON_LEADER mode. State: All replicated index: 0, Majority replicated index: 0, Committed index: 0, Last appended: 0.0, Last appended by leader: 0, Current term: 0, Majority size: -1, State: 0, Mode: NON_LEADER, active raft config: opid_index: -1 OBSOLETE_local: false peers { permanent_uuid: "885a13898ba64d9a9a982ac13afc72db" member_type: VOTER last_known_addr { host: "127.25.143.65" port: 36005 } } peers { permanent_uuid: "80c0c75d3475498b9cd0dc9ce89fc785" member_type: VOTER last_known_addr { host: "127.25.143.66" port: 33211 } } peers { permanent_uuid: "ade9fa30b00f471b9222b9636d76a1d4" member_type: VOTER last_known_addr { host: "127.25.143.67" port: 39479 } }
I20260709 14:55:42.436712 27461 ts_tablet_manager.cc:1434] T 14dc59204be24d5990c0105e92394b43 P ade9fa30b00f471b9222b9636d76a1d4: Time spent starting tablet: real 0.006s	user 0.005s	sys 0.000s
I20260709 14:55:42.438949 27461 tablet_bootstrap.cc:492] T d50ca876cdc14718bf241ff6eafe415f P ade9fa30b00f471b9222b9636d76a1d4: Bootstrap starting.
I20260709 14:55:42.406865 27582 raft_consensus.cc:515] T e27fd008bc2b48ab82055481bd7dc660 P ade9fa30b00f471b9222b9636d76a1d4 [term 1 FOLLOWER]: Starting leader election with config: opid_index: -1 OBSOLETE_local: false peers { permanent_uuid: "885a13898ba64d9a9a982ac13afc72db" member_type: VOTER last_known_addr { host: "127.25.143.65" port: 36005 } } peers { permanent_uuid: "80c0c75d3475498b9cd0dc9ce89fc785" member_type: VOTER last_known_addr { host: "127.25.143.66" port: 33211 } } peers { permanent_uuid: "ade9fa30b00f471b9222b9636d76a1d4" member_type: VOTER last_known_addr { host: "127.25.143.67" port: 39479 } }
I20260709 14:55:42.441311 27582 leader_election.cc:290] T e27fd008bc2b48ab82055481bd7dc660 P ade9fa30b00f471b9222b9636d76a1d4 [CANDIDATE]: Term 1 election: Requested vote from peers 885a13898ba64d9a9a982ac13afc72db (127.25.143.65:36005), 80c0c75d3475498b9cd0dc9ce89fc785 (127.25.143.66:33211)
I20260709 14:55:42.441769 27582 raft_consensus.cc:493] T 884425a992a040f1a7afdff2a7f4129a P ade9fa30b00f471b9222b9636d76a1d4 [term 0 FOLLOWER]: Starting pre-election (no leader contacted us within the election timeout)
I20260709 14:55:42.442206 27582 raft_consensus.cc:515] T 884425a992a040f1a7afdff2a7f4129a P ade9fa30b00f471b9222b9636d76a1d4 [term 0 FOLLOWER]: Starting pre-election with config: opid_index: -1 OBSOLETE_local: false peers { permanent_uuid: "885a13898ba64d9a9a982ac13afc72db" member_type: VOTER last_known_addr { host: "127.25.143.65" port: 36005 } } peers { permanent_uuid: "80c0c75d3475498b9cd0dc9ce89fc785" member_type: VOTER last_known_addr { host: "127.25.143.66" port: 33211 } } peers { permanent_uuid: "ade9fa30b00f471b9222b9636d76a1d4" member_type: VOTER last_known_addr { host: "127.25.143.67" port: 39479 } }
I20260709 14:55:42.447500 27462 tablet_bootstrap.cc:492] T a6d8e84f016343fcb3047c8afe8e7299 P 885a13898ba64d9a9a982ac13afc72db: No bootstrap required, opened a new log
I20260709 14:55:42.447957 27462 ts_tablet_manager.cc:1403] T a6d8e84f016343fcb3047c8afe8e7299 P 885a13898ba64d9a9a982ac13afc72db: Time spent bootstrapping tablet: real 0.076s	user 0.009s	sys 0.004s
I20260709 14:55:42.453718 27268 raft_consensus.cc:2468] T 601ac18dee5d4a4db83e72940a033117 P 885a13898ba64d9a9a982ac13afc72db [term 1 FOLLOWER]: Leader election vote request: Granting yes vote for candidate ade9fa30b00f471b9222b9636d76a1d4 in term 1.
I20260709 14:55:42.456701 27462 raft_consensus.cc:359] T a6d8e84f016343fcb3047c8afe8e7299 P 885a13898ba64d9a9a982ac13afc72db [term 0 FOLLOWER]: Replica starting. Triggering 0 pending ops. Active config: opid_index: -1 OBSOLETE_local: false peers { permanent_uuid: "885a13898ba64d9a9a982ac13afc72db" member_type: VOTER last_known_addr { host: "127.25.143.65" port: 36005 } } peers { permanent_uuid: "80c0c75d3475498b9cd0dc9ce89fc785" member_type: VOTER last_known_addr { host: "127.25.143.66" port: 33211 } } peers { permanent_uuid: "ade9fa30b00f471b9222b9636d76a1d4" member_type: VOTER last_known_addr { host: "127.25.143.67" port: 39479 } }
I20260709 14:55:42.457430 27462 raft_consensus.cc:385] T a6d8e84f016343fcb3047c8afe8e7299 P 885a13898ba64d9a9a982ac13afc72db [term 0 FOLLOWER]: Consensus starting up: Expiring failure detector timer to make a prompt election more likely
I20260709 14:55:42.457687 27462 raft_consensus.cc:740] T a6d8e84f016343fcb3047c8afe8e7299 P 885a13898ba64d9a9a982ac13afc72db [term 0 FOLLOWER]: Becoming Follower/Learner. State: Replica: 885a13898ba64d9a9a982ac13afc72db, State: Initialized, Role: FOLLOWER
I20260709 14:55:42.458303 27462 consensus_queue.cc:260] T a6d8e84f016343fcb3047c8afe8e7299 P 885a13898ba64d9a9a982ac13afc72db [NON_LEADER]: Queue going to NON_LEADER mode. State: All replicated index: 0, Majority replicated index: 0, Committed index: 0, Last appended: 0.0, Last appended by leader: 0, Current term: 0, Majority size: -1, State: 0, Mode: NON_LEADER, active raft config: opid_index: -1 OBSOLETE_local: false peers { permanent_uuid: "885a13898ba64d9a9a982ac13afc72db" member_type: VOTER last_known_addr { host: "127.25.143.65" port: 36005 } } peers { permanent_uuid: "80c0c75d3475498b9cd0dc9ce89fc785" member_type: VOTER last_known_addr { host: "127.25.143.66" port: 33211 } } peers { permanent_uuid: "ade9fa30b00f471b9222b9636d76a1d4" member_type: VOTER last_known_addr { host: "127.25.143.67" port: 39479 } }
I20260709 14:55:42.461956 27582 leader_election.cc:290] T 884425a992a040f1a7afdff2a7f4129a P ade9fa30b00f471b9222b9636d76a1d4 [CANDIDATE]: Term 1 pre-election: Requested pre-vote from peers 885a13898ba64d9a9a982ac13afc72db (127.25.143.65:36005), 80c0c75d3475498b9cd0dc9ce89fc785 (127.25.143.66:33211)
I20260709 14:55:42.463788 27461 tablet_bootstrap.cc:654] T d50ca876cdc14718bf241ff6eafe415f P ade9fa30b00f471b9222b9636d76a1d4: Neither blocks nor log segments found. Creating new log.
I20260709 14:55:42.460336 27462 ts_tablet_manager.cc:1434] T a6d8e84f016343fcb3047c8afe8e7299 P 885a13898ba64d9a9a982ac13afc72db: Time spent starting tablet: real 0.012s	user 0.006s	sys 0.000s
I20260709 14:55:42.465404 27462 tablet_bootstrap.cc:492] T 14dc59204be24d5990c0105e92394b43 P 885a13898ba64d9a9a982ac13afc72db: Bootstrap starting.
I20260709 14:55:42.463687 27464 tablet_bootstrap.cc:492] T f46f45298b3f4391a86431d956f866a5 P 80c0c75d3475498b9cd0dc9ce89fc785: No bootstrap required, opened a new log
I20260709 14:55:42.466293 27464 ts_tablet_manager.cc:1403] T f46f45298b3f4391a86431d956f866a5 P 80c0c75d3475498b9cd0dc9ce89fc785: Time spent bootstrapping tablet: real 0.121s	user 0.022s	sys 0.033s
I20260709 14:55:42.468782 27464 raft_consensus.cc:359] T f46f45298b3f4391a86431d956f866a5 P 80c0c75d3475498b9cd0dc9ce89fc785 [term 0 FOLLOWER]: Replica starting. Triggering 0 pending ops. Active config: opid_index: -1 OBSOLETE_local: false peers { permanent_uuid: "885a13898ba64d9a9a982ac13afc72db" member_type: VOTER last_known_addr { host: "127.25.143.65" port: 36005 } } peers { permanent_uuid: "80c0c75d3475498b9cd0dc9ce89fc785" member_type: VOTER last_known_addr { host: "127.25.143.66" port: 33211 } } peers { permanent_uuid: "ade9fa30b00f471b9222b9636d76a1d4" member_type: VOTER last_known_addr { host: "127.25.143.67" port: 39479 } }
I20260709 14:55:42.469400 27464 raft_consensus.cc:385] T f46f45298b3f4391a86431d956f866a5 P 80c0c75d3475498b9cd0dc9ce89fc785 [term 0 FOLLOWER]: Consensus starting up: Expiring failure detector timer to make a prompt election more likely
I20260709 14:55:42.469658 27464 raft_consensus.cc:740] T f46f45298b3f4391a86431d956f866a5 P 80c0c75d3475498b9cd0dc9ce89fc785 [term 0 FOLLOWER]: Becoming Follower/Learner. State: Replica: 80c0c75d3475498b9cd0dc9ce89fc785, State: Initialized, Role: FOLLOWER
I20260709 14:55:42.470323 27464 consensus_queue.cc:260] T f46f45298b3f4391a86431d956f866a5 P 80c0c75d3475498b9cd0dc9ce89fc785 [NON_LEADER]: Queue going to NON_LEADER mode. State: All replicated index: 0, Majority replicated index: 0, Committed index: 0, Last appended: 0.0, Last appended by leader: 0, Current term: 0, Majority size: -1, State: 0, Mode: NON_LEADER, active raft config: opid_index: -1 OBSOLETE_local: false peers { permanent_uuid: "885a13898ba64d9a9a982ac13afc72db" member_type: VOTER last_known_addr { host: "127.25.143.65" port: 36005 } } peers { permanent_uuid: "80c0c75d3475498b9cd0dc9ce89fc785" member_type: VOTER last_known_addr { host: "127.25.143.66" port: 33211 } } peers { permanent_uuid: "ade9fa30b00f471b9222b9636d76a1d4" member_type: VOTER last_known_addr { host: "127.25.143.67" port: 39479 } }
I20260709 14:55:42.475445 27464 ts_tablet_manager.cc:1434] T f46f45298b3f4391a86431d956f866a5 P 80c0c75d3475498b9cd0dc9ce89fc785: Time spent starting tablet: real 0.009s	user 0.006s	sys 0.000s
I20260709 14:55:42.476298 27464 tablet_bootstrap.cc:492] T e27fd008bc2b48ab82055481bd7dc660 P 80c0c75d3475498b9cd0dc9ce89fc785: Bootstrap starting.
I20260709 14:55:42.481320 27462 tablet_bootstrap.cc:654] T 14dc59204be24d5990c0105e92394b43 P 885a13898ba64d9a9a982ac13afc72db: Neither blocks nor log segments found. Creating new log.
I20260709 14:55:42.480629 27169 catalog_manager.cc:5697] T 9bd6d6d826b54a11ba70684ddd9498aa P 885a13898ba64d9a9a982ac13afc72db reported cstate change: term changed from 0 to 1, leader changed from <none> to 885a13898ba64d9a9a982ac13afc72db (127.25.143.65). New cstate: current_term: 1 leader_uuid: "885a13898ba64d9a9a982ac13afc72db" committed_config { opid_index: -1 OBSOLETE_local: false peers { permanent_uuid: "885a13898ba64d9a9a982ac13afc72db" member_type: VOTER last_known_addr { host: "127.25.143.65" port: 36005 } health_report { overall_health: HEALTHY } } peers { permanent_uuid: "80c0c75d3475498b9cd0dc9ce89fc785" member_type: VOTER last_known_addr { host: "127.25.143.66" port: 33211 } health_report { overall_health: UNKNOWN } } peers { permanent_uuid: "ade9fa30b00f471b9222b9636d76a1d4" member_type: VOTER last_known_addr { host: "127.25.143.67" port: 39479 } health_report { overall_health: UNKNOWN } } }
I20260709 14:55:42.485590 27464 tablet_bootstrap.cc:654] T e27fd008bc2b48ab82055481bd7dc660 P 80c0c75d3475498b9cd0dc9ce89fc785: Neither blocks nor log segments found. Creating new log.
W20260709 14:55:42.433058 27387 leader_election.cc:343] T 601ac18dee5d4a4db83e72940a033117 P ade9fa30b00f471b9222b9636d76a1d4 [CANDIDATE]: Term 1 election: Tablet error from VoteRequest() call to peer 80c0c75d3475498b9cd0dc9ce89fc785 (127.25.143.66:33211): Illegal state: must be running to vote when last-logged opid is not known
W20260709 14:55:42.487700 27387 outbound_call.cc:321] RPC callback for RPC call kudu.consensus.ConsensusService.RequestConsensusVote -> {remote=127.25.143.66:33211, user_credentials={real_user=slave}} blocked reactor thread for 54666.6us
I20260709 14:55:42.488989 27271 tablet_service.cc:1917] Received RequestConsensusVote() RPC: tablet_id: "e27fd008bc2b48ab82055481bd7dc660" candidate_uuid: "ade9fa30b00f471b9222b9636d76a1d4" candidate_term: 1 candidate_status { last_received { term: 0 index: 0 } } ignore_live_leader: false dest_uuid: "885a13898ba64d9a9a982ac13afc72db"
I20260709 14:55:42.489568 27271 raft_consensus.cc:3060] T e27fd008bc2b48ab82055481bd7dc660 P 885a13898ba64d9a9a982ac13afc72db [term 0 FOLLOWER]: Advancing to term 1
I20260709 14:55:42.490073 27346 tablet_service.cc:1917] Received RequestConsensusVote() RPC: tablet_id: "e27fd008bc2b48ab82055481bd7dc660" candidate_uuid: "ade9fa30b00f471b9222b9636d76a1d4" candidate_term: 1 candidate_status { last_received { term: 0 index: 0 } } ignore_live_leader: false dest_uuid: "80c0c75d3475498b9cd0dc9ce89fc785"
I20260709 14:55:42.493851 27346 tablet_service.cc:1917] Received RequestConsensusVote() RPC: tablet_id: "884425a992a040f1a7afdff2a7f4129a" candidate_uuid: "ade9fa30b00f471b9222b9636d76a1d4" candidate_term: 1 candidate_status { last_received { term: 0 index: 0 } } ignore_live_leader: false dest_uuid: "80c0c75d3475498b9cd0dc9ce89fc785" is_pre_election: true
I20260709 14:55:42.495854 27271 raft_consensus.cc:2468] T e27fd008bc2b48ab82055481bd7dc660 P 885a13898ba64d9a9a982ac13afc72db [term 1 FOLLOWER]: Leader election vote request: Granting yes vote for candidate ade9fa30b00f471b9222b9636d76a1d4 in term 1.
I20260709 14:55:42.495987 27387 leader_election.cc:304] T 601ac18dee5d4a4db83e72940a033117 P ade9fa30b00f471b9222b9636d76a1d4 [CANDIDATE]: Term 1 election: Election decided. Result: candidate won. Election summary: received 3 responses out of 3 voters: 2 yes votes; 1 no votes. yes voters: 885a13898ba64d9a9a982ac13afc72db, ade9fa30b00f471b9222b9636d76a1d4; no voters: 80c0c75d3475498b9cd0dc9ce89fc785
I20260709 14:55:42.496757 27582 raft_consensus.cc:2804] T 601ac18dee5d4a4db83e72940a033117 P ade9fa30b00f471b9222b9636d76a1d4 [term 1 FOLLOWER]: Leader election won for term 1
I20260709 14:55:42.497231 27582 raft_consensus.cc:697] T 601ac18dee5d4a4db83e72940a033117 P ade9fa30b00f471b9222b9636d76a1d4 [term 1 LEADER]: Becoming Leader. State: Replica: ade9fa30b00f471b9222b9636d76a1d4, State: Running, Role: LEADER
I20260709 14:55:42.497309 27387 leader_election.cc:304] T e27fd008bc2b48ab82055481bd7dc660 P ade9fa30b00f471b9222b9636d76a1d4 [CANDIDATE]: Term 1 election: Election decided. Result: candidate won. Election summary: received 2 responses out of 3 voters: 2 yes votes; 0 no votes. yes voters: 885a13898ba64d9a9a982ac13afc72db, ade9fa30b00f471b9222b9636d76a1d4; no voters: 
I20260709 14:55:42.498040 27582 consensus_queue.cc:237] T 601ac18dee5d4a4db83e72940a033117 P ade9fa30b00f471b9222b9636d76a1d4 [LEADER]: Queue going to LEADER mode. State: All replicated index: 0, Majority replicated index: 0, Committed index: 0, Last appended: 0.0, Last appended by leader: 0, Current term: 1, Majority size: 2, State: 0, Mode: LEADER, active raft config: opid_index: -1 OBSOLETE_local: false peers { permanent_uuid: "885a13898ba64d9a9a982ac13afc72db" member_type: VOTER last_known_addr { host: "127.25.143.65" port: 36005 } } peers { permanent_uuid: "80c0c75d3475498b9cd0dc9ce89fc785" member_type: VOTER last_known_addr { host: "127.25.143.66" port: 33211 } } peers { permanent_uuid: "ade9fa30b00f471b9222b9636d76a1d4" member_type: VOTER last_known_addr { host: "127.25.143.67" port: 39479 } }
I20260709 14:55:42.498644 27462 tablet_bootstrap.cc:492] T 14dc59204be24d5990c0105e92394b43 P 885a13898ba64d9a9a982ac13afc72db: No bootstrap required, opened a new log
I20260709 14:55:42.499183 27462 ts_tablet_manager.cc:1403] T 14dc59204be24d5990c0105e92394b43 P 885a13898ba64d9a9a982ac13afc72db: Time spent bootstrapping tablet: real 0.034s	user 0.012s	sys 0.000s
I20260709 14:55:42.500670 27652 raft_consensus.cc:2804] T e27fd008bc2b48ab82055481bd7dc660 P ade9fa30b00f471b9222b9636d76a1d4 [term 1 FOLLOWER]: Leader election won for term 1
I20260709 14:55:42.501164 27652 raft_consensus.cc:697] T e27fd008bc2b48ab82055481bd7dc660 P ade9fa30b00f471b9222b9636d76a1d4 [term 1 LEADER]: Becoming Leader. State: Replica: ade9fa30b00f471b9222b9636d76a1d4, State: Running, Role: LEADER
