I20260709 14:55:26.521328 26760 leader_election.cc:304] T 12a3dd516d2b486991e832f01c9345f8 P 3c33adf53c904390a24751ec7fda1362 [CANDIDATE]: Term 1 pre-election: Election decided. Result: candidate won. Election summary: received 2 responses out of 3 voters: 2 yes votes; 0 no votes. yes voters: 3c33adf53c904390a24751ec7fda1362, 4d26fdd79d394cdaa0dd9df05f867798; no voters: 
I20260709 14:55:26.522176 26991 raft_consensus.cc:2804] T 12a3dd516d2b486991e832f01c9345f8 P 3c33adf53c904390a24751ec7fda1362 [term 0 FOLLOWER]: Leader pre-election won for term 1
I20260709 14:55:26.522542 26991 raft_consensus.cc:493] T 12a3dd516d2b486991e832f01c9345f8 P 3c33adf53c904390a24751ec7fda1362 [term 0 FOLLOWER]: Starting leader election (no leader contacted us within the election timeout)
I20260709 14:55:26.522866 26991 raft_consensus.cc:3060] T 12a3dd516d2b486991e832f01c9345f8 P 3c33adf53c904390a24751ec7fda1362 [term 0 FOLLOWER]: Advancing to term 1
I20260709 14:55:26.530018 26991 raft_consensus.cc:515] T 12a3dd516d2b486991e832f01c9345f8 P 3c33adf53c904390a24751ec7fda1362 [term 1 FOLLOWER]: Starting leader election with config: opid_index: -1 OBSOLETE_local: false peers { permanent_uuid: "3c33adf53c904390a24751ec7fda1362" member_type: VOTER last_known_addr { host: "127.25.143.65" port: 35659 } } peers { permanent_uuid: "b6b105f7b6a341e2821f11dc52455dec" member_type: VOTER last_known_addr { host: "127.25.143.67" port: 36521 } } peers { permanent_uuid: "4d26fdd79d394cdaa0dd9df05f867798" member_type: VOTER last_known_addr { host: "127.25.143.66" port: 45229 } }
I20260709 14:55:26.533151 26870 tablet_service.cc:1917] Received RequestConsensusVote() RPC: tablet_id: "12a3dd516d2b486991e832f01c9345f8" candidate_uuid: "3c33adf53c904390a24751ec7fda1362" candidate_term: 1 candidate_status { last_received { term: 0 index: 0 } } ignore_live_leader: false dest_uuid: "4d26fdd79d394cdaa0dd9df05f867798"
I20260709 14:55:26.533747 26870 raft_consensus.cc:3060] T 12a3dd516d2b486991e832f01c9345f8 P 4d26fdd79d394cdaa0dd9df05f867798 [term 0 FOLLOWER]: Advancing to term 1
I20260709 14:55:26.536358 26944 tablet_service.cc:1917] Received RequestConsensusVote() RPC: tablet_id: "12a3dd516d2b486991e832f01c9345f8" candidate_uuid: "3c33adf53c904390a24751ec7fda1362" candidate_term: 1 candidate_status { last_received { term: 0 index: 0 } } ignore_live_leader: false dest_uuid: "b6b105f7b6a341e2821f11dc52455dec" is_pre_election: true
I20260709 14:55:26.537889 26944 tablet_service.cc:1917] Received RequestConsensusVote() RPC: tablet_id: "12a3dd516d2b486991e832f01c9345f8" candidate_uuid: "3c33adf53c904390a24751ec7fda1362" candidate_term: 1 candidate_status { last_received { term: 0 index: 0 } } ignore_live_leader: false dest_uuid: "b6b105f7b6a341e2821f11dc52455dec"
W20260709 14:55:26.538985 26758 leader_election.cc:343] T 12a3dd516d2b486991e832f01c9345f8 P 3c33adf53c904390a24751ec7fda1362 [CANDIDATE]: Term 1 pre-election: Tablet error from VoteRequest() call to peer b6b105f7b6a341e2821f11dc52455dec (127.25.143.67:36521): Illegal state: must be running to vote when last-logged opid is not known
W20260709 14:55:26.540185 26758 leader_election.cc:343] T 12a3dd516d2b486991e832f01c9345f8 P 3c33adf53c904390a24751ec7fda1362 [CANDIDATE]: Term 1 election: Tablet error from VoteRequest() call to peer b6b105f7b6a341e2821f11dc52455dec (127.25.143.67:36521): Illegal state: must be running to vote when last-logged opid is not known
I20260709 14:55:26.540483 26870 raft_consensus.cc:2468] T 12a3dd516d2b486991e832f01c9345f8 P 4d26fdd79d394cdaa0dd9df05f867798 [term 1 FOLLOWER]: Leader election vote request: Granting yes vote for candidate 3c33adf53c904390a24751ec7fda1362 in term 1.
I20260709 14:55:26.541704 26760 leader_election.cc:304] T 12a3dd516d2b486991e832f01c9345f8 P 3c33adf53c904390a24751ec7fda1362 [CANDIDATE]: Term 1 election: Election decided. Result: candidate won. Election summary: received 3 responses out of 3 voters: 2 yes votes; 1 no votes. yes voters: 3c33adf53c904390a24751ec7fda1362, 4d26fdd79d394cdaa0dd9df05f867798; no voters: b6b105f7b6a341e2821f11dc52455dec
I20260709 14:55:26.542009 26870 tablet_service.cc:1917] Received RequestConsensusVote() RPC: tablet_id: "df28f6f1c09d45729a8a457f1fbd6b88" candidate_uuid: "b6b105f7b6a341e2821f11dc52455dec" candidate_term: 1 candidate_status { last_received { term: 0 index: 0 } } ignore_live_leader: false dest_uuid: "4d26fdd79d394cdaa0dd9df05f867798" is_pre_election: true
I20260709 14:55:26.542636 26870 raft_consensus.cc:2468] T df28f6f1c09d45729a8a457f1fbd6b88 P 4d26fdd79d394cdaa0dd9df05f867798 [term 0 FOLLOWER]: Leader pre-election vote request: Granting yes vote for candidate b6b105f7b6a341e2821f11dc52455dec in term 0.
I20260709 14:55:26.542711 26989 raft_consensus.cc:2804] T 12a3dd516d2b486991e832f01c9345f8 P 3c33adf53c904390a24751ec7fda1362 [term 1 FOLLOWER]: Leader election won for term 1
I20260709 14:55:26.530756 26993 raft_consensus.cc:515] T df28f6f1c09d45729a8a457f1fbd6b88 P b6b105f7b6a341e2821f11dc52455dec [term 1 FOLLOWER]: Starting leader election with config: opid_index: -1 OBSOLETE_local: false peers { permanent_uuid: "3c33adf53c904390a24751ec7fda1362" member_type: VOTER last_known_addr { host: "127.25.143.65" port: 35659 } } peers { permanent_uuid: "4d26fdd79d394cdaa0dd9df05f867798" member_type: VOTER last_known_addr { host: "127.25.143.66" port: 45229 } } peers { permanent_uuid: "b6b105f7b6a341e2821f11dc52455dec" member_type: VOTER last_known_addr { host: "127.25.143.67" port: 36521 } }
I20260709 14:55:26.544551 26989 raft_consensus.cc:697] T 12a3dd516d2b486991e832f01c9345f8 P 3c33adf53c904390a24751ec7fda1362 [term 1 LEADER]: Becoming Leader. State: Replica: 3c33adf53c904390a24751ec7fda1362, State: Running, Role: LEADER
I20260709 14:55:26.544777 26993 leader_election.cc:290] T df28f6f1c09d45729a8a457f1fbd6b88 P b6b105f7b6a341e2821f11dc52455dec [CANDIDATE]: Term 1 election: Requested vote from peers 3c33adf53c904390a24751ec7fda1362 (127.25.143.65:35659), 4d26fdd79d394cdaa0dd9df05f867798 (127.25.143.66:45229)
I20260709 14:55:26.545298 26993 raft_consensus.cc:493] T 5e21559700cf443e831f43466a27354a P b6b105f7b6a341e2821f11dc52455dec [term 0 FOLLOWER]: Starting pre-election (no leader contacted us within the election timeout)
I20260709 14:55:26.545498 26795 tablet_service.cc:1917] Received RequestConsensusVote() RPC: tablet_id: "df28f6f1c09d45729a8a457f1fbd6b88" candidate_uuid: "b6b105f7b6a341e2821f11dc52455dec" candidate_term: 1 candidate_status { last_received { term: 0 index: 0 } } ignore_live_leader: false dest_uuid: "3c33adf53c904390a24751ec7fda1362"
I20260709 14:55:26.545420 26989 consensus_queue.cc:237] T 12a3dd516d2b486991e832f01c9345f8 P 3c33adf53c904390a24751ec7fda1362 [LEADER]: Queue going to LEADER mode. State: All replicated index: 0, Majority replicated index: 0, Committed index: 0, Last appended: 0.0, Last appended by leader: 0, Current term: 1, Majority size: 2, State: 0, Mode: LEADER, active raft config: opid_index: -1 OBSOLETE_local: false peers { permanent_uuid: "3c33adf53c904390a24751ec7fda1362" member_type: VOTER last_known_addr { host: "127.25.143.65" port: 35659 } } peers { permanent_uuid: "b6b105f7b6a341e2821f11dc52455dec" member_type: VOTER last_known_addr { host: "127.25.143.67" port: 36521 } } peers { permanent_uuid: "4d26fdd79d394cdaa0dd9df05f867798" member_type: VOTER last_known_addr { host: "127.25.143.66" port: 45229 } }
I20260709 14:55:26.546099 26795 raft_consensus.cc:3060] T df28f6f1c09d45729a8a457f1fbd6b88 P 3c33adf53c904390a24751ec7fda1362 [term 0 FOLLOWER]: Advancing to term 1
I20260709 14:55:26.545874 26993 raft_consensus.cc:515] T 5e21559700cf443e831f43466a27354a P b6b105f7b6a341e2821f11dc52455dec [term 0 FOLLOWER]: Starting pre-election with config: opid_index: -1 OBSOLETE_local: false peers { permanent_uuid: "3c33adf53c904390a24751ec7fda1362" member_type: VOTER last_known_addr { host: "127.25.143.65" port: 35659 } } peers { permanent_uuid: "4d26fdd79d394cdaa0dd9df05f867798" member_type: VOTER last_known_addr { host: "127.25.143.66" port: 45229 } } peers { permanent_uuid: "b6b105f7b6a341e2821f11dc52455dec" member_type: VOTER last_known_addr { host: "127.25.143.67" port: 36521 } }
I20260709 14:55:26.546609 26995 raft_consensus.cc:493] T 5e21559700cf443e831f43466a27354a P 4d26fdd79d394cdaa0dd9df05f867798 [term 0 FOLLOWER]: Starting pre-election (no leader contacted us within the election timeout)
I20260709 14:55:26.547078 26995 raft_consensus.cc:515] T 5e21559700cf443e831f43466a27354a P 4d26fdd79d394cdaa0dd9df05f867798 [term 0 FOLLOWER]: Starting pre-election with config: opid_index: -1 OBSOLETE_local: false peers { permanent_uuid: "3c33adf53c904390a24751ec7fda1362" member_type: VOTER last_known_addr { host: "127.25.143.65" port: 35659 } } peers { permanent_uuid: "4d26fdd79d394cdaa0dd9df05f867798" member_type: VOTER last_known_addr { host: "127.25.143.66" port: 45229 } } peers { permanent_uuid: "b6b105f7b6a341e2821f11dc52455dec" member_type: VOTER last_known_addr { host: "127.25.143.67" port: 36521 } }
I20260709 14:55:26.550737 26794 tablet_service.cc:1917] Received RequestConsensusVote() RPC: tablet_id: "5e21559700cf443e831f43466a27354a" candidate_uuid: "b6b105f7b6a341e2821f11dc52455dec" candidate_term: 1 candidate_status { last_received { term: 0 index: 0 } } ignore_live_leader: false dest_uuid: "3c33adf53c904390a24751ec7fda1362" is_pre_election: true
I20260709 14:55:26.551367 26794 raft_consensus.cc:2468] T 5e21559700cf443e831f43466a27354a P 3c33adf53c904390a24751ec7fda1362 [term 0 FOLLOWER]: Leader pre-election vote request: Granting yes vote for candidate b6b105f7b6a341e2821f11dc52455dec in term 0.
I20260709 14:55:26.552222 26995 leader_election.cc:290] T 5e21559700cf443e831f43466a27354a P 4d26fdd79d394cdaa0dd9df05f867798 [CANDIDATE]: Term 1 pre-election: Requested pre-vote from peers 3c33adf53c904390a24751ec7fda1362 (127.25.143.65:35659), b6b105f7b6a341e2821f11dc52455dec (127.25.143.67:36521)
I20260709 14:55:26.552498 26907 leader_election.cc:304] T 5e21559700cf443e831f43466a27354a P b6b105f7b6a341e2821f11dc52455dec [CANDIDATE]: Term 1 pre-election: Election decided. Result: candidate won. Election summary: received 2 responses out of 3 voters: 2 yes votes; 0 no votes. yes voters: 3c33adf53c904390a24751ec7fda1362, b6b105f7b6a341e2821f11dc52455dec; no voters: 
I20260709 14:55:26.553740 26870 tablet_service.cc:1917] Received RequestConsensusVote() RPC: tablet_id: "df28f6f1c09d45729a8a457f1fbd6b88" candidate_uuid: "b6b105f7b6a341e2821f11dc52455dec" candidate_term: 1 candidate_status { last_received { term: 0 index: 0 } } ignore_live_leader: false dest_uuid: "4d26fdd79d394cdaa0dd9df05f867798"
I20260709 14:55:26.553952 26993 leader_election.cc:290] T 5e21559700cf443e831f43466a27354a P b6b105f7b6a341e2821f11dc52455dec [CANDIDATE]: Term 1 pre-election: Requested pre-vote from peers 3c33adf53c904390a24751ec7fda1362 (127.25.143.65:35659), 4d26fdd79d394cdaa0dd9df05f867798 (127.25.143.66:45229)
I20260709 14:55:26.554314 26870 raft_consensus.cc:3060] T df28f6f1c09d45729a8a457f1fbd6b88 P 4d26fdd79d394cdaa0dd9df05f867798 [term 0 FOLLOWER]: Advancing to term 1
I20260709 14:55:26.554446 26993 raft_consensus.cc:2804] T 5e21559700cf443e831f43466a27354a P b6b105f7b6a341e2821f11dc52455dec [term 0 FOLLOWER]: Leader pre-election won for term 1
I20260709 14:55:26.554829 26993 raft_consensus.cc:493] T 5e21559700cf443e831f43466a27354a P b6b105f7b6a341e2821f11dc52455dec [term 0 FOLLOWER]: Starting leader election (no leader contacted us within the election timeout)
I20260709 14:55:26.555181 26993 raft_consensus.cc:3060] T 5e21559700cf443e831f43466a27354a P b6b105f7b6a341e2821f11dc52455dec [term 0 FOLLOWER]: Advancing to term 1
I20260709 14:55:26.557037 26869 tablet_service.cc:1917] Received RequestConsensusVote() RPC: tablet_id: "5e21559700cf443e831f43466a27354a" candidate_uuid: "b6b105f7b6a341e2821f11dc52455dec" candidate_term: 1 candidate_status { last_received { term: 0 index: 0 } } ignore_live_leader: false dest_uuid: "4d26fdd79d394cdaa0dd9df05f867798" is_pre_election: true
I20260709 14:55:26.557700 26869 raft_consensus.cc:2468] T 5e21559700cf443e831f43466a27354a P 4d26fdd79d394cdaa0dd9df05f867798 [term 0 FOLLOWER]: Leader pre-election vote request: Granting yes vote for candidate b6b105f7b6a341e2821f11dc52455dec in term 0.
I20260709 14:55:26.561898 26987 tablet_bootstrap.cc:492] T 7af8c7476ee44fe992a75a3834b6f262 P 4d26fdd79d394cdaa0dd9df05f867798: No bootstrap required, opened a new log
I20260709 14:55:26.562364 26987 ts_tablet_manager.cc:1403] T 7af8c7476ee44fe992a75a3834b6f262 P 4d26fdd79d394cdaa0dd9df05f867798: Time spent bootstrapping tablet: real 0.117s	user 0.047s	sys 0.044s
I20260709 14:55:26.562433 26870 raft_consensus.cc:2468] T df28f6f1c09d45729a8a457f1fbd6b88 P 4d26fdd79d394cdaa0dd9df05f867798 [term 1 FOLLOWER]: Leader election vote request: Granting yes vote for candidate b6b105f7b6a341e2821f11dc52455dec in term 1.
I20260709 14:55:26.552572 26795 raft_consensus.cc:2468] T df28f6f1c09d45729a8a457f1fbd6b88 P 3c33adf53c904390a24751ec7fda1362 [term 1 FOLLOWER]: Leader election vote request: Granting yes vote for candidate b6b105f7b6a341e2821f11dc52455dec in term 1.
I20260709 14:55:26.564410 26907 leader_election.cc:304] T df28f6f1c09d45729a8a457f1fbd6b88 P b6b105f7b6a341e2821f11dc52455dec [CANDIDATE]: Term 1 election: Election decided. Result: candidate won. Election summary: received 2 responses out of 3 voters: 2 yes votes; 0 no votes. yes voters: 3c33adf53c904390a24751ec7fda1362, b6b105f7b6a341e2821f11dc52455dec; no voters: 
I20260709 14:55:26.565327 27004 raft_consensus.cc:2804] T df28f6f1c09d45729a8a457f1fbd6b88 P b6b105f7b6a341e2821f11dc52455dec [term 1 FOLLOWER]: Leader election won for term 1
I20260709 14:55:26.565286 26987 raft_consensus.cc:359] T 7af8c7476ee44fe992a75a3834b6f262 P 4d26fdd79d394cdaa0dd9df05f867798 [term 0 FOLLOWER]: Replica starting. Triggering 0 pending ops. Active config: opid_index: -1 OBSOLETE_local: false peers { permanent_uuid: "3c33adf53c904390a24751ec7fda1362" member_type: VOTER last_known_addr { host: "127.25.143.65" port: 35659 } } peers { permanent_uuid: "4d26fdd79d394cdaa0dd9df05f867798" member_type: VOTER last_known_addr { host: "127.25.143.66" port: 45229 } } peers { permanent_uuid: "b6b105f7b6a341e2821f11dc52455dec" member_type: VOTER last_known_addr { host: "127.25.143.67" port: 36521 } }
I20260709 14:55:26.566025 26987 raft_consensus.cc:385] T 7af8c7476ee44fe992a75a3834b6f262 P 4d26fdd79d394cdaa0dd9df05f867798 [term 0 FOLLOWER]: Consensus starting up: Expiring failure detector timer to make a prompt election more likely
I20260709 14:55:26.566332 26987 raft_consensus.cc:740] T 7af8c7476ee44fe992a75a3834b6f262 P 4d26fdd79d394cdaa0dd9df05f867798 [term 0 FOLLOWER]: Becoming Follower/Learner. State: Replica: 4d26fdd79d394cdaa0dd9df05f867798, State: Initialized, Role: FOLLOWER
I20260709 14:55:26.569058 26986 ts_tablet_manager.cc:1434] T 5e21559700cf443e831f43466a27354a P b6b105f7b6a341e2821f11dc52455dec: Time spent starting tablet: real 0.131s	user 0.033s	sys 0.041s
I20260709 14:55:26.570089 26986 tablet_bootstrap.cc:492] T 12a3dd516d2b486991e832f01c9345f8 P b6b105f7b6a341e2821f11dc52455dec: Bootstrap starting.
I20260709 14:55:26.570793 27004 raft_consensus.cc:697] T df28f6f1c09d45729a8a457f1fbd6b88 P b6b105f7b6a341e2821f11dc52455dec [term 1 LEADER]: Becoming Leader. State: Replica: b6b105f7b6a341e2821f11dc52455dec, State: Running, Role: LEADER
I20260709 14:55:26.570518 26693 catalog_manager.cc:5697] T 12a3dd516d2b486991e832f01c9345f8 P 3c33adf53c904390a24751ec7fda1362 reported cstate change: term changed from 0 to 1, leader changed from <none> to 3c33adf53c904390a24751ec7fda1362 (127.25.143.65). New cstate: current_term: 1 leader_uuid: "3c33adf53c904390a24751ec7fda1362" committed_config { opid_index: -1 OBSOLETE_local: false peers { permanent_uuid: "3c33adf53c904390a24751ec7fda1362" member_type: VOTER last_known_addr { host: "127.25.143.65" port: 35659 } health_report { overall_health: HEALTHY } } peers { permanent_uuid: "b6b105f7b6a341e2821f11dc52455dec" member_type: VOTER last_known_addr { host: "127.25.143.67" port: 36521 } health_report { overall_health: UNKNOWN } } peers { permanent_uuid: "4d26fdd79d394cdaa0dd9df05f867798" member_type: VOTER last_known_addr { host: "127.25.143.66" port: 45229 } health_report { overall_health: UNKNOWN } } }
I20260709 14:55:26.541230 26991 leader_election.cc:290] T 12a3dd516d2b486991e832f01c9345f8 P 3c33adf53c904390a24751ec7fda1362 [CANDIDATE]: Term 1 election: Requested vote from peers b6b105f7b6a341e2821f11dc52455dec (127.25.143.67:36521), 4d26fdd79d394cdaa0dd9df05f867798 (127.25.143.66:45229)
I20260709 14:55:26.571648 27004 consensus_queue.cc:237] T df28f6f1c09d45729a8a457f1fbd6b88 P b6b105f7b6a341e2821f11dc52455dec [LEADER]: Queue going to LEADER mode. State: All replicated index: 0, Majority replicated index: 0, Committed index: 0, Last appended: 0.0, Last appended by leader: 0, Current term: 1, Majority size: 2, State: 0, Mode: LEADER, active raft config: opid_index: -1 OBSOLETE_local: false peers { permanent_uuid: "3c33adf53c904390a24751ec7fda1362" member_type: VOTER last_known_addr { host: "127.25.143.65" port: 35659 } } peers { permanent_uuid: "4d26fdd79d394cdaa0dd9df05f867798" member_type: VOTER last_known_addr { host: "127.25.143.66" port: 45229 } } peers { permanent_uuid: "b6b105f7b6a341e2821f11dc52455dec" member_type: VOTER last_known_addr { host: "127.25.143.67" port: 36521 } }
I20260709 14:55:26.572780 26993 raft_consensus.cc:515] T 5e21559700cf443e831f43466a27354a P b6b105f7b6a341e2821f11dc52455dec [term 1 FOLLOWER]: Starting leader election with config: opid_index: -1 OBSOLETE_local: false peers { permanent_uuid: "3c33adf53c904390a24751ec7fda1362" member_type: VOTER last_known_addr { host: "127.25.143.65" port: 35659 } } peers { permanent_uuid: "4d26fdd79d394cdaa0dd9df05f867798" member_type: VOTER last_known_addr { host: "127.25.143.66" port: 45229 } } peers { permanent_uuid: "b6b105f7b6a341e2821f11dc52455dec" member_type: VOTER last_known_addr { host: "127.25.143.67" port: 36521 } }
I20260709 14:55:26.567011 26987 consensus_queue.cc:260] T 7af8c7476ee44fe992a75a3834b6f262 P 4d26fdd79d394cdaa0dd9df05f867798 [NON_LEADER]: Queue going to NON_LEADER mode. State: All replicated index: 0, Majority replicated index: 0, Committed index: 0, Last appended: 0.0, Last appended by leader: 0, Current term: 0, Majority size: -1, State: 0, Mode: NON_LEADER, active raft config: opid_index: -1 OBSOLETE_local: false peers { permanent_uuid: "3c33adf53c904390a24751ec7fda1362" member_type: VOTER last_known_addr { host: "127.25.143.65" port: 35659 } } peers { permanent_uuid: "4d26fdd79d394cdaa0dd9df05f867798" member_type: VOTER last_known_addr { host: "127.25.143.66" port: 45229 } } peers { permanent_uuid: "b6b105f7b6a341e2821f11dc52455dec" member_type: VOTER last_known_addr { host: "127.25.143.67" port: 36521 } }
I20260709 14:55:26.577020 26991 raft_consensus.cc:493] T 7af8c7476ee44fe992a75a3834b6f262 P 3c33adf53c904390a24751ec7fda1362 [term 0 FOLLOWER]: Starting pre-election (no leader contacted us within the election timeout)
I20260709 14:55:26.577481 26991 raft_consensus.cc:515] T 7af8c7476ee44fe992a75a3834b6f262 P 3c33adf53c904390a24751ec7fda1362 [term 0 FOLLOWER]: Starting pre-election with config: opid_index: -1 OBSOLETE_local: false peers { permanent_uuid: "3c33adf53c904390a24751ec7fda1362" member_type: VOTER last_known_addr { host: "127.25.143.65" port: 35659 } } peers { permanent_uuid: "4d26fdd79d394cdaa0dd9df05f867798" member_type: VOTER last_known_addr { host: "127.25.143.66" port: 45229 } } peers { permanent_uuid: "b6b105f7b6a341e2821f11dc52455dec" member_type: VOTER last_known_addr { host: "127.25.143.67" port: 36521 } }
I20260709 14:55:26.580433 26987 ts_tablet_manager.cc:1434] T 7af8c7476ee44fe992a75a3834b6f262 P 4d26fdd79d394cdaa0dd9df05f867798: Time spent starting tablet: real 0.018s	user 0.004s	sys 0.004s
I20260709 14:55:26.580603 26869 tablet_service.cc:1917] Received RequestConsensusVote() RPC: tablet_id: "7af8c7476ee44fe992a75a3834b6f262" candidate_uuid: "3c33adf53c904390a24751ec7fda1362" candidate_term: 1 candidate_status { last_received { term: 0 index: 0 } } ignore_live_leader: false dest_uuid: "4d26fdd79d394cdaa0dd9df05f867798" is_pre_election: true
I20260709 14:55:26.581338 26869 raft_consensus.cc:2468] T 7af8c7476ee44fe992a75a3834b6f262 P 4d26fdd79d394cdaa0dd9df05f867798 [term 0 FOLLOWER]: Leader pre-election vote request: Granting yes vote for candidate 3c33adf53c904390a24751ec7fda1362 in term 0.
I20260709 14:55:26.581507 26993 leader_election.cc:290] T 5e21559700cf443e831f43466a27354a P b6b105f7b6a341e2821f11dc52455dec [CANDIDATE]: Term 1 election: Requested vote from peers 3c33adf53c904390a24751ec7fda1362 (127.25.143.65:35659), 4d26fdd79d394cdaa0dd9df05f867798 (127.25.143.66:45229)
I20260709 14:55:26.581363 26987 tablet_bootstrap.cc:492] T 98a50425d3ac49dbbf3990d8f450e23b P 4d26fdd79d394cdaa0dd9df05f867798: Bootstrap starting.
I20260709 14:55:26.582587 26760 leader_election.cc:304] T 7af8c7476ee44fe992a75a3834b6f262 P 3c33adf53c904390a24751ec7fda1362 [CANDIDATE]: Term 1 pre-election: Election decided. Result: candidate won. Election summary: received 2 responses out of 3 voters: 2 yes votes; 0 no votes. yes voters: 3c33adf53c904390a24751ec7fda1362, 4d26fdd79d394cdaa0dd9df05f867798; no voters: 
I20260709 14:55:26.583455 26989 raft_consensus.cc:2804] T 7af8c7476ee44fe992a75a3834b6f262 P 3c33adf53c904390a24751ec7fda1362 [term 0 FOLLOWER]: Leader pre-election won for term 1
I20260709 14:55:26.583806 26989 raft_consensus.cc:493] T 7af8c7476ee44fe992a75a3834b6f262 P 3c33adf53c904390a24751ec7fda1362 [term 0 FOLLOWER]: Starting leader election (no leader contacted us within the election timeout)
I20260709 14:55:26.584124 26989 raft_consensus.cc:3060] T 7af8c7476ee44fe992a75a3834b6f262 P 3c33adf53c904390a24751ec7fda1362 [term 0 FOLLOWER]: Advancing to term 1
I20260709 14:55:26.588316 26987 tablet_bootstrap.cc:654] T 98a50425d3ac49dbbf3990d8f450e23b P 4d26fdd79d394cdaa0dd9df05f867798: Neither blocks nor log segments found. Creating new log.
I20260709 14:55:26.589275 26795 tablet_service.cc:1917] Received RequestConsensusVote() RPC: tablet_id: "5e21559700cf443e831f43466a27354a" candidate_uuid: "b6b105f7b6a341e2821f11dc52455dec" candidate_term: 1 candidate_status { last_received { term: 0 index: 0 } } ignore_live_leader: false dest_uuid: "3c33adf53c904390a24751ec7fda1362"
I20260709 14:55:26.589849 26795 raft_consensus.cc:3060] T 5e21559700cf443e831f43466a27354a P 3c33adf53c904390a24751ec7fda1362 [term 0 FOLLOWER]: Advancing to term 1
I20260709 14:55:26.591657 26989 raft_consensus.cc:515] T 7af8c7476ee44fe992a75a3834b6f262 P 3c33adf53c904390a24751ec7fda1362 [term 1 FOLLOWER]: Starting leader election with config: opid_index: -1 OBSOLETE_local: false peers { permanent_uuid: "3c33adf53c904390a24751ec7fda1362" member_type: VOTER last_known_addr { host: "127.25.143.65" port: 35659 } } peers { permanent_uuid: "4d26fdd79d394cdaa0dd9df05f867798" member_type: VOTER last_known_addr { host: "127.25.143.66" port: 45229 } } peers { permanent_uuid: "b6b105f7b6a341e2821f11dc52455dec" member_type: VOTER last_known_addr { host: "127.25.143.67" port: 36521 } }
I20260709 14:55:26.594442 26869 tablet_service.cc:1917] Received RequestConsensusVote() RPC: tablet_id: "7af8c7476ee44fe992a75a3834b6f262" candidate_uuid: "3c33adf53c904390a24751ec7fda1362" candidate_term: 1 candidate_status { last_received { term: 0 index: 0 } } ignore_live_leader: false dest_uuid: "4d26fdd79d394cdaa0dd9df05f867798"
I20260709 14:55:26.594995 26869 raft_consensus.cc:3060] T 7af8c7476ee44fe992a75a3834b6f262 P 4d26fdd79d394cdaa0dd9df05f867798 [term 0 FOLLOWER]: Advancing to term 1
I20260709 14:55:26.599663 26987 tablet_bootstrap.cc:492] T 98a50425d3ac49dbbf3990d8f450e23b P 4d26fdd79d394cdaa0dd9df05f867798: No bootstrap required, opened a new log
I20260709 14:55:26.600108 26987 ts_tablet_manager.cc:1403] T 98a50425d3ac49dbbf3990d8f450e23b P 4d26fdd79d394cdaa0dd9df05f867798: Time spent bootstrapping tablet: real 0.019s	user 0.013s	sys 0.004s
I20260709 14:55:26.600888 26795 raft_consensus.cc:2468] T 5e21559700cf443e831f43466a27354a P 3c33adf53c904390a24751ec7fda1362 [term 1 FOLLOWER]: Leader election vote request: Granting yes vote for candidate b6b105f7b6a341e2821f11dc52455dec in term 1.
I20260709 14:55:26.601781 26869 raft_consensus.cc:2468] T 7af8c7476ee44fe992a75a3834b6f262 P 4d26fdd79d394cdaa0dd9df05f867798 [term 1 FOLLOWER]: Leader election vote request: Granting yes vote for candidate 3c33adf53c904390a24751ec7fda1362 in term 1.
I20260709 14:55:26.601974 26907 leader_election.cc:304] T 5e21559700cf443e831f43466a27354a P b6b105f7b6a341e2821f11dc52455dec [CANDIDATE]: Term 1 election: Election decided. Result: candidate won. Election summary: received 2 responses out of 3 voters: 2 yes votes; 0 no votes. yes voters: 3c33adf53c904390a24751ec7fda1362, b6b105f7b6a341e2821f11dc52455dec; no voters: 
I20260709 14:55:26.602720 26993 raft_consensus.cc:2804] T 5e21559700cf443e831f43466a27354a P b6b105f7b6a341e2821f11dc52455dec [term 1 FOLLOWER]: Leader election won for term 1
I20260709 14:55:26.602941 26760 leader_election.cc:304] T 7af8c7476ee44fe992a75a3834b6f262 P 3c33adf53c904390a24751ec7fda1362 [CANDIDATE]: Term 1 election: Election decided. Result: candidate won. Election summary: received 2 responses out of 3 voters: 2 yes votes; 0 no votes. yes voters: 3c33adf53c904390a24751ec7fda1362, 4d26fdd79d394cdaa0dd9df05f867798; no voters: 
I20260709 14:55:26.603200 26993 raft_consensus.cc:697] T 5e21559700cf443e831f43466a27354a P b6b105f7b6a341e2821f11dc52455dec [term 1 LEADER]: Becoming Leader. State: Replica: b6b105f7b6a341e2821f11dc52455dec, State: Running, Role: LEADER
I20260709 14:55:26.603873 27010 raft_consensus.cc:2804] T 7af8c7476ee44fe992a75a3834b6f262 P 3c33adf53c904390a24751ec7fda1362 [term 1 FOLLOWER]: Leader election won for term 1
I20260709 14:55:26.603991 26993 consensus_queue.cc:237] T 5e21559700cf443e831f43466a27354a P b6b105f7b6a341e2821f11dc52455dec [LEADER]: Queue going to LEADER mode. State: All replicated index: 0, Majority replicated index: 0, Committed index: 0, Last appended: 0.0, Last appended by leader: 0, Current term: 1, Majority size: 2, State: 0, Mode: LEADER, active raft config: opid_index: -1 OBSOLETE_local: false peers { permanent_uuid: "3c33adf53c904390a24751ec7fda1362" member_type: VOTER last_known_addr { host: "127.25.143.65" port: 35659 } } peers { permanent_uuid: "4d26fdd79d394cdaa0dd9df05f867798" member_type: VOTER last_known_addr { host: "127.25.143.66" port: 45229 } } peers { permanent_uuid: "b6b105f7b6a341e2821f11dc52455dec" member_type: VOTER last_known_addr { host: "127.25.143.67" port: 36521 } }
I20260709 14:55:26.604897 26870 tablet_service.cc:1917] Received RequestConsensusVote() RPC: tablet_id: "5e21559700cf443e831f43466a27354a" candidate_uuid: "b6b105f7b6a341e2821f11dc52455dec" candidate_term: 1 candidate_status { last_received { term: 0 index: 0 } } ignore_live_leader: false dest_uuid: "4d26fdd79d394cdaa0dd9df05f867798"
I20260709 14:55:26.605430 26870 raft_consensus.cc:3060] T 5e21559700cf443e831f43466a27354a P 4d26fdd79d394cdaa0dd9df05f867798 [term 0 FOLLOWER]: Advancing to term 1
I20260709 14:55:26.609519 26987 raft_consensus.cc:359] T 98a50425d3ac49dbbf3990d8f450e23b P 4d26fdd79d394cdaa0dd9df05f867798 [term 0 FOLLOWER]: Replica starting. Triggering 0 pending ops. Active config: opid_index: -1 OBSOLETE_local: false peers { permanent_uuid: "3c33adf53c904390a24751ec7fda1362" member_type: VOTER last_known_addr { host: "127.25.143.65" port: 35659 } } peers { permanent_uuid: "4d26fdd79d394cdaa0dd9df05f867798" member_type: VOTER last_known_addr { host: "127.25.143.66" port: 45229 } } peers { permanent_uuid: "b6b105f7b6a341e2821f11dc52455dec" member_type: VOTER last_known_addr { host: "127.25.143.67" port: 36521 } }
I20260709 14:55:26.610220 26987 raft_consensus.cc:385] T 98a50425d3ac49dbbf3990d8f450e23b P 4d26fdd79d394cdaa0dd9df05f867798 [term 0 FOLLOWER]: Consensus starting up: Expiring failure detector timer to make a prompt election more likely
I20260709 14:55:26.610508 26987 raft_consensus.cc:740] T 98a50425d3ac49dbbf3990d8f450e23b P 4d26fdd79d394cdaa0dd9df05f867798 [term 0 FOLLOWER]: Becoming Follower/Learner. State: Replica: 4d26fdd79d394cdaa0dd9df05f867798, State: Initialized, Role: FOLLOWER
I20260709 14:55:26.611249 26987 consensus_queue.cc:260] T 98a50425d3ac49dbbf3990d8f450e23b P 4d26fdd79d394cdaa0dd9df05f867798 [NON_LEADER]: Queue going to NON_LEADER mode. State: All replicated index: 0, Majority replicated index: 0, Committed index: 0, Last appended: 0.0, Last appended by leader: 0, Current term: 0, Majority size: -1, State: 0, Mode: NON_LEADER, active raft config: opid_index: -1 OBSOLETE_local: false peers { permanent_uuid: "3c33adf53c904390a24751ec7fda1362" member_type: VOTER last_known_addr { host: "127.25.143.65" port: 35659 } } peers { permanent_uuid: "4d26fdd79d394cdaa0dd9df05f867798" member_type: VOTER last_known_addr { host: "127.25.143.66" port: 45229 } } peers { permanent_uuid: "b6b105f7b6a341e2821f11dc52455dec" member_type: VOTER last_known_addr { host: "127.25.143.67" port: 36521 } }
I20260709 14:55:26.613415 27010 raft_consensus.cc:697] T 7af8c7476ee44fe992a75a3834b6f262 P 3c33adf53c904390a24751ec7fda1362 [term 1 LEADER]: Becoming Leader. State: Replica: 3c33adf53c904390a24751ec7fda1362, State: Running, Role: LEADER
I20260709 14:55:26.614270 27010 consensus_queue.cc:237] T 7af8c7476ee44fe992a75a3834b6f262 P 3c33adf53c904390a24751ec7fda1362 [LEADER]: Queue going to LEADER mode. State: All replicated index: 0, Majority replicated index: 0, Committed index: 0, Last appended: 0.0, Last appended by leader: 0, Current term: 1, Majority size: 2, State: 0, Mode: LEADER, active raft config: opid_index: -1 OBSOLETE_local: false peers { permanent_uuid: "3c33adf53c904390a24751ec7fda1362" member_type: VOTER last_known_addr { host: "127.25.143.65" port: 35659 } } peers { permanent_uuid: "4d26fdd79d394cdaa0dd9df05f867798" member_type: VOTER last_known_addr { host: "127.25.143.66" port: 45229 } } peers { permanent_uuid: "b6b105f7b6a341e2821f11dc52455dec" member_type: VOTER last_known_addr { host: "127.25.143.67" port: 36521 } }
I20260709 14:55:26.617275 26987 ts_tablet_manager.cc:1434] T 98a50425d3ac49dbbf3990d8f450e23b P 4d26fdd79d394cdaa0dd9df05f867798: Time spent starting tablet: real 0.017s	user 0.007s	sys 0.000s
I20260709 14:55:26.618217 26987 tablet_bootstrap.cc:492] T 96434835c25c47e195a8342814bae2ec P 4d26fdd79d394cdaa0dd9df05f867798: Bootstrap starting.
I20260709 14:55:26.621065 26944 tablet_service.cc:1917] Received RequestConsensusVote() RPC: tablet_id: "7af8c7476ee44fe992a75a3834b6f262" candidate_uuid: "3c33adf53c904390a24751ec7fda1362" candidate_term: 1 candidate_status { last_received { term: 0 index: 0 } } ignore_live_leader: false dest_uuid: "b6b105f7b6a341e2821f11dc52455dec" is_pre_election: true
W20260709 14:55:26.622552 26758 leader_election.cc:343] T 7af8c7476ee44fe992a75a3834b6f262 P 3c33adf53c904390a24751ec7fda1362 [CANDIDATE]: Term 1 pre-election: Tablet error from VoteRequest() call to peer b6b105f7b6a341e2821f11dc52455dec (127.25.143.67:36521): Illegal state: must be running to vote when last-logged opid is not known
I20260709 14:55:26.624738 26991 leader_election.cc:290] T 7af8c7476ee44fe992a75a3834b6f262 P 3c33adf53c904390a24751ec7fda1362 [CANDIDATE]: Term 1 pre-election: Requested pre-vote from peers 4d26fdd79d394cdaa0dd9df05f867798 (127.25.143.66:45229), b6b105f7b6a341e2821f11dc52455dec (127.25.143.67:36521)
I20260709 14:55:26.629475 26987 tablet_bootstrap.cc:654] T 96434835c25c47e195a8342814bae2ec P 4d26fdd79d394cdaa0dd9df05f867798: Neither blocks nor log segments found. Creating new log.
I20260709 14:55:26.630729 26986 tablet_bootstrap.cc:654] T 12a3dd516d2b486991e832f01c9345f8 P b6b105f7b6a341e2821f11dc52455dec: Neither blocks nor log segments found. Creating new log.
W20260709 14:55:26.634528 26741 auto_rebalancer.cc:288] Could not retrieve cluster info: Service unavailable: Tablet not running
I20260709 14:55:26.640173 26944 tablet_service.cc:1917] Received RequestConsensusVote() RPC: tablet_id: "7af8c7476ee44fe992a75a3834b6f262" candidate_uuid: "3c33adf53c904390a24751ec7fda1362" candidate_term: 1 candidate_status { last_received { term: 0 index: 0 } } ignore_live_leader: false dest_uuid: "b6b105f7b6a341e2821f11dc52455dec"
W20260709 14:55:26.641610 26758 leader_election.cc:343] T 7af8c7476ee44fe992a75a3834b6f262 P 3c33adf53c904390a24751ec7fda1362 [CANDIDATE]: Term 1 election: Tablet error from VoteRequest() call to peer b6b105f7b6a341e2821f11dc52455dec (127.25.143.67:36521): Illegal state: must be running to vote when last-logged opid is not known
I20260709 14:55:26.641891 26691 catalog_manager.cc:5697] T 7af8c7476ee44fe992a75a3834b6f262 P 3c33adf53c904390a24751ec7fda1362 reported cstate change: term changed from 0 to 1, leader changed from <none> to 3c33adf53c904390a24751ec7fda1362 (127.25.143.65). New cstate: current_term: 1 leader_uuid: "3c33adf53c904390a24751ec7fda1362" committed_config { opid_index: -1 OBSOLETE_local: false peers { permanent_uuid: "3c33adf53c904390a24751ec7fda1362" member_type: VOTER last_known_addr { host: "127.25.143.65" port: 35659 } health_report { overall_health: HEALTHY } } peers { permanent_uuid: "4d26fdd79d394cdaa0dd9df05f867798" member_type: VOTER last_known_addr { host: "127.25.143.66" port: 45229 } health_report { overall_health: UNKNOWN } } peers { permanent_uuid: "b6b105f7b6a341e2821f11dc52455dec" member_type: VOTER last_known_addr { host: "127.25.143.67" port: 36521 } health_report { overall_health: UNKNOWN } } }
I20260709 14:55:26.642616 26692 catalog_manager.cc:5697] T df28f6f1c09d45729a8a457f1fbd6b88 P b6b105f7b6a341e2821f11dc52455dec reported cstate change: term changed from 0 to 1, leader changed from <none> to b6b105f7b6a341e2821f11dc52455dec (127.25.143.67). New cstate: current_term: 1 leader_uuid: "b6b105f7b6a341e2821f11dc52455dec" committed_config { opid_index: -1 OBSOLETE_local: false peers { permanent_uuid: "3c33adf53c904390a24751ec7fda1362" member_type: VOTER last_known_addr { host: "127.25.143.65" port: 35659 } health_report { overall_health: UNKNOWN } } peers { permanent_uuid: "4d26fdd79d394cdaa0dd9df05f867798" member_type: VOTER last_known_addr { host: "127.25.143.66" port: 45229 } health_report { overall_health: UNKNOWN } } peers { permanent_uuid: "b6b105f7b6a341e2821f11dc52455dec" member_type: VOTER last_known_addr { host: "127.25.143.67" port: 36521 } health_report { overall_health: HEALTHY } } }
I20260709 14:55:26.646296 26989 leader_election.cc:290] T 7af8c7476ee44fe992a75a3834b6f262 P 3c33adf53c904390a24751ec7fda1362 [CANDIDATE]: Term 1 election: Requested vote from peers 4d26fdd79d394cdaa0dd9df05f867798 (127.25.143.66:45229), b6b105f7b6a341e2821f11dc52455dec (127.25.143.67:36521)
I20260709 14:55:26.649950 26870 raft_consensus.cc:2468] T 5e21559700cf443e831f43466a27354a P 4d26fdd79d394cdaa0dd9df05f867798 [term 1 FOLLOWER]: Leader election vote request: Granting yes vote for candidate b6b105f7b6a341e2821f11dc52455dec in term 1.
I20260709 14:55:26.651268 26795 tablet_service.cc:1917] Received RequestConsensusVote() RPC: tablet_id: "5e21559700cf443e831f43466a27354a" candidate_uuid: "4d26fdd79d394cdaa0dd9df05f867798" candidate_term: 1 candidate_status { last_received { term: 0 index: 0 } } ignore_live_leader: false dest_uuid: "3c33adf53c904390a24751ec7fda1362" is_pre_election: true
I20260709 14:55:26.653210 26795 raft_consensus.cc:2393] T 5e21559700cf443e831f43466a27354a P 3c33adf53c904390a24751ec7fda1362 [term 1 FOLLOWER]: Leader pre-election vote request: Denying vote to candidate 4d26fdd79d394cdaa0dd9df05f867798 in current term 1: Already voted for candidate b6b105f7b6a341e2821f11dc52455dec in this term.
I20260709 14:55:26.661859 26944 tablet_service.cc:1917] Received RequestConsensusVote() RPC: tablet_id: "5e21559700cf443e831f43466a27354a" candidate_uuid: "4d26fdd79d394cdaa0dd9df05f867798" candidate_term: 1 candidate_status { last_received { term: 0 index: 0 } } ignore_live_leader: false dest_uuid: "b6b105f7b6a341e2821f11dc52455dec" is_pre_election: true
I20260709 14:55:26.663777 26833 leader_election.cc:304] T 5e21559700cf443e831f43466a27354a P 4d26fdd79d394cdaa0dd9df05f867798 [CANDIDATE]: Term 1 pre-election: Election decided. Result: candidate lost. Election summary: received 3 responses out of 3 voters: 1 yes votes; 2 no votes. yes voters: 4d26fdd79d394cdaa0dd9df05f867798; no voters: 3c33adf53c904390a24751ec7fda1362, b6b105f7b6a341e2821f11dc52455dec
I20260709 14:55:26.664588 26995 raft_consensus.cc:2749] T 5e21559700cf443e831f43466a27354a P 4d26fdd79d394cdaa0dd9df05f867798 [term 1 FOLLOWER]: Leader pre-election lost for term 1. Reason: could not achieve majority
I20260709 14:55:26.665269 26984 tablet_bootstrap.cc:492] T 98a50425d3ac49dbbf3990d8f450e23b P 3c33adf53c904390a24751ec7fda1362: No bootstrap required, opened a new log
I20260709 14:55:26.665680 26984 ts_tablet_manager.cc:1403] T 98a50425d3ac49dbbf3990d8f450e23b P 3c33adf53c904390a24751ec7fda1362: Time spent bootstrapping tablet: real 0.160s	user 0.061s	sys 0.059s
I20260709 14:55:26.666611 26987 tablet_bootstrap.cc:492] T 96434835c25c47e195a8342814bae2ec P 4d26fdd79d394cdaa0dd9df05f867798: No bootstrap required, opened a new log
I20260709 14:55:26.667181 26987 ts_tablet_manager.cc:1403] T 96434835c25c47e195a8342814bae2ec P 4d26fdd79d394cdaa0dd9df05f867798: Time spent bootstrapping tablet: real 0.049s	user 0.014s	sys 0.005s
I20260709 14:55:26.667410 26692 catalog_manager.cc:5697] T 5e21559700cf443e831f43466a27354a P b6b105f7b6a341e2821f11dc52455dec reported cstate change: term changed from 0 to 1, leader changed from <none> to b6b105f7b6a341e2821f11dc52455dec (127.25.143.67). New cstate: current_term: 1 leader_uuid: "b6b105f7b6a341e2821f11dc52455dec" committed_config { opid_index: -1 OBSOLETE_local: false peers { permanent_uuid: "3c33adf53c904390a24751ec7fda1362" member_type: VOTER last_known_addr { host: "127.25.143.65" port: 35659 } health_report { overall_health: UNKNOWN } } peers { permanent_uuid: "4d26fdd79d394cdaa0dd9df05f867798" member_type: VOTER last_known_addr { host: "127.25.143.66" port: 45229 } health_report { overall_health: UNKNOWN } } peers { permanent_uuid: "b6b105f7b6a341e2821f11dc52455dec" member_type: VOTER last_known_addr { host: "127.25.143.67" port: 36521 } health_report { overall_health: HEALTHY } } }
I20260709 14:55:26.669467 26984 raft_consensus.cc:359] T 98a50425d3ac49dbbf3990d8f450e23b P 3c33adf53c904390a24751ec7fda1362 [term 0 FOLLOWER]: Replica starting. Triggering 0 pending ops. Active config: opid_index: -1 OBSOLETE_local: false peers { permanent_uuid: "3c33adf53c904390a24751ec7fda1362" member_type: VOTER last_known_addr { host: "127.25.143.65" port: 35659 } } peers { permanent_uuid: "4d26fdd79d394cdaa0dd9df05f867798" member_type: VOTER last_known_addr { host: "127.25.143.66" port: 45229 } } peers { permanent_uuid: "b6b105f7b6a341e2821f11dc52455dec" member_type: VOTER last_known_addr { host: "127.25.143.67" port: 36521 } }
I20260709 14:55:26.670079 26984 raft_consensus.cc:385] T 98a50425d3ac49dbbf3990d8f450e23b P 3c33adf53c904390a24751ec7fda1362 [term 0 FOLLOWER]: Consensus starting up: Expiring failure detector timer to make a prompt election more likely
I20260709 14:55:26.670094 26987 raft_consensus.cc:359] T 96434835c25c47e195a8342814bae2ec P 4d26fdd79d394cdaa0dd9df05f867798 [term 0 FOLLOWER]: Replica starting. Triggering 0 pending ops. Active config: opid_index: -1 OBSOLETE_local: false peers { permanent_uuid: "3c33adf53c904390a24751ec7fda1362" member_type: VOTER last_known_addr { host: "127.25.143.65" port: 35659 } } peers { permanent_uuid: "4d26fdd79d394cdaa0dd9df05f867798" member_type: VOTER last_known_addr { host: "127.25.143.66" port: 45229 } } peers { permanent_uuid: "b6b105f7b6a341e2821f11dc52455dec" member_type: VOTER last_known_addr { host: "127.25.143.67" port: 36521 } }
I20260709 14:55:26.670459 26984 raft_consensus.cc:740] T 98a50425d3ac49dbbf3990d8f450e23b P 3c33adf53c904390a24751ec7fda1362 [term 0 FOLLOWER]: Becoming Follower/Learner. State: Replica: 3c33adf53c904390a24751ec7fda1362, State: Initialized, Role: FOLLOWER
I20260709 14:55:26.670821 26987 raft_consensus.cc:385] T 96434835c25c47e195a8342814bae2ec P 4d26fdd79d394cdaa0dd9df05f867798 [term 0 FOLLOWER]: Consensus starting up: Expiring failure detector timer to make a prompt election more likely
I20260709 14:55:26.671155 26987 raft_consensus.cc:740] T 96434835c25c47e195a8342814bae2ec P 4d26fdd79d394cdaa0dd9df05f867798 [term 0 FOLLOWER]: Becoming Follower/Learner. State: Replica: 4d26fdd79d394cdaa0dd9df05f867798, State: Initialized, Role: FOLLOWER
I20260709 14:55:26.671239 26984 consensus_queue.cc:260] T 98a50425d3ac49dbbf3990d8f450e23b P 3c33adf53c904390a24751ec7fda1362 [NON_LEADER]: Queue going to NON_LEADER mode. State: All replicated index: 0, Majority replicated index: 0, Committed index: 0, Last appended: 0.0, Last appended by leader: 0, Current term: 0, Majority size: -1, State: 0, Mode: NON_LEADER, active raft config: opid_index: -1 OBSOLETE_local: false peers { permanent_uuid: "3c33adf53c904390a24751ec7fda1362" member_type: VOTER last_known_addr { host: "127.25.143.65" port: 35659 } } peers { permanent_uuid: "4d26fdd79d394cdaa0dd9df05f867798" member_type: VOTER last_known_addr { host: "127.25.143.66" port: 45229 } } peers { permanent_uuid: "b6b105f7b6a341e2821f11dc52455dec" member_type: VOTER last_known_addr { host: "127.25.143.67" port: 36521 } }
I20260709 14:55:26.671970 26987 consensus_queue.cc:260] T 96434835c25c47e195a8342814bae2ec P 4d26fdd79d394cdaa0dd9df05f867798 [NON_LEADER]: Queue going to NON_LEADER mode. State: All replicated index: 0, Majority replicated index: 0, Committed index: 0, Last appended: 0.0, Last appended by leader: 0, Current term: 0, Majority size: -1, State: 0, Mode: NON_LEADER, active raft config: opid_index: -1 OBSOLETE_local: false peers { permanent_uuid: "3c33adf53c904390a24751ec7fda1362" member_type: VOTER last_known_addr { host: "127.25.143.65" port: 35659 } } peers { permanent_uuid: "4d26fdd79d394cdaa0dd9df05f867798" member_type: VOTER last_known_addr { host: "127.25.143.66" port: 45229 } } peers { permanent_uuid: "b6b105f7b6a341e2821f11dc52455dec" member_type: VOTER last_known_addr { host: "127.25.143.67" port: 36521 } }
I20260709 14:55:26.673187 26984 ts_tablet_manager.cc:1434] T 98a50425d3ac49dbbf3990d8f450e23b P 3c33adf53c904390a24751ec7fda1362: Time spent starting tablet: real 0.007s	user 0.005s	sys 0.000s
I20260709 14:55:26.676741 26984 tablet_bootstrap.cc:492] T 500373b531524ee0a938ca32b60d18d3 P 3c33adf53c904390a24751ec7fda1362: Bootstrap starting.
I20260709 14:55:26.681876 26984 tablet_bootstrap.cc:654] T 500373b531524ee0a938ca32b60d18d3 P 3c33adf53c904390a24751ec7fda1362: Neither blocks nor log segments found. Creating new log.
I20260709 14:55:26.683305 26987 ts_tablet_manager.cc:1434] T 96434835c25c47e195a8342814bae2ec P 4d26fdd79d394cdaa0dd9df05f867798: Time spent starting tablet: real 0.016s	user 0.005s	sys 0.002s
I20260709 14:55:26.684430 26987 tablet_bootstrap.cc:492] T f22c973399cd49068dd25f8ea6fa5419 P 4d26fdd79d394cdaa0dd9df05f867798: Bootstrap starting.
I20260709 14:55:26.690605 26987 tablet_bootstrap.cc:654] T f22c973399cd49068dd25f8ea6fa5419 P 4d26fdd79d394cdaa0dd9df05f867798: Neither blocks nor log segments found. Creating new log.
I20260709 14:55:26.693399 26986 tablet_bootstrap.cc:492] T 12a3dd516d2b486991e832f01c9345f8 P b6b105f7b6a341e2821f11dc52455dec: No bootstrap required, opened a new log
I20260709 14:55:26.693890 26986 ts_tablet_manager.cc:1403] T 12a3dd516d2b486991e832f01c9345f8 P b6b105f7b6a341e2821f11dc52455dec: Time spent bootstrapping tablet: real 0.124s	user 0.009s	sys 0.022s
I20260709 14:55:26.695242 26984 tablet_bootstrap.cc:492] T 500373b531524ee0a938ca32b60d18d3 P 3c33adf53c904390a24751ec7fda1362: No bootstrap required, opened a new log
I20260709 14:55:26.695637 26984 ts_tablet_manager.cc:1403] T 500373b531524ee0a938ca32b60d18d3 P 3c33adf53c904390a24751ec7fda1362: Time spent bootstrapping tablet: real 0.019s	user 0.010s	sys 0.008s
I20260709 14:55:26.696485 26987 tablet_bootstrap.cc:492] T f22c973399cd49068dd25f8ea6fa5419 P 4d26fdd79d394cdaa0dd9df05f867798: No bootstrap required, opened a new log
I20260709 14:55:26.697072 26987 ts_tablet_manager.cc:1403] T f22c973399cd49068dd25f8ea6fa5419 P 4d26fdd79d394cdaa0dd9df05f867798: Time spent bootstrapping tablet: real 0.013s	user 0.009s	sys 0.002s
I20260709 14:55:26.696488 26986 raft_consensus.cc:359] T 12a3dd516d2b486991e832f01c9345f8 P b6b105f7b6a341e2821f11dc52455dec [term 0 FOLLOWER]: Replica starting. Triggering 0 pending ops. Active config: opid_index: -1 OBSOLETE_local: false peers { permanent_uuid: "3c33adf53c904390a24751ec7fda1362" member_type: VOTER last_known_addr { host: "127.25.143.65" port: 35659 } } peers { permanent_uuid: "b6b105f7b6a341e2821f11dc52455dec" member_type: VOTER last_known_addr { host: "127.25.143.67" port: 36521 } } peers { permanent_uuid: "4d26fdd79d394cdaa0dd9df05f867798" member_type: VOTER last_known_addr { host: "127.25.143.66" port: 45229 } }
I20260709 14:55:26.697404 26986 raft_consensus.cc:385] T 12a3dd516d2b486991e832f01c9345f8 P b6b105f7b6a341e2821f11dc52455dec [term 0 FOLLOWER]: Consensus starting up: Expiring failure detector timer to make a prompt election more likely
I20260709 14:55:26.697450 26984 raft_consensus.cc:359] T 500373b531524ee0a938ca32b60d18d3 P 3c33adf53c904390a24751ec7fda1362 [term 0 FOLLOWER]: Replica starting. Triggering 0 pending ops. Active config: opid_index: -1 OBSOLETE_local: false peers { permanent_uuid: "3c33adf53c904390a24751ec7fda1362" member_type: VOTER last_known_addr { host: "127.25.143.65" port: 35659 } } peers { permanent_uuid: "4d26fdd79d394cdaa0dd9df05f867798" member_type: VOTER last_known_addr { host: "127.25.143.66" port: 45229 } } peers { permanent_uuid: "b6b105f7b6a341e2821f11dc52455dec" member_type: VOTER last_known_addr { host: "127.25.143.67" port: 36521 } }
I20260709 14:55:26.697800 26986 raft_consensus.cc:740] T 12a3dd516d2b486991e832f01c9345f8 P b6b105f7b6a341e2821f11dc52455dec [term 0 FOLLOWER]: Becoming Follower/Learner. State: Replica: b6b105f7b6a341e2821f11dc52455dec, State: Initialized, Role: FOLLOWER
I20260709 14:55:26.698055 26984 raft_consensus.cc:385] T 500373b531524ee0a938ca32b60d18d3 P 3c33adf53c904390a24751ec7fda1362 [term 0 FOLLOWER]: Consensus starting up: Expiring failure detector timer to make a prompt election more likely
I20260709 14:55:26.698348 26984 raft_consensus.cc:740] T 500373b531524ee0a938ca32b60d18d3 P 3c33adf53c904390a24751ec7fda1362 [term 0 FOLLOWER]: Becoming Follower/Learner. State: Replica: 3c33adf53c904390a24751ec7fda1362, State: Initialized, Role: FOLLOWER
I20260709 14:55:26.698839 26984 consensus_queue.cc:260] T 500373b531524ee0a938ca32b60d18d3 P 3c33adf53c904390a24751ec7fda1362 [NON_LEADER]: Queue going to NON_LEADER mode. State: All replicated index: 0, Majority replicated index: 0, Committed index: 0, Last appended: 0.0, Last appended by leader: 0, Current term: 0, Majority size: -1, State: 0, Mode: NON_LEADER, active raft config: opid_index: -1 OBSOLETE_local: false peers { permanent_uuid: "3c33adf53c904390a24751ec7fda1362" member_type: VOTER last_known_addr { host: "127.25.143.65" port: 35659 } } peers { permanent_uuid: "4d26fdd79d394cdaa0dd9df05f867798" member_type: VOTER last_known_addr { host: "127.25.143.66" port: 45229 } } peers { permanent_uuid: "b6b105f7b6a341e2821f11dc52455dec" member_type: VOTER last_known_addr { host: "127.25.143.67" port: 36521 } }
I20260709 14:55:26.698621 26986 consensus_queue.cc:260] T 12a3dd516d2b486991e832f01c9345f8 P b6b105f7b6a341e2821f11dc52455dec [NON_LEADER]: Queue going to NON_LEADER mode. State: All replicated index: 0, Majority replicated index: 0, Committed index: 0, Last appended: 0.0, Last appended by leader: 0, Current term: 0, Majority size: -1, State: 0, Mode: NON_LEADER, active raft config: opid_index: -1 OBSOLETE_local: false peers { permanent_uuid: "3c33adf53c904390a24751ec7fda1362" member_type: VOTER last_known_addr { host: "127.25.143.65" port: 35659 } } peers { permanent_uuid: "b6b105f7b6a341e2821f11dc52455dec" member_type: VOTER last_known_addr { host: "127.25.143.67" port: 36521 } } peers { permanent_uuid: "4d26fdd79d394cdaa0dd9df05f867798" member_type: VOTER last_known_addr { host: "127.25.143.66" port: 45229 } }
I20260709 14:55:26.699421 26987 raft_consensus.cc:359] T f22c973399cd49068dd25f8ea6fa5419 P 4d26fdd79d394cdaa0dd9df05f867798 [term 0 FOLLOWER]: Replica starting. Triggering 0 pending ops. Active config: opid_index: -1 OBSOLETE_local: false peers { permanent_uuid: "3c33adf53c904390a24751ec7fda1362" member_type: VOTER last_known_addr { host: "127.25.143.65" port: 35659 } } peers { permanent_uuid: "4d26fdd79d394cdaa0dd9df05f867798" member_type: VOTER last_known_addr { host: "127.25.143.66" port: 45229 } } peers { permanent_uuid: "b6b105f7b6a341e2821f11dc52455dec" member_type: VOTER last_known_addr { host: "127.25.143.67" port: 36521 } }
I20260709 14:55:26.700023 26987 raft_consensus.cc:385] T f22c973399cd49068dd25f8ea6fa5419 P 4d26fdd79d394cdaa0dd9df05f867798 [term 0 FOLLOWER]: Consensus starting up: Expiring failure detector timer to make a prompt election more likely
I20260709 14:55:26.700281 26987 raft_consensus.cc:740] T f22c973399cd49068dd25f8ea6fa5419 P 4d26fdd79d394cdaa0dd9df05f867798 [term 0 FOLLOWER]: Becoming Follower/Learner. State: Replica: 4d26fdd79d394cdaa0dd9df05f867798, State: Initialized, Role: FOLLOWER
I20260709 14:55:26.700610 26984 ts_tablet_manager.cc:1434] T 500373b531524ee0a938ca32b60d18d3 P 3c33adf53c904390a24751ec7fda1362: Time spent starting tablet: real 0.005s	user 0.004s	sys 0.000s
