I20260709 14:55:35.017542 13440 consensus_queue.cc:260] T 254c02ed01e048cebe2e8c081bac5271 P 1d0952bb99b24e1ca122b33328eb7fb0 [NON_LEADER]: Queue going to NON_LEADER mode. State: All replicated index: 0, Majority replicated index: 0, Committed index: 0, Last appended: 0.0, Last appended by leader: 0, Current term: 0, Majority size: -1, State: 0, Mode: NON_LEADER, active raft config: opid_index: -1 OBSOLETE_local: false peers { permanent_uuid: "5b6a355d373b4a5cb9a15fccdeaf0e90" member_type: VOTER last_known_addr { host: "127.11.215.129" port: 36599 } } peers { permanent_uuid: "b460871283e6405ebff8cce3a0870311" member_type: VOTER last_known_addr { host: "127.11.215.130" port: 42361 } } peers { permanent_uuid: "1d0952bb99b24e1ca122b33328eb7fb0" member_type: VOTER last_known_addr { host: "127.11.215.131" port: 39761 } }
I20260709 14:55:35.019469 13440 ts_tablet_manager.cc:1434] T 254c02ed01e048cebe2e8c081bac5271 P 1d0952bb99b24e1ca122b33328eb7fb0: Time spent starting tablet: real 0.024s	user 0.003s	sys 0.004s
I20260709 14:55:35.022748 13440 tablet_bootstrap.cc:492] T 4a11193c068c49cebce9076c06aacfcc P 1d0952bb99b24e1ca122b33328eb7fb0: Bootstrap starting.
I20260709 14:55:35.025187 13442 raft_consensus.cc:359] T 072027ba46c34224b7498fb06e06bf4f P 5b6a355d373b4a5cb9a15fccdeaf0e90 [term 0 FOLLOWER]: Replica starting. Triggering 0 pending ops. Active config: opid_index: -1 OBSOLETE_local: false peers { permanent_uuid: "5b6a355d373b4a5cb9a15fccdeaf0e90" member_type: VOTER last_known_addr { host: "127.11.215.129" port: 36599 } } peers { permanent_uuid: "b460871283e6405ebff8cce3a0870311" member_type: VOTER last_known_addr { host: "127.11.215.130" port: 42361 } } peers { permanent_uuid: "1d0952bb99b24e1ca122b33328eb7fb0" member_type: VOTER last_known_addr { host: "127.11.215.131" port: 39761 } }
I20260709 14:55:35.026271 13442 raft_consensus.cc:385] T 072027ba46c34224b7498fb06e06bf4f P 5b6a355d373b4a5cb9a15fccdeaf0e90 [term 0 FOLLOWER]: Consensus starting up: Expiring failure detector timer to make a prompt election more likely
I20260709 14:55:35.026618 13442 raft_consensus.cc:740] T 072027ba46c34224b7498fb06e06bf4f P 5b6a355d373b4a5cb9a15fccdeaf0e90 [term 0 FOLLOWER]: Becoming Follower/Learner. State: Replica: 5b6a355d373b4a5cb9a15fccdeaf0e90, State: Initialized, Role: FOLLOWER
I20260709 14:55:35.027554 13438 tablet_bootstrap.cc:492] T d18a3e14a1f64ef2a637632efda807cc P b460871283e6405ebff8cce3a0870311: No bootstrap required, opened a new log
I20260709 14:55:35.027971 13438 ts_tablet_manager.cc:1403] T d18a3e14a1f64ef2a637632efda807cc P b460871283e6405ebff8cce3a0870311: Time spent bootstrapping tablet: real 0.181s	user 0.013s	sys 0.019s
I20260709 14:55:35.027472 13442 consensus_queue.cc:260] T 072027ba46c34224b7498fb06e06bf4f P 5b6a355d373b4a5cb9a15fccdeaf0e90 [NON_LEADER]: Queue going to NON_LEADER mode. State: All replicated index: 0, Majority replicated index: 0, Committed index: 0, Last appended: 0.0, Last appended by leader: 0, Current term: 0, Majority size: -1, State: 0, Mode: NON_LEADER, active raft config: opid_index: -1 OBSOLETE_local: false peers { permanent_uuid: "5b6a355d373b4a5cb9a15fccdeaf0e90" member_type: VOTER last_known_addr { host: "127.11.215.129" port: 36599 } } peers { permanent_uuid: "b460871283e6405ebff8cce3a0870311" member_type: VOTER last_known_addr { host: "127.11.215.130" port: 42361 } } peers { permanent_uuid: "1d0952bb99b24e1ca122b33328eb7fb0" member_type: VOTER last_known_addr { host: "127.11.215.131" port: 39761 } }
I20260709 14:55:35.029856 13442 ts_tablet_manager.cc:1434] T 072027ba46c34224b7498fb06e06bf4f P 5b6a355d373b4a5cb9a15fccdeaf0e90: Time spent starting tablet: real 0.041s	user 0.007s	sys 0.000s
I20260709 14:55:35.031236 13442 tablet_bootstrap.cc:492] T 48f8ec194292421f9d5a191763532cf6 P 5b6a355d373b4a5cb9a15fccdeaf0e90: Bootstrap starting.
I20260709 14:55:35.030544 13145 catalog_manager.cc:5697] T 48f8ec194292421f9d5a191763532cf6 P b460871283e6405ebff8cce3a0870311 reported cstate change: term changed from 0 to 1, leader changed from <none> to b460871283e6405ebff8cce3a0870311 (127.11.215.130). New cstate: current_term: 1 leader_uuid: "b460871283e6405ebff8cce3a0870311" committed_config { opid_index: -1 OBSOLETE_local: false peers { permanent_uuid: "5b6a355d373b4a5cb9a15fccdeaf0e90" member_type: VOTER last_known_addr { host: "127.11.215.129" port: 36599 } health_report { overall_health: UNKNOWN } } peers { permanent_uuid: "b460871283e6405ebff8cce3a0870311" member_type: VOTER last_known_addr { host: "127.11.215.130" port: 42361 } health_report { overall_health: HEALTHY } } peers { permanent_uuid: "1d0952bb99b24e1ca122b33328eb7fb0" member_type: VOTER last_known_addr { host: "127.11.215.131" port: 39761 } health_report { overall_health: UNKNOWN } } }
I20260709 14:55:35.037788 13442 tablet_bootstrap.cc:654] T 48f8ec194292421f9d5a191763532cf6 P 5b6a355d373b4a5cb9a15fccdeaf0e90: Neither blocks nor log segments found. Creating new log.
I20260709 14:55:35.040467 13440 tablet_bootstrap.cc:654] T 4a11193c068c49cebce9076c06aacfcc P 1d0952bb99b24e1ca122b33328eb7fb0: Neither blocks nor log segments found. Creating new log.
I20260709 14:55:35.046103 13438 raft_consensus.cc:359] T d18a3e14a1f64ef2a637632efda807cc P b460871283e6405ebff8cce3a0870311 [term 0 FOLLOWER]: Replica starting. Triggering 0 pending ops. Active config: opid_index: -1 OBSOLETE_local: false peers { permanent_uuid: "5b6a355d373b4a5cb9a15fccdeaf0e90" member_type: VOTER last_known_addr { host: "127.11.215.129" port: 36599 } } peers { permanent_uuid: "b460871283e6405ebff8cce3a0870311" member_type: VOTER last_known_addr { host: "127.11.215.130" port: 42361 } } peers { permanent_uuid: "1d0952bb99b24e1ca122b33328eb7fb0" member_type: VOTER last_known_addr { host: "127.11.215.131" port: 39761 } }
I20260709 14:55:35.053719 13442 tablet_bootstrap.cc:492] T 48f8ec194292421f9d5a191763532cf6 P 5b6a355d373b4a5cb9a15fccdeaf0e90: No bootstrap required, opened a new log
I20260709 14:55:35.047096 13438 raft_consensus.cc:385] T d18a3e14a1f64ef2a637632efda807cc P b460871283e6405ebff8cce3a0870311 [term 0 FOLLOWER]: Consensus starting up: Expiring failure detector timer to make a prompt election more likely
I20260709 14:55:35.054193 13442 ts_tablet_manager.cc:1403] T 48f8ec194292421f9d5a191763532cf6 P 5b6a355d373b4a5cb9a15fccdeaf0e90: Time spent bootstrapping tablet: real 0.023s	user 0.013s	sys 0.000s
I20260709 14:55:35.054352 13438 raft_consensus.cc:740] T d18a3e14a1f64ef2a637632efda807cc P b460871283e6405ebff8cce3a0870311 [term 0 FOLLOWER]: Becoming Follower/Learner. State: Replica: b460871283e6405ebff8cce3a0870311, State: Initialized, Role: FOLLOWER
I20260709 14:55:35.055194 13438 consensus_queue.cc:260] T d18a3e14a1f64ef2a637632efda807cc P b460871283e6405ebff8cce3a0870311 [NON_LEADER]: Queue going to NON_LEADER mode. State: All replicated index: 0, Majority replicated index: 0, Committed index: 0, Last appended: 0.0, Last appended by leader: 0, Current term: 0, Majority size: -1, State: 0, Mode: NON_LEADER, active raft config: opid_index: -1 OBSOLETE_local: false peers { permanent_uuid: "5b6a355d373b4a5cb9a15fccdeaf0e90" member_type: VOTER last_known_addr { host: "127.11.215.129" port: 36599 } } peers { permanent_uuid: "b460871283e6405ebff8cce3a0870311" member_type: VOTER last_known_addr { host: "127.11.215.130" port: 42361 } } peers { permanent_uuid: "1d0952bb99b24e1ca122b33328eb7fb0" member_type: VOTER last_known_addr { host: "127.11.215.131" port: 39761 } }
I20260709 14:55:35.058091 13442 raft_consensus.cc:359] T 48f8ec194292421f9d5a191763532cf6 P 5b6a355d373b4a5cb9a15fccdeaf0e90 [term 0 FOLLOWER]: Replica starting. Triggering 0 pending ops. Active config: opid_index: -1 OBSOLETE_local: false peers { permanent_uuid: "5b6a355d373b4a5cb9a15fccdeaf0e90" member_type: VOTER last_known_addr { host: "127.11.215.129" port: 36599 } } peers { permanent_uuid: "b460871283e6405ebff8cce3a0870311" member_type: VOTER last_known_addr { host: "127.11.215.130" port: 42361 } } peers { permanent_uuid: "1d0952bb99b24e1ca122b33328eb7fb0" member_type: VOTER last_known_addr { host: "127.11.215.131" port: 39761 } }
I20260709 14:55:35.058784 13442 raft_consensus.cc:385] T 48f8ec194292421f9d5a191763532cf6 P 5b6a355d373b4a5cb9a15fccdeaf0e90 [term 0 FOLLOWER]: Consensus starting up: Expiring failure detector timer to make a prompt election more likely
I20260709 14:55:35.059051 13442 raft_consensus.cc:740] T 48f8ec194292421f9d5a191763532cf6 P 5b6a355d373b4a5cb9a15fccdeaf0e90 [term 0 FOLLOWER]: Becoming Follower/Learner. State: Replica: 5b6a355d373b4a5cb9a15fccdeaf0e90, State: Initialized, Role: FOLLOWER
I20260709 14:55:35.059387 13447 consensus_queue.cc:1048] T 2ec2b8dba3a6438e8cde6e8353a4d29b P 1d0952bb99b24e1ca122b33328eb7fb0 [LEADER]: Connected to new peer: Peer: permanent_uuid: "5b6a355d373b4a5cb9a15fccdeaf0e90" member_type: VOTER last_known_addr { host: "127.11.215.129" port: 36599 }, Status: LMP_MISMATCH, Last received: 0.0, Next index: 1, Last known committed idx: 0, Time since last communication: 0.000s
I20260709 14:55:35.059685 13438 ts_tablet_manager.cc:1434] T d18a3e14a1f64ef2a637632efda807cc P b460871283e6405ebff8cce3a0870311: Time spent starting tablet: real 0.031s	user 0.006s	sys 0.001s
I20260709 14:55:35.059736 13442 consensus_queue.cc:260] T 48f8ec194292421f9d5a191763532cf6 P 5b6a355d373b4a5cb9a15fccdeaf0e90 [NON_LEADER]: Queue going to NON_LEADER mode. State: All replicated index: 0, Majority replicated index: 0, Committed index: 0, Last appended: 0.0, Last appended by leader: 0, Current term: 0, Majority size: -1, State: 0, Mode: NON_LEADER, active raft config: opid_index: -1 OBSOLETE_local: false peers { permanent_uuid: "5b6a355d373b4a5cb9a15fccdeaf0e90" member_type: VOTER last_known_addr { host: "127.11.215.129" port: 36599 } } peers { permanent_uuid: "b460871283e6405ebff8cce3a0870311" member_type: VOTER last_known_addr { host: "127.11.215.130" port: 42361 } } peers { permanent_uuid: "1d0952bb99b24e1ca122b33328eb7fb0" member_type: VOTER last_known_addr { host: "127.11.215.131" port: 39761 } }
I20260709 14:55:35.060719 13438 tablet_bootstrap.cc:492] T 20af851635824cb89f9d953b953280ce P b460871283e6405ebff8cce3a0870311: Bootstrap starting.
W20260709 14:55:35.064452 13195 auto_rebalancer.cc:288] Could not retrieve cluster info: Service unavailable: Tablet not running
I20260709 14:55:35.065920 13442 ts_tablet_manager.cc:1434] T 48f8ec194292421f9d5a191763532cf6 P 5b6a355d373b4a5cb9a15fccdeaf0e90: Time spent starting tablet: real 0.011s	user 0.005s	sys 0.000s
I20260709 14:55:35.066880 13442 tablet_bootstrap.cc:492] T 20af851635824cb89f9d953b953280ce P 5b6a355d373b4a5cb9a15fccdeaf0e90: Bootstrap starting.
I20260709 14:55:35.069142 13438 tablet_bootstrap.cc:654] T 20af851635824cb89f9d953b953280ce P b460871283e6405ebff8cce3a0870311: Neither blocks nor log segments found. Creating new log.
I20260709 14:55:35.072885 13442 tablet_bootstrap.cc:654] T 20af851635824cb89f9d953b953280ce P 5b6a355d373b4a5cb9a15fccdeaf0e90: Neither blocks nor log segments found. Creating new log.
I20260709 14:55:35.080323 13438 tablet_bootstrap.cc:492] T 20af851635824cb89f9d953b953280ce P b460871283e6405ebff8cce3a0870311: No bootstrap required, opened a new log
I20260709 14:55:35.080771 13438 ts_tablet_manager.cc:1403] T 20af851635824cb89f9d953b953280ce P b460871283e6405ebff8cce3a0870311: Time spent bootstrapping tablet: real 0.020s	user 0.014s	sys 0.002s
I20260709 14:55:35.082062 13442 tablet_bootstrap.cc:492] T 20af851635824cb89f9d953b953280ce P 5b6a355d373b4a5cb9a15fccdeaf0e90: No bootstrap required, opened a new log
I20260709 14:55:35.082521 13442 ts_tablet_manager.cc:1403] T 20af851635824cb89f9d953b953280ce P 5b6a355d373b4a5cb9a15fccdeaf0e90: Time spent bootstrapping tablet: real 0.016s	user 0.012s	sys 0.000s
I20260709 14:55:35.083493 13438 raft_consensus.cc:359] T 20af851635824cb89f9d953b953280ce P b460871283e6405ebff8cce3a0870311 [term 0 FOLLOWER]: Replica starting. Triggering 0 pending ops. Active config: opid_index: -1 OBSOLETE_local: false peers { permanent_uuid: "5b6a355d373b4a5cb9a15fccdeaf0e90" member_type: VOTER last_known_addr { host: "127.11.215.129" port: 36599 } } peers { permanent_uuid: "b460871283e6405ebff8cce3a0870311" member_type: VOTER last_known_addr { host: "127.11.215.130" port: 42361 } } peers { permanent_uuid: "1d0952bb99b24e1ca122b33328eb7fb0" member_type: VOTER last_known_addr { host: "127.11.215.131" port: 39761 } }
I20260709 14:55:35.084152 13447 raft_consensus.cc:493] T 254c02ed01e048cebe2e8c081bac5271 P 1d0952bb99b24e1ca122b33328eb7fb0 [term 0 FOLLOWER]: Starting pre-election (no leader contacted us within the election timeout)
I20260709 14:55:35.084182 13438 raft_consensus.cc:385] T 20af851635824cb89f9d953b953280ce P b460871283e6405ebff8cce3a0870311 [term 0 FOLLOWER]: Consensus starting up: Expiring failure detector timer to make a prompt election more likely
I20260709 14:55:35.084724 13438 raft_consensus.cc:740] T 20af851635824cb89f9d953b953280ce P b460871283e6405ebff8cce3a0870311 [term 0 FOLLOWER]: Becoming Follower/Learner. State: Replica: b460871283e6405ebff8cce3a0870311, State: Initialized, Role: FOLLOWER
I20260709 14:55:35.084754 13447 raft_consensus.cc:515] T 254c02ed01e048cebe2e8c081bac5271 P 1d0952bb99b24e1ca122b33328eb7fb0 [term 0 FOLLOWER]: Starting pre-election with config: opid_index: -1 OBSOLETE_local: false peers { permanent_uuid: "5b6a355d373b4a5cb9a15fccdeaf0e90" member_type: VOTER last_known_addr { host: "127.11.215.129" port: 36599 } } peers { permanent_uuid: "b460871283e6405ebff8cce3a0870311" member_type: VOTER last_known_addr { host: "127.11.215.130" port: 42361 } } peers { permanent_uuid: "1d0952bb99b24e1ca122b33328eb7fb0" member_type: VOTER last_known_addr { host: "127.11.215.131" port: 39761 } }
I20260709 14:55:35.085126 13442 raft_consensus.cc:359] T 20af851635824cb89f9d953b953280ce P 5b6a355d373b4a5cb9a15fccdeaf0e90 [term 0 FOLLOWER]: Replica starting. Triggering 0 pending ops. Active config: opid_index: -1 OBSOLETE_local: false peers { permanent_uuid: "5b6a355d373b4a5cb9a15fccdeaf0e90" member_type: VOTER last_known_addr { host: "127.11.215.129" port: 36599 } } peers { permanent_uuid: "b460871283e6405ebff8cce3a0870311" member_type: VOTER last_known_addr { host: "127.11.215.130" port: 42361 } } peers { permanent_uuid: "1d0952bb99b24e1ca122b33328eb7fb0" member_type: VOTER last_known_addr { host: "127.11.215.131" port: 39761 } }
I20260709 14:55:35.085793 13442 raft_consensus.cc:385] T 20af851635824cb89f9d953b953280ce P 5b6a355d373b4a5cb9a15fccdeaf0e90 [term 0 FOLLOWER]: Consensus starting up: Expiring failure detector timer to make a prompt election more likely
I20260709 14:55:35.085613 13438 consensus_queue.cc:260] T 20af851635824cb89f9d953b953280ce P b460871283e6405ebff8cce3a0870311 [NON_LEADER]: Queue going to NON_LEADER mode. State: All replicated index: 0, Majority replicated index: 0, Committed index: 0, Last appended: 0.0, Last appended by leader: 0, Current term: 0, Majority size: -1, State: 0, Mode: NON_LEADER, active raft config: opid_index: -1 OBSOLETE_local: false peers { permanent_uuid: "5b6a355d373b4a5cb9a15fccdeaf0e90" member_type: VOTER last_known_addr { host: "127.11.215.129" port: 36599 } } peers { permanent_uuid: "b460871283e6405ebff8cce3a0870311" member_type: VOTER last_known_addr { host: "127.11.215.130" port: 42361 } } peers { permanent_uuid: "1d0952bb99b24e1ca122b33328eb7fb0" member_type: VOTER last_known_addr { host: "127.11.215.131" port: 39761 } }
I20260709 14:55:35.086068 13442 raft_consensus.cc:740] T 20af851635824cb89f9d953b953280ce P 5b6a355d373b4a5cb9a15fccdeaf0e90 [term 0 FOLLOWER]: Becoming Follower/Learner. State: Replica: 5b6a355d373b4a5cb9a15fccdeaf0e90, State: Initialized, Role: FOLLOWER
I20260709 14:55:35.086733 13442 consensus_queue.cc:260] T 20af851635824cb89f9d953b953280ce P 5b6a355d373b4a5cb9a15fccdeaf0e90 [NON_LEADER]: Queue going to NON_LEADER mode. State: All replicated index: 0, Majority replicated index: 0, Committed index: 0, Last appended: 0.0, Last appended by leader: 0, Current term: 0, Majority size: -1, State: 0, Mode: NON_LEADER, active raft config: opid_index: -1 OBSOLETE_local: false peers { permanent_uuid: "5b6a355d373b4a5cb9a15fccdeaf0e90" member_type: VOTER last_known_addr { host: "127.11.215.129" port: 36599 } } peers { permanent_uuid: "b460871283e6405ebff8cce3a0870311" member_type: VOTER last_known_addr { host: "127.11.215.130" port: 42361 } } peers { permanent_uuid: "1d0952bb99b24e1ca122b33328eb7fb0" member_type: VOTER last_known_addr { host: "127.11.215.131" port: 39761 } }
I20260709 14:55:35.087620 13248 tablet_service.cc:1917] Received RequestConsensusVote() RPC: tablet_id: "254c02ed01e048cebe2e8c081bac5271" candidate_uuid: "1d0952bb99b24e1ca122b33328eb7fb0" candidate_term: 1 candidate_status { last_received { term: 0 index: 0 } } ignore_live_leader: false dest_uuid: "5b6a355d373b4a5cb9a15fccdeaf0e90" is_pre_election: true
I20260709 14:55:35.089088 13442 ts_tablet_manager.cc:1434] T 20af851635824cb89f9d953b953280ce P 5b6a355d373b4a5cb9a15fccdeaf0e90: Time spent starting tablet: real 0.006s	user 0.003s	sys 0.004s
W20260709 14:55:35.089042 13363 leader_election.cc:343] T 254c02ed01e048cebe2e8c081bac5271 P 1d0952bb99b24e1ca122b33328eb7fb0 [CANDIDATE]: Term 1 pre-election: Tablet error from VoteRequest() call to peer 5b6a355d373b4a5cb9a15fccdeaf0e90 (127.11.215.129:36599): Illegal state: must be running to vote when last-logged opid is not known
I20260709 14:55:35.090086 13442 tablet_bootstrap.cc:492] T 3aefdf01665d4ec98203b23016890901 P 5b6a355d373b4a5cb9a15fccdeaf0e90: Bootstrap starting.
I20260709 14:55:35.090341 13438 ts_tablet_manager.cc:1434] T 20af851635824cb89f9d953b953280ce P b460871283e6405ebff8cce3a0870311: Time spent starting tablet: real 0.009s	user 0.008s	sys 0.000s
I20260709 14:55:35.091339 13438 tablet_bootstrap.cc:492] T 0275e01dca2248b5b7eb6fcae756c208 P b460871283e6405ebff8cce3a0870311: Bootstrap starting.
I20260709 14:55:35.094707 13324 tablet_service.cc:1917] Received RequestConsensusVote() RPC: tablet_id: "254c02ed01e048cebe2e8c081bac5271" candidate_uuid: "1d0952bb99b24e1ca122b33328eb7fb0" candidate_term: 1 candidate_status { last_received { term: 0 index: 0 } } ignore_live_leader: false dest_uuid: "b460871283e6405ebff8cce3a0870311" is_pre_election: true
I20260709 14:55:35.095292 13324 raft_consensus.cc:2468] T 254c02ed01e048cebe2e8c081bac5271 P b460871283e6405ebff8cce3a0870311 [term 0 FOLLOWER]: Leader pre-election vote request: Granting yes vote for candidate 1d0952bb99b24e1ca122b33328eb7fb0 in term 0.
I20260709 14:55:35.096534 13361 leader_election.cc:304] T 254c02ed01e048cebe2e8c081bac5271 P 1d0952bb99b24e1ca122b33328eb7fb0 [CANDIDATE]: Term 1 pre-election: Election decided. Result: candidate won. Election summary: received 3 responses out of 3 voters: 2 yes votes; 1 no votes. yes voters: 1d0952bb99b24e1ca122b33328eb7fb0, b460871283e6405ebff8cce3a0870311; no voters: 5b6a355d373b4a5cb9a15fccdeaf0e90
I20260709 14:55:35.097259 13438 tablet_bootstrap.cc:654] T 0275e01dca2248b5b7eb6fcae756c208 P b460871283e6405ebff8cce3a0870311: Neither blocks nor log segments found. Creating new log.
I20260709 14:55:35.101755 13447 leader_election.cc:290] T 254c02ed01e048cebe2e8c081bac5271 P 1d0952bb99b24e1ca122b33328eb7fb0 [CANDIDATE]: Term 1 pre-election: Requested pre-vote from peers 5b6a355d373b4a5cb9a15fccdeaf0e90 (127.11.215.129:36599), b460871283e6405ebff8cce3a0870311 (127.11.215.130:42361)
I20260709 14:55:35.103782 13447 raft_consensus.cc:2804] T 254c02ed01e048cebe2e8c081bac5271 P 1d0952bb99b24e1ca122b33328eb7fb0 [term 0 FOLLOWER]: Leader pre-election won for term 1
I20260709 14:55:35.108378 13438 tablet_bootstrap.cc:492] T 0275e01dca2248b5b7eb6fcae756c208 P b460871283e6405ebff8cce3a0870311: No bootstrap required, opened a new log
I20260709 14:55:35.110080 13438 ts_tablet_manager.cc:1403] T 0275e01dca2248b5b7eb6fcae756c208 P b460871283e6405ebff8cce3a0870311: Time spent bootstrapping tablet: real 0.019s	user 0.013s	sys 0.004s
I20260709 14:55:35.108692 13442 tablet_bootstrap.cc:654] T 3aefdf01665d4ec98203b23016890901 P 5b6a355d373b4a5cb9a15fccdeaf0e90: Neither blocks nor log segments found. Creating new log.
W20260709 14:55:35.109467 13361 consensus_peers.cc:597] T 2ec2b8dba3a6438e8cde6e8353a4d29b P 1d0952bb99b24e1ca122b33328eb7fb0 -> Peer b460871283e6405ebff8cce3a0870311 (127.11.215.130:42361): Couldn't send request to peer b460871283e6405ebff8cce3a0870311. Error code: TABLET_NOT_RUNNING (12). Status: Illegal state: Tablet not RUNNING: INITIALIZED. This is attempt 1: this message will repeat every 5th retry.
I20260709 14:55:35.109752 13447 raft_consensus.cc:493] T 254c02ed01e048cebe2e8c081bac5271 P 1d0952bb99b24e1ca122b33328eb7fb0 [term 0 FOLLOWER]: Starting leader election (no leader contacted us within the election timeout)
I20260709 14:55:35.112141 13447 raft_consensus.cc:3060] T 254c02ed01e048cebe2e8c081bac5271 P 1d0952bb99b24e1ca122b33328eb7fb0 [term 0 FOLLOWER]: Advancing to term 1
I20260709 14:55:35.112897 13438 raft_consensus.cc:359] T 0275e01dca2248b5b7eb6fcae756c208 P b460871283e6405ebff8cce3a0870311 [term 0 FOLLOWER]: Replica starting. Triggering 0 pending ops. Active config: opid_index: -1 OBSOLETE_local: false peers { permanent_uuid: "5b6a355d373b4a5cb9a15fccdeaf0e90" member_type: VOTER last_known_addr { host: "127.11.215.129" port: 36599 } } peers { permanent_uuid: "b460871283e6405ebff8cce3a0870311" member_type: VOTER last_known_addr { host: "127.11.215.130" port: 42361 } } peers { permanent_uuid: "1d0952bb99b24e1ca122b33328eb7fb0" member_type: VOTER last_known_addr { host: "127.11.215.131" port: 39761 } }
I20260709 14:55:35.113618 13438 raft_consensus.cc:385] T 0275e01dca2248b5b7eb6fcae756c208 P b460871283e6405ebff8cce3a0870311 [term 0 FOLLOWER]: Consensus starting up: Expiring failure detector timer to make a prompt election more likely
I20260709 14:55:35.113930 13438 raft_consensus.cc:740] T 0275e01dca2248b5b7eb6fcae756c208 P b460871283e6405ebff8cce3a0870311 [term 0 FOLLOWER]: Becoming Follower/Learner. State: Replica: b460871283e6405ebff8cce3a0870311, State: Initialized, Role: FOLLOWER
I20260709 14:55:35.114727 13438 consensus_queue.cc:260] T 0275e01dca2248b5b7eb6fcae756c208 P b460871283e6405ebff8cce3a0870311 [NON_LEADER]: Queue going to NON_LEADER mode. State: All replicated index: 0, Majority replicated index: 0, Committed index: 0, Last appended: 0.0, Last appended by leader: 0, Current term: 0, Majority size: -1, State: 0, Mode: NON_LEADER, active raft config: opid_index: -1 OBSOLETE_local: false peers { permanent_uuid: "5b6a355d373b4a5cb9a15fccdeaf0e90" member_type: VOTER last_known_addr { host: "127.11.215.129" port: 36599 } } peers { permanent_uuid: "b460871283e6405ebff8cce3a0870311" member_type: VOTER last_known_addr { host: "127.11.215.130" port: 42361 } } peers { permanent_uuid: "1d0952bb99b24e1ca122b33328eb7fb0" member_type: VOTER last_known_addr { host: "127.11.215.131" port: 39761 } }
I20260709 14:55:35.117079 13442 tablet_bootstrap.cc:492] T 3aefdf01665d4ec98203b23016890901 P 5b6a355d373b4a5cb9a15fccdeaf0e90: No bootstrap required, opened a new log
I20260709 14:55:35.117098 13438 ts_tablet_manager.cc:1434] T 0275e01dca2248b5b7eb6fcae756c208 P b460871283e6405ebff8cce3a0870311: Time spent starting tablet: real 0.007s	user 0.006s	sys 0.000s
I20260709 14:55:35.117660 13442 ts_tablet_manager.cc:1403] T 3aefdf01665d4ec98203b23016890901 P 5b6a355d373b4a5cb9a15fccdeaf0e90: Time spent bootstrapping tablet: real 0.028s	user 0.006s	sys 0.003s
I20260709 14:55:35.118182 13438 tablet_bootstrap.cc:492] T eef0aa9c720c40d6b5442e5a50c3230d P b460871283e6405ebff8cce3a0870311: Bootstrap starting.
I20260709 14:55:35.119498 13440 tablet_bootstrap.cc:492] T 4a11193c068c49cebce9076c06aacfcc P 1d0952bb99b24e1ca122b33328eb7fb0: No bootstrap required, opened a new log
I20260709 14:55:35.120422 13442 raft_consensus.cc:359] T 3aefdf01665d4ec98203b23016890901 P 5b6a355d373b4a5cb9a15fccdeaf0e90 [term 0 FOLLOWER]: Replica starting. Triggering 0 pending ops. Active config: opid_index: -1 OBSOLETE_local: false peers { permanent_uuid: "5b6a355d373b4a5cb9a15fccdeaf0e90" member_type: VOTER last_known_addr { host: "127.11.215.129" port: 36599 } } peers { permanent_uuid: "b460871283e6405ebff8cce3a0870311" member_type: VOTER last_known_addr { host: "127.11.215.130" port: 42361 } } peers { permanent_uuid: "1d0952bb99b24e1ca122b33328eb7fb0" member_type: VOTER last_known_addr { host: "127.11.215.131" port: 39761 } }
I20260709 14:55:35.122094 13442 raft_consensus.cc:385] T 3aefdf01665d4ec98203b23016890901 P 5b6a355d373b4a5cb9a15fccdeaf0e90 [term 0 FOLLOWER]: Consensus starting up: Expiring failure detector timer to make a prompt election more likely
I20260709 14:55:35.122416 13442 raft_consensus.cc:740] T 3aefdf01665d4ec98203b23016890901 P 5b6a355d373b4a5cb9a15fccdeaf0e90 [term 0 FOLLOWER]: Becoming Follower/Learner. State: Replica: 5b6a355d373b4a5cb9a15fccdeaf0e90, State: Initialized, Role: FOLLOWER
I20260709 14:55:35.122617 13447 raft_consensus.cc:515] T 254c02ed01e048cebe2e8c081bac5271 P 1d0952bb99b24e1ca122b33328eb7fb0 [term 1 FOLLOWER]: Starting leader election with config: opid_index: -1 OBSOLETE_local: false peers { permanent_uuid: "5b6a355d373b4a5cb9a15fccdeaf0e90" member_type: VOTER last_known_addr { host: "127.11.215.129" port: 36599 } } peers { permanent_uuid: "b460871283e6405ebff8cce3a0870311" member_type: VOTER last_known_addr { host: "127.11.215.130" port: 42361 } } peers { permanent_uuid: "1d0952bb99b24e1ca122b33328eb7fb0" member_type: VOTER last_known_addr { host: "127.11.215.131" port: 39761 } }
I20260709 14:55:35.123229 13442 consensus_queue.cc:260] T 3aefdf01665d4ec98203b23016890901 P 5b6a355d373b4a5cb9a15fccdeaf0e90 [NON_LEADER]: Queue going to NON_LEADER mode. State: All replicated index: 0, Majority replicated index: 0, Committed index: 0, Last appended: 0.0, Last appended by leader: 0, Current term: 0, Majority size: -1, State: 0, Mode: NON_LEADER, active raft config: opid_index: -1 OBSOLETE_local: false peers { permanent_uuid: "5b6a355d373b4a5cb9a15fccdeaf0e90" member_type: VOTER last_known_addr { host: "127.11.215.129" port: 36599 } } peers { permanent_uuid: "b460871283e6405ebff8cce3a0870311" member_type: VOTER last_known_addr { host: "127.11.215.130" port: 42361 } } peers { permanent_uuid: "1d0952bb99b24e1ca122b33328eb7fb0" member_type: VOTER last_known_addr { host: "127.11.215.131" port: 39761 } }
I20260709 14:55:35.124517 13438 tablet_bootstrap.cc:654] T eef0aa9c720c40d6b5442e5a50c3230d P b460871283e6405ebff8cce3a0870311: Neither blocks nor log segments found. Creating new log.
I20260709 14:55:35.122217 13440 ts_tablet_manager.cc:1403] T 4a11193c068c49cebce9076c06aacfcc P 1d0952bb99b24e1ca122b33328eb7fb0: Time spent bootstrapping tablet: real 0.100s	user 0.010s	sys 0.014s
I20260709 14:55:35.125926 13324 tablet_service.cc:1917] Received RequestConsensusVote() RPC: tablet_id: "254c02ed01e048cebe2e8c081bac5271" candidate_uuid: "1d0952bb99b24e1ca122b33328eb7fb0" candidate_term: 1 candidate_status { last_received { term: 0 index: 0 } } ignore_live_leader: false dest_uuid: "b460871283e6405ebff8cce3a0870311"
I20260709 14:55:35.126464 13324 raft_consensus.cc:3060] T 254c02ed01e048cebe2e8c081bac5271 P b460871283e6405ebff8cce3a0870311 [term 0 FOLLOWER]: Advancing to term 1
I20260709 14:55:35.128132 13442 ts_tablet_manager.cc:1434] T 3aefdf01665d4ec98203b23016890901 P 5b6a355d373b4a5cb9a15fccdeaf0e90: Time spent starting tablet: real 0.010s	user 0.008s	sys 0.000s
I20260709 14:55:35.128298 13440 raft_consensus.cc:359] T 4a11193c068c49cebce9076c06aacfcc P 1d0952bb99b24e1ca122b33328eb7fb0 [term 0 FOLLOWER]: Replica starting. Triggering 0 pending ops. Active config: opid_index: -1 OBSOLETE_local: false peers { permanent_uuid: "5b6a355d373b4a5cb9a15fccdeaf0e90" member_type: VOTER last_known_addr { host: "127.11.215.129" port: 36599 } } peers { permanent_uuid: "1d0952bb99b24e1ca122b33328eb7fb0" member_type: VOTER last_known_addr { host: "127.11.215.131" port: 39761 } } peers { permanent_uuid: "b460871283e6405ebff8cce3a0870311" member_type: VOTER last_known_addr { host: "127.11.215.130" port: 42361 } }
I20260709 14:55:35.129098 13440 raft_consensus.cc:385] T 4a11193c068c49cebce9076c06aacfcc P 1d0952bb99b24e1ca122b33328eb7fb0 [term 0 FOLLOWER]: Consensus starting up: Expiring failure detector timer to make a prompt election more likely
I20260709 14:55:35.129192 13447 leader_election.cc:290] T 254c02ed01e048cebe2e8c081bac5271 P 1d0952bb99b24e1ca122b33328eb7fb0 [CANDIDATE]: Term 1 election: Requested vote from peers 5b6a355d373b4a5cb9a15fccdeaf0e90 (127.11.215.129:36599), b460871283e6405ebff8cce3a0870311 (127.11.215.130:42361)
I20260709 14:55:35.129657 13440 raft_consensus.cc:740] T 4a11193c068c49cebce9076c06aacfcc P 1d0952bb99b24e1ca122b33328eb7fb0 [term 0 FOLLOWER]: Becoming Follower/Learner. State: Replica: 1d0952bb99b24e1ca122b33328eb7fb0, State: Initialized, Role: FOLLOWER
I20260709 14:55:35.130649 13440 consensus_queue.cc:260] T 4a11193c068c49cebce9076c06aacfcc P 1d0952bb99b24e1ca122b33328eb7fb0 [NON_LEADER]: Queue going to NON_LEADER mode. State: All replicated index: 0, Majority replicated index: 0, Committed index: 0, Last appended: 0.0, Last appended by leader: 0, Current term: 0, Majority size: -1, State: 0, Mode: NON_LEADER, active raft config: opid_index: -1 OBSOLETE_local: false peers { permanent_uuid: "5b6a355d373b4a5cb9a15fccdeaf0e90" member_type: VOTER last_known_addr { host: "127.11.215.129" port: 36599 } } peers { permanent_uuid: "1d0952bb99b24e1ca122b33328eb7fb0" member_type: VOTER last_known_addr { host: "127.11.215.131" port: 39761 } } peers { permanent_uuid: "b460871283e6405ebff8cce3a0870311" member_type: VOTER last_known_addr { host: "127.11.215.130" port: 42361 } }
I20260709 14:55:35.132874 13440 ts_tablet_manager.cc:1434] T 4a11193c068c49cebce9076c06aacfcc P 1d0952bb99b24e1ca122b33328eb7fb0: Time spent starting tablet: real 0.007s	user 0.005s	sys 0.000s
I20260709 14:55:35.129122 13442 tablet_bootstrap.cc:492] T 0275e01dca2248b5b7eb6fcae756c208 P 5b6a355d373b4a5cb9a15fccdeaf0e90: Bootstrap starting.
I20260709 14:55:35.133131 13248 tablet_service.cc:1917] Received RequestConsensusVote() RPC: tablet_id: "254c02ed01e048cebe2e8c081bac5271" candidate_uuid: "1d0952bb99b24e1ca122b33328eb7fb0" candidate_term: 1 candidate_status { last_received { term: 0 index: 0 } } ignore_live_leader: false dest_uuid: "5b6a355d373b4a5cb9a15fccdeaf0e90"
W20260709 14:55:35.134483 13363 leader_election.cc:343] T 254c02ed01e048cebe2e8c081bac5271 P 1d0952bb99b24e1ca122b33328eb7fb0 [CANDIDATE]: Term 1 election: Tablet error from VoteRequest() call to peer 5b6a355d373b4a5cb9a15fccdeaf0e90 (127.11.215.129:36599): Illegal state: must be running to vote when last-logged opid is not known
I20260709 14:55:35.137465 13438 tablet_bootstrap.cc:492] T eef0aa9c720c40d6b5442e5a50c3230d P b460871283e6405ebff8cce3a0870311: No bootstrap required, opened a new log
I20260709 14:55:35.137902 13438 ts_tablet_manager.cc:1403] T eef0aa9c720c40d6b5442e5a50c3230d P b460871283e6405ebff8cce3a0870311: Time spent bootstrapping tablet: real 0.020s	user 0.008s	sys 0.007s
I20260709 14:55:35.138379 13440 tablet_bootstrap.cc:492] T d18a3e14a1f64ef2a637632efda807cc P 1d0952bb99b24e1ca122b33328eb7fb0: Bootstrap starting.
I20260709 14:55:35.139551 13442 tablet_bootstrap.cc:654] T 0275e01dca2248b5b7eb6fcae756c208 P 5b6a355d373b4a5cb9a15fccdeaf0e90: Neither blocks nor log segments found. Creating new log.
I20260709 14:55:35.140332 13438 raft_consensus.cc:359] T eef0aa9c720c40d6b5442e5a50c3230d P b460871283e6405ebff8cce3a0870311 [term 0 FOLLOWER]: Replica starting. Triggering 0 pending ops. Active config: opid_index: -1 OBSOLETE_local: false peers { permanent_uuid: "5b6a355d373b4a5cb9a15fccdeaf0e90" member_type: VOTER last_known_addr { host: "127.11.215.129" port: 36599 } } peers { permanent_uuid: "b460871283e6405ebff8cce3a0870311" member_type: VOTER last_known_addr { host: "127.11.215.130" port: 42361 } } peers { permanent_uuid: "1d0952bb99b24e1ca122b33328eb7fb0" member_type: VOTER last_known_addr { host: "127.11.215.131" port: 39761 } }
I20260709 14:55:35.140970 13438 raft_consensus.cc:385] T eef0aa9c720c40d6b5442e5a50c3230d P b460871283e6405ebff8cce3a0870311 [term 0 FOLLOWER]: Consensus starting up: Expiring failure detector timer to make a prompt election more likely
I20260709 14:55:35.141234 13438 raft_consensus.cc:740] T eef0aa9c720c40d6b5442e5a50c3230d P b460871283e6405ebff8cce3a0870311 [term 0 FOLLOWER]: Becoming Follower/Learner. State: Replica: b460871283e6405ebff8cce3a0870311, State: Initialized, Role: FOLLOWER
I20260709 14:55:35.142063 13438 consensus_queue.cc:260] T eef0aa9c720c40d6b5442e5a50c3230d P b460871283e6405ebff8cce3a0870311 [NON_LEADER]: Queue going to NON_LEADER mode. State: All replicated index: 0, Majority replicated index: 0, Committed index: 0, Last appended: 0.0, Last appended by leader: 0, Current term: 0, Majority size: -1, State: 0, Mode: NON_LEADER, active raft config: opid_index: -1 OBSOLETE_local: false peers { permanent_uuid: "5b6a355d373b4a5cb9a15fccdeaf0e90" member_type: VOTER last_known_addr { host: "127.11.215.129" port: 36599 } } peers { permanent_uuid: "b460871283e6405ebff8cce3a0870311" member_type: VOTER last_known_addr { host: "127.11.215.130" port: 42361 } } peers { permanent_uuid: "1d0952bb99b24e1ca122b33328eb7fb0" member_type: VOTER last_known_addr { host: "127.11.215.131" port: 39761 } }
I20260709 14:55:35.144345 13438 ts_tablet_manager.cc:1434] T eef0aa9c720c40d6b5442e5a50c3230d P b460871283e6405ebff8cce3a0870311: Time spent starting tablet: real 0.006s	user 0.006s	sys 0.001s
I20260709 14:55:35.145030 13440 tablet_bootstrap.cc:654] T d18a3e14a1f64ef2a637632efda807cc P 1d0952bb99b24e1ca122b33328eb7fb0: Neither blocks nor log segments found. Creating new log.
I20260709 14:55:35.145244 13438 tablet_bootstrap.cc:492] T 4a11193c068c49cebce9076c06aacfcc P b460871283e6405ebff8cce3a0870311: Bootstrap starting.
I20260709 14:55:35.151243 13438 tablet_bootstrap.cc:654] T 4a11193c068c49cebce9076c06aacfcc P b460871283e6405ebff8cce3a0870311: Neither blocks nor log segments found. Creating new log.
I20260709 14:55:35.162629 13438 tablet_bootstrap.cc:492] T 4a11193c068c49cebce9076c06aacfcc P b460871283e6405ebff8cce3a0870311: No bootstrap required, opened a new log
I20260709 14:55:35.163110 13438 ts_tablet_manager.cc:1403] T 4a11193c068c49cebce9076c06aacfcc P b460871283e6405ebff8cce3a0870311: Time spent bootstrapping tablet: real 0.018s	user 0.008s	sys 0.007s
I20260709 14:55:35.163429 13440 tablet_bootstrap.cc:492] T d18a3e14a1f64ef2a637632efda807cc P 1d0952bb99b24e1ca122b33328eb7fb0: No bootstrap required, opened a new log
I20260709 14:55:35.163930 13440 ts_tablet_manager.cc:1403] T d18a3e14a1f64ef2a637632efda807cc P 1d0952bb99b24e1ca122b33328eb7fb0: Time spent bootstrapping tablet: real 0.026s	user 0.013s	sys 0.003s
I20260709 14:55:35.164893 13324 raft_consensus.cc:2468] T 254c02ed01e048cebe2e8c081bac5271 P b460871283e6405ebff8cce3a0870311 [term 1 FOLLOWER]: Leader election vote request: Granting yes vote for candidate 1d0952bb99b24e1ca122b33328eb7fb0 in term 1.
I20260709 14:55:35.165642 13438 raft_consensus.cc:359] T 4a11193c068c49cebce9076c06aacfcc P b460871283e6405ebff8cce3a0870311 [term 0 FOLLOWER]: Replica starting. Triggering 0 pending ops. Active config: opid_index: -1 OBSOLETE_local: false peers { permanent_uuid: "5b6a355d373b4a5cb9a15fccdeaf0e90" member_type: VOTER last_known_addr { host: "127.11.215.129" port: 36599 } } peers { permanent_uuid: "1d0952bb99b24e1ca122b33328eb7fb0" member_type: VOTER last_known_addr { host: "127.11.215.131" port: 39761 } } peers { permanent_uuid: "b460871283e6405ebff8cce3a0870311" member_type: VOTER last_known_addr { host: "127.11.215.130" port: 42361 } }
I20260709 14:55:35.165977 13361 leader_election.cc:304] T 254c02ed01e048cebe2e8c081bac5271 P 1d0952bb99b24e1ca122b33328eb7fb0 [CANDIDATE]: Term 1 election: Election decided. Result: candidate won. Election summary: received 3 responses out of 3 voters: 2 yes votes; 1 no votes. yes voters: 1d0952bb99b24e1ca122b33328eb7fb0, b460871283e6405ebff8cce3a0870311; no voters: 5b6a355d373b4a5cb9a15fccdeaf0e90
I20260709 14:55:35.166332 13438 raft_consensus.cc:385] T 4a11193c068c49cebce9076c06aacfcc P b460871283e6405ebff8cce3a0870311 [term 0 FOLLOWER]: Consensus starting up: Expiring failure detector timer to make a prompt election more likely
I20260709 14:55:35.166642 13438 raft_consensus.cc:740] T 4a11193c068c49cebce9076c06aacfcc P b460871283e6405ebff8cce3a0870311 [term 0 FOLLOWER]: Becoming Follower/Learner. State: Replica: b460871283e6405ebff8cce3a0870311, State: Initialized, Role: FOLLOWER
I20260709 14:55:35.167038 13447 raft_consensus.cc:2804] T 254c02ed01e048cebe2e8c081bac5271 P 1d0952bb99b24e1ca122b33328eb7fb0 [term 1 FOLLOWER]: Leader election won for term 1
I20260709 14:55:35.166852 13440 raft_consensus.cc:359] T d18a3e14a1f64ef2a637632efda807cc P 1d0952bb99b24e1ca122b33328eb7fb0 [term 0 FOLLOWER]: Replica starting. Triggering 0 pending ops. Active config: opid_index: -1 OBSOLETE_local: false peers { permanent_uuid: "5b6a355d373b4a5cb9a15fccdeaf0e90" member_type: VOTER last_known_addr { host: "127.11.215.129" port: 36599 } } peers { permanent_uuid: "b460871283e6405ebff8cce3a0870311" member_type: VOTER last_known_addr { host: "127.11.215.130" port: 42361 } } peers { permanent_uuid: "1d0952bb99b24e1ca122b33328eb7fb0" member_type: VOTER last_known_addr { host: "127.11.215.131" port: 39761 } }
I20260709 14:55:35.167299 13438 consensus_queue.cc:260] T 4a11193c068c49cebce9076c06aacfcc P b460871283e6405ebff8cce3a0870311 [NON_LEADER]: Queue going to NON_LEADER mode. State: All replicated index: 0, Majority replicated index: 0, Committed index: 0, Last appended: 0.0, Last appended by leader: 0, Current term: 0, Majority size: -1, State: 0, Mode: NON_LEADER, active raft config: opid_index: -1 OBSOLETE_local: false peers { permanent_uuid: "5b6a355d373b4a5cb9a15fccdeaf0e90" member_type: VOTER last_known_addr { host: "127.11.215.129" port: 36599 } } peers { permanent_uuid: "1d0952bb99b24e1ca122b33328eb7fb0" member_type: VOTER last_known_addr { host: "127.11.215.131" port: 39761 } } peers { permanent_uuid: "b460871283e6405ebff8cce3a0870311" member_type: VOTER last_known_addr { host: "127.11.215.130" port: 42361 } }
I20260709 14:55:35.167646 13447 raft_consensus.cc:697] T 254c02ed01e048cebe2e8c081bac5271 P 1d0952bb99b24e1ca122b33328eb7fb0 [term 1 LEADER]: Becoming Leader. State: Replica: 1d0952bb99b24e1ca122b33328eb7fb0, State: Running, Role: LEADER
I20260709 14:55:35.167729 13440 raft_consensus.cc:385] T d18a3e14a1f64ef2a637632efda807cc P 1d0952bb99b24e1ca122b33328eb7fb0 [term 0 FOLLOWER]: Consensus starting up: Expiring failure detector timer to make a prompt election more likely
I20260709 14:55:35.168207 13440 raft_consensus.cc:740] T d18a3e14a1f64ef2a637632efda807cc P 1d0952bb99b24e1ca122b33328eb7fb0 [term 0 FOLLOWER]: Becoming Follower/Learner. State: Replica: 1d0952bb99b24e1ca122b33328eb7fb0, State: Initialized, Role: FOLLOWER
I20260709 14:55:35.168604 13447 consensus_queue.cc:237] T 254c02ed01e048cebe2e8c081bac5271 P 1d0952bb99b24e1ca122b33328eb7fb0 [LEADER]: Queue going to LEADER mode. State: All replicated index: 0, Majority replicated index: 0, Committed index: 0, Last appended: 0.0, Last appended by leader: 0, Current term: 1, Majority size: 2, State: 0, Mode: LEADER, active raft config: opid_index: -1 OBSOLETE_local: false peers { permanent_uuid: "5b6a355d373b4a5cb9a15fccdeaf0e90" member_type: VOTER last_known_addr { host: "127.11.215.129" port: 36599 } } peers { permanent_uuid: "b460871283e6405ebff8cce3a0870311" member_type: VOTER last_known_addr { host: "127.11.215.130" port: 42361 } } peers { permanent_uuid: "1d0952bb99b24e1ca122b33328eb7fb0" member_type: VOTER last_known_addr { host: "127.11.215.131" port: 39761 } }
I20260709 14:55:35.168951 13440 consensus_queue.cc:260] T d18a3e14a1f64ef2a637632efda807cc P 1d0952bb99b24e1ca122b33328eb7fb0 [NON_LEADER]: Queue going to NON_LEADER mode. State: All replicated index: 0, Majority replicated index: 0, Committed index: 0, Last appended: 0.0, Last appended by leader: 0, Current term: 0, Majority size: -1, State: 0, Mode: NON_LEADER, active raft config: opid_index: -1 OBSOLETE_local: false peers { permanent_uuid: "5b6a355d373b4a5cb9a15fccdeaf0e90" member_type: VOTER last_known_addr { host: "127.11.215.129" port: 36599 } } peers { permanent_uuid: "b460871283e6405ebff8cce3a0870311" member_type: VOTER last_known_addr { host: "127.11.215.130" port: 42361 } } peers { permanent_uuid: "1d0952bb99b24e1ca122b33328eb7fb0" member_type: VOTER last_known_addr { host: "127.11.215.131" port: 39761 } }
I20260709 14:55:35.170900 13442 tablet_bootstrap.cc:492] T 0275e01dca2248b5b7eb6fcae756c208 P 5b6a355d373b4a5cb9a15fccdeaf0e90: No bootstrap required, opened a new log
I20260709 14:55:35.170943 13440 ts_tablet_manager.cc:1434] T d18a3e14a1f64ef2a637632efda807cc P 1d0952bb99b24e1ca122b33328eb7fb0: Time spent starting tablet: real 0.007s	user 0.003s	sys 0.002s
I20260709 14:55:35.171499 13442 ts_tablet_manager.cc:1403] T 0275e01dca2248b5b7eb6fcae756c208 P 5b6a355d373b4a5cb9a15fccdeaf0e90: Time spent bootstrapping tablet: real 0.043s	user 0.016s	sys 0.022s
I20260709 14:55:35.172006 13440 tablet_bootstrap.cc:492] T 20af851635824cb89f9d953b953280ce P 1d0952bb99b24e1ca122b33328eb7fb0: Bootstrap starting.
I20260709 14:55:35.172778 13438 ts_tablet_manager.cc:1434] T 4a11193c068c49cebce9076c06aacfcc P b460871283e6405ebff8cce3a0870311: Time spent starting tablet: real 0.009s	user 0.005s	sys 0.000s
I20260709 14:55:35.174054 13438 tablet_bootstrap.cc:492] T 3aefdf01665d4ec98203b23016890901 P b460871283e6405ebff8cce3a0870311: Bootstrap starting.
I20260709 14:55:35.173807 13442 raft_consensus.cc:359] T 0275e01dca2248b5b7eb6fcae756c208 P 5b6a355d373b4a5cb9a15fccdeaf0e90 [term 0 FOLLOWER]: Replica starting. Triggering 0 pending ops. Active config: opid_index: -1 OBSOLETE_local: false peers { permanent_uuid: "5b6a355d373b4a5cb9a15fccdeaf0e90" member_type: VOTER last_known_addr { host: "127.11.215.129" port: 36599 } } peers { permanent_uuid: "b460871283e6405ebff8cce3a0870311" member_type: VOTER last_known_addr { host: "127.11.215.130" port: 42361 } } peers { permanent_uuid: "1d0952bb99b24e1ca122b33328eb7fb0" member_type: VOTER last_known_addr { host: "127.11.215.131" port: 39761 } }
I20260709 14:55:35.174443 13442 raft_consensus.cc:385] T 0275e01dca2248b5b7eb6fcae756c208 P 5b6a355d373b4a5cb9a15fccdeaf0e90 [term 0 FOLLOWER]: Consensus starting up: Expiring failure detector timer to make a prompt election more likely
I20260709 14:55:35.174724 13442 raft_consensus.cc:740] T 0275e01dca2248b5b7eb6fcae756c208 P 5b6a355d373b4a5cb9a15fccdeaf0e90 [term 0 FOLLOWER]: Becoming Follower/Learner. State: Replica: 5b6a355d373b4a5cb9a15fccdeaf0e90, State: Initialized, Role: FOLLOWER
I20260709 14:55:35.175522 13451 raft_consensus.cc:493] T 3aefdf01665d4ec98203b23016890901 P 5b6a355d373b4a5cb9a15fccdeaf0e90 [term 0 FOLLOWER]: Starting pre-election (no leader contacted us within the election timeout)
I20260709 14:55:35.175951 13451 raft_consensus.cc:515] T 3aefdf01665d4ec98203b23016890901 P 5b6a355d373b4a5cb9a15fccdeaf0e90 [term 0 FOLLOWER]: Starting pre-election with config: opid_index: -1 OBSOLETE_local: false peers { permanent_uuid: "5b6a355d373b4a5cb9a15fccdeaf0e90" member_type: VOTER last_known_addr { host: "127.11.215.129" port: 36599 } } peers { permanent_uuid: "b460871283e6405ebff8cce3a0870311" member_type: VOTER last_known_addr { host: "127.11.215.130" port: 42361 } } peers { permanent_uuid: "1d0952bb99b24e1ca122b33328eb7fb0" member_type: VOTER last_known_addr { host: "127.11.215.131" port: 39761 } }
I20260709 14:55:35.177866 13451 leader_election.cc:290] T 3aefdf01665d4ec98203b23016890901 P 5b6a355d373b4a5cb9a15fccdeaf0e90 [CANDIDATE]: Term 1 pre-election: Requested pre-vote from peers b460871283e6405ebff8cce3a0870311 (127.11.215.130:42361), 1d0952bb99b24e1ca122b33328eb7fb0 (127.11.215.131:39761)
I20260709 14:55:35.178229 13440 tablet_bootstrap.cc:654] T 20af851635824cb89f9d953b953280ce P 1d0952bb99b24e1ca122b33328eb7fb0: Neither blocks nor log segments found. Creating new log.
I20260709 14:55:35.180088 13438 tablet_bootstrap.cc:654] T 3aefdf01665d4ec98203b23016890901 P b460871283e6405ebff8cce3a0870311: Neither blocks nor log segments found. Creating new log.
I20260709 14:55:35.180482 13398 tablet_service.cc:1917] Received RequestConsensusVote() RPC: tablet_id: "3aefdf01665d4ec98203b23016890901" candidate_uuid: "5b6a355d373b4a5cb9a15fccdeaf0e90" candidate_term: 1 candidate_status { last_received { term: 0 index: 0 } } ignore_live_leader: false dest_uuid: "1d0952bb99b24e1ca122b33328eb7fb0" is_pre_election: true
W20260709 14:55:35.181900 13212 leader_election.cc:343] T 3aefdf01665d4ec98203b23016890901 P 5b6a355d373b4a5cb9a15fccdeaf0e90 [CANDIDATE]: Term 1 pre-election: Tablet error from VoteRequest() call to peer 1d0952bb99b24e1ca122b33328eb7fb0 (127.11.215.131:39761): Illegal state: must be running to vote when last-logged opid is not known
I20260709 14:55:35.179986 13324 tablet_service.cc:1917] Received RequestConsensusVote() RPC: tablet_id: "3aefdf01665d4ec98203b23016890901" candidate_uuid: "5b6a355d373b4a5cb9a15fccdeaf0e90" candidate_term: 1 candidate_status { last_received { term: 0 index: 0 } } ignore_live_leader: false dest_uuid: "b460871283e6405ebff8cce3a0870311" is_pre_election: true
W20260709 14:55:35.183614 13212 leader_election.cc:343] T 3aefdf01665d4ec98203b23016890901 P 5b6a355d373b4a5cb9a15fccdeaf0e90 [CANDIDATE]: Term 1 pre-election: Tablet error from VoteRequest() call to peer b460871283e6405ebff8cce3a0870311 (127.11.215.130:42361): Illegal state: must be running to vote when last-logged opid is not known
I20260709 14:55:35.184001 13212 leader_election.cc:304] T 3aefdf01665d4ec98203b23016890901 P 5b6a355d373b4a5cb9a15fccdeaf0e90 [CANDIDATE]: Term 1 pre-election: Election decided. Result: candidate lost. Election summary: received 3 responses out of 3 voters: 1 yes votes; 2 no votes. yes voters: 5b6a355d373b4a5cb9a15fccdeaf0e90; no voters: 1d0952bb99b24e1ca122b33328eb7fb0, b460871283e6405ebff8cce3a0870311
I20260709 14:55:35.185027 13451 raft_consensus.cc:2749] T 3aefdf01665d4ec98203b23016890901 P 5b6a355d373b4a5cb9a15fccdeaf0e90 [term 0 FOLLOWER]: Leader pre-election lost for term 1. Reason: could not achieve majority
I20260709 14:55:35.185880 13442 consensus_queue.cc:260] T 0275e01dca2248b5b7eb6fcae756c208 P 5b6a355d373b4a5cb9a15fccdeaf0e90 [NON_LEADER]: Queue going to NON_LEADER mode. State: All replicated index: 0, Majority replicated index: 0, Committed index: 0, Last appended: 0.0, Last appended by leader: 0, Current term: 0, Majority size: -1, State: 0, Mode: NON_LEADER, active raft config: opid_index: -1 OBSOLETE_local: false peers { permanent_uuid: "5b6a355d373b4a5cb9a15fccdeaf0e90" member_type: VOTER last_known_addr { host: "127.11.215.129" port: 36599 } } peers { permanent_uuid: "b460871283e6405ebff8cce3a0870311" member_type: VOTER last_known_addr { host: "127.11.215.130" port: 42361 } } peers { permanent_uuid: "1d0952bb99b24e1ca122b33328eb7fb0" member_type: VOTER last_known_addr { host: "127.11.215.131" port: 39761 } }
I20260709 14:55:35.190979 13442 ts_tablet_manager.cc:1434] T 0275e01dca2248b5b7eb6fcae756c208 P 5b6a355d373b4a5cb9a15fccdeaf0e90: Time spent starting tablet: real 0.019s	user 0.004s	sys 0.001s
I20260709 14:55:35.190909 13451 raft_consensus.cc:493] T 072027ba46c34224b7498fb06e06bf4f P 5b6a355d373b4a5cb9a15fccdeaf0e90 [term 0 FOLLOWER]: Starting pre-election (no leader contacted us within the election timeout)
I20260709 14:55:35.191524 13451 raft_consensus.cc:515] T 072027ba46c34224b7498fb06e06bf4f P 5b6a355d373b4a5cb9a15fccdeaf0e90 [term 0 FOLLOWER]: Starting pre-election with config: opid_index: -1 OBSOLETE_local: false peers { permanent_uuid: "5b6a355d373b4a5cb9a15fccdeaf0e90" member_type: VOTER last_known_addr { host: "127.11.215.129" port: 36599 } } peers { permanent_uuid: "b460871283e6405ebff8cce3a0870311" member_type: VOTER last_known_addr { host: "127.11.215.130" port: 42361 } } peers { permanent_uuid: "1d0952bb99b24e1ca122b33328eb7fb0" member_type: VOTER last_known_addr { host: "127.11.215.131" port: 39761 } }
I20260709 14:55:35.192031 13442 tablet_bootstrap.cc:492] T 254c02ed01e048cebe2e8c081bac5271 P 5b6a355d373b4a5cb9a15fccdeaf0e90: Bootstrap starting.
I20260709 14:55:35.194068 13324 tablet_service.cc:1917] Received RequestConsensusVote() RPC: tablet_id: "072027ba46c34224b7498fb06e06bf4f" candidate_uuid: "5b6a355d373b4a5cb9a15fccdeaf0e90" candidate_term: 1 candidate_status { last_received { term: 0 index: 0 } } ignore_live_leader: false dest_uuid: "b460871283e6405ebff8cce3a0870311" is_pre_election: true
I20260709 14:55:35.194640 13324 raft_consensus.cc:2468] T 072027ba46c34224b7498fb06e06bf4f P b460871283e6405ebff8cce3a0870311 [term 0 FOLLOWER]: Leader pre-election vote request: Granting yes vote for candidate 5b6a355d373b4a5cb9a15fccdeaf0e90 in term 0.
I20260709 14:55:35.195765 13212 leader_election.cc:304] T 072027ba46c34224b7498fb06e06bf4f P 5b6a355d373b4a5cb9a15fccdeaf0e90 [CANDIDATE]: Term 1 pre-election: Election decided. Result: candidate won. Election summary: received 2 responses out of 3 voters: 2 yes votes; 0 no votes. yes voters: 5b6a355d373b4a5cb9a15fccdeaf0e90, b460871283e6405ebff8cce3a0870311; no voters: 
I20260709 14:55:35.197389 13451 leader_election.cc:290] T 072027ba46c34224b7498fb06e06bf4f P 5b6a355d373b4a5cb9a15fccdeaf0e90 [CANDIDATE]: Term 1 pre-election: Requested pre-vote from peers b460871283e6405ebff8cce3a0870311 (127.11.215.130:42361), 1d0952bb99b24e1ca122b33328eb7fb0 (127.11.215.131:39761)
I20260709 14:55:35.197844 13451 raft_consensus.cc:2804] T 072027ba46c34224b7498fb06e06bf4f P 5b6a355d373b4a5cb9a15fccdeaf0e90 [term 0 FOLLOWER]: Leader pre-election won for term 1
