I20260709 14:55:08.461416 25605 consensus_queue.cc:260] T 0722d251b9e1417c806becfc03fe268d P 2315b13edae444acad8a405d81fd6d03 [NON_LEADER]: Queue going to NON_LEADER mode. State: All replicated index: 0, Majority replicated index: 0, Committed index: 0, Last appended: 0.0, Last appended by leader: 0, Current term: 0, Majority size: -1, State: 0, Mode: NON_LEADER, active raft config: opid_index: -1 OBSOLETE_local: false peers { permanent_uuid: "3538a5b477b7409aa4bd4ccef9ab07a3" member_type: VOTER last_known_addr { host: "127.24.175.65" port: 37231 } } peers { permanent_uuid: "2315b13edae444acad8a405d81fd6d03" member_type: VOTER last_known_addr { host: "127.24.175.66" port: 33775 } } peers { permanent_uuid: "a7efca79cfe942a1a4cc86879ef2e1d1" member_type: VOTER last_known_addr { host: "127.24.175.67" port: 41623 } }
I20260709 14:55:08.463889 25605 ts_tablet_manager.cc:1434] T 0722d251b9e1417c806becfc03fe268d P 2315b13edae444acad8a405d81fd6d03: Time spent starting tablet: real 0.007s	user 0.004s	sys 0.002s
I20260709 14:55:08.466615 25605 tablet_bootstrap.cc:492] T 81ec77182b2e4d1590f759f5783e10c4 P 2315b13edae444acad8a405d81fd6d03: Bootstrap starting.
I20260709 14:55:08.468727 25604 tablet_bootstrap.cc:654] T 458fca90508548b6b70938118985b062 P 3538a5b477b7409aa4bd4ccef9ab07a3: Neither blocks nor log segments found. Creating new log.
I20260709 14:55:08.473169 25605 tablet_bootstrap.cc:654] T 81ec77182b2e4d1590f759f5783e10c4 P 2315b13edae444acad8a405d81fd6d03: Neither blocks nor log segments found. Creating new log.
I20260709 14:55:08.478169 25604 tablet_bootstrap.cc:492] T 458fca90508548b6b70938118985b062 P 3538a5b477b7409aa4bd4ccef9ab07a3: No bootstrap required, opened a new log
I20260709 14:55:08.478657 25604 ts_tablet_manager.cc:1403] T 458fca90508548b6b70938118985b062 P 3538a5b477b7409aa4bd4ccef9ab07a3: Time spent bootstrapping tablet: real 0.020s	user 0.003s	sys 0.009s
I20260709 14:55:08.482733 25606 tablet_bootstrap.cc:492] T 4700027b80434992863a73531b1f8872 P a7efca79cfe942a1a4cc86879ef2e1d1: No bootstrap required, opened a new log
I20260709 14:55:08.483253 25606 ts_tablet_manager.cc:1403] T 4700027b80434992863a73531b1f8872 P a7efca79cfe942a1a4cc86879ef2e1d1: Time spent bootstrapping tablet: real 0.035s	user 0.013s	sys 0.000s
I20260709 14:55:08.489142 25605 tablet_bootstrap.cc:492] T 81ec77182b2e4d1590f759f5783e10c4 P 2315b13edae444acad8a405d81fd6d03: No bootstrap required, opened a new log
I20260709 14:55:08.489655 25605 ts_tablet_manager.cc:1403] T 81ec77182b2e4d1590f759f5783e10c4 P 2315b13edae444acad8a405d81fd6d03: Time spent bootstrapping tablet: real 0.023s	user 0.009s	sys 0.007s
I20260709 14:55:08.492367 25606 raft_consensus.cc:359] T 4700027b80434992863a73531b1f8872 P a7efca79cfe942a1a4cc86879ef2e1d1 [term 0 FOLLOWER]: Replica starting. Triggering 0 pending ops. Active config: opid_index: -1 OBSOLETE_local: false peers { permanent_uuid: "3538a5b477b7409aa4bd4ccef9ab07a3" member_type: VOTER last_known_addr { host: "127.24.175.65" port: 37231 } } peers { permanent_uuid: "2315b13edae444acad8a405d81fd6d03" member_type: VOTER last_known_addr { host: "127.24.175.66" port: 33775 } } peers { permanent_uuid: "a7efca79cfe942a1a4cc86879ef2e1d1" member_type: VOTER last_known_addr { host: "127.24.175.67" port: 41623 } }
I20260709 14:55:08.487450 25604 raft_consensus.cc:359] T 458fca90508548b6b70938118985b062 P 3538a5b477b7409aa4bd4ccef9ab07a3 [term 0 FOLLOWER]: Replica starting. Triggering 0 pending ops. Active config: opid_index: -1 OBSOLETE_local: false peers { permanent_uuid: "3538a5b477b7409aa4bd4ccef9ab07a3" member_type: VOTER last_known_addr { host: "127.24.175.65" port: 37231 } } peers { permanent_uuid: "2315b13edae444acad8a405d81fd6d03" member_type: VOTER last_known_addr { host: "127.24.175.66" port: 33775 } } peers { permanent_uuid: "a7efca79cfe942a1a4cc86879ef2e1d1" member_type: VOTER last_known_addr { host: "127.24.175.67" port: 41623 } }
I20260709 14:55:08.493422 25606 raft_consensus.cc:385] T 4700027b80434992863a73531b1f8872 P a7efca79cfe942a1a4cc86879ef2e1d1 [term 0 FOLLOWER]: Consensus starting up: Expiring failure detector timer to make a prompt election more likely
I20260709 14:55:08.495126 25606 raft_consensus.cc:740] T 4700027b80434992863a73531b1f8872 P a7efca79cfe942a1a4cc86879ef2e1d1 [term 0 FOLLOWER]: Becoming Follower/Learner. State: Replica: a7efca79cfe942a1a4cc86879ef2e1d1, State: Initialized, Role: FOLLOWER
I20260709 14:55:08.495960 25561 raft_consensus.cc:2468] T 77ee20dcbac24fb7af8ed781f6abc417 P a7efca79cfe942a1a4cc86879ef2e1d1 [term 1 FOLLOWER]: Leader election vote request: Granting yes vote for candidate 2315b13edae444acad8a405d81fd6d03 in term 1.
I20260709 14:55:08.474613 25412 raft_consensus.cc:2468] T 77ee20dcbac24fb7af8ed781f6abc417 P 3538a5b477b7409aa4bd4ccef9ab07a3 [term 1 FOLLOWER]: Leader election vote request: Granting yes vote for candidate 2315b13edae444acad8a405d81fd6d03 in term 1.
I20260709 14:55:08.493793 25604 raft_consensus.cc:385] T 458fca90508548b6b70938118985b062 P 3538a5b477b7409aa4bd4ccef9ab07a3 [term 0 FOLLOWER]: Consensus starting up: Expiring failure detector timer to make a prompt election more likely
I20260709 14:55:08.492749 25605 raft_consensus.cc:359] T 81ec77182b2e4d1590f759f5783e10c4 P 2315b13edae444acad8a405d81fd6d03 [term 0 FOLLOWER]: Replica starting. Triggering 0 pending ops. Active config: opid_index: -1 OBSOLETE_local: false peers { permanent_uuid: "3538a5b477b7409aa4bd4ccef9ab07a3" member_type: VOTER last_known_addr { host: "127.24.175.65" port: 37231 } } peers { permanent_uuid: "2315b13edae444acad8a405d81fd6d03" member_type: VOTER last_known_addr { host: "127.24.175.66" port: 33775 } } peers { permanent_uuid: "a7efca79cfe942a1a4cc86879ef2e1d1" member_type: VOTER last_known_addr { host: "127.24.175.67" port: 41623 } }
I20260709 14:55:08.497967 25451 leader_election.cc:304] T 77ee20dcbac24fb7af8ed781f6abc417 P 2315b13edae444acad8a405d81fd6d03 [CANDIDATE]: Term 1 election: Election decided. Result: candidate won. Election summary: received 2 responses out of 3 voters: 2 yes votes; 0 no votes. yes voters: 2315b13edae444acad8a405d81fd6d03, a7efca79cfe942a1a4cc86879ef2e1d1; no voters: 
I20260709 14:55:08.498536 25604 raft_consensus.cc:740] T 458fca90508548b6b70938118985b062 P 3538a5b477b7409aa4bd4ccef9ab07a3 [term 0 FOLLOWER]: Becoming Follower/Learner. State: Replica: 3538a5b477b7409aa4bd4ccef9ab07a3, State: Initialized, Role: FOLLOWER
I20260709 14:55:08.498693 25605 raft_consensus.cc:385] T 81ec77182b2e4d1590f759f5783e10c4 P 2315b13edae444acad8a405d81fd6d03 [term 0 FOLLOWER]: Consensus starting up: Expiring failure detector timer to make a prompt election more likely
I20260709 14:55:08.499034 25614 raft_consensus.cc:2804] T 77ee20dcbac24fb7af8ed781f6abc417 P 2315b13edae444acad8a405d81fd6d03 [term 1 FOLLOWER]: Leader election won for term 1
I20260709 14:55:08.498914 25606 consensus_queue.cc:260] T 4700027b80434992863a73531b1f8872 P a7efca79cfe942a1a4cc86879ef2e1d1 [NON_LEADER]: Queue going to NON_LEADER mode. State: All replicated index: 0, Majority replicated index: 0, Committed index: 0, Last appended: 0.0, Last appended by leader: 0, Current term: 0, Majority size: -1, State: 0, Mode: NON_LEADER, active raft config: opid_index: -1 OBSOLETE_local: false peers { permanent_uuid: "3538a5b477b7409aa4bd4ccef9ab07a3" member_type: VOTER last_known_addr { host: "127.24.175.65" port: 37231 } } peers { permanent_uuid: "2315b13edae444acad8a405d81fd6d03" member_type: VOTER last_known_addr { host: "127.24.175.66" port: 33775 } } peers { permanent_uuid: "a7efca79cfe942a1a4cc86879ef2e1d1" member_type: VOTER last_known_addr { host: "127.24.175.67" port: 41623 } }
I20260709 14:55:08.503244 25606 ts_tablet_manager.cc:1434] T 4700027b80434992863a73531b1f8872 P a7efca79cfe942a1a4cc86879ef2e1d1: Time spent starting tablet: real 0.020s	user 0.005s	sys 0.003s
I20260709 14:55:08.499909 25604 consensus_queue.cc:260] T 458fca90508548b6b70938118985b062 P 3538a5b477b7409aa4bd4ccef9ab07a3 [NON_LEADER]: Queue going to NON_LEADER mode. State: All replicated index: 0, Majority replicated index: 0, Committed index: 0, Last appended: 0.0, Last appended by leader: 0, Current term: 0, Majority size: -1, State: 0, Mode: NON_LEADER, active raft config: opid_index: -1 OBSOLETE_local: false peers { permanent_uuid: "3538a5b477b7409aa4bd4ccef9ab07a3" member_type: VOTER last_known_addr { host: "127.24.175.65" port: 37231 } } peers { permanent_uuid: "2315b13edae444acad8a405d81fd6d03" member_type: VOTER last_known_addr { host: "127.24.175.66" port: 33775 } } peers { permanent_uuid: "a7efca79cfe942a1a4cc86879ef2e1d1" member_type: VOTER last_known_addr { host: "127.24.175.67" port: 41623 } }
I20260709 14:55:08.506371 25604 ts_tablet_manager.cc:1434] T 458fca90508548b6b70938118985b062 P 3538a5b477b7409aa4bd4ccef9ab07a3: Time spent starting tablet: real 0.027s	user 0.003s	sys 0.006s
I20260709 14:55:08.500584 25605 raft_consensus.cc:740] T 81ec77182b2e4d1590f759f5783e10c4 P 2315b13edae444acad8a405d81fd6d03 [term 0 FOLLOWER]: Becoming Follower/Learner. State: Replica: 2315b13edae444acad8a405d81fd6d03, State: Initialized, Role: FOLLOWER
I20260709 14:55:08.509385 25606 tablet_bootstrap.cc:492] T 254251077f424d59ab2ce8a9edf048e5 P a7efca79cfe942a1a4cc86879ef2e1d1: Bootstrap starting.
I20260709 14:55:08.509438 25604 tablet_bootstrap.cc:492] T f40974debb024a3bbd77f11996ef3a81 P 3538a5b477b7409aa4bd4ccef9ab07a3: Bootstrap starting.
I20260709 14:55:08.516132 25610 raft_consensus.cc:515] T 81ec77182b2e4d1590f759f5783e10c4 P a7efca79cfe942a1a4cc86879ef2e1d1 [term 1 FOLLOWER]: Starting leader election with config: opid_index: -1 OBSOLETE_local: false peers { permanent_uuid: "3538a5b477b7409aa4bd4ccef9ab07a3" member_type: VOTER last_known_addr { host: "127.24.175.65" port: 37231 } } peers { permanent_uuid: "2315b13edae444acad8a405d81fd6d03" member_type: VOTER last_known_addr { host: "127.24.175.66" port: 33775 } } peers { permanent_uuid: "a7efca79cfe942a1a4cc86879ef2e1d1" member_type: VOTER last_known_addr { host: "127.24.175.67" port: 41623 } }
I20260709 14:55:08.517678 25560 raft_consensus.cc:2393] T 81ec77182b2e4d1590f759f5783e10c4 P a7efca79cfe942a1a4cc86879ef2e1d1 [term 1 FOLLOWER]: Leader pre-election vote request: Denying vote to candidate 3538a5b477b7409aa4bd4ccef9ab07a3 in current term 1: Already voted for candidate a7efca79cfe942a1a4cc86879ef2e1d1 in this term.
I20260709 14:55:08.510267 25605 consensus_queue.cc:260] T 81ec77182b2e4d1590f759f5783e10c4 P 2315b13edae444acad8a405d81fd6d03 [NON_LEADER]: Queue going to NON_LEADER mode. State: All replicated index: 0, Majority replicated index: 0, Committed index: 0, Last appended: 0.0, Last appended by leader: 0, Current term: 0, Majority size: -1, State: 0, Mode: NON_LEADER, active raft config: opid_index: -1 OBSOLETE_local: false peers { permanent_uuid: "3538a5b477b7409aa4bd4ccef9ab07a3" member_type: VOTER last_known_addr { host: "127.24.175.65" port: 37231 } } peers { permanent_uuid: "2315b13edae444acad8a405d81fd6d03" member_type: VOTER last_known_addr { host: "127.24.175.66" port: 33775 } } peers { permanent_uuid: "a7efca79cfe942a1a4cc86879ef2e1d1" member_type: VOTER last_known_addr { host: "127.24.175.67" port: 41623 } }
I20260709 14:55:08.524466 25376 leader_election.cc:304] T 81ec77182b2e4d1590f759f5783e10c4 P 3538a5b477b7409aa4bd4ccef9ab07a3 [CANDIDATE]: Term 1 pre-election: Election decided. Result: candidate lost. Election summary: received 3 responses out of 3 voters: 1 yes votes; 2 no votes. yes voters: 3538a5b477b7409aa4bd4ccef9ab07a3; no voters: 2315b13edae444acad8a405d81fd6d03, a7efca79cfe942a1a4cc86879ef2e1d1
I20260709 14:55:08.529474 25635 raft_consensus.cc:3060] T 81ec77182b2e4d1590f759f5783e10c4 P 3538a5b477b7409aa4bd4ccef9ab07a3 [term 0 FOLLOWER]: Advancing to term 1
I20260709 14:55:08.523319 25610 leader_election.cc:290] T 81ec77182b2e4d1590f759f5783e10c4 P a7efca79cfe942a1a4cc86879ef2e1d1 [CANDIDATE]: Term 1 election: Requested vote from peers 3538a5b477b7409aa4bd4ccef9ab07a3 (127.24.175.65:37231), 2315b13edae444acad8a405d81fd6d03 (127.24.175.66:33775)
I20260709 14:55:08.524061 25614 raft_consensus.cc:697] T 77ee20dcbac24fb7af8ed781f6abc417 P 2315b13edae444acad8a405d81fd6d03 [term 1 LEADER]: Becoming Leader. State: Replica: 2315b13edae444acad8a405d81fd6d03, State: Running, Role: LEADER
W20260709 14:55:08.530896 25524 outbound_call.cc:321] RPC callback for RPC call kudu.consensus.ConsensusService.RequestConsensusVote -> {remote=127.24.175.65:37231, user_credentials={real_user=slave}} blocked reactor thread for 91700.1us
I20260709 14:55:08.536531 25614 consensus_queue.cc:237] T 77ee20dcbac24fb7af8ed781f6abc417 P 2315b13edae444acad8a405d81fd6d03 [LEADER]: Queue going to LEADER mode. State: All replicated index: 0, Majority replicated index: 0, Committed index: 0, Last appended: 0.0, Last appended by leader: 0, Current term: 1, Majority size: 2, State: 0, Mode: LEADER, active raft config: opid_index: -1 OBSOLETE_local: false peers { permanent_uuid: "3538a5b477b7409aa4bd4ccef9ab07a3" member_type: VOTER last_known_addr { host: "127.24.175.65" port: 37231 } } peers { permanent_uuid: "2315b13edae444acad8a405d81fd6d03" member_type: VOTER last_known_addr { host: "127.24.175.66" port: 33775 } } peers { permanent_uuid: "a7efca79cfe942a1a4cc86879ef2e1d1" member_type: VOTER last_known_addr { host: "127.24.175.67" port: 41623 } }
I20260709 14:55:08.541491 25412 tablet_service.cc:1917] Received RequestConsensusVote() RPC: tablet_id: "81ec77182b2e4d1590f759f5783e10c4" candidate_uuid: "a7efca79cfe942a1a4cc86879ef2e1d1" candidate_term: 1 candidate_status { last_received { term: 0 index: 0 } } ignore_live_leader: false dest_uuid: "3538a5b477b7409aa4bd4ccef9ab07a3"
I20260709 14:55:08.540629 25639 raft_consensus.cc:493] T 39eafdcc476d4a48a57b17ccf45d8447 P 2315b13edae444acad8a405d81fd6d03 [term 0 FOLLOWER]: Starting pre-election (no leader contacted us within the election timeout)
I20260709 14:55:08.546646 25487 tablet_service.cc:1917] Received RequestConsensusVote() RPC: tablet_id: "81ec77182b2e4d1590f759f5783e10c4" candidate_uuid: "a7efca79cfe942a1a4cc86879ef2e1d1" candidate_term: 1 candidate_status { last_received { term: 0 index: 0 } } ignore_live_leader: false dest_uuid: "2315b13edae444acad8a405d81fd6d03"
I20260709 14:55:08.547431 25487 raft_consensus.cc:3060] T 81ec77182b2e4d1590f759f5783e10c4 P 2315b13edae444acad8a405d81fd6d03 [term 0 FOLLOWER]: Advancing to term 1
I20260709 14:55:08.544788 25639 raft_consensus.cc:515] T 39eafdcc476d4a48a57b17ccf45d8447 P 2315b13edae444acad8a405d81fd6d03 [term 0 FOLLOWER]: Starting pre-election with config: opid_index: -1 OBSOLETE_local: false peers { permanent_uuid: "3538a5b477b7409aa4bd4ccef9ab07a3" member_type: VOTER last_known_addr { host: "127.24.175.65" port: 37231 } } peers { permanent_uuid: "2315b13edae444acad8a405d81fd6d03" member_type: VOTER last_known_addr { host: "127.24.175.66" port: 33775 } } peers { permanent_uuid: "a7efca79cfe942a1a4cc86879ef2e1d1" member_type: VOTER last_known_addr { host: "127.24.175.67" port: 41623 } }
I20260709 14:55:08.549036 25606 tablet_bootstrap.cc:654] T 254251077f424d59ab2ce8a9edf048e5 P a7efca79cfe942a1a4cc86879ef2e1d1: Neither blocks nor log segments found. Creating new log.
I20260709 14:55:08.553123 25635 raft_consensus.cc:2749] T 81ec77182b2e4d1590f759f5783e10c4 P 3538a5b477b7409aa4bd4ccef9ab07a3 [term 1 FOLLOWER]: Leader pre-election lost for term 1. Reason: could not achieve majority
W20260709 14:55:08.548419 25524 leader_election.cc:343] T 81ec77182b2e4d1590f759f5783e10c4 P a7efca79cfe942a1a4cc86879ef2e1d1 [CANDIDATE]: Term 1 pre-election: Tablet error from VoteRequest() call to peer 2315b13edae444acad8a405d81fd6d03 (127.24.175.66:33775): Illegal state: must be running to vote when last-logged opid is not known
I20260709 14:55:08.557548 25639 leader_election.cc:290] T 39eafdcc476d4a48a57b17ccf45d8447 P 2315b13edae444acad8a405d81fd6d03 [CANDIDATE]: Term 1 pre-election: Requested pre-vote from peers 3538a5b477b7409aa4bd4ccef9ab07a3 (127.24.175.65:37231), a7efca79cfe942a1a4cc86879ef2e1d1 (127.24.175.67:41623)
I20260709 14:55:08.558584 25411 tablet_service.cc:1917] Received RequestConsensusVote() RPC: tablet_id: "39eafdcc476d4a48a57b17ccf45d8447" candidate_uuid: "2315b13edae444acad8a405d81fd6d03" candidate_term: 1 candidate_status { last_received { term: 0 index: 0 } } ignore_live_leader: false dest_uuid: "3538a5b477b7409aa4bd4ccef9ab07a3" is_pre_election: true
I20260709 14:55:08.559187 25411 raft_consensus.cc:2468] T 39eafdcc476d4a48a57b17ccf45d8447 P 3538a5b477b7409aa4bd4ccef9ab07a3 [term 0 FOLLOWER]: Leader pre-election vote request: Granting yes vote for candidate 2315b13edae444acad8a405d81fd6d03 in term 0.
I20260709 14:55:08.560535 25560 tablet_service.cc:1917] Received RequestConsensusVote() RPC: tablet_id: "39eafdcc476d4a48a57b17ccf45d8447" candidate_uuid: "2315b13edae444acad8a405d81fd6d03" candidate_term: 1 candidate_status { last_received { term: 0 index: 0 } } ignore_live_leader: false dest_uuid: "a7efca79cfe942a1a4cc86879ef2e1d1" is_pre_election: true
I20260709 14:55:08.561769 25450 leader_election.cc:304] T 39eafdcc476d4a48a57b17ccf45d8447 P 2315b13edae444acad8a405d81fd6d03 [CANDIDATE]: Term 1 pre-election: Election decided. Result: candidate won. Election summary: received 2 responses out of 3 voters: 2 yes votes; 0 no votes. yes voters: 2315b13edae444acad8a405d81fd6d03, 3538a5b477b7409aa4bd4ccef9ab07a3; no voters: 
I20260709 14:55:08.560792 25412 raft_consensus.cc:2468] T 81ec77182b2e4d1590f759f5783e10c4 P 3538a5b477b7409aa4bd4ccef9ab07a3 [term 1 FOLLOWER]: Leader election vote request: Granting yes vote for candidate a7efca79cfe942a1a4cc86879ef2e1d1 in term 1.
I20260709 14:55:08.557299 25487 raft_consensus.cc:2468] T 81ec77182b2e4d1590f759f5783e10c4 P 2315b13edae444acad8a405d81fd6d03 [term 1 FOLLOWER]: Leader election vote request: Granting yes vote for candidate a7efca79cfe942a1a4cc86879ef2e1d1 in term 1.
I20260709 14:55:08.562414 25639 raft_consensus.cc:493] T 0722d251b9e1417c806becfc03fe268d P 2315b13edae444acad8a405d81fd6d03 [term 0 FOLLOWER]: Starting pre-election (no leader contacted us within the election timeout)
I20260709 14:55:08.563341 25640 raft_consensus.cc:2804] T 39eafdcc476d4a48a57b17ccf45d8447 P 2315b13edae444acad8a405d81fd6d03 [term 0 FOLLOWER]: Leader pre-election won for term 1
I20260709 14:55:08.563483 25639 raft_consensus.cc:515] T 0722d251b9e1417c806becfc03fe268d P 2315b13edae444acad8a405d81fd6d03 [term 0 FOLLOWER]: Starting pre-election with config: opid_index: -1 OBSOLETE_local: false peers { permanent_uuid: "3538a5b477b7409aa4bd4ccef9ab07a3" member_type: VOTER last_known_addr { host: "127.24.175.65" port: 37231 } } peers { permanent_uuid: "2315b13edae444acad8a405d81fd6d03" member_type: VOTER last_known_addr { host: "127.24.175.66" port: 33775 } } peers { permanent_uuid: "a7efca79cfe942a1a4cc86879ef2e1d1" member_type: VOTER last_known_addr { host: "127.24.175.67" port: 41623 } }
W20260709 14:55:08.562949 25451 leader_election.cc:343] T 39eafdcc476d4a48a57b17ccf45d8447 P 2315b13edae444acad8a405d81fd6d03 [CANDIDATE]: Term 1 pre-election: Tablet error from VoteRequest() call to peer a7efca79cfe942a1a4cc86879ef2e1d1 (127.24.175.67:41623): Illegal state: must be running to vote when last-logged opid is not known
I20260709 14:55:08.563756 25640 raft_consensus.cc:493] T 39eafdcc476d4a48a57b17ccf45d8447 P 2315b13edae444acad8a405d81fd6d03 [term 0 FOLLOWER]: Starting leader election (no leader contacted us within the election timeout)
I20260709 14:55:08.563733 25524 leader_election.cc:304] T 81ec77182b2e4d1590f759f5783e10c4 P a7efca79cfe942a1a4cc86879ef2e1d1 [CANDIDATE]: Term 1 election: Election decided. Result: candidate won. Election summary: received 2 responses out of 3 voters: 2 yes votes; 0 no votes. yes voters: 2315b13edae444acad8a405d81fd6d03, a7efca79cfe942a1a4cc86879ef2e1d1; no voters: 
I20260709 14:55:08.564613 25640 raft_consensus.cc:3060] T 39eafdcc476d4a48a57b17ccf45d8447 P 2315b13edae444acad8a405d81fd6d03 [term 0 FOLLOWER]: Advancing to term 1
I20260709 14:55:08.565802 25633 raft_consensus.cc:2804] T 81ec77182b2e4d1590f759f5783e10c4 P a7efca79cfe942a1a4cc86879ef2e1d1 [term 1 FOLLOWER]: Leader election won for term 1
I20260709 14:55:08.566794 25604 tablet_bootstrap.cc:654] T f40974debb024a3bbd77f11996ef3a81 P 3538a5b477b7409aa4bd4ccef9ab07a3: Neither blocks nor log segments found. Creating new log.
I20260709 14:55:08.566974 25633 raft_consensus.cc:697] T 81ec77182b2e4d1590f759f5783e10c4 P a7efca79cfe942a1a4cc86879ef2e1d1 [term 1 LEADER]: Becoming Leader. State: Replica: a7efca79cfe942a1a4cc86879ef2e1d1, State: Running, Role: LEADER
I20260709 14:55:08.568359 25605 ts_tablet_manager.cc:1434] T 81ec77182b2e4d1590f759f5783e10c4 P 2315b13edae444acad8a405d81fd6d03: Time spent starting tablet: real 0.078s	user 0.013s	sys 0.006s
I20260709 14:55:08.568892 25411 tablet_service.cc:1917] Received RequestConsensusVote() RPC: tablet_id: "0722d251b9e1417c806becfc03fe268d" candidate_uuid: "2315b13edae444acad8a405d81fd6d03" candidate_term: 1 candidate_status { last_received { term: 0 index: 0 } } ignore_live_leader: false dest_uuid: "3538a5b477b7409aa4bd4ccef9ab07a3" is_pre_election: true
I20260709 14:55:08.569999 25639 leader_election.cc:290] T 0722d251b9e1417c806becfc03fe268d P 2315b13edae444acad8a405d81fd6d03 [CANDIDATE]: Term 1 pre-election: Requested pre-vote from peers 3538a5b477b7409aa4bd4ccef9ab07a3 (127.24.175.65:37231), a7efca79cfe942a1a4cc86879ef2e1d1 (127.24.175.67:41623)
I20260709 14:55:08.569686 25560 tablet_service.cc:1917] Received RequestConsensusVote() RPC: tablet_id: "0722d251b9e1417c806becfc03fe268d" candidate_uuid: "2315b13edae444acad8a405d81fd6d03" candidate_term: 1 candidate_status { last_received { term: 0 index: 0 } } ignore_live_leader: false dest_uuid: "a7efca79cfe942a1a4cc86879ef2e1d1" is_pre_election: true
I20260709 14:55:08.570281 25411 raft_consensus.cc:2468] T 0722d251b9e1417c806becfc03fe268d P 3538a5b477b7409aa4bd4ccef9ab07a3 [term 0 FOLLOWER]: Leader pre-election vote request: Granting yes vote for candidate 2315b13edae444acad8a405d81fd6d03 in term 0.
I20260709 14:55:08.570681 25560 raft_consensus.cc:2468] T 0722d251b9e1417c806becfc03fe268d P a7efca79cfe942a1a4cc86879ef2e1d1 [term 0 FOLLOWER]: Leader pre-election vote request: Granting yes vote for candidate 2315b13edae444acad8a405d81fd6d03 in term 0.
I20260709 14:55:08.570832 25605 tablet_bootstrap.cc:492] T 254251077f424d59ab2ce8a9edf048e5 P 2315b13edae444acad8a405d81fd6d03: Bootstrap starting.
I20260709 14:55:08.572053 25451 leader_election.cc:304] T 0722d251b9e1417c806becfc03fe268d P 2315b13edae444acad8a405d81fd6d03 [CANDIDATE]: Term 1 pre-election: Election decided. Result: candidate won. Election summary: received 2 responses out of 3 voters: 2 yes votes; 0 no votes. yes voters: 2315b13edae444acad8a405d81fd6d03, a7efca79cfe942a1a4cc86879ef2e1d1; no voters: 
I20260709 14:55:08.572798 25639 raft_consensus.cc:2804] T 0722d251b9e1417c806becfc03fe268d P 2315b13edae444acad8a405d81fd6d03 [term 0 FOLLOWER]: Leader pre-election won for term 1
I20260709 14:55:08.573231 25639 raft_consensus.cc:493] T 0722d251b9e1417c806becfc03fe268d P 2315b13edae444acad8a405d81fd6d03 [term 0 FOLLOWER]: Starting leader election (no leader contacted us within the election timeout)
I20260709 14:55:08.569887 25633 consensus_queue.cc:237] T 81ec77182b2e4d1590f759f5783e10c4 P a7efca79cfe942a1a4cc86879ef2e1d1 [LEADER]: Queue going to LEADER mode. State: All replicated index: 0, Majority replicated index: 0, Committed index: 0, Last appended: 0.0, Last appended by leader: 0, Current term: 1, Majority size: 2, State: 0, Mode: LEADER, active raft config: opid_index: -1 OBSOLETE_local: false peers { permanent_uuid: "3538a5b477b7409aa4bd4ccef9ab07a3" member_type: VOTER last_known_addr { host: "127.24.175.65" port: 37231 } } peers { permanent_uuid: "2315b13edae444acad8a405d81fd6d03" member_type: VOTER last_known_addr { host: "127.24.175.66" port: 33775 } } peers { permanent_uuid: "a7efca79cfe942a1a4cc86879ef2e1d1" member_type: VOTER last_known_addr { host: "127.24.175.67" port: 41623 } }
I20260709 14:55:08.573666 25639 raft_consensus.cc:3060] T 0722d251b9e1417c806becfc03fe268d P 2315b13edae444acad8a405d81fd6d03 [term 0 FOLLOWER]: Advancing to term 1
I20260709 14:55:08.587729 25606 tablet_bootstrap.cc:492] T 254251077f424d59ab2ce8a9edf048e5 P a7efca79cfe942a1a4cc86879ef2e1d1: No bootstrap required, opened a new log
I20260709 14:55:08.588300 25606 ts_tablet_manager.cc:1403] T 254251077f424d59ab2ce8a9edf048e5 P a7efca79cfe942a1a4cc86879ef2e1d1: Time spent bootstrapping tablet: real 0.079s	user 0.005s	sys 0.018s
I20260709 14:55:08.591076 25606 raft_consensus.cc:359] T 254251077f424d59ab2ce8a9edf048e5 P a7efca79cfe942a1a4cc86879ef2e1d1 [term 0 FOLLOWER]: Replica starting. Triggering 0 pending ops. Active config: opid_index: -1 OBSOLETE_local: false peers { permanent_uuid: "3538a5b477b7409aa4bd4ccef9ab07a3" member_type: VOTER last_known_addr { host: "127.24.175.65" port: 37231 } } peers { permanent_uuid: "2315b13edae444acad8a405d81fd6d03" member_type: VOTER last_known_addr { host: "127.24.175.66" port: 33775 } } peers { permanent_uuid: "a7efca79cfe942a1a4cc86879ef2e1d1" member_type: VOTER last_known_addr { host: "127.24.175.67" port: 41623 } }
I20260709 14:55:08.591795 25606 raft_consensus.cc:385] T 254251077f424d59ab2ce8a9edf048e5 P a7efca79cfe942a1a4cc86879ef2e1d1 [term 0 FOLLOWER]: Consensus starting up: Expiring failure detector timer to make a prompt election more likely
I20260709 14:55:08.595057 25606 raft_consensus.cc:740] T 254251077f424d59ab2ce8a9edf048e5 P a7efca79cfe942a1a4cc86879ef2e1d1 [term 0 FOLLOWER]: Becoming Follower/Learner. State: Replica: a7efca79cfe942a1a4cc86879ef2e1d1, State: Initialized, Role: FOLLOWER
I20260709 14:55:08.594697 25308 catalog_manager.cc:5697] T 77ee20dcbac24fb7af8ed781f6abc417 P 2315b13edae444acad8a405d81fd6d03 reported cstate change: term changed from 0 to 1, leader changed from <none> to 2315b13edae444acad8a405d81fd6d03 (127.24.175.66). New cstate: current_term: 1 leader_uuid: "2315b13edae444acad8a405d81fd6d03" committed_config { opid_index: -1 OBSOLETE_local: false peers { permanent_uuid: "3538a5b477b7409aa4bd4ccef9ab07a3" member_type: VOTER last_known_addr { host: "127.24.175.65" port: 37231 } health_report { overall_health: UNKNOWN } } peers { permanent_uuid: "2315b13edae444acad8a405d81fd6d03" member_type: VOTER last_known_addr { host: "127.24.175.66" port: 33775 } health_report { overall_health: HEALTHY } } peers { permanent_uuid: "a7efca79cfe942a1a4cc86879ef2e1d1" member_type: VOTER last_known_addr { host: "127.24.175.67" port: 41623 } health_report { overall_health: UNKNOWN } } }
I20260709 14:55:08.594381 25640 raft_consensus.cc:515] T 39eafdcc476d4a48a57b17ccf45d8447 P 2315b13edae444acad8a405d81fd6d03 [term 1 FOLLOWER]: Starting leader election with config: opid_index: -1 OBSOLETE_local: false peers { permanent_uuid: "3538a5b477b7409aa4bd4ccef9ab07a3" member_type: VOTER last_known_addr { host: "127.24.175.65" port: 37231 } } peers { permanent_uuid: "2315b13edae444acad8a405d81fd6d03" member_type: VOTER last_known_addr { host: "127.24.175.66" port: 33775 } } peers { permanent_uuid: "a7efca79cfe942a1a4cc86879ef2e1d1" member_type: VOTER last_known_addr { host: "127.24.175.67" port: 41623 } }
I20260709 14:55:08.596956 25606 consensus_queue.cc:260] T 254251077f424d59ab2ce8a9edf048e5 P a7efca79cfe942a1a4cc86879ef2e1d1 [NON_LEADER]: Queue going to NON_LEADER mode. State: All replicated index: 0, Majority replicated index: 0, Committed index: 0, Last appended: 0.0, Last appended by leader: 0, Current term: 0, Majority size: -1, State: 0, Mode: NON_LEADER, active raft config: opid_index: -1 OBSOLETE_local: false peers { permanent_uuid: "3538a5b477b7409aa4bd4ccef9ab07a3" member_type: VOTER last_known_addr { host: "127.24.175.65" port: 37231 } } peers { permanent_uuid: "2315b13edae444acad8a405d81fd6d03" member_type: VOTER last_known_addr { host: "127.24.175.66" port: 33775 } } peers { permanent_uuid: "a7efca79cfe942a1a4cc86879ef2e1d1" member_type: VOTER last_known_addr { host: "127.24.175.67" port: 41623 } }
I20260709 14:55:08.606884 25606 ts_tablet_manager.cc:1434] T 254251077f424d59ab2ce8a9edf048e5 P a7efca79cfe942a1a4cc86879ef2e1d1: Time spent starting tablet: real 0.018s	user 0.007s	sys 0.000s
I20260709 14:55:08.607931 25307 catalog_manager.cc:5697] T 81ec77182b2e4d1590f759f5783e10c4 P a7efca79cfe942a1a4cc86879ef2e1d1 reported cstate change: term changed from 0 to 1, leader changed from <none> to a7efca79cfe942a1a4cc86879ef2e1d1 (127.24.175.67). New cstate: current_term: 1 leader_uuid: "a7efca79cfe942a1a4cc86879ef2e1d1" committed_config { opid_index: -1 OBSOLETE_local: false peers { permanent_uuid: "3538a5b477b7409aa4bd4ccef9ab07a3" member_type: VOTER last_known_addr { host: "127.24.175.65" port: 37231 } health_report { overall_health: UNKNOWN } } peers { permanent_uuid: "2315b13edae444acad8a405d81fd6d03" member_type: VOTER last_known_addr { host: "127.24.175.66" port: 33775 } health_report { overall_health: UNKNOWN } } peers { permanent_uuid: "a7efca79cfe942a1a4cc86879ef2e1d1" member_type: VOTER last_known_addr { host: "127.24.175.67" port: 41623 } health_report { overall_health: HEALTHY } } }
I20260709 14:55:08.610749 25411 tablet_service.cc:1917] Received RequestConsensusVote() RPC: tablet_id: "39eafdcc476d4a48a57b17ccf45d8447" candidate_uuid: "2315b13edae444acad8a405d81fd6d03" candidate_term: 1 candidate_status { last_received { term: 0 index: 0 } } ignore_live_leader: false dest_uuid: "3538a5b477b7409aa4bd4ccef9ab07a3"
I20260709 14:55:08.611263 25640 leader_election.cc:290] T 39eafdcc476d4a48a57b17ccf45d8447 P 2315b13edae444acad8a405d81fd6d03 [CANDIDATE]: Term 1 election: Requested vote from peers 3538a5b477b7409aa4bd4ccef9ab07a3 (127.24.175.65:37231), a7efca79cfe942a1a4cc86879ef2e1d1 (127.24.175.67:41623)
I20260709 14:55:08.611315 25411 raft_consensus.cc:3060] T 39eafdcc476d4a48a57b17ccf45d8447 P 3538a5b477b7409aa4bd4ccef9ab07a3 [term 0 FOLLOWER]: Advancing to term 1
I20260709 14:55:08.611980 25560 tablet_service.cc:1917] Received RequestConsensusVote() RPC: tablet_id: "39eafdcc476d4a48a57b17ccf45d8447" candidate_uuid: "2315b13edae444acad8a405d81fd6d03" candidate_term: 1 candidate_status { last_received { term: 0 index: 0 } } ignore_live_leader: false dest_uuid: "a7efca79cfe942a1a4cc86879ef2e1d1"
W20260709 14:55:08.617354 25451 leader_election.cc:343] T 39eafdcc476d4a48a57b17ccf45d8447 P 2315b13edae444acad8a405d81fd6d03 [CANDIDATE]: Term 1 election: Tablet error from VoteRequest() call to peer a7efca79cfe942a1a4cc86879ef2e1d1 (127.24.175.67:41623): Illegal state: must be running to vote when last-logged opid is not known
I20260709 14:55:08.618201 25605 tablet_bootstrap.cc:654] T 254251077f424d59ab2ce8a9edf048e5 P 2315b13edae444acad8a405d81fd6d03: Neither blocks nor log segments found. Creating new log.
I20260709 14:55:08.628712 25639 raft_consensus.cc:515] T 0722d251b9e1417c806becfc03fe268d P 2315b13edae444acad8a405d81fd6d03 [term 1 FOLLOWER]: Starting leader election with config: opid_index: -1 OBSOLETE_local: false peers { permanent_uuid: "3538a5b477b7409aa4bd4ccef9ab07a3" member_type: VOTER last_known_addr { host: "127.24.175.65" port: 37231 } } peers { permanent_uuid: "2315b13edae444acad8a405d81fd6d03" member_type: VOTER last_known_addr { host: "127.24.175.66" port: 33775 } } peers { permanent_uuid: "a7efca79cfe942a1a4cc86879ef2e1d1" member_type: VOTER last_known_addr { host: "127.24.175.67" port: 41623 } }
I20260709 14:55:08.630368 25411 raft_consensus.cc:2468] T 39eafdcc476d4a48a57b17ccf45d8447 P 3538a5b477b7409aa4bd4ccef9ab07a3 [term 1 FOLLOWER]: Leader election vote request: Granting yes vote for candidate 2315b13edae444acad8a405d81fd6d03 in term 1.
I20260709 14:55:08.633396 25412 tablet_service.cc:1917] Received RequestConsensusVote() RPC: tablet_id: "0722d251b9e1417c806becfc03fe268d" candidate_uuid: "2315b13edae444acad8a405d81fd6d03" candidate_term: 1 candidate_status { last_received { term: 0 index: 0 } } ignore_live_leader: false dest_uuid: "3538a5b477b7409aa4bd4ccef9ab07a3"
I20260709 14:55:08.634002 25412 raft_consensus.cc:3060] T 0722d251b9e1417c806becfc03fe268d P 3538a5b477b7409aa4bd4ccef9ab07a3 [term 0 FOLLOWER]: Advancing to term 1
I20260709 14:55:08.624939 25633 raft_consensus.cc:493] T 254251077f424d59ab2ce8a9edf048e5 P a7efca79cfe942a1a4cc86879ef2e1d1 [term 0 FOLLOWER]: Starting pre-election (no leader contacted us within the election timeout)
I20260709 14:55:08.636897 25604 tablet_bootstrap.cc:492] T f40974debb024a3bbd77f11996ef3a81 P 3538a5b477b7409aa4bd4ccef9ab07a3: No bootstrap required, opened a new log
I20260709 14:55:08.637334 25604 ts_tablet_manager.cc:1403] T f40974debb024a3bbd77f11996ef3a81 P 3538a5b477b7409aa4bd4ccef9ab07a3: Time spent bootstrapping tablet: real 0.128s	user 0.010s	sys 0.010s
I20260709 14:55:08.634817 25606 tablet_bootstrap.cc:492] T 39eafdcc476d4a48a57b17ccf45d8447 P a7efca79cfe942a1a4cc86879ef2e1d1: Bootstrap starting.
I20260709 14:55:08.637778 25633 raft_consensus.cc:515] T 254251077f424d59ab2ce8a9edf048e5 P a7efca79cfe942a1a4cc86879ef2e1d1 [term 0 FOLLOWER]: Starting pre-election with config: opid_index: -1 OBSOLETE_local: false peers { permanent_uuid: "3538a5b477b7409aa4bd4ccef9ab07a3" member_type: VOTER last_known_addr { host: "127.24.175.65" port: 37231 } } peers { permanent_uuid: "2315b13edae444acad8a405d81fd6d03" member_type: VOTER last_known_addr { host: "127.24.175.66" port: 33775 } } peers { permanent_uuid: "a7efca79cfe942a1a4cc86879ef2e1d1" member_type: VOTER last_known_addr { host: "127.24.175.67" port: 41623 } }
I20260709 14:55:08.642891 25633 leader_election.cc:290] T 254251077f424d59ab2ce8a9edf048e5 P a7efca79cfe942a1a4cc86879ef2e1d1 [CANDIDATE]: Term 1 pre-election: Requested pre-vote from peers 3538a5b477b7409aa4bd4ccef9ab07a3 (127.24.175.65:37231), 2315b13edae444acad8a405d81fd6d03 (127.24.175.66:33775)
I20260709 14:55:08.639204 25450 leader_election.cc:304] T 39eafdcc476d4a48a57b17ccf45d8447 P 2315b13edae444acad8a405d81fd6d03 [CANDIDATE]: Term 1 election: Election decided. Result: candidate won. Election summary: received 3 responses out of 3 voters: 2 yes votes; 1 no votes. yes voters: 2315b13edae444acad8a405d81fd6d03, 3538a5b477b7409aa4bd4ccef9ab07a3; no voters: a7efca79cfe942a1a4cc86879ef2e1d1
I20260709 14:55:08.643906 25411 tablet_service.cc:1917] Received RequestConsensusVote() RPC: tablet_id: "254251077f424d59ab2ce8a9edf048e5" candidate_uuid: "a7efca79cfe942a1a4cc86879ef2e1d1" candidate_term: 1 candidate_status { last_received { term: 0 index: 0 } } ignore_live_leader: false dest_uuid: "3538a5b477b7409aa4bd4ccef9ab07a3" is_pre_election: true
I20260709 14:55:08.643829 25635 raft_consensus.cc:493] T 254251077f424d59ab2ce8a9edf048e5 P 3538a5b477b7409aa4bd4ccef9ab07a3 [term 0 FOLLOWER]: Starting pre-election (no leader contacted us within the election timeout)
I20260709 14:55:08.644701 25640 raft_consensus.cc:2804] T 39eafdcc476d4a48a57b17ccf45d8447 P 2315b13edae444acad8a405d81fd6d03 [term 1 FOLLOWER]: Leader election won for term 1
I20260709 14:55:08.645252 25640 raft_consensus.cc:697] T 39eafdcc476d4a48a57b17ccf45d8447 P 2315b13edae444acad8a405d81fd6d03 [term 1 LEADER]: Becoming Leader. State: Replica: 2315b13edae444acad8a405d81fd6d03, State: Running, Role: LEADER
I20260709 14:55:08.644755 25635 raft_consensus.cc:515] T 254251077f424d59ab2ce8a9edf048e5 P 3538a5b477b7409aa4bd4ccef9ab07a3 [term 0 FOLLOWER]: Starting pre-election with config: opid_index: -1 OBSOLETE_local: false peers { permanent_uuid: "3538a5b477b7409aa4bd4ccef9ab07a3" member_type: VOTER last_known_addr { host: "127.24.175.65" port: 37231 } } peers { permanent_uuid: "2315b13edae444acad8a405d81fd6d03" member_type: VOTER last_known_addr { host: "127.24.175.66" port: 33775 } } peers { permanent_uuid: "a7efca79cfe942a1a4cc86879ef2e1d1" member_type: VOTER last_known_addr { host: "127.24.175.67" port: 41623 } }
I20260709 14:55:08.646623 25411 raft_consensus.cc:2468] T 254251077f424d59ab2ce8a9edf048e5 P 3538a5b477b7409aa4bd4ccef9ab07a3 [term 0 FOLLOWER]: Leader pre-election vote request: Granting yes vote for candidate a7efca79cfe942a1a4cc86879ef2e1d1 in term 0.
I20260709 14:55:08.646551 25560 tablet_service.cc:1917] Received RequestConsensusVote() RPC: tablet_id: "0722d251b9e1417c806becfc03fe268d" candidate_uuid: "2315b13edae444acad8a405d81fd6d03" candidate_term: 1 candidate_status { last_received { term: 0 index: 0 } } ignore_live_leader: false dest_uuid: "a7efca79cfe942a1a4cc86879ef2e1d1"
I20260709 14:55:08.647754 25639 leader_election.cc:290] T 0722d251b9e1417c806becfc03fe268d P 2315b13edae444acad8a405d81fd6d03 [CANDIDATE]: Term 1 election: Requested vote from peers 3538a5b477b7409aa4bd4ccef9ab07a3 (127.24.175.65:37231), a7efca79cfe942a1a4cc86879ef2e1d1 (127.24.175.67:41623)
I20260709 14:55:08.648741 25640 consensus_queue.cc:237] T 39eafdcc476d4a48a57b17ccf45d8447 P 2315b13edae444acad8a405d81fd6d03 [LEADER]: Queue going to LEADER mode. State: All replicated index: 0, Majority replicated index: 0, Committed index: 0, Last appended: 0.0, Last appended by leader: 0, Current term: 1, Majority size: 2, State: 0, Mode: LEADER, active raft config: opid_index: -1 OBSOLETE_local: false peers { permanent_uuid: "3538a5b477b7409aa4bd4ccef9ab07a3" member_type: VOTER last_known_addr { host: "127.24.175.65" port: 37231 } } peers { permanent_uuid: "2315b13edae444acad8a405d81fd6d03" member_type: VOTER last_known_addr { host: "127.24.175.66" port: 33775 } } peers { permanent_uuid: "a7efca79cfe942a1a4cc86879ef2e1d1" member_type: VOTER last_known_addr { host: "127.24.175.67" port: 41623 } }
I20260709 14:55:08.649338 25524 leader_election.cc:304] T 254251077f424d59ab2ce8a9edf048e5 P a7efca79cfe942a1a4cc86879ef2e1d1 [CANDIDATE]: Term 1 pre-election: Election decided. Result: candidate won. Election summary: received 2 responses out of 3 voters: 2 yes votes; 0 no votes. yes voters: 3538a5b477b7409aa4bd4ccef9ab07a3, a7efca79cfe942a1a4cc86879ef2e1d1; no voters: 
I20260709 14:55:08.650241 25633 raft_consensus.cc:2804] T 254251077f424d59ab2ce8a9edf048e5 P a7efca79cfe942a1a4cc86879ef2e1d1 [term 0 FOLLOWER]: Leader pre-election won for term 1
I20260709 14:55:08.647979 25487 tablet_service.cc:1917] Received RequestConsensusVote() RPC: tablet_id: "254251077f424d59ab2ce8a9edf048e5" candidate_uuid: "a7efca79cfe942a1a4cc86879ef2e1d1" candidate_term: 1 candidate_status { last_received { term: 0 index: 0 } } ignore_live_leader: false dest_uuid: "2315b13edae444acad8a405d81fd6d03" is_pre_election: true
I20260709 14:55:08.650605 25633 raft_consensus.cc:493] T 254251077f424d59ab2ce8a9edf048e5 P a7efca79cfe942a1a4cc86879ef2e1d1 [term 0 FOLLOWER]: Starting leader election (no leader contacted us within the election timeout)
I20260709 14:55:08.650986 25633 raft_consensus.cc:3060] T 254251077f424d59ab2ce8a9edf048e5 P a7efca79cfe942a1a4cc86879ef2e1d1 [term 0 FOLLOWER]: Advancing to term 1
I20260709 14:55:08.651227 25560 raft_consensus.cc:3060] T 0722d251b9e1417c806becfc03fe268d P a7efca79cfe942a1a4cc86879ef2e1d1 [term 0 FOLLOWER]: Advancing to term 1
W20260709 14:55:08.653067 25524 leader_election.cc:343] T 254251077f424d59ab2ce8a9edf048e5 P a7efca79cfe942a1a4cc86879ef2e1d1 [CANDIDATE]: Term 1 pre-election: Tablet error from VoteRequest() call to peer 2315b13edae444acad8a405d81fd6d03 (127.24.175.66:33775): Illegal state: must be running to vote when last-logged opid is not known
I20260709 14:55:08.658507 25487 tablet_service.cc:1917] Received RequestConsensusVote() RPC: tablet_id: "254251077f424d59ab2ce8a9edf048e5" candidate_uuid: "3538a5b477b7409aa4bd4ccef9ab07a3" candidate_term: 1 candidate_status { last_received { term: 0 index: 0 } } ignore_live_leader: false dest_uuid: "2315b13edae444acad8a405d81fd6d03" is_pre_election: true
W20260709 14:55:08.659952 25375 leader_election.cc:343] T 254251077f424d59ab2ce8a9edf048e5 P 3538a5b477b7409aa4bd4ccef9ab07a3 [CANDIDATE]: Term 1 pre-election: Tablet error from VoteRequest() call to peer 2315b13edae444acad8a405d81fd6d03 (127.24.175.66:33775): Illegal state: must be running to vote when last-logged opid is not known
I20260709 14:55:08.660060 25635 leader_election.cc:290] T 254251077f424d59ab2ce8a9edf048e5 P 3538a5b477b7409aa4bd4ccef9ab07a3 [CANDIDATE]: Term 1 pre-election: Requested pre-vote from peers 2315b13edae444acad8a405d81fd6d03 (127.24.175.66:33775), a7efca79cfe942a1a4cc86879ef2e1d1 (127.24.175.67:41623)
I20260709 14:55:08.669912 25412 raft_consensus.cc:2468] T 0722d251b9e1417c806becfc03fe268d P 3538a5b477b7409aa4bd4ccef9ab07a3 [term 1 FOLLOWER]: Leader election vote request: Granting yes vote for candidate 2315b13edae444acad8a405d81fd6d03 in term 1.
I20260709 14:55:08.672149 25561 tablet_service.cc:1917] Received RequestConsensusVote() RPC: tablet_id: "254251077f424d59ab2ce8a9edf048e5" candidate_uuid: "3538a5b477b7409aa4bd4ccef9ab07a3" candidate_term: 1 candidate_status { last_received { term: 0 index: 0 } } ignore_live_leader: false dest_uuid: "a7efca79cfe942a1a4cc86879ef2e1d1" is_pre_election: true
I20260709 14:55:08.674677 25450 leader_election.cc:304] T 0722d251b9e1417c806becfc03fe268d P 2315b13edae444acad8a405d81fd6d03 [CANDIDATE]: Term 1 election: Election decided. Result: candidate won. Election summary: received 2 responses out of 3 voters: 2 yes votes; 0 no votes. yes voters: 2315b13edae444acad8a405d81fd6d03, 3538a5b477b7409aa4bd4ccef9ab07a3; no voters: 
I20260709 14:55:08.675732 25640 raft_consensus.cc:2804] T 0722d251b9e1417c806becfc03fe268d P 2315b13edae444acad8a405d81fd6d03 [term 1 FOLLOWER]: Leader election won for term 1
I20260709 14:55:08.691017 25606 tablet_bootstrap.cc:654] T 39eafdcc476d4a48a57b17ccf45d8447 P a7efca79cfe942a1a4cc86879ef2e1d1: Neither blocks nor log segments found. Creating new log.
I20260709 14:55:08.691502 25560 raft_consensus.cc:2468] T 0722d251b9e1417c806becfc03fe268d P a7efca79cfe942a1a4cc86879ef2e1d1 [term 1 FOLLOWER]: Leader election vote request: Granting yes vote for candidate 2315b13edae444acad8a405d81fd6d03 in term 1.
I20260709 14:55:08.682013 25640 raft_consensus.cc:697] T 0722d251b9e1417c806becfc03fe268d P 2315b13edae444acad8a405d81fd6d03 [term 1 LEADER]: Becoming Leader. State: Replica: 2315b13edae444acad8a405d81fd6d03, State: Running, Role: LEADER
I20260709 14:55:08.694129 25604 raft_consensus.cc:359] T f40974debb024a3bbd77f11996ef3a81 P 3538a5b477b7409aa4bd4ccef9ab07a3 [term 0 FOLLOWER]: Replica starting. Triggering 0 pending ops. Active config: opid_index: -1 OBSOLETE_local: false peers { permanent_uuid: "3538a5b477b7409aa4bd4ccef9ab07a3" member_type: VOTER last_known_addr { host: "127.24.175.65" port: 37231 } } peers { permanent_uuid: "2315b13edae444acad8a405d81fd6d03" member_type: VOTER last_known_addr { host: "127.24.175.66" port: 33775 } } peers { permanent_uuid: "a7efca79cfe942a1a4cc86879ef2e1d1" member_type: VOTER last_known_addr { host: "127.24.175.67" port: 41623 } }
I20260709 14:55:08.694770 25604 raft_consensus.cc:385] T f40974debb024a3bbd77f11996ef3a81 P 3538a5b477b7409aa4bd4ccef9ab07a3 [term 0 FOLLOWER]: Consensus starting up: Expiring failure detector timer to make a prompt election more likely
I20260709 14:55:08.695030 25604 raft_consensus.cc:740] T f40974debb024a3bbd77f11996ef3a81 P 3538a5b477b7409aa4bd4ccef9ab07a3 [term 0 FOLLOWER]: Becoming Follower/Learner. State: Replica: 3538a5b477b7409aa4bd4ccef9ab07a3, State: Initialized, Role: FOLLOWER
I20260709 14:55:08.693002 25640 consensus_queue.cc:237] T 0722d251b9e1417c806becfc03fe268d P 2315b13edae444acad8a405d81fd6d03 [LEADER]: Queue going to LEADER mode. State: All replicated index: 0, Majority replicated index: 0, Committed index: 0, Last appended: 0.0, Last appended by leader: 0, Current term: 1, Majority size: 2, State: 0, Mode: LEADER, active raft config: opid_index: -1 OBSOLETE_local: false peers { permanent_uuid: "3538a5b477b7409aa4bd4ccef9ab07a3" member_type: VOTER last_known_addr { host: "127.24.175.65" port: 37231 } } peers { permanent_uuid: "2315b13edae444acad8a405d81fd6d03" member_type: VOTER last_known_addr { host: "127.24.175.66" port: 33775 } } peers { permanent_uuid: "a7efca79cfe942a1a4cc86879ef2e1d1" member_type: VOTER last_known_addr { host: "127.24.175.67" port: 41623 } }
I20260709 14:55:08.698081 25633 raft_consensus.cc:515] T 254251077f424d59ab2ce8a9edf048e5 P a7efca79cfe942a1a4cc86879ef2e1d1 [term 1 FOLLOWER]: Starting leader election with config: opid_index: -1 OBSOLETE_local: false peers { permanent_uuid: "3538a5b477b7409aa4bd4ccef9ab07a3" member_type: VOTER last_known_addr { host: "127.24.175.65" port: 37231 } } peers { permanent_uuid: "2315b13edae444acad8a405d81fd6d03" member_type: VOTER last_known_addr { host: "127.24.175.66" port: 33775 } } peers { permanent_uuid: "a7efca79cfe942a1a4cc86879ef2e1d1" member_type: VOTER last_known_addr { host: "127.24.175.67" port: 41623 } }
I20260709 14:55:08.699204 25561 raft_consensus.cc:2393] T 254251077f424d59ab2ce8a9edf048e5 P a7efca79cfe942a1a4cc86879ef2e1d1 [term 1 FOLLOWER]: Leader pre-election vote request: Denying vote to candidate 3538a5b477b7409aa4bd4ccef9ab07a3 in current term 1: Already voted for candidate a7efca79cfe942a1a4cc86879ef2e1d1 in this term.
I20260709 14:55:08.695735 25604 consensus_queue.cc:260] T f40974debb024a3bbd77f11996ef3a81 P 3538a5b477b7409aa4bd4ccef9ab07a3 [NON_LEADER]: Queue going to NON_LEADER mode. State: All replicated index: 0, Majority replicated index: 0, Committed index: 0, Last appended: 0.0, Last appended by leader: 0, Current term: 0, Majority size: -1, State: 0, Mode: NON_LEADER, active raft config: opid_index: -1 OBSOLETE_local: false peers { permanent_uuid: "3538a5b477b7409aa4bd4ccef9ab07a3" member_type: VOTER last_known_addr { host: "127.24.175.65" port: 37231 } } peers { permanent_uuid: "2315b13edae444acad8a405d81fd6d03" member_type: VOTER last_known_addr { host: "127.24.175.66" port: 33775 } } peers { permanent_uuid: "a7efca79cfe942a1a4cc86879ef2e1d1" member_type: VOTER last_known_addr { host: "127.24.175.67" port: 41623 } }
I20260709 14:55:08.700855 25605 tablet_bootstrap.cc:492] T 254251077f424d59ab2ce8a9edf048e5 P 2315b13edae444acad8a405d81fd6d03: No bootstrap required, opened a new log
I20260709 14:55:08.701316 25605 ts_tablet_manager.cc:1403] T 254251077f424d59ab2ce8a9edf048e5 P 2315b13edae444acad8a405d81fd6d03: Time spent bootstrapping tablet: real 0.131s	user 0.028s	sys 0.010s
I20260709 14:55:08.701146 25376 leader_election.cc:304] T 254251077f424d59ab2ce8a9edf048e5 P 3538a5b477b7409aa4bd4ccef9ab07a3 [CANDIDATE]: Term 1 pre-election: Election decided. Result: candidate lost. Election summary: received 3 responses out of 3 voters: 1 yes votes; 2 no votes. yes voters: 3538a5b477b7409aa4bd4ccef9ab07a3; no voters: 2315b13edae444acad8a405d81fd6d03, a7efca79cfe942a1a4cc86879ef2e1d1
I20260709 14:55:08.701984 25635 raft_consensus.cc:3060] T 254251077f424d59ab2ce8a9edf048e5 P 3538a5b477b7409aa4bd4ccef9ab07a3 [term 0 FOLLOWER]: Advancing to term 1
I20260709 14:55:08.705895 25604 ts_tablet_manager.cc:1434] T f40974debb024a3bbd77f11996ef3a81 P 3538a5b477b7409aa4bd4ccef9ab07a3: Time spent starting tablet: real 0.068s	user 0.005s	sys 0.001s
I20260709 14:55:08.706863 25633 leader_election.cc:290] T 254251077f424d59ab2ce8a9edf048e5 P a7efca79cfe942a1a4cc86879ef2e1d1 [CANDIDATE]: Term 1 election: Requested vote from peers 3538a5b477b7409aa4bd4ccef9ab07a3 (127.24.175.65:37231), 2315b13edae444acad8a405d81fd6d03 (127.24.175.66:33775)
I20260709 14:55:08.708104 25487 tablet_service.cc:1917] Received RequestConsensusVote() RPC: tablet_id: "254251077f424d59ab2ce8a9edf048e5" candidate_uuid: "a7efca79cfe942a1a4cc86879ef2e1d1" candidate_term: 1 candidate_status { last_received { term: 0 index: 0 } } ignore_live_leader: false dest_uuid: "2315b13edae444acad8a405d81fd6d03"
I20260709 14:55:08.708619 25635 raft_consensus.cc:2749] T 254251077f424d59ab2ce8a9edf048e5 P 3538a5b477b7409aa4bd4ccef9ab07a3 [term 1 FOLLOWER]: Leader pre-election lost for term 1. Reason: could not achieve majority
I20260709 14:55:08.709964 25412 tablet_service.cc:1917] Received RequestConsensusVote() RPC: tablet_id: "254251077f424d59ab2ce8a9edf048e5" candidate_uuid: "a7efca79cfe942a1a4cc86879ef2e1d1" candidate_term: 1 candidate_status { last_received { term: 0 index: 0 } } ignore_live_leader: false dest_uuid: "3538a5b477b7409aa4bd4ccef9ab07a3"
I20260709 14:55:08.708590 25605 raft_consensus.cc:359] T 254251077f424d59ab2ce8a9edf048e5 P 2315b13edae444acad8a405d81fd6d03 [term 0 FOLLOWER]: Replica starting. Triggering 0 pending ops. Active config: opid_index: -1 OBSOLETE_local: false peers { permanent_uuid: "3538a5b477b7409aa4bd4ccef9ab07a3" member_type: VOTER last_known_addr { host: "127.24.175.65" port: 37231 } } peers { permanent_uuid: "2315b13edae444acad8a405d81fd6d03" member_type: VOTER last_known_addr { host: "127.24.175.66" port: 33775 } } peers { permanent_uuid: "a7efca79cfe942a1a4cc86879ef2e1d1" member_type: VOTER last_known_addr { host: "127.24.175.67" port: 41623 } }
I20260709 14:55:08.711572 25604 tablet_bootstrap.cc:492] T 4700027b80434992863a73531b1f8872 P 3538a5b477b7409aa4bd4ccef9ab07a3: Bootstrap starting.
I20260709 14:55:08.711750 25605 raft_consensus.cc:385] T 254251077f424d59ab2ce8a9edf048e5 P 2315b13edae444acad8a405d81fd6d03 [term 0 FOLLOWER]: Consensus starting up: Expiring failure detector timer to make a prompt election more likely
I20260709 14:55:08.720052 25412 raft_consensus.cc:2468] T 254251077f424d59ab2ce8a9edf048e5 P 3538a5b477b7409aa4bd4ccef9ab07a3 [term 1 FOLLOWER]: Leader election vote request: Granting yes vote for candidate a7efca79cfe942a1a4cc86879ef2e1d1 in term 1.
I20260709 14:55:08.721266 25524 leader_election.cc:304] T 254251077f424d59ab2ce8a9edf048e5 P a7efca79cfe942a1a4cc86879ef2e1d1 [CANDIDATE]: Term 1 election: Election decided. Result: candidate won. Election summary: received 2 responses out of 3 voters: 2 yes votes; 0 no votes. yes voters: 3538a5b477b7409aa4bd4ccef9ab07a3, a7efca79cfe942a1a4cc86879ef2e1d1; no voters: 
