I20260709 14:55:11.861932 21545 consensus_queue.cc:260] T 6fb280cbb9a04f059cf140451ca0bae4 P fd9495d8c5264f998124f5b24733f97a [NON_LEADER]: Queue going to NON_LEADER mode. State: All replicated index: 0, Majority replicated index: 3, Committed index: 3, Last appended: 3.3, Last appended by leader: 3, Current term: 3, Majority size: -1, State: 0, Mode: NON_LEADER, active raft config: opid_index: -1 OBSOLETE_local: false peers { permanent_uuid: "d94a8a242672485092639bc4042aea52" member_type: VOTER last_known_addr { host: "127.20.195.1" port: 34999 } } peers { permanent_uuid: "287c5e6df3534063b0ac7c175d0224ae" member_type: VOTER last_known_addr { host: "127.20.195.2" port: 41379 } } peers { permanent_uuid: "fd9495d8c5264f998124f5b24733f97a" member_type: VOTER last_known_addr { host: "127.20.195.3" port: 37507 } }
I20260709 14:55:11.863154 21545 raft_consensus.cc:3060] T 6fb280cbb9a04f059cf140451ca0bae4 P fd9495d8c5264f998124f5b24733f97a [term 3 FOLLOWER]: Advancing to term 4
I20260709 14:55:11.865574 21394 raft_consensus.cc:2468] T 6fb280cbb9a04f059cf140451ca0bae4 P d94a8a242672485092639bc4042aea52 [term 4 FOLLOWER]: Leader election vote request: Granting yes vote for candidate 287c5e6df3534063b0ac7c175d0224ae in term 4.
I20260709 14:55:11.867452 21434 leader_election.cc:304] T 6fb280cbb9a04f059cf140451ca0bae4 P 287c5e6df3534063b0ac7c175d0224ae [CANDIDATE]: Term 4 election: Election decided. Result: candidate won. Election summary: received 2 responses out of 3 voters: 2 yes votes; 0 no votes. yes voters: 287c5e6df3534063b0ac7c175d0224ae, d94a8a242672485092639bc4042aea52; no voters: 
I20260709 14:55:11.868166 21683 raft_consensus.cc:2804] T 6fb280cbb9a04f059cf140451ca0bae4 P 287c5e6df3534063b0ac7c175d0224ae [term 4 FOLLOWER]: Leader election won for term 4
I20260709 14:55:11.868582 21683 raft_consensus.cc:697] T 6fb280cbb9a04f059cf140451ca0bae4 P 287c5e6df3534063b0ac7c175d0224ae [term 4 LEADER]: Becoming Leader. State: Replica: 287c5e6df3534063b0ac7c175d0224ae, State: Running, Role: LEADER
I20260709 14:55:11.868652 21545 raft_consensus.cc:2468] T 6fb280cbb9a04f059cf140451ca0bae4 P fd9495d8c5264f998124f5b24733f97a [term 4 FOLLOWER]: Leader election vote request: Granting yes vote for candidate 287c5e6df3534063b0ac7c175d0224ae in term 4.
I20260709 14:55:11.869342 21683 consensus_queue.cc:237] T 6fb280cbb9a04f059cf140451ca0bae4 P 287c5e6df3534063b0ac7c175d0224ae [LEADER]: Queue going to LEADER mode. State: All replicated index: 0, Majority replicated index: 3, Committed index: 3, Last appended: 3.3, Last appended by leader: 3, Current term: 4, Majority size: 2, State: 0, Mode: LEADER, active raft config: opid_index: -1 OBSOLETE_local: false peers { permanent_uuid: "d94a8a242672485092639bc4042aea52" member_type: VOTER last_known_addr { host: "127.20.195.1" port: 34999 } } peers { permanent_uuid: "287c5e6df3534063b0ac7c175d0224ae" member_type: VOTER last_known_addr { host: "127.20.195.2" port: 41379 } } peers { permanent_uuid: "fd9495d8c5264f998124f5b24733f97a" member_type: VOTER last_known_addr { host: "127.20.195.3" port: 37507 } }
I20260709 14:55:11.875682 21291 catalog_manager.cc:5697] T 6fb280cbb9a04f059cf140451ca0bae4 P 287c5e6df3534063b0ac7c175d0224ae reported cstate change: term changed from 3 to 4, leader changed from fd9495d8c5264f998124f5b24733f97a (127.20.195.3) to 287c5e6df3534063b0ac7c175d0224ae (127.20.195.2). New cstate: current_term: 4 leader_uuid: "287c5e6df3534063b0ac7c175d0224ae" committed_config { opid_index: -1 OBSOLETE_local: false peers { permanent_uuid: "d94a8a242672485092639bc4042aea52" member_type: VOTER last_known_addr { host: "127.20.195.1" port: 34999 } health_report { overall_health: UNKNOWN } } peers { permanent_uuid: "287c5e6df3534063b0ac7c175d0224ae" member_type: VOTER last_known_addr { host: "127.20.195.2" port: 41379 } health_report { overall_health: HEALTHY } } peers { permanent_uuid: "fd9495d8c5264f998124f5b24733f97a" member_type: VOTER last_known_addr { host: "127.20.195.3" port: 37507 } health_report { overall_health: UNKNOWN } } }
I20260709 14:55:11.921064 21686 raft_consensus.cc:993] T ccc0145290c24838bf31287916468eb2 P d94a8a242672485092639bc4042aea52: : Instructing follower 287c5e6df3534063b0ac7c175d0224ae to start an election
I20260709 14:55:11.921509 21686 raft_consensus.cc:1081] T ccc0145290c24838bf31287916468eb2 P d94a8a242672485092639bc4042aea52 [term 2 LEADER]: Signalling peer 287c5e6df3534063b0ac7c175d0224ae to start an election
I20260709 14:55:11.922956 21471 tablet_service.cc:2044] Received Run Leader Election RPC: tablet_id: "ccc0145290c24838bf31287916468eb2"
dest_uuid: "287c5e6df3534063b0ac7c175d0224ae"
 from {username='slave'} at 127.0.0.1:42004
I20260709 14:55:11.923429 21471 raft_consensus.cc:493] T ccc0145290c24838bf31287916468eb2 P 287c5e6df3534063b0ac7c175d0224ae [term 2 FOLLOWER]: Starting forced leader election (received explicit request)
I20260709 14:55:11.923677 21471 raft_consensus.cc:3060] T ccc0145290c24838bf31287916468eb2 P 287c5e6df3534063b0ac7c175d0224ae [term 2 FOLLOWER]: Advancing to term 3
I20260709 14:55:11.927846 21471 raft_consensus.cc:515] T ccc0145290c24838bf31287916468eb2 P 287c5e6df3534063b0ac7c175d0224ae [term 3 FOLLOWER]: Starting forced leader election with config: opid_index: -1 OBSOLETE_local: false peers { permanent_uuid: "d94a8a242672485092639bc4042aea52" member_type: VOTER last_known_addr { host: "127.20.195.1" port: 34999 } } peers { permanent_uuid: "fd9495d8c5264f998124f5b24733f97a" member_type: VOTER last_known_addr { host: "127.20.195.3" port: 37507 } } peers { permanent_uuid: "287c5e6df3534063b0ac7c175d0224ae" member_type: VOTER last_known_addr { host: "127.20.195.2" port: 41379 } }
I20260709 14:55:11.928314 21704 raft_consensus.cc:993] T 9eb3760e005648098e6dd231780b4765 P d94a8a242672485092639bc4042aea52: : Instructing follower 287c5e6df3534063b0ac7c175d0224ae to start an election
I20260709 14:55:11.928755 21686 raft_consensus.cc:1081] T 9eb3760e005648098e6dd231780b4765 P d94a8a242672485092639bc4042aea52 [term 2 LEADER]: Signalling peer 287c5e6df3534063b0ac7c175d0224ae to start an election
I20260709 14:55:11.929478 21471 leader_election.cc:290] T ccc0145290c24838bf31287916468eb2 P 287c5e6df3534063b0ac7c175d0224ae [CANDIDATE]: Term 3 election: Requested vote from peers d94a8a242672485092639bc4042aea52 (127.20.195.1:34999), fd9495d8c5264f998124f5b24733f97a (127.20.195.3:37507)
I20260709 14:55:11.930341 21471 tablet_service.cc:2044] Received Run Leader Election RPC: tablet_id: "9eb3760e005648098e6dd231780b4765"
dest_uuid: "287c5e6df3534063b0ac7c175d0224ae"
 from {username='slave'} at 127.0.0.1:42004
I20260709 14:55:11.930359 21394 tablet_service.cc:1917] Received RequestConsensusVote() RPC: tablet_id: "ccc0145290c24838bf31287916468eb2" candidate_uuid: "287c5e6df3534063b0ac7c175d0224ae" candidate_term: 3 candidate_status { last_received { term: 2 index: 2 } } ignore_live_leader: true dest_uuid: "d94a8a242672485092639bc4042aea52"
I20260709 14:55:11.930645 21545 tablet_service.cc:1917] Received RequestConsensusVote() RPC: tablet_id: "ccc0145290c24838bf31287916468eb2" candidate_uuid: "287c5e6df3534063b0ac7c175d0224ae" candidate_term: 3 candidate_status { last_received { term: 2 index: 2 } } ignore_live_leader: true dest_uuid: "fd9495d8c5264f998124f5b24733f97a"
I20260709 14:55:11.930969 21471 raft_consensus.cc:493] T 9eb3760e005648098e6dd231780b4765 P 287c5e6df3534063b0ac7c175d0224ae [term 2 FOLLOWER]: Starting forced leader election (received explicit request)
I20260709 14:55:11.931015 21394 raft_consensus.cc:3055] T ccc0145290c24838bf31287916468eb2 P d94a8a242672485092639bc4042aea52 [term 2 LEADER]: Stepping down as leader of term 2
I20260709 14:55:11.931342 21545 raft_consensus.cc:3060] T ccc0145290c24838bf31287916468eb2 P fd9495d8c5264f998124f5b24733f97a [term 2 FOLLOWER]: Advancing to term 3
I20260709 14:55:11.931519 21471 raft_consensus.cc:3060] T 9eb3760e005648098e6dd231780b4765 P 287c5e6df3534063b0ac7c175d0224ae [term 2 FOLLOWER]: Advancing to term 3
I20260709 14:55:11.931528 21394 raft_consensus.cc:740] T ccc0145290c24838bf31287916468eb2 P d94a8a242672485092639bc4042aea52 [term 2 LEADER]: Becoming Follower/Learner. State: Replica: d94a8a242672485092639bc4042aea52, State: Running, Role: LEADER
I20260709 14:55:11.932494 21394 consensus_queue.cc:260] T ccc0145290c24838bf31287916468eb2 P d94a8a242672485092639bc4042aea52 [NON_LEADER]: Queue going to NON_LEADER mode. State: All replicated index: 0, Majority replicated index: 2, Committed index: 2, Last appended: 2.2, Last appended by leader: 2, Current term: 2, Majority size: -1, State: 0, Mode: NON_LEADER, active raft config: opid_index: -1 OBSOLETE_local: false peers { permanent_uuid: "d94a8a242672485092639bc4042aea52" member_type: VOTER last_known_addr { host: "127.20.195.1" port: 34999 } } peers { permanent_uuid: "fd9495d8c5264f998124f5b24733f97a" member_type: VOTER last_known_addr { host: "127.20.195.3" port: 37507 } } peers { permanent_uuid: "287c5e6df3534063b0ac7c175d0224ae" member_type: VOTER last_known_addr { host: "127.20.195.2" port: 41379 } }
I20260709 14:55:11.933686 21394 raft_consensus.cc:3060] T ccc0145290c24838bf31287916468eb2 P d94a8a242672485092639bc4042aea52 [term 2 FOLLOWER]: Advancing to term 3
I20260709 14:55:11.936400 21545 raft_consensus.cc:2468] T ccc0145290c24838bf31287916468eb2 P fd9495d8c5264f998124f5b24733f97a [term 3 FOLLOWER]: Leader election vote request: Granting yes vote for candidate 287c5e6df3534063b0ac7c175d0224ae in term 3.
I20260709 14:55:11.937502 21435 leader_election.cc:304] T ccc0145290c24838bf31287916468eb2 P 287c5e6df3534063b0ac7c175d0224ae [CANDIDATE]: Term 3 election: Election decided. Result: candidate won. Election summary: received 2 responses out of 3 voters: 2 yes votes; 0 no votes. yes voters: 287c5e6df3534063b0ac7c175d0224ae, fd9495d8c5264f998124f5b24733f97a; no voters: 
I20260709 14:55:11.937635 21471 raft_consensus.cc:515] T 9eb3760e005648098e6dd231780b4765 P 287c5e6df3534063b0ac7c175d0224ae [term 3 FOLLOWER]: Starting forced leader election with config: opid_index: -1 OBSOLETE_local: false peers { permanent_uuid: "d94a8a242672485092639bc4042aea52" member_type: VOTER last_known_addr { host: "127.20.195.1" port: 34999 } } peers { permanent_uuid: "287c5e6df3534063b0ac7c175d0224ae" member_type: VOTER last_known_addr { host: "127.20.195.2" port: 41379 } } peers { permanent_uuid: "fd9495d8c5264f998124f5b24733f97a" member_type: VOTER last_known_addr { host: "127.20.195.3" port: 37507 } }
I20260709 14:55:11.938261 21683 raft_consensus.cc:2804] T ccc0145290c24838bf31287916468eb2 P 287c5e6df3534063b0ac7c175d0224ae [term 3 FOLLOWER]: Leader election won for term 3
I20260709 14:55:11.938740 21683 raft_consensus.cc:697] T ccc0145290c24838bf31287916468eb2 P 287c5e6df3534063b0ac7c175d0224ae [term 3 LEADER]: Becoming Leader. State: Replica: 287c5e6df3534063b0ac7c175d0224ae, State: Running, Role: LEADER
I20260709 14:55:11.939555 21683 consensus_queue.cc:237] T ccc0145290c24838bf31287916468eb2 P 287c5e6df3534063b0ac7c175d0224ae [LEADER]: Queue going to LEADER mode. State: All replicated index: 0, Majority replicated index: 2, Committed index: 2, Last appended: 2.2, Last appended by leader: 2, Current term: 3, Majority size: 2, State: 0, Mode: LEADER, active raft config: opid_index: -1 OBSOLETE_local: false peers { permanent_uuid: "d94a8a242672485092639bc4042aea52" member_type: VOTER last_known_addr { host: "127.20.195.1" port: 34999 } } peers { permanent_uuid: "fd9495d8c5264f998124f5b24733f97a" member_type: VOTER last_known_addr { host: "127.20.195.3" port: 37507 } } peers { permanent_uuid: "287c5e6df3534063b0ac7c175d0224ae" member_type: VOTER last_known_addr { host: "127.20.195.2" port: 41379 } }
I20260709 14:55:11.940063 21471 leader_election.cc:290] T 9eb3760e005648098e6dd231780b4765 P 287c5e6df3534063b0ac7c175d0224ae [CANDIDATE]: Term 3 election: Requested vote from peers d94a8a242672485092639bc4042aea52 (127.20.195.1:34999), fd9495d8c5264f998124f5b24733f97a (127.20.195.3:37507)
I20260709 14:55:11.940335 21394 raft_consensus.cc:2468] T ccc0145290c24838bf31287916468eb2 P d94a8a242672485092639bc4042aea52 [term 3 FOLLOWER]: Leader election vote request: Granting yes vote for candidate 287c5e6df3534063b0ac7c175d0224ae in term 3.
I20260709 14:55:11.941108 21396 tablet_service.cc:1917] Received RequestConsensusVote() RPC: tablet_id: "9eb3760e005648098e6dd231780b4765" candidate_uuid: "287c5e6df3534063b0ac7c175d0224ae" candidate_term: 3 candidate_status { last_received { term: 2 index: 2 } } ignore_live_leader: true dest_uuid: "d94a8a242672485092639bc4042aea52"
I20260709 14:55:11.941361 21545 tablet_service.cc:1917] Received RequestConsensusVote() RPC: tablet_id: "9eb3760e005648098e6dd231780b4765" candidate_uuid: "287c5e6df3534063b0ac7c175d0224ae" candidate_term: 3 candidate_status { last_received { term: 2 index: 2 } } ignore_live_leader: true dest_uuid: "fd9495d8c5264f998124f5b24733f97a"
I20260709 14:55:11.941696 21396 raft_consensus.cc:3055] T 9eb3760e005648098e6dd231780b4765 P d94a8a242672485092639bc4042aea52 [term 2 LEADER]: Stepping down as leader of term 2
I20260709 14:55:11.941967 21545 raft_consensus.cc:3060] T 9eb3760e005648098e6dd231780b4765 P fd9495d8c5264f998124f5b24733f97a [term 2 FOLLOWER]: Advancing to term 3
I20260709 14:55:11.942016 21396 raft_consensus.cc:740] T 9eb3760e005648098e6dd231780b4765 P d94a8a242672485092639bc4042aea52 [term 2 LEADER]: Becoming Follower/Learner. State: Replica: d94a8a242672485092639bc4042aea52, State: Running, Role: LEADER
I20260709 14:55:11.942906 21396 consensus_queue.cc:260] T 9eb3760e005648098e6dd231780b4765 P d94a8a242672485092639bc4042aea52 [NON_LEADER]: Queue going to NON_LEADER mode. State: All replicated index: 0, Majority replicated index: 2, Committed index: 2, Last appended: 2.2, Last appended by leader: 2, Current term: 2, Majority size: -1, State: 0, Mode: NON_LEADER, active raft config: opid_index: -1 OBSOLETE_local: false peers { permanent_uuid: "d94a8a242672485092639bc4042aea52" member_type: VOTER last_known_addr { host: "127.20.195.1" port: 34999 } } peers { permanent_uuid: "287c5e6df3534063b0ac7c175d0224ae" member_type: VOTER last_known_addr { host: "127.20.195.2" port: 41379 } } peers { permanent_uuid: "fd9495d8c5264f998124f5b24733f97a" member_type: VOTER last_known_addr { host: "127.20.195.3" port: 37507 } }
I20260709 14:55:11.944118 21396 raft_consensus.cc:3060] T 9eb3760e005648098e6dd231780b4765 P d94a8a242672485092639bc4042aea52 [term 2 FOLLOWER]: Advancing to term 3
I20260709 14:55:11.947000 21291 catalog_manager.cc:5697] T ccc0145290c24838bf31287916468eb2 P 287c5e6df3534063b0ac7c175d0224ae reported cstate change: term changed from 2 to 3, leader changed from d94a8a242672485092639bc4042aea52 (127.20.195.1) to 287c5e6df3534063b0ac7c175d0224ae (127.20.195.2). New cstate: current_term: 3 leader_uuid: "287c5e6df3534063b0ac7c175d0224ae" committed_config { opid_index: -1 OBSOLETE_local: false peers { permanent_uuid: "d94a8a242672485092639bc4042aea52" member_type: VOTER last_known_addr { host: "127.20.195.1" port: 34999 } health_report { overall_health: UNKNOWN } } peers { permanent_uuid: "fd9495d8c5264f998124f5b24733f97a" member_type: VOTER last_known_addr { host: "127.20.195.3" port: 37507 } health_report { overall_health: UNKNOWN } } peers { permanent_uuid: "287c5e6df3534063b0ac7c175d0224ae" member_type: VOTER last_known_addr { host: "127.20.195.2" port: 41379 } health_report { overall_health: HEALTHY } } }
I20260709 14:55:11.948967 21545 raft_consensus.cc:2468] T 9eb3760e005648098e6dd231780b4765 P fd9495d8c5264f998124f5b24733f97a [term 3 FOLLOWER]: Leader election vote request: Granting yes vote for candidate 287c5e6df3534063b0ac7c175d0224ae in term 3.
I20260709 14:55:11.950280 21435 leader_election.cc:304] T 9eb3760e005648098e6dd231780b4765 P 287c5e6df3534063b0ac7c175d0224ae [CANDIDATE]: Term 3 election: Election decided. Result: candidate won. Election summary: received 2 responses out of 3 voters: 2 yes votes; 0 no votes. yes voters: 287c5e6df3534063b0ac7c175d0224ae, fd9495d8c5264f998124f5b24733f97a; no voters: 
I20260709 14:55:11.950641 21396 raft_consensus.cc:2468] T 9eb3760e005648098e6dd231780b4765 P d94a8a242672485092639bc4042aea52 [term 3 FOLLOWER]: Leader election vote request: Granting yes vote for candidate 287c5e6df3534063b0ac7c175d0224ae in term 3.
I20260709 14:55:11.951126 21683 raft_consensus.cc:2804] T 9eb3760e005648098e6dd231780b4765 P 287c5e6df3534063b0ac7c175d0224ae [term 3 FOLLOWER]: Leader election won for term 3
I20260709 14:55:11.951711 21683 raft_consensus.cc:697] T 9eb3760e005648098e6dd231780b4765 P 287c5e6df3534063b0ac7c175d0224ae [term 3 LEADER]: Becoming Leader. State: Replica: 287c5e6df3534063b0ac7c175d0224ae, State: Running, Role: LEADER
I20260709 14:55:11.952490 21683 consensus_queue.cc:237] T 9eb3760e005648098e6dd231780b4765 P 287c5e6df3534063b0ac7c175d0224ae [LEADER]: Queue going to LEADER mode. State: All replicated index: 0, Majority replicated index: 2, Committed index: 2, Last appended: 2.2, Last appended by leader: 2, Current term: 3, Majority size: 2, State: 0, Mode: LEADER, active raft config: opid_index: -1 OBSOLETE_local: false peers { permanent_uuid: "d94a8a242672485092639bc4042aea52" member_type: VOTER last_known_addr { host: "127.20.195.1" port: 34999 } } peers { permanent_uuid: "287c5e6df3534063b0ac7c175d0224ae" member_type: VOTER last_known_addr { host: "127.20.195.2" port: 41379 } } peers { permanent_uuid: "fd9495d8c5264f998124f5b24733f97a" member_type: VOTER last_known_addr { host: "127.20.195.3" port: 37507 } }
I20260709 14:55:11.960196 21291 catalog_manager.cc:5697] T 9eb3760e005648098e6dd231780b4765 P 287c5e6df3534063b0ac7c175d0224ae reported cstate change: term changed from 2 to 3, leader changed from d94a8a242672485092639bc4042aea52 (127.20.195.1) to 287c5e6df3534063b0ac7c175d0224ae (127.20.195.2). New cstate: current_term: 3 leader_uuid: "287c5e6df3534063b0ac7c175d0224ae" committed_config { opid_index: -1 OBSOLETE_local: false peers { permanent_uuid: "d94a8a242672485092639bc4042aea52" member_type: VOTER last_known_addr { host: "127.20.195.1" port: 34999 } health_report { overall_health: UNKNOWN } } peers { permanent_uuid: "287c5e6df3534063b0ac7c175d0224ae" member_type: VOTER last_known_addr { host: "127.20.195.2" port: 41379 } health_report { overall_health: HEALTHY } } peers { permanent_uuid: "fd9495d8c5264f998124f5b24733f97a" member_type: VOTER last_known_addr { host: "127.20.195.3" port: 37507 } health_report { overall_health: UNKNOWN } } }
I20260709 14:55:11.961973 21704 raft_consensus.cc:993] T bb54406c60b4494e81dd4b72c4ead748 P d94a8a242672485092639bc4042aea52: : Instructing follower 287c5e6df3534063b0ac7c175d0224ae to start an election
I20260709 14:55:11.962419 21686 raft_consensus.cc:1081] T bb54406c60b4494e81dd4b72c4ead748 P d94a8a242672485092639bc4042aea52 [term 2 LEADER]: Signalling peer 287c5e6df3534063b0ac7c175d0224ae to start an election
I20260709 14:55:11.964033 21471 tablet_service.cc:2044] Received Run Leader Election RPC: tablet_id: "bb54406c60b4494e81dd4b72c4ead748"
dest_uuid: "287c5e6df3534063b0ac7c175d0224ae"
 from {username='slave'} at 127.0.0.1:42004
I20260709 14:55:11.964545 21471 raft_consensus.cc:493] T bb54406c60b4494e81dd4b72c4ead748 P 287c5e6df3534063b0ac7c175d0224ae [term 2 FOLLOWER]: Starting forced leader election (received explicit request)
I20260709 14:55:11.964890 21471 raft_consensus.cc:3060] T bb54406c60b4494e81dd4b72c4ead748 P 287c5e6df3534063b0ac7c175d0224ae [term 2 FOLLOWER]: Advancing to term 3
I20260709 14:55:11.969852 21471 raft_consensus.cc:515] T bb54406c60b4494e81dd4b72c4ead748 P 287c5e6df3534063b0ac7c175d0224ae [term 3 FOLLOWER]: Starting forced leader election with config: opid_index: -1 OBSOLETE_local: false peers { permanent_uuid: "d94a8a242672485092639bc4042aea52" member_type: VOTER last_known_addr { host: "127.20.195.1" port: 34999 } } peers { permanent_uuid: "287c5e6df3534063b0ac7c175d0224ae" member_type: VOTER last_known_addr { host: "127.20.195.2" port: 41379 } } peers { permanent_uuid: "fd9495d8c5264f998124f5b24733f97a" member_type: VOTER last_known_addr { host: "127.20.195.3" port: 37507 } }
I20260709 14:55:11.971956 21471 leader_election.cc:290] T bb54406c60b4494e81dd4b72c4ead748 P 287c5e6df3534063b0ac7c175d0224ae [CANDIDATE]: Term 3 election: Requested vote from peers d94a8a242672485092639bc4042aea52 (127.20.195.1:34999), fd9495d8c5264f998124f5b24733f97a (127.20.195.3:37507)
I20260709 14:55:11.972682 21396 tablet_service.cc:1917] Received RequestConsensusVote() RPC: tablet_id: "bb54406c60b4494e81dd4b72c4ead748" candidate_uuid: "287c5e6df3534063b0ac7c175d0224ae" candidate_term: 3 candidate_status { last_received { term: 2 index: 2 } } ignore_live_leader: true dest_uuid: "d94a8a242672485092639bc4042aea52"
I20260709 14:55:11.972993 21545 tablet_service.cc:1917] Received RequestConsensusVote() RPC: tablet_id: "bb54406c60b4494e81dd4b72c4ead748" candidate_uuid: "287c5e6df3534063b0ac7c175d0224ae" candidate_term: 3 candidate_status { last_received { term: 2 index: 2 } } ignore_live_leader: true dest_uuid: "fd9495d8c5264f998124f5b24733f97a"
I20260709 14:55:11.973295 21396 raft_consensus.cc:3055] T bb54406c60b4494e81dd4b72c4ead748 P d94a8a242672485092639bc4042aea52 [term 2 LEADER]: Stepping down as leader of term 2
I20260709 14:55:11.973512 21545 raft_consensus.cc:3060] T bb54406c60b4494e81dd4b72c4ead748 P fd9495d8c5264f998124f5b24733f97a [term 2 FOLLOWER]: Advancing to term 3
I20260709 14:55:11.973637 21396 raft_consensus.cc:740] T bb54406c60b4494e81dd4b72c4ead748 P d94a8a242672485092639bc4042aea52 [term 2 LEADER]: Becoming Follower/Learner. State: Replica: d94a8a242672485092639bc4042aea52, State: Running, Role: LEADER
I20260709 14:55:11.974454 21396 consensus_queue.cc:260] T bb54406c60b4494e81dd4b72c4ead748 P d94a8a242672485092639bc4042aea52 [NON_LEADER]: Queue going to NON_LEADER mode. State: All replicated index: 0, Majority replicated index: 2, Committed index: 2, Last appended: 2.2, Last appended by leader: 2, Current term: 2, Majority size: -1, State: 0, Mode: NON_LEADER, active raft config: opid_index: -1 OBSOLETE_local: false peers { permanent_uuid: "d94a8a242672485092639bc4042aea52" member_type: VOTER last_known_addr { host: "127.20.195.1" port: 34999 } } peers { permanent_uuid: "287c5e6df3534063b0ac7c175d0224ae" member_type: VOTER last_known_addr { host: "127.20.195.2" port: 41379 } } peers { permanent_uuid: "fd9495d8c5264f998124f5b24733f97a" member_type: VOTER last_known_addr { host: "127.20.195.3" port: 37507 } }
I20260709 14:55:11.975649 21396 raft_consensus.cc:3060] T bb54406c60b4494e81dd4b72c4ead748 P d94a8a242672485092639bc4042aea52 [term 2 FOLLOWER]: Advancing to term 3
I20260709 14:55:11.980475 21545 raft_consensus.cc:2468] T bb54406c60b4494e81dd4b72c4ead748 P fd9495d8c5264f998124f5b24733f97a [term 3 FOLLOWER]: Leader election vote request: Granting yes vote for candidate 287c5e6df3534063b0ac7c175d0224ae in term 3.
I20260709 14:55:11.981675 21435 leader_election.cc:304] T bb54406c60b4494e81dd4b72c4ead748 P 287c5e6df3534063b0ac7c175d0224ae [CANDIDATE]: Term 3 election: Election decided. Result: candidate won. Election summary: received 2 responses out of 3 voters: 2 yes votes; 0 no votes. yes voters: 287c5e6df3534063b0ac7c175d0224ae, fd9495d8c5264f998124f5b24733f97a; no voters: 
I20260709 14:55:11.982343 21396 raft_consensus.cc:2468] T bb54406c60b4494e81dd4b72c4ead748 P d94a8a242672485092639bc4042aea52 [term 3 FOLLOWER]: Leader election vote request: Granting yes vote for candidate 287c5e6df3534063b0ac7c175d0224ae in term 3.
I20260709 14:55:11.982555 21683 raft_consensus.cc:2804] T bb54406c60b4494e81dd4b72c4ead748 P 287c5e6df3534063b0ac7c175d0224ae [term 3 FOLLOWER]: Leader election won for term 3
I20260709 14:55:11.983100 21683 raft_consensus.cc:697] T bb54406c60b4494e81dd4b72c4ead748 P 287c5e6df3534063b0ac7c175d0224ae [term 3 LEADER]: Becoming Leader. State: Replica: 287c5e6df3534063b0ac7c175d0224ae, State: Running, Role: LEADER
I20260709 14:55:11.983923 21683 consensus_queue.cc:237] T bb54406c60b4494e81dd4b72c4ead748 P 287c5e6df3534063b0ac7c175d0224ae [LEADER]: Queue going to LEADER mode. State: All replicated index: 0, Majority replicated index: 2, Committed index: 2, Last appended: 2.2, Last appended by leader: 2, Current term: 3, Majority size: 2, State: 0, Mode: LEADER, active raft config: opid_index: -1 OBSOLETE_local: false peers { permanent_uuid: "d94a8a242672485092639bc4042aea52" member_type: VOTER last_known_addr { host: "127.20.195.1" port: 34999 } } peers { permanent_uuid: "287c5e6df3534063b0ac7c175d0224ae" member_type: VOTER last_known_addr { host: "127.20.195.2" port: 41379 } } peers { permanent_uuid: "fd9495d8c5264f998124f5b24733f97a" member_type: VOTER last_known_addr { host: "127.20.195.3" port: 37507 } }
I20260709 14:55:11.990280 21291 catalog_manager.cc:5697] T bb54406c60b4494e81dd4b72c4ead748 P 287c5e6df3534063b0ac7c175d0224ae reported cstate change: term changed from 2 to 3, leader changed from d94a8a242672485092639bc4042aea52 (127.20.195.1) to 287c5e6df3534063b0ac7c175d0224ae (127.20.195.2). New cstate: current_term: 3 leader_uuid: "287c5e6df3534063b0ac7c175d0224ae" committed_config { opid_index: -1 OBSOLETE_local: false peers { permanent_uuid: "d94a8a242672485092639bc4042aea52" member_type: VOTER last_known_addr { host: "127.20.195.1" port: 34999 } health_report { overall_health: UNKNOWN } } peers { permanent_uuid: "287c5e6df3534063b0ac7c175d0224ae" member_type: VOTER last_known_addr { host: "127.20.195.2" port: 41379 } health_report { overall_health: HEALTHY } } peers { permanent_uuid: "fd9495d8c5264f998124f5b24733f97a" member_type: VOTER last_known_addr { host: "127.20.195.3" port: 37507 } health_report { overall_health: UNKNOWN } } }
I20260709 14:55:12.151671 21396 raft_consensus.cc:1275] T d920aadd81724b6b8ca9fc6a1ad43818 P d94a8a242672485092639bc4042aea52 [term 4 FOLLOWER]: Refusing update from remote peer 287c5e6df3534063b0ac7c175d0224ae: Log matching property violated. Preceding OpId in replica: term: 3 index: 3. Preceding OpId from leader: term: 4 index: 4. (index mismatch)
I20260709 14:55:12.153005 21683 consensus_queue.cc:1048] T d920aadd81724b6b8ca9fc6a1ad43818 P 287c5e6df3534063b0ac7c175d0224ae [LEADER]: Connected to new peer: Peer: permanent_uuid: "d94a8a242672485092639bc4042aea52" member_type: VOTER last_known_addr { host: "127.20.195.1" port: 34999 }, Status: LMP_MISMATCH, Last received: 0.0, Next index: 4, Last known committed idx: 3, Time since last communication: 0.000s
I20260709 14:55:12.163025 21545 raft_consensus.cc:1275] T d920aadd81724b6b8ca9fc6a1ad43818 P fd9495d8c5264f998124f5b24733f97a [term 4 FOLLOWER]: Refusing update from remote peer 287c5e6df3534063b0ac7c175d0224ae: Log matching property violated. Preceding OpId in replica: term: 3 index: 3. Preceding OpId from leader: term: 4 index: 4. (index mismatch)
I20260709 14:55:12.165611 21709 consensus_queue.cc:1048] T d920aadd81724b6b8ca9fc6a1ad43818 P 287c5e6df3534063b0ac7c175d0224ae [LEADER]: Connected to new peer: Peer: permanent_uuid: "fd9495d8c5264f998124f5b24733f97a" member_type: VOTER last_known_addr { host: "127.20.195.3" port: 37507 }, Status: LMP_MISMATCH, Last received: 0.0, Next index: 4, Last known committed idx: 3, Time since last communication: 0.000s
I20260709 14:55:12.377056 21545 raft_consensus.cc:1275] T bb54406c60b4494e81dd4b72c4ead748 P fd9495d8c5264f998124f5b24733f97a [term 3 FOLLOWER]: Refusing update from remote peer 287c5e6df3534063b0ac7c175d0224ae: Log matching property violated. Preceding OpId in replica: term: 2 index: 2. Preceding OpId from leader: term: 3 index: 3. (index mismatch)
I20260709 14:55:12.378472 21709 consensus_queue.cc:1048] T bb54406c60b4494e81dd4b72c4ead748 P 287c5e6df3534063b0ac7c175d0224ae [LEADER]: Connected to new peer: Peer: permanent_uuid: "fd9495d8c5264f998124f5b24733f97a" member_type: VOTER last_known_addr { host: "127.20.195.3" port: 37507 }, Status: LMP_MISMATCH, Last received: 0.0, Next index: 3, Last known committed idx: 2, Time since last communication: 0.000s
I20260709 14:55:12.378979 21396 raft_consensus.cc:1275] T 9eb3760e005648098e6dd231780b4765 P d94a8a242672485092639bc4042aea52 [term 3 FOLLOWER]: Refusing update from remote peer 287c5e6df3534063b0ac7c175d0224ae: Log matching property violated. Preceding OpId in replica: term: 2 index: 2. Preceding OpId from leader: term: 3 index: 3. (index mismatch)
I20260709 14:55:12.380379 21709 consensus_queue.cc:1048] T 9eb3760e005648098e6dd231780b4765 P 287c5e6df3534063b0ac7c175d0224ae [LEADER]: Connected to new peer: Peer: permanent_uuid: "d94a8a242672485092639bc4042aea52" member_type: VOTER last_known_addr { host: "127.20.195.1" port: 34999 }, Status: LMP_MISMATCH, Last received: 0.0, Next index: 3, Last known committed idx: 2, Time since last communication: 0.000s
I20260709 14:55:12.389070 21396 raft_consensus.cc:1275] T bb54406c60b4494e81dd4b72c4ead748 P d94a8a242672485092639bc4042aea52 [term 3 FOLLOWER]: Refusing update from remote peer 287c5e6df3534063b0ac7c175d0224ae: Log matching property violated. Preceding OpId in replica: term: 2 index: 2. Preceding OpId from leader: term: 3 index: 3. (index mismatch)
I20260709 14:55:12.392660 21544 raft_consensus.cc:1275] T 9eb3760e005648098e6dd231780b4765 P fd9495d8c5264f998124f5b24733f97a [term 3 FOLLOWER]: Refusing update from remote peer 287c5e6df3534063b0ac7c175d0224ae: Log matching property violated. Preceding OpId in replica: term: 2 index: 2. Preceding OpId from leader: term: 3 index: 3. (index mismatch)
I20260709 14:55:12.394601 21700 consensus_queue.cc:1048] T 9eb3760e005648098e6dd231780b4765 P 287c5e6df3534063b0ac7c175d0224ae [LEADER]: Connected to new peer: Peer: permanent_uuid: "fd9495d8c5264f998124f5b24733f97a" member_type: VOTER last_known_addr { host: "127.20.195.3" port: 37507 }, Status: LMP_MISMATCH, Last received: 0.0, Next index: 3, Last known committed idx: 2, Time since last communication: 0.000s
I20260709 14:55:12.395397 21683 consensus_queue.cc:1048] T bb54406c60b4494e81dd4b72c4ead748 P 287c5e6df3534063b0ac7c175d0224ae [LEADER]: Connected to new peer: Peer: permanent_uuid: "d94a8a242672485092639bc4042aea52" member_type: VOTER last_known_addr { host: "127.20.195.1" port: 34999 }, Status: LMP_MISMATCH, Last received: 0.0, Next index: 3, Last known committed idx: 2, Time since last communication: 0.000s
I20260709 14:55:12.397878 21544 raft_consensus.cc:1275] T ccc0145290c24838bf31287916468eb2 P fd9495d8c5264f998124f5b24733f97a [term 3 FOLLOWER]: Refusing update from remote peer 287c5e6df3534063b0ac7c175d0224ae: Log matching property violated. Preceding OpId in replica: term: 2 index: 2. Preceding OpId from leader: term: 3 index: 3. (index mismatch)
I20260709 14:55:12.399581 21683 consensus_queue.cc:1048] T ccc0145290c24838bf31287916468eb2 P 287c5e6df3534063b0ac7c175d0224ae [LEADER]: Connected to new peer: Peer: permanent_uuid: "fd9495d8c5264f998124f5b24733f97a" member_type: VOTER last_known_addr { host: "127.20.195.3" port: 37507 }, Status: LMP_MISMATCH, Last received: 0.0, Next index: 3, Last known committed idx: 2, Time since last communication: 0.000s
I20260709 14:55:12.415313 21394 raft_consensus.cc:1275] T ccc0145290c24838bf31287916468eb2 P d94a8a242672485092639bc4042aea52 [term 3 FOLLOWER]: Refusing update from remote peer 287c5e6df3534063b0ac7c175d0224ae: Log matching property violated. Preceding OpId in replica: term: 2 index: 2. Preceding OpId from leader: term: 3 index: 3. (index mismatch)
I20260709 14:55:12.422665 21709 consensus_queue.cc:1048] T ccc0145290c24838bf31287916468eb2 P 287c5e6df3534063b0ac7c175d0224ae [LEADER]: Connected to new peer: Peer: permanent_uuid: "d94a8a242672485092639bc4042aea52" member_type: VOTER last_known_addr { host: "127.20.195.1" port: 34999 }, Status: LMP_MISMATCH, Last received: 0.0, Next index: 3, Last known committed idx: 2, Time since last communication: 0.000s
I20260709 14:55:12.425501 21545 raft_consensus.cc:1275] T 6fb280cbb9a04f059cf140451ca0bae4 P fd9495d8c5264f998124f5b24733f97a [term 4 FOLLOWER]: Refusing update from remote peer 287c5e6df3534063b0ac7c175d0224ae: Log matching property violated. Preceding OpId in replica: term: 3 index: 3. Preceding OpId from leader: term: 4 index: 4. (index mismatch)
I20260709 14:55:12.431154 21714 consensus_queue.cc:1048] T 6fb280cbb9a04f059cf140451ca0bae4 P 287c5e6df3534063b0ac7c175d0224ae [LEADER]: Connected to new peer: Peer: permanent_uuid: "fd9495d8c5264f998124f5b24733f97a" member_type: VOTER last_known_addr { host: "127.20.195.3" port: 37507 }, Status: LMP_MISMATCH, Last received: 0.0, Next index: 4, Last known committed idx: 3, Time since last communication: 0.001s
I20260709 14:55:12.443506 21396 raft_consensus.cc:1275] T 6fb280cbb9a04f059cf140451ca0bae4 P d94a8a242672485092639bc4042aea52 [term 4 FOLLOWER]: Refusing update from remote peer 287c5e6df3534063b0ac7c175d0224ae: Log matching property violated. Preceding OpId in replica: term: 3 index: 3. Preceding OpId from leader: term: 4 index: 4. (index mismatch)
I20260709 14:55:12.445255 21714 consensus_queue.cc:1048] T 6fb280cbb9a04f059cf140451ca0bae4 P 287c5e6df3534063b0ac7c175d0224ae [LEADER]: Connected to new peer: Peer: permanent_uuid: "d94a8a242672485092639bc4042aea52" member_type: VOTER last_known_addr { host: "127.20.195.1" port: 34999 }, Status: LMP_MISMATCH, Last received: 0.0, Next index: 4, Last known committed idx: 3, Time since last communication: 0.001s
I20260709 14:55:14.670385 21260 auto_leader_rebalancer.cc:141] leader rebalance for table test-workload
I20260709 14:55:14.677977 21471 tablet_service.cc:2072] Received LeaderStepDown RPC: tablet_id: "2ca4fff2d74b4050a61773f611c8451d"
dest_uuid: "287c5e6df3534063b0ac7c175d0224ae"
mode: GRACEFUL
new_leader_uuid: "fd9495d8c5264f998124f5b24733f97a"
 from {username='slave'} at 127.0.0.1:42034
I20260709 14:55:14.678583 21471 raft_consensus.cc:606] T 2ca4fff2d74b4050a61773f611c8451d P 287c5e6df3534063b0ac7c175d0224ae [term 1 LEADER]: Received request to transfer leadership to TS fd9495d8c5264f998124f5b24733f97a
I20260709 14:55:14.681219 21471 tablet_service.cc:2072] Received LeaderStepDown RPC: tablet_id: "6fb280cbb9a04f059cf140451ca0bae4"
dest_uuid: "287c5e6df3534063b0ac7c175d0224ae"
mode: GRACEFUL
new_leader_uuid: "d94a8a242672485092639bc4042aea52"
 from {username='slave'} at 127.0.0.1:42034
I20260709 14:55:14.681792 21471 raft_consensus.cc:606] T 6fb280cbb9a04f059cf140451ca0bae4 P 287c5e6df3534063b0ac7c175d0224ae [term 4 LEADER]: Received request to transfer leadership to TS d94a8a242672485092639bc4042aea52
I20260709 14:55:14.684131 21471 tablet_service.cc:2072] Received LeaderStepDown RPC: tablet_id: "9eb3760e005648098e6dd231780b4765"
dest_uuid: "287c5e6df3534063b0ac7c175d0224ae"
mode: GRACEFUL
new_leader_uuid: "d94a8a242672485092639bc4042aea52"
 from {username='slave'} at 127.0.0.1:42034
I20260709 14:55:14.684569 21471 raft_consensus.cc:606] T 9eb3760e005648098e6dd231780b4765 P 287c5e6df3534063b0ac7c175d0224ae [term 3 LEADER]: Received request to transfer leadership to TS d94a8a242672485092639bc4042aea52
I20260709 14:55:14.686702 21471 tablet_service.cc:2072] Received LeaderStepDown RPC: tablet_id: "bb54406c60b4494e81dd4b72c4ead748"
dest_uuid: "287c5e6df3534063b0ac7c175d0224ae"
mode: GRACEFUL
new_leader_uuid: "fd9495d8c5264f998124f5b24733f97a"
 from {username='slave'} at 127.0.0.1:42034
I20260709 14:55:14.687126 21471 raft_consensus.cc:606] T bb54406c60b4494e81dd4b72c4ead748 P 287c5e6df3534063b0ac7c175d0224ae [term 3 LEADER]: Received request to transfer leadership to TS fd9495d8c5264f998124f5b24733f97a
I20260709 14:55:14.689328 21471 tablet_service.cc:2072] Received LeaderStepDown RPC: tablet_id: "ccc0145290c24838bf31287916468eb2"
dest_uuid: "287c5e6df3534063b0ac7c175d0224ae"
mode: GRACEFUL
new_leader_uuid: "d94a8a242672485092639bc4042aea52"
 from {username='slave'} at 127.0.0.1:42034
I20260709 14:55:14.689749 21471 raft_consensus.cc:606] T ccc0145290c24838bf31287916468eb2 P 287c5e6df3534063b0ac7c175d0224ae [term 3 LEADER]: Received request to transfer leadership to TS d94a8a242672485092639bc4042aea52
I20260709 14:55:14.690770 21260 auto_leader_rebalancer.cc:452] table: test-workload, leader rebalance finish, leader transfer count: 5
I20260709 14:55:14.691198 21260 auto_leader_rebalancer.cc:527] All tables' leader rebalancing finished this round
I20260709 14:55:14.824718 21683 raft_consensus.cc:993] T 2ca4fff2d74b4050a61773f611c8451d P 287c5e6df3534063b0ac7c175d0224ae: : Instructing follower fd9495d8c5264f998124f5b24733f97a to start an election
I20260709 14:55:14.825201 21683 raft_consensus.cc:1081] T 2ca4fff2d74b4050a61773f611c8451d P 287c5e6df3534063b0ac7c175d0224ae [term 1 LEADER]: Signalling peer fd9495d8c5264f998124f5b24733f97a to start an election
I20260709 14:55:14.826730 21545 tablet_service.cc:2044] Received Run Leader Election RPC: tablet_id: "2ca4fff2d74b4050a61773f611c8451d"
dest_uuid: "fd9495d8c5264f998124f5b24733f97a"
 from {username='slave'} at 127.0.0.1:43084
I20260709 14:55:14.827232 21545 raft_consensus.cc:493] T 2ca4fff2d74b4050a61773f611c8451d P fd9495d8c5264f998124f5b24733f97a [term 1 FOLLOWER]: Starting forced leader election (received explicit request)
I20260709 14:55:14.827565 21545 raft_consensus.cc:3060] T 2ca4fff2d74b4050a61773f611c8451d P fd9495d8c5264f998124f5b24733f97a [term 1 FOLLOWER]: Advancing to term 2
I20260709 14:55:14.832440 21545 raft_consensus.cc:515] T 2ca4fff2d74b4050a61773f611c8451d P fd9495d8c5264f998124f5b24733f97a [term 2 FOLLOWER]: Starting forced leader election with config: opid_index: -1 OBSOLETE_local: false peers { permanent_uuid: "d94a8a242672485092639bc4042aea52" member_type: VOTER last_known_addr { host: "127.20.195.1" port: 34999 } } peers { permanent_uuid: "287c5e6df3534063b0ac7c175d0224ae" member_type: VOTER last_known_addr { host: "127.20.195.2" port: 41379 } } peers { permanent_uuid: "fd9495d8c5264f998124f5b24733f97a" member_type: VOTER last_known_addr { host: "127.20.195.3" port: 37507 } }
I20260709 14:55:14.834048 21545 leader_election.cc:290] T 2ca4fff2d74b4050a61773f611c8451d P fd9495d8c5264f998124f5b24733f97a [CANDIDATE]: Term 2 election: Requested vote from peers d94a8a242672485092639bc4042aea52 (127.20.195.1:34999), 287c5e6df3534063b0ac7c175d0224ae (127.20.195.2:41379)
I20260709 14:55:14.835150 21471 tablet_service.cc:1917] Received RequestConsensusVote() RPC: tablet_id: "2ca4fff2d74b4050a61773f611c8451d" candidate_uuid: "fd9495d8c5264f998124f5b24733f97a" candidate_term: 2 candidate_status { last_received { term: 1 index: 1 } } ignore_live_leader: true dest_uuid: "287c5e6df3534063b0ac7c175d0224ae"
I20260709 14:55:14.835175 21394 tablet_service.cc:1917] Received RequestConsensusVote() RPC: tablet_id: "2ca4fff2d74b4050a61773f611c8451d" candidate_uuid: "fd9495d8c5264f998124f5b24733f97a" candidate_term: 2 candidate_status { last_received { term: 1 index: 1 } } ignore_live_leader: true dest_uuid: "d94a8a242672485092639bc4042aea52"
I20260709 14:55:14.835963 21471 raft_consensus.cc:3055] T 2ca4fff2d74b4050a61773f611c8451d P 287c5e6df3534063b0ac7c175d0224ae [term 1 LEADER]: Stepping down as leader of term 1
I20260709 14:55:14.836043 21394 raft_consensus.cc:3060] T 2ca4fff2d74b4050a61773f611c8451d P d94a8a242672485092639bc4042aea52 [term 1 FOLLOWER]: Advancing to term 2
I20260709 14:55:14.836256 21471 raft_consensus.cc:740] T 2ca4fff2d74b4050a61773f611c8451d P 287c5e6df3534063b0ac7c175d0224ae [term 1 LEADER]: Becoming Follower/Learner. State: Replica: 287c5e6df3534063b0ac7c175d0224ae, State: Running, Role: LEADER
I20260709 14:55:14.836982 21471 consensus_queue.cc:260] T 2ca4fff2d74b4050a61773f611c8451d P 287c5e6df3534063b0ac7c175d0224ae [NON_LEADER]: Queue going to NON_LEADER mode. State: All replicated index: 0, Majority replicated index: 1, Committed index: 1, Last appended: 1.1, Last appended by leader: 1, Current term: 1, Majority size: -1, State: 0, Mode: NON_LEADER, active raft config: opid_index: -1 OBSOLETE_local: false peers { permanent_uuid: "d94a8a242672485092639bc4042aea52" member_type: VOTER last_known_addr { host: "127.20.195.1" port: 34999 } } peers { permanent_uuid: "287c5e6df3534063b0ac7c175d0224ae" member_type: VOTER last_known_addr { host: "127.20.195.2" port: 41379 } } peers { permanent_uuid: "fd9495d8c5264f998124f5b24733f97a" member_type: VOTER last_known_addr { host: "127.20.195.3" port: 37507 } }
I20260709 14:55:14.837893 21471 raft_consensus.cc:3060] T 2ca4fff2d74b4050a61773f611c8451d P 287c5e6df3534063b0ac7c175d0224ae [term 1 FOLLOWER]: Advancing to term 2
I20260709 14:55:14.841281 21394 raft_consensus.cc:2468] T 2ca4fff2d74b4050a61773f611c8451d P d94a8a242672485092639bc4042aea52 [term 2 FOLLOWER]: Leader election vote request: Granting yes vote for candidate fd9495d8c5264f998124f5b24733f97a in term 2.
I20260709 14:55:14.842391 21471 raft_consensus.cc:2468] T 2ca4fff2d74b4050a61773f611c8451d P 287c5e6df3534063b0ac7c175d0224ae [term 2 FOLLOWER]: Leader election vote request: Granting yes vote for candidate fd9495d8c5264f998124f5b24733f97a in term 2.
I20260709 14:55:14.842599 21508 leader_election.cc:304] T 2ca4fff2d74b4050a61773f611c8451d P fd9495d8c5264f998124f5b24733f97a [CANDIDATE]: Term 2 election: Election decided. Result: candidate won. Election summary: received 2 responses out of 3 voters: 2 yes votes; 0 no votes. yes voters: d94a8a242672485092639bc4042aea52, fd9495d8c5264f998124f5b24733f97a; no voters: 
I20260709 14:55:14.843595 21723 raft_consensus.cc:2804] T 2ca4fff2d74b4050a61773f611c8451d P fd9495d8c5264f998124f5b24733f97a [term 2 FOLLOWER]: Leader election won for term 2
I20260709 14:55:14.844453 21723 raft_consensus.cc:697] T 2ca4fff2d74b4050a61773f611c8451d P fd9495d8c5264f998124f5b24733f97a [term 2 LEADER]: Becoming Leader. State: Replica: fd9495d8c5264f998124f5b24733f97a, State: Running, Role: LEADER
I20260709 14:55:14.845353 21723 consensus_queue.cc:237] T 2ca4fff2d74b4050a61773f611c8451d P fd9495d8c5264f998124f5b24733f97a [LEADER]: Queue going to LEADER mode. State: All replicated index: 0, Majority replicated index: 1, Committed index: 1, Last appended: 1.1, Last appended by leader: 1, Current term: 2, Majority size: 2, State: 0, Mode: LEADER, active raft config: opid_index: -1 OBSOLETE_local: false peers { permanent_uuid: "d94a8a242672485092639bc4042aea52" member_type: VOTER last_known_addr { host: "127.20.195.1" port: 34999 } } peers { permanent_uuid: "287c5e6df3534063b0ac7c175d0224ae" member_type: VOTER last_known_addr { host: "127.20.195.2" port: 41379 } } peers { permanent_uuid: "fd9495d8c5264f998124f5b24733f97a" member_type: VOTER last_known_addr { host: "127.20.195.3" port: 37507 } }
I20260709 14:55:14.851872 21290 catalog_manager.cc:5697] T 2ca4fff2d74b4050a61773f611c8451d P fd9495d8c5264f998124f5b24733f97a reported cstate change: term changed from 1 to 2, leader changed from 287c5e6df3534063b0ac7c175d0224ae (127.20.195.2) to fd9495d8c5264f998124f5b24733f97a (127.20.195.3). New cstate: current_term: 2 leader_uuid: "fd9495d8c5264f998124f5b24733f97a" committed_config { opid_index: -1 OBSOLETE_local: false peers { permanent_uuid: "d94a8a242672485092639bc4042aea52" member_type: VOTER last_known_addr { host: "127.20.195.1" port: 34999 } health_report { overall_health: UNKNOWN } } peers { permanent_uuid: "287c5e6df3534063b0ac7c175d0224ae" member_type: VOTER last_known_addr { host: "127.20.195.2" port: 41379 } health_report { overall_health: UNKNOWN } } peers { permanent_uuid: "fd9495d8c5264f998124f5b24733f97a" member_type: VOTER last_known_addr { host: "127.20.195.3" port: 37507 } health_report { overall_health: HEALTHY } } }
I20260709 14:55:14.902781 21722 raft_consensus.cc:993] T 9eb3760e005648098e6dd231780b4765 P 287c5e6df3534063b0ac7c175d0224ae: : Instructing follower d94a8a242672485092639bc4042aea52 to start an election
I20260709 14:55:14.903187 21683 raft_consensus.cc:1081] T 9eb3760e005648098e6dd231780b4765 P 287c5e6df3534063b0ac7c175d0224ae [term 3 LEADER]: Signalling peer d94a8a242672485092639bc4042aea52 to start an election
I20260709 14:55:14.904598 21394 tablet_service.cc:2044] Received Run Leader Election RPC: tablet_id: "9eb3760e005648098e6dd231780b4765"
dest_uuid: "d94a8a242672485092639bc4042aea52"
 from {username='slave'} at 127.0.0.1:55158
I20260709 14:55:14.905028 21394 raft_consensus.cc:493] T 9eb3760e005648098e6dd231780b4765 P d94a8a242672485092639bc4042aea52 [term 3 FOLLOWER]: Starting forced leader election (received explicit request)
I20260709 14:55:14.905287 21394 raft_consensus.cc:3060] T 9eb3760e005648098e6dd231780b4765 P d94a8a242672485092639bc4042aea52 [term 3 FOLLOWER]: Advancing to term 4
I20260709 14:55:14.909832 21394 raft_consensus.cc:515] T 9eb3760e005648098e6dd231780b4765 P d94a8a242672485092639bc4042aea52 [term 4 FOLLOWER]: Starting forced leader election with config: opid_index: -1 OBSOLETE_local: false peers { permanent_uuid: "d94a8a242672485092639bc4042aea52" member_type: VOTER last_known_addr { host: "127.20.195.1" port: 34999 } } peers { permanent_uuid: "287c5e6df3534063b0ac7c175d0224ae" member_type: VOTER last_known_addr { host: "127.20.195.2" port: 41379 } } peers { permanent_uuid: "fd9495d8c5264f998124f5b24733f97a" member_type: VOTER last_known_addr { host: "127.20.195.3" port: 37507 } }
I20260709 14:55:14.911474 21394 leader_election.cc:290] T 9eb3760e005648098e6dd231780b4765 P d94a8a242672485092639bc4042aea52 [CANDIDATE]: Term 4 election: Requested vote from peers 287c5e6df3534063b0ac7c175d0224ae (127.20.195.2:41379), fd9495d8c5264f998124f5b24733f97a (127.20.195.3:37507)
I20260709 14:55:14.912452 21471 tablet_service.cc:1917] Received RequestConsensusVote() RPC: tablet_id: "9eb3760e005648098e6dd231780b4765" candidate_uuid: "d94a8a242672485092639bc4042aea52" candidate_term: 4 candidate_status { last_received { term: 3 index: 3 } } ignore_live_leader: true dest_uuid: "287c5e6df3534063b0ac7c175d0224ae"
I20260709 14:55:14.912848 21545 tablet_service.cc:1917] Received RequestConsensusVote() RPC: tablet_id: "9eb3760e005648098e6dd231780b4765" candidate_uuid: "d94a8a242672485092639bc4042aea52" candidate_term: 4 candidate_status { last_received { term: 3 index: 3 } } ignore_live_leader: true dest_uuid: "fd9495d8c5264f998124f5b24733f97a"
I20260709 14:55:14.913012 21471 raft_consensus.cc:3055] T 9eb3760e005648098e6dd231780b4765 P 287c5e6df3534063b0ac7c175d0224ae [term 3 LEADER]: Stepping down as leader of term 3
I20260709 14:55:14.913316 21471 raft_consensus.cc:740] T 9eb3760e005648098e6dd231780b4765 P 287c5e6df3534063b0ac7c175d0224ae [term 3 LEADER]: Becoming Follower/Learner. State: Replica: 287c5e6df3534063b0ac7c175d0224ae, State: Running, Role: LEADER
I20260709 14:55:14.913342 21545 raft_consensus.cc:3060] T 9eb3760e005648098e6dd231780b4765 P fd9495d8c5264f998124f5b24733f97a [term 3 FOLLOWER]: Advancing to term 4
I20260709 14:55:14.914158 21471 consensus_queue.cc:260] T 9eb3760e005648098e6dd231780b4765 P 287c5e6df3534063b0ac7c175d0224ae [NON_LEADER]: Queue going to NON_LEADER mode. State: All replicated index: 0, Majority replicated index: 3, Committed index: 3, Last appended: 3.3, Last appended by leader: 3, Current term: 3, Majority size: -1, State: 0, Mode: NON_LEADER, active raft config: opid_index: -1 OBSOLETE_local: false peers { permanent_uuid: "d94a8a242672485092639bc4042aea52" member_type: VOTER last_known_addr { host: "127.20.195.1" port: 34999 } } peers { permanent_uuid: "287c5e6df3534063b0ac7c175d0224ae" member_type: VOTER last_known_addr { host: "127.20.195.2" port: 41379 } } peers { permanent_uuid: "fd9495d8c5264f998124f5b24733f97a" member_type: VOTER last_known_addr { host: "127.20.195.3" port: 37507 } }
I20260709 14:55:14.915222 21471 raft_consensus.cc:3060] T 9eb3760e005648098e6dd231780b4765 P 287c5e6df3534063b0ac7c175d0224ae [term 3 FOLLOWER]: Advancing to term 4
I20260709 14:55:14.918821 21545 raft_consensus.cc:2468] T 9eb3760e005648098e6dd231780b4765 P fd9495d8c5264f998124f5b24733f97a [term 4 FOLLOWER]: Leader election vote request: Granting yes vote for candidate d94a8a242672485092639bc4042aea52 in term 4.
I20260709 14:55:14.920104 21360 leader_election.cc:304] T 9eb3760e005648098e6dd231780b4765 P d94a8a242672485092639bc4042aea52 [CANDIDATE]: Term 4 election: Election decided. Result: candidate won. Election summary: received 2 responses out of 3 voters: 2 yes votes; 0 no votes. yes voters: d94a8a242672485092639bc4042aea52, fd9495d8c5264f998124f5b24733f97a; no voters: 
I20260709 14:55:14.920300 21471 raft_consensus.cc:2468] T 9eb3760e005648098e6dd231780b4765 P 287c5e6df3534063b0ac7c175d0224ae [term 4 FOLLOWER]: Leader election vote request: Granting yes vote for candidate d94a8a242672485092639bc4042aea52 in term 4.
I20260709 14:55:14.921871 21730 raft_consensus.cc:2804] T 9eb3760e005648098e6dd231780b4765 P d94a8a242672485092639bc4042aea52 [term 4 FOLLOWER]: Leader election won for term 4
I20260709 14:55:14.922948 21730 raft_consensus.cc:697] T 9eb3760e005648098e6dd231780b4765 P d94a8a242672485092639bc4042aea52 [term 4 LEADER]: Becoming Leader. State: Replica: d94a8a242672485092639bc4042aea52, State: Running, Role: LEADER
I20260709 14:55:14.923833 21730 consensus_queue.cc:237] T 9eb3760e005648098e6dd231780b4765 P d94a8a242672485092639bc4042aea52 [LEADER]: Queue going to LEADER mode. State: All replicated index: 0, Majority replicated index: 3, Committed index: 3, Last appended: 3.3, Last appended by leader: 3, Current term: 4, Majority size: 2, State: 0, Mode: LEADER, active raft config: opid_index: -1 OBSOLETE_local: false peers { permanent_uuid: "d94a8a242672485092639bc4042aea52" member_type: VOTER last_known_addr { host: "127.20.195.1" port: 34999 } } peers { permanent_uuid: "287c5e6df3534063b0ac7c175d0224ae" member_type: VOTER last_known_addr { host: "127.20.195.2" port: 41379 } } peers { permanent_uuid: "fd9495d8c5264f998124f5b24733f97a" member_type: VOTER last_known_addr { host: "127.20.195.3" port: 37507 } }
