I20260709 14:55:31.521473 27964 raft_consensus.cc:359] T a83c853f77754b9397ef81d1c585658b P ccfdc4a4fd6f49e4890514ad91a05408 [term 0 FOLLOWER]: Replica starting. Triggering 0 pending ops. Active config: opid_index: -1 OBSOLETE_local: false peers { permanent_uuid: "0d8b7a59f6f74b8e8a26a733d175471d" member_type: VOTER last_known_addr { host: "127.26.0.1" port: 43285 } } peers { permanent_uuid: "ccfdc4a4fd6f49e4890514ad91a05408" member_type: VOTER last_known_addr { host: "127.26.0.2" port: 37753 } } peers { permanent_uuid: "9b009ef7c7c44721b21fc5d28bf44979" member_type: VOTER last_known_addr { host: "127.26.0.3" port: 42261 } }
I20260709 14:55:31.522126 27964 raft_consensus.cc:385] T a83c853f77754b9397ef81d1c585658b P ccfdc4a4fd6f49e4890514ad91a05408 [term 0 FOLLOWER]: Consensus starting up: Expiring failure detector timer to make a prompt election more likely
I20260709 14:55:31.522372 27964 raft_consensus.cc:740] T a83c853f77754b9397ef81d1c585658b P ccfdc4a4fd6f49e4890514ad91a05408 [term 0 FOLLOWER]: Becoming Follower/Learner. State: Replica: ccfdc4a4fd6f49e4890514ad91a05408, State: Initialized, Role: FOLLOWER
I20260709 14:55:31.522953 27960 tablet_bootstrap.cc:492] T aec34ba258c441e3984ba30d888d2970 P 0d8b7a59f6f74b8e8a26a733d175471d: No bootstrap required, opened a new log
I20260709 14:55:31.522953 27964 consensus_queue.cc:260] T a83c853f77754b9397ef81d1c585658b P ccfdc4a4fd6f49e4890514ad91a05408 [NON_LEADER]: Queue going to NON_LEADER mode. State: All replicated index: 0, Majority replicated index: 0, Committed index: 0, Last appended: 0.0, Last appended by leader: 0, Current term: 0, Majority size: -1, State: 0, Mode: NON_LEADER, active raft config: opid_index: -1 OBSOLETE_local: false peers { permanent_uuid: "0d8b7a59f6f74b8e8a26a733d175471d" member_type: VOTER last_known_addr { host: "127.26.0.1" port: 43285 } } peers { permanent_uuid: "ccfdc4a4fd6f49e4890514ad91a05408" member_type: VOTER last_known_addr { host: "127.26.0.2" port: 37753 } } peers { permanent_uuid: "9b009ef7c7c44721b21fc5d28bf44979" member_type: VOTER last_known_addr { host: "127.26.0.3" port: 42261 } }
I20260709 14:55:31.523485 27960 ts_tablet_manager.cc:1403] T aec34ba258c441e3984ba30d888d2970 P 0d8b7a59f6f74b8e8a26a733d175471d: Time spent bootstrapping tablet: real 0.078s	user 0.007s	sys 0.009s
I20260709 14:55:31.524720 27959 tablet_bootstrap.cc:654] T aec34ba258c441e3984ba30d888d2970 P 9b009ef7c7c44721b21fc5d28bf44979: Neither blocks nor log segments found. Creating new log.
I20260709 14:55:31.525190 27964 ts_tablet_manager.cc:1434] T a83c853f77754b9397ef81d1c585658b P ccfdc4a4fd6f49e4890514ad91a05408: Time spent starting tablet: real 0.010s	user 0.005s	sys 0.004s
I20260709 14:55:31.525902 27960 raft_consensus.cc:359] T aec34ba258c441e3984ba30d888d2970 P 0d8b7a59f6f74b8e8a26a733d175471d [term 0 FOLLOWER]: Replica starting. Triggering 0 pending ops. Active config: opid_index: -1 OBSOLETE_local: false peers { permanent_uuid: "0d8b7a59f6f74b8e8a26a733d175471d" member_type: VOTER last_known_addr { host: "127.26.0.1" port: 43285 } } peers { permanent_uuid: "ccfdc4a4fd6f49e4890514ad91a05408" member_type: VOTER last_known_addr { host: "127.26.0.2" port: 37753 } } peers { permanent_uuid: "9b009ef7c7c44721b21fc5d28bf44979" member_type: VOTER last_known_addr { host: "127.26.0.3" port: 42261 } }
I20260709 14:55:31.526962 27960 raft_consensus.cc:385] T aec34ba258c441e3984ba30d888d2970 P 0d8b7a59f6f74b8e8a26a733d175471d [term 0 FOLLOWER]: Consensus starting up: Expiring failure detector timer to make a prompt election more likely
I20260709 14:55:31.527209 27960 raft_consensus.cc:740] T aec34ba258c441e3984ba30d888d2970 P 0d8b7a59f6f74b8e8a26a733d175471d [term 0 FOLLOWER]: Becoming Follower/Learner. State: Replica: 0d8b7a59f6f74b8e8a26a733d175471d, State: Initialized, Role: FOLLOWER
I20260709 14:55:31.527825 27960 consensus_queue.cc:260] T aec34ba258c441e3984ba30d888d2970 P 0d8b7a59f6f74b8e8a26a733d175471d [NON_LEADER]: Queue going to NON_LEADER mode. State: All replicated index: 0, Majority replicated index: 0, Committed index: 0, Last appended: 0.0, Last appended by leader: 0, Current term: 0, Majority size: -1, State: 0, Mode: NON_LEADER, active raft config: opid_index: -1 OBSOLETE_local: false peers { permanent_uuid: "0d8b7a59f6f74b8e8a26a733d175471d" member_type: VOTER last_known_addr { host: "127.26.0.1" port: 43285 } } peers { permanent_uuid: "ccfdc4a4fd6f49e4890514ad91a05408" member_type: VOTER last_known_addr { host: "127.26.0.2" port: 37753 } } peers { permanent_uuid: "9b009ef7c7c44721b21fc5d28bf44979" member_type: VOTER last_known_addr { host: "127.26.0.3" port: 42261 } }
I20260709 14:55:31.528139 28019 leader_election.cc:290] T e57905ea29434dc0b301036159b02e4c P 0d8b7a59f6f74b8e8a26a733d175471d [CANDIDATE]: Term 1 pre-election: Requested pre-vote from peers ccfdc4a4fd6f49e4890514ad91a05408 (127.26.0.2:37753), 9b009ef7c7c44721b21fc5d28bf44979 (127.26.0.3:42261)
I20260709 14:55:31.529696 27960 ts_tablet_manager.cc:1434] T aec34ba258c441e3984ba30d888d2970 P 0d8b7a59f6f74b8e8a26a733d175471d: Time spent starting tablet: real 0.006s	user 0.005s	sys 0.000s
I20260709 14:55:31.530507 27960 tablet_bootstrap.cc:492] T f7859b2bb2d24573ad5b4584646ef189 P 0d8b7a59f6f74b8e8a26a733d175471d: Bootstrap starting.
I20260709 14:55:31.532477 27920 tablet_service.cc:1917] Received RequestConsensusVote() RPC: tablet_id: "e57905ea29434dc0b301036159b02e4c" candidate_uuid: "0d8b7a59f6f74b8e8a26a733d175471d" candidate_term: 1 candidate_status { last_received { term: 0 index: 0 } } ignore_live_leader: false dest_uuid: "9b009ef7c7c44721b21fc5d28bf44979" is_pre_election: true
I20260709 14:55:31.536621 27669 catalog_manager.cc:5697] T f539d009c71c4bb683f242e0544164fa P 0d8b7a59f6f74b8e8a26a733d175471d reported cstate change: term changed from 0 to 1, leader changed from <none> to 0d8b7a59f6f74b8e8a26a733d175471d (127.26.0.1). New cstate: current_term: 1 leader_uuid: "0d8b7a59f6f74b8e8a26a733d175471d" committed_config { opid_index: -1 OBSOLETE_local: false peers { permanent_uuid: "0d8b7a59f6f74b8e8a26a733d175471d" member_type: VOTER last_known_addr { host: "127.26.0.1" port: 43285 } health_report { overall_health: HEALTHY } } peers { permanent_uuid: "ccfdc4a4fd6f49e4890514ad91a05408" member_type: VOTER last_known_addr { host: "127.26.0.2" port: 37753 } health_report { overall_health: UNKNOWN } } peers { permanent_uuid: "9b009ef7c7c44721b21fc5d28bf44979" member_type: VOTER last_known_addr { host: "127.26.0.3" port: 42261 } health_report { overall_health: UNKNOWN } } }
W20260709 14:55:31.539089 27736 leader_election.cc:343] T e57905ea29434dc0b301036159b02e4c P 0d8b7a59f6f74b8e8a26a733d175471d [CANDIDATE]: Term 1 pre-election: Tablet error from VoteRequest() call to peer 9b009ef7c7c44721b21fc5d28bf44979 (127.26.0.3:42261): Illegal state: must be running to vote when last-logged opid is not known
I20260709 14:55:31.539539 27736 leader_election.cc:304] T e57905ea29434dc0b301036159b02e4c P 0d8b7a59f6f74b8e8a26a733d175471d [CANDIDATE]: Term 1 pre-election: Election decided. Result: candidate lost. Election summary: received 3 responses out of 3 voters: 1 yes votes; 2 no votes. yes voters: 0d8b7a59f6f74b8e8a26a733d175471d; no voters: 9b009ef7c7c44721b21fc5d28bf44979, ccfdc4a4fd6f49e4890514ad91a05408
I20260709 14:55:31.526018 27964 tablet_bootstrap.cc:492] T 31db9e02e2b447328a9801a422e12f95 P ccfdc4a4fd6f49e4890514ad91a05408: Bootstrap starting.
I20260709 14:55:31.540596 27959 tablet_bootstrap.cc:492] T aec34ba258c441e3984ba30d888d2970 P 9b009ef7c7c44721b21fc5d28bf44979: No bootstrap required, opened a new log
I20260709 14:55:31.541042 27959 ts_tablet_manager.cc:1403] T aec34ba258c441e3984ba30d888d2970 P 9b009ef7c7c44721b21fc5d28bf44979: Time spent bootstrapping tablet: real 0.054s	user 0.010s	sys 0.000s
I20260709 14:55:31.543488 27959 raft_consensus.cc:359] T aec34ba258c441e3984ba30d888d2970 P 9b009ef7c7c44721b21fc5d28bf44979 [term 0 FOLLOWER]: Replica starting. Triggering 0 pending ops. Active config: opid_index: -1 OBSOLETE_local: false peers { permanent_uuid: "0d8b7a59f6f74b8e8a26a733d175471d" member_type: VOTER last_known_addr { host: "127.26.0.1" port: 43285 } } peers { permanent_uuid: "ccfdc4a4fd6f49e4890514ad91a05408" member_type: VOTER last_known_addr { host: "127.26.0.2" port: 37753 } } peers { permanent_uuid: "9b009ef7c7c44721b21fc5d28bf44979" member_type: VOTER last_known_addr { host: "127.26.0.3" port: 42261 } }
I20260709 14:55:31.544088 27959 raft_consensus.cc:385] T aec34ba258c441e3984ba30d888d2970 P 9b009ef7c7c44721b21fc5d28bf44979 [term 0 FOLLOWER]: Consensus starting up: Expiring failure detector timer to make a prompt election more likely
I20260709 14:55:31.540659 28037 raft_consensus.cc:2749] T e57905ea29434dc0b301036159b02e4c P 0d8b7a59f6f74b8e8a26a733d175471d [term 0 FOLLOWER]: Leader pre-election lost for term 1. Reason: could not achieve majority
I20260709 14:55:31.544339 27959 raft_consensus.cc:740] T aec34ba258c441e3984ba30d888d2970 P 9b009ef7c7c44721b21fc5d28bf44979 [term 0 FOLLOWER]: Becoming Follower/Learner. State: Replica: 9b009ef7c7c44721b21fc5d28bf44979, State: Initialized, Role: FOLLOWER
I20260709 14:55:31.545017 28037 raft_consensus.cc:493] T e0a446f075ac4a50a6d12c989edd81f7 P 0d8b7a59f6f74b8e8a26a733d175471d [term 0 FOLLOWER]: Starting pre-election (no leader contacted us within the election timeout)
I20260709 14:55:31.545192 27959 consensus_queue.cc:260] T aec34ba258c441e3984ba30d888d2970 P 9b009ef7c7c44721b21fc5d28bf44979 [NON_LEADER]: Queue going to NON_LEADER mode. State: All replicated index: 0, Majority replicated index: 0, Committed index: 0, Last appended: 0.0, Last appended by leader: 0, Current term: 0, Majority size: -1, State: 0, Mode: NON_LEADER, active raft config: opid_index: -1 OBSOLETE_local: false peers { permanent_uuid: "0d8b7a59f6f74b8e8a26a733d175471d" member_type: VOTER last_known_addr { host: "127.26.0.1" port: 43285 } } peers { permanent_uuid: "ccfdc4a4fd6f49e4890514ad91a05408" member_type: VOTER last_known_addr { host: "127.26.0.2" port: 37753 } } peers { permanent_uuid: "9b009ef7c7c44721b21fc5d28bf44979" member_type: VOTER last_known_addr { host: "127.26.0.3" port: 42261 } }
I20260709 14:55:31.545485 28037 raft_consensus.cc:515] T e0a446f075ac4a50a6d12c989edd81f7 P 0d8b7a59f6f74b8e8a26a733d175471d [term 0 FOLLOWER]: Starting pre-election with config: opid_index: -1 OBSOLETE_local: false peers { permanent_uuid: "0d8b7a59f6f74b8e8a26a733d175471d" member_type: VOTER last_known_addr { host: "127.26.0.1" port: 43285 } } peers { permanent_uuid: "ccfdc4a4fd6f49e4890514ad91a05408" member_type: VOTER last_known_addr { host: "127.26.0.2" port: 37753 } } peers { permanent_uuid: "9b009ef7c7c44721b21fc5d28bf44979" member_type: VOTER last_known_addr { host: "127.26.0.3" port: 42261 } }
I20260709 14:55:31.546314 27964 tablet_bootstrap.cc:654] T 31db9e02e2b447328a9801a422e12f95 P ccfdc4a4fd6f49e4890514ad91a05408: Neither blocks nor log segments found. Creating new log.
I20260709 14:55:31.546778 27959 ts_tablet_manager.cc:1434] T aec34ba258c441e3984ba30d888d2970 P 9b009ef7c7c44721b21fc5d28bf44979: Time spent starting tablet: real 0.005s	user 0.005s	sys 0.000s
I20260709 14:55:31.547534 28037 leader_election.cc:290] T e0a446f075ac4a50a6d12c989edd81f7 P 0d8b7a59f6f74b8e8a26a733d175471d [CANDIDATE]: Term 1 pre-election: Requested pre-vote from peers ccfdc4a4fd6f49e4890514ad91a05408 (127.26.0.2:37753), 9b009ef7c7c44721b21fc5d28bf44979 (127.26.0.3:42261)
I20260709 14:55:31.547714 27959 tablet_bootstrap.cc:492] T 31db9e02e2b447328a9801a422e12f95 P 9b009ef7c7c44721b21fc5d28bf44979: Bootstrap starting.
I20260709 14:55:31.549399 27920 tablet_service.cc:1917] Received RequestConsensusVote() RPC: tablet_id: "e0a446f075ac4a50a6d12c989edd81f7" candidate_uuid: "0d8b7a59f6f74b8e8a26a733d175471d" candidate_term: 1 candidate_status { last_received { term: 0 index: 0 } } ignore_live_leader: false dest_uuid: "9b009ef7c7c44721b21fc5d28bf44979" is_pre_election: true
W20260709 14:55:31.550689 27736 leader_election.cc:343] T e0a446f075ac4a50a6d12c989edd81f7 P 0d8b7a59f6f74b8e8a26a733d175471d [CANDIDATE]: Term 1 pre-election: Tablet error from VoteRequest() call to peer 9b009ef7c7c44721b21fc5d28bf44979 (127.26.0.3:42261): Illegal state: must be running to vote when last-logged opid is not known
I20260709 14:55:31.553129 27960 tablet_bootstrap.cc:654] T f7859b2bb2d24573ad5b4584646ef189 P 0d8b7a59f6f74b8e8a26a733d175471d: Neither blocks nor log segments found. Creating new log.
I20260709 14:55:31.553282 27959 tablet_bootstrap.cc:654] T 31db9e02e2b447328a9801a422e12f95 P 9b009ef7c7c44721b21fc5d28bf44979: Neither blocks nor log segments found. Creating new log.
I20260709 14:55:31.555048 28086 consensus_queue.cc:1048] T e7ea80f621d24486b941c6dde218d14a P 9b009ef7c7c44721b21fc5d28bf44979 [LEADER]: Connected to new peer: Peer: permanent_uuid: "ccfdc4a4fd6f49e4890514ad91a05408" member_type: VOTER last_known_addr { host: "127.26.0.2" port: 37753 }, Status: LMP_MISMATCH, Last received: 0.0, Next index: 1, Last known committed idx: 0, Time since last communication: 0.000s
I20260709 14:55:31.558679 27844 tablet_service.cc:1917] Received RequestConsensusVote() RPC: tablet_id: "e0a446f075ac4a50a6d12c989edd81f7" candidate_uuid: "0d8b7a59f6f74b8e8a26a733d175471d" candidate_term: 1 candidate_status { last_received { term: 0 index: 0 } } ignore_live_leader: false dest_uuid: "ccfdc4a4fd6f49e4890514ad91a05408" is_pre_election: true
W20260709 14:55:31.558846 27717 auto_rebalancer.cc:288] Could not retrieve cluster info: Service unavailable: Tablet not running
I20260709 14:55:31.559275 27844 raft_consensus.cc:2468] T e0a446f075ac4a50a6d12c989edd81f7 P ccfdc4a4fd6f49e4890514ad91a05408 [term 0 FOLLOWER]: Leader pre-election vote request: Granting yes vote for candidate 0d8b7a59f6f74b8e8a26a733d175471d in term 0.
I20260709 14:55:31.568199 27964 tablet_bootstrap.cc:492] T 31db9e02e2b447328a9801a422e12f95 P ccfdc4a4fd6f49e4890514ad91a05408: No bootstrap required, opened a new log
I20260709 14:55:31.568677 28041 raft_consensus.cc:493] T ecc5f9f2d15643c2b65b5365067138df P ccfdc4a4fd6f49e4890514ad91a05408 [term 0 FOLLOWER]: Starting pre-election (no leader contacted us within the election timeout)
I20260709 14:55:31.568892 27964 ts_tablet_manager.cc:1403] T 31db9e02e2b447328a9801a422e12f95 P ccfdc4a4fd6f49e4890514ad91a05408: Time spent bootstrapping tablet: real 0.043s	user 0.012s	sys 0.004s
I20260709 14:55:31.569155 28041 raft_consensus.cc:515] T ecc5f9f2d15643c2b65b5365067138df P ccfdc4a4fd6f49e4890514ad91a05408 [term 0 FOLLOWER]: Starting pre-election with config: opid_index: -1 OBSOLETE_local: false peers { permanent_uuid: "0d8b7a59f6f74b8e8a26a733d175471d" member_type: VOTER last_known_addr { host: "127.26.0.1" port: 43285 } } peers { permanent_uuid: "ccfdc4a4fd6f49e4890514ad91a05408" member_type: VOTER last_known_addr { host: "127.26.0.2" port: 37753 } } peers { permanent_uuid: "9b009ef7c7c44721b21fc5d28bf44979" member_type: VOTER last_known_addr { host: "127.26.0.3" port: 42261 } }
I20260709 14:55:31.569514 27737 leader_election.cc:304] T e0a446f075ac4a50a6d12c989edd81f7 P 0d8b7a59f6f74b8e8a26a733d175471d [CANDIDATE]: Term 1 pre-election: Election decided. Result: candidate won. Election summary: received 3 responses out of 3 voters: 2 yes votes; 1 no votes. yes voters: 0d8b7a59f6f74b8e8a26a733d175471d, ccfdc4a4fd6f49e4890514ad91a05408; no voters: 9b009ef7c7c44721b21fc5d28bf44979
I20260709 14:55:31.571935 27964 raft_consensus.cc:359] T 31db9e02e2b447328a9801a422e12f95 P ccfdc4a4fd6f49e4890514ad91a05408 [term 0 FOLLOWER]: Replica starting. Triggering 0 pending ops. Active config: opid_index: -1 OBSOLETE_local: false peers { permanent_uuid: "0d8b7a59f6f74b8e8a26a733d175471d" member_type: VOTER last_known_addr { host: "127.26.0.1" port: 43285 } } peers { permanent_uuid: "ccfdc4a4fd6f49e4890514ad91a05408" member_type: VOTER last_known_addr { host: "127.26.0.2" port: 37753 } } peers { permanent_uuid: "9b009ef7c7c44721b21fc5d28bf44979" member_type: VOTER last_known_addr { host: "127.26.0.3" port: 42261 } }
I20260709 14:55:31.572368 27920 tablet_service.cc:1917] Received RequestConsensusVote() RPC: tablet_id: "ecc5f9f2d15643c2b65b5365067138df" candidate_uuid: "ccfdc4a4fd6f49e4890514ad91a05408" candidate_term: 1 candidate_status { last_received { term: 0 index: 0 } } ignore_live_leader: false dest_uuid: "9b009ef7c7c44721b21fc5d28bf44979" is_pre_election: true
I20260709 14:55:31.572583 27964 raft_consensus.cc:385] T 31db9e02e2b447328a9801a422e12f95 P ccfdc4a4fd6f49e4890514ad91a05408 [term 0 FOLLOWER]: Consensus starting up: Expiring failure detector timer to make a prompt election more likely
I20260709 14:55:31.572638 27771 tablet_service.cc:1917] Received RequestConsensusVote() RPC: tablet_id: "ecc5f9f2d15643c2b65b5365067138df" candidate_uuid: "ccfdc4a4fd6f49e4890514ad91a05408" candidate_term: 1 candidate_status { last_received { term: 0 index: 0 } } ignore_live_leader: false dest_uuid: "0d8b7a59f6f74b8e8a26a733d175471d" is_pre_election: true
I20260709 14:55:31.572927 27964 raft_consensus.cc:740] T 31db9e02e2b447328a9801a422e12f95 P ccfdc4a4fd6f49e4890514ad91a05408 [term 0 FOLLOWER]: Becoming Follower/Learner. State: Replica: ccfdc4a4fd6f49e4890514ad91a05408, State: Initialized, Role: FOLLOWER
I20260709 14:55:31.572991 27920 raft_consensus.cc:2468] T ecc5f9f2d15643c2b65b5365067138df P 9b009ef7c7c44721b21fc5d28bf44979 [term 0 FOLLOWER]: Leader pre-election vote request: Granting yes vote for candidate ccfdc4a4fd6f49e4890514ad91a05408 in term 0.
W20260709 14:55:31.573807 27812 leader_election.cc:343] T ecc5f9f2d15643c2b65b5365067138df P ccfdc4a4fd6f49e4890514ad91a05408 [CANDIDATE]: Term 1 pre-election: Tablet error from VoteRequest() call to peer 0d8b7a59f6f74b8e8a26a733d175471d (127.26.0.1:43285): Illegal state: must be running to vote when last-logged opid is not known
I20260709 14:55:31.573602 27964 consensus_queue.cc:260] T 31db9e02e2b447328a9801a422e12f95 P ccfdc4a4fd6f49e4890514ad91a05408 [NON_LEADER]: Queue going to NON_LEADER mode. State: All replicated index: 0, Majority replicated index: 0, Committed index: 0, Last appended: 0.0, Last appended by leader: 0, Current term: 0, Majority size: -1, State: 0, Mode: NON_LEADER, active raft config: opid_index: -1 OBSOLETE_local: false peers { permanent_uuid: "0d8b7a59f6f74b8e8a26a733d175471d" member_type: VOTER last_known_addr { host: "127.26.0.1" port: 43285 } } peers { permanent_uuid: "ccfdc4a4fd6f49e4890514ad91a05408" member_type: VOTER last_known_addr { host: "127.26.0.2" port: 37753 } } peers { permanent_uuid: "9b009ef7c7c44721b21fc5d28bf44979" member_type: VOTER last_known_addr { host: "127.26.0.3" port: 42261 } }
I20260709 14:55:31.574352 27811 leader_election.cc:304] T ecc5f9f2d15643c2b65b5365067138df P ccfdc4a4fd6f49e4890514ad91a05408 [CANDIDATE]: Term 1 pre-election: Election decided. Result: candidate won. Election summary: received 3 responses out of 3 voters: 2 yes votes; 1 no votes. yes voters: 9b009ef7c7c44721b21fc5d28bf44979, ccfdc4a4fd6f49e4890514ad91a05408; no voters: 0d8b7a59f6f74b8e8a26a733d175471d
I20260709 14:55:31.575146 27982 raft_consensus.cc:2804] T ecc5f9f2d15643c2b65b5365067138df P ccfdc4a4fd6f49e4890514ad91a05408 [term 0 FOLLOWER]: Leader pre-election won for term 1
I20260709 14:55:31.575469 27982 raft_consensus.cc:493] T ecc5f9f2d15643c2b65b5365067138df P ccfdc4a4fd6f49e4890514ad91a05408 [term 0 FOLLOWER]: Starting leader election (no leader contacted us within the election timeout)
I20260709 14:55:31.575590 27964 ts_tablet_manager.cc:1434] T 31db9e02e2b447328a9801a422e12f95 P ccfdc4a4fd6f49e4890514ad91a05408: Time spent starting tablet: real 0.006s	user 0.004s	sys 0.000s
I20260709 14:55:31.575814 27982 raft_consensus.cc:3060] T ecc5f9f2d15643c2b65b5365067138df P ccfdc4a4fd6f49e4890514ad91a05408 [term 0 FOLLOWER]: Advancing to term 1
I20260709 14:55:31.575910 27959 tablet_bootstrap.cc:492] T 31db9e02e2b447328a9801a422e12f95 P 9b009ef7c7c44721b21fc5d28bf44979: No bootstrap required, opened a new log
I20260709 14:55:31.576375 27959 ts_tablet_manager.cc:1403] T 31db9e02e2b447328a9801a422e12f95 P 9b009ef7c7c44721b21fc5d28bf44979: Time spent bootstrapping tablet: real 0.029s	user 0.009s	sys 0.006s
I20260709 14:55:31.576444 27964 tablet_bootstrap.cc:492] T e57905ea29434dc0b301036159b02e4c P ccfdc4a4fd6f49e4890514ad91a05408: Bootstrap starting.
I20260709 14:55:31.578896 27959 raft_consensus.cc:359] T 31db9e02e2b447328a9801a422e12f95 P 9b009ef7c7c44721b21fc5d28bf44979 [term 0 FOLLOWER]: Replica starting. Triggering 0 pending ops. Active config: opid_index: -1 OBSOLETE_local: false peers { permanent_uuid: "0d8b7a59f6f74b8e8a26a733d175471d" member_type: VOTER last_known_addr { host: "127.26.0.1" port: 43285 } } peers { permanent_uuid: "ccfdc4a4fd6f49e4890514ad91a05408" member_type: VOTER last_known_addr { host: "127.26.0.2" port: 37753 } } peers { permanent_uuid: "9b009ef7c7c44721b21fc5d28bf44979" member_type: VOTER last_known_addr { host: "127.26.0.3" port: 42261 } }
I20260709 14:55:31.579568 27959 raft_consensus.cc:385] T 31db9e02e2b447328a9801a422e12f95 P 9b009ef7c7c44721b21fc5d28bf44979 [term 0 FOLLOWER]: Consensus starting up: Expiring failure detector timer to make a prompt election more likely
I20260709 14:55:31.579828 27959 raft_consensus.cc:740] T 31db9e02e2b447328a9801a422e12f95 P 9b009ef7c7c44721b21fc5d28bf44979 [term 0 FOLLOWER]: Becoming Follower/Learner. State: Replica: 9b009ef7c7c44721b21fc5d28bf44979, State: Initialized, Role: FOLLOWER
I20260709 14:55:31.580456 27959 consensus_queue.cc:260] T 31db9e02e2b447328a9801a422e12f95 P 9b009ef7c7c44721b21fc5d28bf44979 [NON_LEADER]: Queue going to NON_LEADER mode. State: All replicated index: 0, Majority replicated index: 0, Committed index: 0, Last appended: 0.0, Last appended by leader: 0, Current term: 0, Majority size: -1, State: 0, Mode: NON_LEADER, active raft config: opid_index: -1 OBSOLETE_local: false peers { permanent_uuid: "0d8b7a59f6f74b8e8a26a733d175471d" member_type: VOTER last_known_addr { host: "127.26.0.1" port: 43285 } } peers { permanent_uuid: "ccfdc4a4fd6f49e4890514ad91a05408" member_type: VOTER last_known_addr { host: "127.26.0.2" port: 37753 } } peers { permanent_uuid: "9b009ef7c7c44721b21fc5d28bf44979" member_type: VOTER last_known_addr { host: "127.26.0.3" port: 42261 } }
I20260709 14:55:31.582060 27964 tablet_bootstrap.cc:654] T e57905ea29434dc0b301036159b02e4c P ccfdc4a4fd6f49e4890514ad91a05408: Neither blocks nor log segments found. Creating new log.
I20260709 14:55:31.582367 28041 leader_election.cc:290] T ecc5f9f2d15643c2b65b5365067138df P ccfdc4a4fd6f49e4890514ad91a05408 [CANDIDATE]: Term 1 pre-election: Requested pre-vote from peers 0d8b7a59f6f74b8e8a26a733d175471d (127.26.0.1:43285), 9b009ef7c7c44721b21fc5d28bf44979 (127.26.0.3:42261)
I20260709 14:55:31.583729 27982 raft_consensus.cc:515] T ecc5f9f2d15643c2b65b5365067138df P ccfdc4a4fd6f49e4890514ad91a05408 [term 1 FOLLOWER]: Starting leader election with config: opid_index: -1 OBSOLETE_local: false peers { permanent_uuid: "0d8b7a59f6f74b8e8a26a733d175471d" member_type: VOTER last_known_addr { host: "127.26.0.1" port: 43285 } } peers { permanent_uuid: "ccfdc4a4fd6f49e4890514ad91a05408" member_type: VOTER last_known_addr { host: "127.26.0.2" port: 37753 } } peers { permanent_uuid: "9b009ef7c7c44721b21fc5d28bf44979" member_type: VOTER last_known_addr { host: "127.26.0.3" port: 42261 } }
I20260709 14:55:31.584506 28037 raft_consensus.cc:2804] T e0a446f075ac4a50a6d12c989edd81f7 P 0d8b7a59f6f74b8e8a26a733d175471d [term 0 FOLLOWER]: Leader pre-election won for term 1
I20260709 14:55:31.585196 28037 raft_consensus.cc:493] T e0a446f075ac4a50a6d12c989edd81f7 P 0d8b7a59f6f74b8e8a26a733d175471d [term 0 FOLLOWER]: Starting leader election (no leader contacted us within the election timeout)
I20260709 14:55:31.585605 28037 raft_consensus.cc:3060] T e0a446f075ac4a50a6d12c989edd81f7 P 0d8b7a59f6f74b8e8a26a733d175471d [term 0 FOLLOWER]: Advancing to term 1
I20260709 14:55:31.586324 27959 ts_tablet_manager.cc:1434] T 31db9e02e2b447328a9801a422e12f95 P 9b009ef7c7c44721b21fc5d28bf44979: Time spent starting tablet: real 0.010s	user 0.002s	sys 0.003s
I20260709 14:55:31.587613 27959 tablet_bootstrap.cc:492] T 7c82894aa637484f82934f685fbf6044 P 9b009ef7c7c44721b21fc5d28bf44979: Bootstrap starting.
I20260709 14:55:31.593166 27959 tablet_bootstrap.cc:654] T 7c82894aa637484f82934f685fbf6044 P 9b009ef7c7c44721b21fc5d28bf44979: Neither blocks nor log segments found. Creating new log.
I20260709 14:55:31.607033 27771 tablet_service.cc:1917] Received RequestConsensusVote() RPC: tablet_id: "ecc5f9f2d15643c2b65b5365067138df" candidate_uuid: "ccfdc4a4fd6f49e4890514ad91a05408" candidate_term: 1 candidate_status { last_received { term: 0 index: 0 } } ignore_live_leader: false dest_uuid: "0d8b7a59f6f74b8e8a26a733d175471d"
W20260709 14:55:31.608458 27812 leader_election.cc:343] T ecc5f9f2d15643c2b65b5365067138df P ccfdc4a4fd6f49e4890514ad91a05408 [CANDIDATE]: Term 1 election: Tablet error from VoteRequest() call to peer 0d8b7a59f6f74b8e8a26a733d175471d (127.26.0.1:43285): Illegal state: must be running to vote when last-logged opid is not known
I20260709 14:55:31.613075 27920 tablet_service.cc:1917] Received RequestConsensusVote() RPC: tablet_id: "ecc5f9f2d15643c2b65b5365067138df" candidate_uuid: "ccfdc4a4fd6f49e4890514ad91a05408" candidate_term: 1 candidate_status { last_received { term: 0 index: 0 } } ignore_live_leader: false dest_uuid: "9b009ef7c7c44721b21fc5d28bf44979"
I20260709 14:55:31.613754 27920 raft_consensus.cc:3060] T ecc5f9f2d15643c2b65b5365067138df P 9b009ef7c7c44721b21fc5d28bf44979 [term 0 FOLLOWER]: Advancing to term 1
I20260709 14:55:31.623378 28037 raft_consensus.cc:515] T e0a446f075ac4a50a6d12c989edd81f7 P 0d8b7a59f6f74b8e8a26a733d175471d [term 1 FOLLOWER]: Starting leader election with config: opid_index: -1 OBSOLETE_local: false peers { permanent_uuid: "0d8b7a59f6f74b8e8a26a733d175471d" member_type: VOTER last_known_addr { host: "127.26.0.1" port: 43285 } } peers { permanent_uuid: "ccfdc4a4fd6f49e4890514ad91a05408" member_type: VOTER last_known_addr { host: "127.26.0.2" port: 37753 } } peers { permanent_uuid: "9b009ef7c7c44721b21fc5d28bf44979" member_type: VOTER last_known_addr { host: "127.26.0.3" port: 42261 } }
I20260709 14:55:31.635311 27918 tablet_service.cc:1917] Received RequestConsensusVote() RPC: tablet_id: "e0a446f075ac4a50a6d12c989edd81f7" candidate_uuid: "0d8b7a59f6f74b8e8a26a733d175471d" candidate_term: 1 candidate_status { last_received { term: 0 index: 0 } } ignore_live_leader: false dest_uuid: "9b009ef7c7c44721b21fc5d28bf44979"
W20260709 14:55:31.636755 27736 leader_election.cc:343] T e0a446f075ac4a50a6d12c989edd81f7 P 0d8b7a59f6f74b8e8a26a733d175471d [CANDIDATE]: Term 1 election: Tablet error from VoteRequest() call to peer 9b009ef7c7c44721b21fc5d28bf44979 (127.26.0.3:42261): Illegal state: must be running to vote when last-logged opid is not known
I20260709 14:55:31.624337 27982 leader_election.cc:290] T ecc5f9f2d15643c2b65b5365067138df P ccfdc4a4fd6f49e4890514ad91a05408 [CANDIDATE]: Term 1 election: Requested vote from peers 0d8b7a59f6f74b8e8a26a733d175471d (127.26.0.1:43285), 9b009ef7c7c44721b21fc5d28bf44979 (127.26.0.3:42261)
I20260709 14:55:31.620615 27920 raft_consensus.cc:2468] T ecc5f9f2d15643c2b65b5365067138df P 9b009ef7c7c44721b21fc5d28bf44979 [term 1 FOLLOWER]: Leader election vote request: Granting yes vote for candidate ccfdc4a4fd6f49e4890514ad91a05408 in term 1.
I20260709 14:55:31.638590 27811 leader_election.cc:304] T ecc5f9f2d15643c2b65b5365067138df P ccfdc4a4fd6f49e4890514ad91a05408 [CANDIDATE]: Term 1 election: Election decided. Result: candidate won. Election summary: received 3 responses out of 3 voters: 2 yes votes; 1 no votes. yes voters: 9b009ef7c7c44721b21fc5d28bf44979, ccfdc4a4fd6f49e4890514ad91a05408; no voters: 0d8b7a59f6f74b8e8a26a733d175471d
I20260709 14:55:31.638965 27844 tablet_service.cc:1917] Received RequestConsensusVote() RPC: tablet_id: "e0a446f075ac4a50a6d12c989edd81f7" candidate_uuid: "0d8b7a59f6f74b8e8a26a733d175471d" candidate_term: 1 candidate_status { last_received { term: 0 index: 0 } } ignore_live_leader: false dest_uuid: "ccfdc4a4fd6f49e4890514ad91a05408"
I20260709 14:55:31.639613 27844 raft_consensus.cc:3060] T e0a446f075ac4a50a6d12c989edd81f7 P ccfdc4a4fd6f49e4890514ad91a05408 [term 0 FOLLOWER]: Advancing to term 1
I20260709 14:55:31.640923 28041 raft_consensus.cc:2804] T ecc5f9f2d15643c2b65b5365067138df P ccfdc4a4fd6f49e4890514ad91a05408 [term 1 FOLLOWER]: Leader election won for term 1
I20260709 14:55:31.641431 28041 raft_consensus.cc:697] T ecc5f9f2d15643c2b65b5365067138df P ccfdc4a4fd6f49e4890514ad91a05408 [term 1 LEADER]: Becoming Leader. State: Replica: ccfdc4a4fd6f49e4890514ad91a05408, State: Running, Role: LEADER
I20260709 14:55:31.642231 28041 consensus_queue.cc:237] T ecc5f9f2d15643c2b65b5365067138df P ccfdc4a4fd6f49e4890514ad91a05408 [LEADER]: Queue going to LEADER mode. State: All replicated index: 0, Majority replicated index: 0, Committed index: 0, Last appended: 0.0, Last appended by leader: 0, Current term: 1, Majority size: 2, State: 0, Mode: LEADER, active raft config: opid_index: -1 OBSOLETE_local: false peers { permanent_uuid: "0d8b7a59f6f74b8e8a26a733d175471d" member_type: VOTER last_known_addr { host: "127.26.0.1" port: 43285 } } peers { permanent_uuid: "ccfdc4a4fd6f49e4890514ad91a05408" member_type: VOTER last_known_addr { host: "127.26.0.2" port: 37753 } } peers { permanent_uuid: "9b009ef7c7c44721b21fc5d28bf44979" member_type: VOTER last_known_addr { host: "127.26.0.3" port: 42261 } }
I20260709 14:55:31.647384 27844 raft_consensus.cc:2468] T e0a446f075ac4a50a6d12c989edd81f7 P ccfdc4a4fd6f49e4890514ad91a05408 [term 1 FOLLOWER]: Leader election vote request: Granting yes vote for candidate 0d8b7a59f6f74b8e8a26a733d175471d in term 1.
I20260709 14:55:31.648564 27737 leader_election.cc:304] T e0a446f075ac4a50a6d12c989edd81f7 P 0d8b7a59f6f74b8e8a26a733d175471d [CANDIDATE]: Term 1 election: Election decided. Result: candidate won. Election summary: received 3 responses out of 3 voters: 2 yes votes; 1 no votes. yes voters: 0d8b7a59f6f74b8e8a26a733d175471d, ccfdc4a4fd6f49e4890514ad91a05408; no voters: 9b009ef7c7c44721b21fc5d28bf44979
I20260709 14:55:31.649518 28036 raft_consensus.cc:2804] T e0a446f075ac4a50a6d12c989edd81f7 P 0d8b7a59f6f74b8e8a26a733d175471d [term 1 FOLLOWER]: Leader election won for term 1
I20260709 14:55:31.650044 28036 raft_consensus.cc:697] T e0a446f075ac4a50a6d12c989edd81f7 P 0d8b7a59f6f74b8e8a26a733d175471d [term 1 LEADER]: Becoming Leader. State: Replica: 0d8b7a59f6f74b8e8a26a733d175471d, State: Running, Role: LEADER
I20260709 14:55:31.650133 28086 consensus_queue.cc:1048] T e7ea80f621d24486b941c6dde218d14a P 9b009ef7c7c44721b21fc5d28bf44979 [LEADER]: Connected to new peer: Peer: permanent_uuid: "0d8b7a59f6f74b8e8a26a733d175471d" member_type: VOTER last_known_addr { host: "127.26.0.1" port: 43285 }, Status: LMP_MISMATCH, Last received: 0.0, Next index: 1, Last known committed idx: 0, Time since last communication: 0.000s
I20260709 14:55:31.650852 28036 consensus_queue.cc:237] T e0a446f075ac4a50a6d12c989edd81f7 P 0d8b7a59f6f74b8e8a26a733d175471d [LEADER]: Queue going to LEADER mode. State: All replicated index: 0, Majority replicated index: 0, Committed index: 0, Last appended: 0.0, Last appended by leader: 0, Current term: 1, Majority size: 2, State: 0, Mode: LEADER, active raft config: opid_index: -1 OBSOLETE_local: false peers { permanent_uuid: "0d8b7a59f6f74b8e8a26a733d175471d" member_type: VOTER last_known_addr { host: "127.26.0.1" port: 43285 } } peers { permanent_uuid: "ccfdc4a4fd6f49e4890514ad91a05408" member_type: VOTER last_known_addr { host: "127.26.0.2" port: 37753 } } peers { permanent_uuid: "9b009ef7c7c44721b21fc5d28bf44979" member_type: VOTER last_known_addr { host: "127.26.0.3" port: 42261 } }
I20260709 14:55:31.653116 28037 leader_election.cc:290] T e0a446f075ac4a50a6d12c989edd81f7 P 0d8b7a59f6f74b8e8a26a733d175471d [CANDIDATE]: Term 1 election: Requested vote from peers ccfdc4a4fd6f49e4890514ad91a05408 (127.26.0.2:37753), 9b009ef7c7c44721b21fc5d28bf44979 (127.26.0.3:42261)
I20260709 14:55:31.658622 27959 tablet_bootstrap.cc:492] T 7c82894aa637484f82934f685fbf6044 P 9b009ef7c7c44721b21fc5d28bf44979: No bootstrap required, opened a new log
I20260709 14:55:31.659047 27959 ts_tablet_manager.cc:1403] T 7c82894aa637484f82934f685fbf6044 P 9b009ef7c7c44721b21fc5d28bf44979: Time spent bootstrapping tablet: real 0.072s	user 0.025s	sys 0.037s
I20260709 14:55:31.661456 27959 raft_consensus.cc:359] T 7c82894aa637484f82934f685fbf6044 P 9b009ef7c7c44721b21fc5d28bf44979 [term 0 FOLLOWER]: Replica starting. Triggering 0 pending ops. Active config: opid_index: -1 OBSOLETE_local: false peers { permanent_uuid: "0d8b7a59f6f74b8e8a26a733d175471d" member_type: VOTER last_known_addr { host: "127.26.0.1" port: 43285 } } peers { permanent_uuid: "ccfdc4a4fd6f49e4890514ad91a05408" member_type: VOTER last_known_addr { host: "127.26.0.2" port: 37753 } } peers { permanent_uuid: "9b009ef7c7c44721b21fc5d28bf44979" member_type: VOTER last_known_addr { host: "127.26.0.3" port: 42261 } }
I20260709 14:55:31.662052 27959 raft_consensus.cc:385] T 7c82894aa637484f82934f685fbf6044 P 9b009ef7c7c44721b21fc5d28bf44979 [term 0 FOLLOWER]: Consensus starting up: Expiring failure detector timer to make a prompt election more likely
I20260709 14:55:31.662322 27959 raft_consensus.cc:740] T 7c82894aa637484f82934f685fbf6044 P 9b009ef7c7c44721b21fc5d28bf44979 [term 0 FOLLOWER]: Becoming Follower/Learner. State: Replica: 9b009ef7c7c44721b21fc5d28bf44979, State: Initialized, Role: FOLLOWER
I20260709 14:55:31.662947 27959 consensus_queue.cc:260] T 7c82894aa637484f82934f685fbf6044 P 9b009ef7c7c44721b21fc5d28bf44979 [NON_LEADER]: Queue going to NON_LEADER mode. State: All replicated index: 0, Majority replicated index: 0, Committed index: 0, Last appended: 0.0, Last appended by leader: 0, Current term: 0, Majority size: -1, State: 0, Mode: NON_LEADER, active raft config: opid_index: -1 OBSOLETE_local: false peers { permanent_uuid: "0d8b7a59f6f74b8e8a26a733d175471d" member_type: VOTER last_known_addr { host: "127.26.0.1" port: 43285 } } peers { permanent_uuid: "ccfdc4a4fd6f49e4890514ad91a05408" member_type: VOTER last_known_addr { host: "127.26.0.2" port: 37753 } } peers { permanent_uuid: "9b009ef7c7c44721b21fc5d28bf44979" member_type: VOTER last_known_addr { host: "127.26.0.3" port: 42261 } }
I20260709 14:55:31.665552 27960 tablet_bootstrap.cc:492] T f7859b2bb2d24573ad5b4584646ef189 P 0d8b7a59f6f74b8e8a26a733d175471d: No bootstrap required, opened a new log
I20260709 14:55:31.666014 27960 ts_tablet_manager.cc:1403] T f7859b2bb2d24573ad5b4584646ef189 P 0d8b7a59f6f74b8e8a26a733d175471d: Time spent bootstrapping tablet: real 0.136s	user 0.024s	sys 0.026s
I20260709 14:55:31.666770 27964 tablet_bootstrap.cc:492] T e57905ea29434dc0b301036159b02e4c P ccfdc4a4fd6f49e4890514ad91a05408: No bootstrap required, opened a new log
I20260709 14:55:31.667177 27964 ts_tablet_manager.cc:1403] T e57905ea29434dc0b301036159b02e4c P ccfdc4a4fd6f49e4890514ad91a05408: Time spent bootstrapping tablet: real 0.091s	user 0.029s	sys 0.033s
I20260709 14:55:31.669656 27964 raft_consensus.cc:359] T e57905ea29434dc0b301036159b02e4c P ccfdc4a4fd6f49e4890514ad91a05408 [term 0 FOLLOWER]: Replica starting. Triggering 0 pending ops. Active config: opid_index: -1 OBSOLETE_local: false peers { permanent_uuid: "0d8b7a59f6f74b8e8a26a733d175471d" member_type: VOTER last_known_addr { host: "127.26.0.1" port: 43285 } } peers { permanent_uuid: "ccfdc4a4fd6f49e4890514ad91a05408" member_type: VOTER last_known_addr { host: "127.26.0.2" port: 37753 } } peers { permanent_uuid: "9b009ef7c7c44721b21fc5d28bf44979" member_type: VOTER last_known_addr { host: "127.26.0.3" port: 42261 } }
I20260709 14:55:31.670265 27964 raft_consensus.cc:385] T e57905ea29434dc0b301036159b02e4c P ccfdc4a4fd6f49e4890514ad91a05408 [term 0 FOLLOWER]: Consensus starting up: Expiring failure detector timer to make a prompt election more likely
I20260709 14:55:31.670200 27845 raft_consensus.cc:3060] T 4d017853403147aca33ca80247d44cc1 P ccfdc4a4fd6f49e4890514ad91a05408 [term 0 FOLLOWER]: Advancing to term 1
I20260709 14:55:31.670625 27964 raft_consensus.cc:740] T e57905ea29434dc0b301036159b02e4c P ccfdc4a4fd6f49e4890514ad91a05408 [term 0 FOLLOWER]: Becoming Follower/Learner. State: Replica: ccfdc4a4fd6f49e4890514ad91a05408, State: Initialized, Role: FOLLOWER
I20260709 14:55:31.671259 27964 consensus_queue.cc:260] T e57905ea29434dc0b301036159b02e4c P ccfdc4a4fd6f49e4890514ad91a05408 [NON_LEADER]: Queue going to NON_LEADER mode. State: All replicated index: 0, Majority replicated index: 0, Committed index: 0, Last appended: 0.0, Last appended by leader: 0, Current term: 0, Majority size: -1, State: 0, Mode: NON_LEADER, active raft config: opid_index: -1 OBSOLETE_local: false peers { permanent_uuid: "0d8b7a59f6f74b8e8a26a733d175471d" member_type: VOTER last_known_addr { host: "127.26.0.1" port: 43285 } } peers { permanent_uuid: "ccfdc4a4fd6f49e4890514ad91a05408" member_type: VOTER last_known_addr { host: "127.26.0.2" port: 37753 } } peers { permanent_uuid: "9b009ef7c7c44721b21fc5d28bf44979" member_type: VOTER last_known_addr { host: "127.26.0.3" port: 42261 } }
I20260709 14:55:31.675159 27959 ts_tablet_manager.cc:1434] T 7c82894aa637484f82934f685fbf6044 P 9b009ef7c7c44721b21fc5d28bf44979: Time spent starting tablet: real 0.016s	user 0.007s	sys 0.000s
I20260709 14:55:31.676244 27959 tablet_bootstrap.cc:492] T d21e559561f64061b9cd26e06e65700b P 9b009ef7c7c44721b21fc5d28bf44979: Bootstrap starting.
I20260709 14:55:31.679661 27982 consensus_queue.cc:1048] T 78ee0a9e8692483fbae245ed06e10109 P ccfdc4a4fd6f49e4890514ad91a05408 [LEADER]: Connected to new peer: Peer: permanent_uuid: "0d8b7a59f6f74b8e8a26a733d175471d" member_type: VOTER last_known_addr { host: "127.26.0.1" port: 43285 }, Status: LMP_MISMATCH, Last received: 0.0, Next index: 1, Last known committed idx: 0, Time since last communication: 0.000s
I20260709 14:55:31.680610 27964 ts_tablet_manager.cc:1434] T e57905ea29434dc0b301036159b02e4c P ccfdc4a4fd6f49e4890514ad91a05408: Time spent starting tablet: real 0.013s	user 0.008s	sys 0.000s
I20260709 14:55:31.681627 27964 tablet_bootstrap.cc:492] T f7859b2bb2d24573ad5b4584646ef189 P ccfdc4a4fd6f49e4890514ad91a05408: Bootstrap starting.
I20260709 14:55:31.667263 27669 catalog_manager.cc:5697] T ecc5f9f2d15643c2b65b5365067138df P ccfdc4a4fd6f49e4890514ad91a05408 reported cstate change: term changed from 0 to 1, leader changed from <none> to ccfdc4a4fd6f49e4890514ad91a05408 (127.26.0.2). New cstate: current_term: 1 leader_uuid: "ccfdc4a4fd6f49e4890514ad91a05408" committed_config { opid_index: -1 OBSOLETE_local: false peers { permanent_uuid: "0d8b7a59f6f74b8e8a26a733d175471d" member_type: VOTER last_known_addr { host: "127.26.0.1" port: 43285 } health_report { overall_health: UNKNOWN } } peers { permanent_uuid: "ccfdc4a4fd6f49e4890514ad91a05408" member_type: VOTER last_known_addr { host: "127.26.0.2" port: 37753 } health_report { overall_health: HEALTHY } } peers { permanent_uuid: "9b009ef7c7c44721b21fc5d28bf44979" member_type: VOTER last_known_addr { host: "127.26.0.3" port: 42261 } health_report { overall_health: UNKNOWN } } }
I20260709 14:55:31.683651 27959 tablet_bootstrap.cc:654] T d21e559561f64061b9cd26e06e65700b P 9b009ef7c7c44721b21fc5d28bf44979: Neither blocks nor log segments found. Creating new log.
I20260709 14:55:31.687661 27666 catalog_manager.cc:5697] T e0a446f075ac4a50a6d12c989edd81f7 P 0d8b7a59f6f74b8e8a26a733d175471d reported cstate change: term changed from 0 to 1, leader changed from <none> to 0d8b7a59f6f74b8e8a26a733d175471d (127.26.0.1). New cstate: current_term: 1 leader_uuid: "0d8b7a59f6f74b8e8a26a733d175471d" committed_config { opid_index: -1 OBSOLETE_local: false peers { permanent_uuid: "0d8b7a59f6f74b8e8a26a733d175471d" member_type: VOTER last_known_addr { host: "127.26.0.1" port: 43285 } health_report { overall_health: HEALTHY } } peers { permanent_uuid: "ccfdc4a4fd6f49e4890514ad91a05408" member_type: VOTER last_known_addr { host: "127.26.0.2" port: 37753 } health_report { overall_health: UNKNOWN } } peers { permanent_uuid: "9b009ef7c7c44721b21fc5d28bf44979" member_type: VOTER last_known_addr { host: "127.26.0.3" port: 42261 } health_report { overall_health: UNKNOWN } } }
I20260709 14:55:31.691169 28136 raft_consensus.cc:493] T 31db9e02e2b447328a9801a422e12f95 P 9b009ef7c7c44721b21fc5d28bf44979 [term 0 FOLLOWER]: Starting pre-election (no leader contacted us within the election timeout)
I20260709 14:55:31.691661 28136 raft_consensus.cc:515] T 31db9e02e2b447328a9801a422e12f95 P 9b009ef7c7c44721b21fc5d28bf44979 [term 0 FOLLOWER]: Starting pre-election with config: opid_index: -1 OBSOLETE_local: false peers { permanent_uuid: "0d8b7a59f6f74b8e8a26a733d175471d" member_type: VOTER last_known_addr { host: "127.26.0.1" port: 43285 } } peers { permanent_uuid: "ccfdc4a4fd6f49e4890514ad91a05408" member_type: VOTER last_known_addr { host: "127.26.0.2" port: 37753 } } peers { permanent_uuid: "9b009ef7c7c44721b21fc5d28bf44979" member_type: VOTER last_known_addr { host: "127.26.0.3" port: 42261 } }
I20260709 14:55:31.693548 28136 leader_election.cc:290] T 31db9e02e2b447328a9801a422e12f95 P 9b009ef7c7c44721b21fc5d28bf44979 [CANDIDATE]: Term 1 pre-election: Requested pre-vote from peers 0d8b7a59f6f74b8e8a26a733d175471d (127.26.0.1:43285), ccfdc4a4fd6f49e4890514ad91a05408 (127.26.0.2:37753)
I20260709 14:55:31.694751 27964 tablet_bootstrap.cc:654] T f7859b2bb2d24573ad5b4584646ef189 P ccfdc4a4fd6f49e4890514ad91a05408: Neither blocks nor log segments found. Creating new log.
I20260709 14:55:31.696106 27767 tablet_service.cc:1917] Received RequestConsensusVote() RPC: tablet_id: "31db9e02e2b447328a9801a422e12f95" candidate_uuid: "9b009ef7c7c44721b21fc5d28bf44979" candidate_term: 1 candidate_status { last_received { term: 0 index: 0 } } ignore_live_leader: false dest_uuid: "0d8b7a59f6f74b8e8a26a733d175471d" is_pre_election: true
W20260709 14:55:31.698045 27886 leader_election.cc:343] T 31db9e02e2b447328a9801a422e12f95 P 9b009ef7c7c44721b21fc5d28bf44979 [CANDIDATE]: Term 1 pre-election: Tablet error from VoteRequest() call to peer 0d8b7a59f6f74b8e8a26a733d175471d (127.26.0.1:43285): Illegal state: must be running to vote when last-logged opid is not known
I20260709 14:55:31.705273 27974 consensus_queue.cc:1048] T 78ee0a9e8692483fbae245ed06e10109 P ccfdc4a4fd6f49e4890514ad91a05408 [LEADER]: Connected to new peer: Peer: permanent_uuid: "9b009ef7c7c44721b21fc5d28bf44979" member_type: VOTER last_known_addr { host: "127.26.0.3" port: 42261 }, Status: LMP_MISMATCH, Last received: 0.0, Next index: 1, Last known committed idx: 0, Time since last communication: 0.000s
I20260709 14:55:31.708762 27845 tablet_service.cc:1917] Received RequestConsensusVote() RPC: tablet_id: "31db9e02e2b447328a9801a422e12f95" candidate_uuid: "9b009ef7c7c44721b21fc5d28bf44979" candidate_term: 1 candidate_status { last_received { term: 0 index: 0 } } ignore_live_leader: false dest_uuid: "ccfdc4a4fd6f49e4890514ad91a05408" is_pre_election: true
I20260709 14:55:31.709386 27845 raft_consensus.cc:2468] T 31db9e02e2b447328a9801a422e12f95 P ccfdc4a4fd6f49e4890514ad91a05408 [term 0 FOLLOWER]: Leader pre-election vote request: Granting yes vote for candidate 9b009ef7c7c44721b21fc5d28bf44979 in term 0.
I20260709 14:55:31.684389 27960 raft_consensus.cc:359] T f7859b2bb2d24573ad5b4584646ef189 P 0d8b7a59f6f74b8e8a26a733d175471d [term 0 FOLLOWER]: Replica starting. Triggering 0 pending ops. Active config: opid_index: -1 OBSOLETE_local: false peers { permanent_uuid: "0d8b7a59f6f74b8e8a26a733d175471d" member_type: VOTER last_known_addr { host: "127.26.0.1" port: 43285 } } peers { permanent_uuid: "ccfdc4a4fd6f49e4890514ad91a05408" member_type: VOTER last_known_addr { host: "127.26.0.2" port: 37753 } } peers { permanent_uuid: "9b009ef7c7c44721b21fc5d28bf44979" member_type: VOTER last_known_addr { host: "127.26.0.3" port: 42261 } }
I20260709 14:55:31.712885 27960 raft_consensus.cc:385] T f7859b2bb2d24573ad5b4584646ef189 P 0d8b7a59f6f74b8e8a26a733d175471d [term 0 FOLLOWER]: Consensus starting up: Expiring failure detector timer to make a prompt election more likely
I20260709 14:55:31.713155 27960 raft_consensus.cc:740] T f7859b2bb2d24573ad5b4584646ef189 P 0d8b7a59f6f74b8e8a26a733d175471d [term 0 FOLLOWER]: Becoming Follower/Learner. State: Replica: 0d8b7a59f6f74b8e8a26a733d175471d, State: Initialized, Role: FOLLOWER
I20260709 14:55:31.714304 27960 consensus_queue.cc:260] T f7859b2bb2d24573ad5b4584646ef189 P 0d8b7a59f6f74b8e8a26a733d175471d [NON_LEADER]: Queue going to NON_LEADER mode. State: All replicated index: 0, Majority replicated index: 0, Committed index: 0, Last appended: 0.0, Last appended by leader: 0, Current term: 0, Majority size: -1, State: 0, Mode: NON_LEADER, active raft config: opid_index: -1 OBSOLETE_local: false peers { permanent_uuid: "0d8b7a59f6f74b8e8a26a733d175471d" member_type: VOTER last_known_addr { host: "127.26.0.1" port: 43285 } } peers { permanent_uuid: "ccfdc4a4fd6f49e4890514ad91a05408" member_type: VOTER last_known_addr { host: "127.26.0.2" port: 37753 } } peers { permanent_uuid: "9b009ef7c7c44721b21fc5d28bf44979" member_type: VOTER last_known_addr { host: "127.26.0.3" port: 42261 } }
I20260709 14:55:31.716945 27960 ts_tablet_manager.cc:1434] T f7859b2bb2d24573ad5b4584646ef189 P 0d8b7a59f6f74b8e8a26a733d175471d: Time spent starting tablet: real 0.035s	user 0.006s	sys 0.000s
I20260709 14:55:31.717768 27960 tablet_bootstrap.cc:492] T 565750d8eaca414594a48297f262d000 P 0d8b7a59f6f74b8e8a26a733d175471d: Bootstrap starting.
I20260709 14:55:31.718369 27886 leader_election.cc:304] T 31db9e02e2b447328a9801a422e12f95 P 9b009ef7c7c44721b21fc5d28bf44979 [CANDIDATE]: Term 1 pre-election: Election decided. Result: candidate won. Election summary: received 3 responses out of 3 voters: 2 yes votes; 1 no votes. yes voters: 9b009ef7c7c44721b21fc5d28bf44979, ccfdc4a4fd6f49e4890514ad91a05408; no voters: 0d8b7a59f6f74b8e8a26a733d175471d
I20260709 14:55:31.719146 28136 raft_consensus.cc:2804] T 31db9e02e2b447328a9801a422e12f95 P 9b009ef7c7c44721b21fc5d28bf44979 [term 0 FOLLOWER]: Leader pre-election won for term 1
I20260709 14:55:31.719542 28136 raft_consensus.cc:493] T 31db9e02e2b447328a9801a422e12f95 P 9b009ef7c7c44721b21fc5d28bf44979 [term 0 FOLLOWER]: Starting leader election (no leader contacted us within the election timeout)
I20260709 14:55:31.719888 28136 raft_consensus.cc:3060] T 31db9e02e2b447328a9801a422e12f95 P 9b009ef7c7c44721b21fc5d28bf44979 [term 0 FOLLOWER]: Advancing to term 1
I20260709 14:55:31.725647 27959 tablet_bootstrap.cc:492] T d21e559561f64061b9cd26e06e65700b P 9b009ef7c7c44721b21fc5d28bf44979: No bootstrap required, opened a new log
I20260709 14:55:31.726090 27959 ts_tablet_manager.cc:1403] T d21e559561f64061b9cd26e06e65700b P 9b009ef7c7c44721b21fc5d28bf44979: Time spent bootstrapping tablet: real 0.050s	user 0.019s	sys 0.017s
I20260709 14:55:31.727159 28136 raft_consensus.cc:515] T 31db9e02e2b447328a9801a422e12f95 P 9b009ef7c7c44721b21fc5d28bf44979 [term 1 FOLLOWER]: Starting leader election with config: opid_index: -1 OBSOLETE_local: false peers { permanent_uuid: "0d8b7a59f6f74b8e8a26a733d175471d" member_type: VOTER last_known_addr { host: "127.26.0.1" port: 43285 } } peers { permanent_uuid: "ccfdc4a4fd6f49e4890514ad91a05408" member_type: VOTER last_known_addr { host: "127.26.0.2" port: 37753 } } peers { permanent_uuid: "9b009ef7c7c44721b21fc5d28bf44979" member_type: VOTER last_known_addr { host: "127.26.0.3" port: 42261 } }
I20260709 14:55:31.729154 27959 raft_consensus.cc:359] T d21e559561f64061b9cd26e06e65700b P 9b009ef7c7c44721b21fc5d28bf44979 [term 0 FOLLOWER]: Replica starting. Triggering 0 pending ops. Active config: opid_index: -1 OBSOLETE_local: false peers { permanent_uuid: "0d8b7a59f6f74b8e8a26a733d175471d" member_type: VOTER last_known_addr { host: "127.26.0.1" port: 43285 } } peers { permanent_uuid: "ccfdc4a4fd6f49e4890514ad91a05408" member_type: VOTER last_known_addr { host: "127.26.0.2" port: 37753 } } peers { permanent_uuid: "9b009ef7c7c44721b21fc5d28bf44979" member_type: VOTER last_known_addr { host: "127.26.0.3" port: 42261 } }
I20260709 14:55:31.729812 27959 raft_consensus.cc:385] T d21e559561f64061b9cd26e06e65700b P 9b009ef7c7c44721b21fc5d28bf44979 [term 0 FOLLOWER]: Consensus starting up: Expiring failure detector timer to make a prompt election more likely
I20260709 14:55:31.730052 28136 leader_election.cc:290] T 31db9e02e2b447328a9801a422e12f95 P 9b009ef7c7c44721b21fc5d28bf44979 [CANDIDATE]: Term 1 election: Requested vote from peers 0d8b7a59f6f74b8e8a26a733d175471d (127.26.0.1:43285), ccfdc4a4fd6f49e4890514ad91a05408 (127.26.0.2:37753)
I20260709 14:55:31.730075 27959 raft_consensus.cc:740] T d21e559561f64061b9cd26e06e65700b P 9b009ef7c7c44721b21fc5d28bf44979 [term 0 FOLLOWER]: Becoming Follower/Learner. State: Replica: 9b009ef7c7c44721b21fc5d28bf44979, State: Initialized, Role: FOLLOWER
I20260709 14:55:31.730947 27959 consensus_queue.cc:260] T d21e559561f64061b9cd26e06e65700b P 9b009ef7c7c44721b21fc5d28bf44979 [NON_LEADER]: Queue going to NON_LEADER mode. State: All replicated index: 0, Majority replicated index: 0, Committed index: 0, Last appended: 0.0, Last appended by leader: 0, Current term: 0, Majority size: -1, State: 0, Mode: NON_LEADER, active raft config: opid_index: -1 OBSOLETE_local: false peers { permanent_uuid: "0d8b7a59f6f74b8e8a26a733d175471d" member_type: VOTER last_known_addr { host: "127.26.0.1" port: 43285 } } peers { permanent_uuid: "ccfdc4a4fd6f49e4890514ad91a05408" member_type: VOTER last_known_addr { host: "127.26.0.2" port: 37753 } } peers { permanent_uuid: "9b009ef7c7c44721b21fc5d28bf44979" member_type: VOTER last_known_addr { host: "127.26.0.3" port: 42261 } }
