I20260709 14:55:29.757026 25176 tablet_bootstrap.cc:492] T 899a0b99abb747f99368f726bafcc460 P 75b0a720ae6546ef99fc5e29d9559369: Bootstrap starting.
I20260709 14:55:29.758391 25128 tablet_service.cc:1917] Received RequestConsensusVote() RPC: tablet_id: "a3aa0bf50d764af18ec50b4109d8de0b" candidate_uuid: "b7a367975a5c40009712f141c4ad925b" candidate_term: 2 candidate_status { last_received { term: 0 index: 0 } } ignore_live_leader: false dest_uuid: "75b0a720ae6546ef99fc5e29d9559369" is_pre_election: true
I20260709 14:55:29.758997 25128 raft_consensus.cc:2468] T a3aa0bf50d764af18ec50b4109d8de0b P 75b0a720ae6546ef99fc5e29d9559369 [term 1 FOLLOWER]: Leader pre-election vote request: Granting yes vote for candidate b7a367975a5c40009712f141c4ad925b in term 1.
I20260709 14:55:29.763509 25288 raft_consensus.cc:515] T 36fca7d65f594adcbbc3c76061105cf6 P 884ee772c70a4217997471706afdd2d6 [term 1 FOLLOWER]: Starting leader election with config: opid_index: -1 OBSOLETE_local: false peers { permanent_uuid: "884ee772c70a4217997471706afdd2d6" member_type: VOTER last_known_addr { host: "127.23.79.129" port: 33889 } } peers { permanent_uuid: "b7a367975a5c40009712f141c4ad925b" member_type: VOTER last_known_addr { host: "127.23.79.130" port: 35729 } } peers { permanent_uuid: "75b0a720ae6546ef99fc5e29d9559369" member_type: VOTER last_known_addr { host: "127.23.79.131" port: 42189 } }
I20260709 14:55:29.766448 25128 tablet_service.cc:1917] Received RequestConsensusVote() RPC: tablet_id: "96fa241b92734affbf5684bff52677d1" candidate_uuid: "884ee772c70a4217997471706afdd2d6" candidate_term: 2 candidate_status { last_received { term: 1 index: 1 } } ignore_live_leader: false dest_uuid: "75b0a720ae6546ef99fc5e29d9559369" is_pre_election: true
I20260709 14:55:29.766594 25215 leader_election.cc:290] T bf2b0f8668054cc88999bf705b3f88f9 P 884ee772c70a4217997471706afdd2d6 [CANDIDATE]: Term 2 pre-election: Requested pre-vote from peers b7a367975a5c40009712f141c4ad925b (127.23.79.130:35729), 75b0a720ae6546ef99fc5e29d9559369 (127.23.79.131:42189)
I20260709 14:55:29.767102 25023 leader_election.cc:304] T 36fca7d65f594adcbbc3c76061105cf6 P b7a367975a5c40009712f141c4ad925b [CANDIDATE]: Term 1 pre-election: Election decided. Result: candidate won. Election summary: received 2 responses out of 3 voters: 2 yes votes; 0 no votes. yes voters: 884ee772c70a4217997471706afdd2d6, b7a367975a5c40009712f141c4ad925b; no voters: 
I20260709 14:55:29.770524 25213 raft_consensus.cc:2804] T 36fca7d65f594adcbbc3c76061105cf6 P b7a367975a5c40009712f141c4ad925b [term 0 FOLLOWER]: Leader pre-election won for term 1
I20260709 14:55:29.770663 25023 leader_election.cc:304] T a82abb34976c4710a46a94a8e9702198 P b7a367975a5c40009712f141c4ad925b [CANDIDATE]: Term 2 election: Election decided. Result: candidate won. Election summary: received 2 responses out of 3 voters: 2 yes votes; 0 no votes. yes voters: 884ee772c70a4217997471706afdd2d6, b7a367975a5c40009712f141c4ad925b; no voters: 
I20260709 14:55:29.770900 25213 raft_consensus.cc:493] T 36fca7d65f594adcbbc3c76061105cf6 P b7a367975a5c40009712f141c4ad925b [term 0 FOLLOWER]: Starting leader election (no leader contacted us within the election timeout)
I20260709 14:55:29.771235 25213 raft_consensus.cc:3060] T 36fca7d65f594adcbbc3c76061105cf6 P b7a367975a5c40009712f141c4ad925b [term 0 FOLLOWER]: Advancing to term 1
I20260709 14:55:29.773237 25132 tablet_service.cc:1917] Received RequestConsensusVote() RPC: tablet_id: "f8fbfc3e6e7f411bbbdf4adb31e465fa" candidate_uuid: "884ee772c70a4217997471706afdd2d6" candidate_term: 1 candidate_status { last_received { term: 0 index: 0 } } ignore_live_leader: false dest_uuid: "75b0a720ae6546ef99fc5e29d9559369" is_pre_election: true
I20260709 14:55:29.773990 25132 raft_consensus.cc:2393] T f8fbfc3e6e7f411bbbdf4adb31e465fa P 75b0a720ae6546ef99fc5e29d9559369 [term 1 FOLLOWER]: Leader pre-election vote request: Denying vote to candidate 884ee772c70a4217997471706afdd2d6 in current term 1: Already voted for candidate b7a367975a5c40009712f141c4ad925b in this term.
I20260709 14:55:29.772684 25362 raft_consensus.cc:2804] T a82abb34976c4710a46a94a8e9702198 P b7a367975a5c40009712f141c4ad925b [term 2 FOLLOWER]: Leader election won for term 2
I20260709 14:55:29.779086 25362 raft_consensus.cc:697] T a82abb34976c4710a46a94a8e9702198 P b7a367975a5c40009712f141c4ad925b [term 2 LEADER]: Becoming Leader. State: Replica: b7a367975a5c40009712f141c4ad925b, State: Running, Role: LEADER
I20260709 14:55:29.779031 25060 tablet_service.cc:1917] Received RequestConsensusVote() RPC: tablet_id: "483facb5d8ac45c48b883d0b1c83d131" candidate_uuid: "75b0a720ae6546ef99fc5e29d9559369" candidate_term: 1 candidate_status { last_received { term: 0 index: 0 } } ignore_live_leader: false dest_uuid: "b7a367975a5c40009712f141c4ad925b"
I20260709 14:55:29.779760 25060 raft_consensus.cc:3060] T 483facb5d8ac45c48b883d0b1c83d131 P b7a367975a5c40009712f141c4ad925b [term 0 FOLLOWER]: Advancing to term 1
I20260709 14:55:29.779973 25362 consensus_queue.cc:237] T a82abb34976c4710a46a94a8e9702198 P b7a367975a5c40009712f141c4ad925b [LEADER]: Queue going to LEADER mode. State: All replicated index: 0, Majority replicated index: 1, Committed index: 1, Last appended: 1.1, Last appended by leader: 1, Current term: 2, Majority size: 2, State: 0, Mode: LEADER, active raft config: opid_index: -1 OBSOLETE_local: false peers { permanent_uuid: "884ee772c70a4217997471706afdd2d6" member_type: VOTER last_known_addr { host: "127.23.79.129" port: 33889 } } peers { permanent_uuid: "b7a367975a5c40009712f141c4ad925b" member_type: VOTER last_known_addr { host: "127.23.79.130" port: 35729 } } peers { permanent_uuid: "75b0a720ae6546ef99fc5e29d9559369" member_type: VOTER last_known_addr { host: "127.23.79.131" port: 42189 } }
I20260709 14:55:29.787535 25060 raft_consensus.cc:2468] T 483facb5d8ac45c48b883d0b1c83d131 P b7a367975a5c40009712f141c4ad925b [term 1 FOLLOWER]: Leader election vote request: Granting yes vote for candidate 75b0a720ae6546ef99fc5e29d9559369 in term 1.
I20260709 14:55:29.777992 25130 tablet_service.cc:1917] Received RequestConsensusVote() RPC: tablet_id: "f59dc76a2f164bf8b5ca7cea12c1193e" candidate_uuid: "884ee772c70a4217997471706afdd2d6" candidate_term: 2 candidate_status { last_received { term: 1 index: 1 } } ignore_live_leader: false dest_uuid: "75b0a720ae6546ef99fc5e29d9559369"
I20260709 14:55:29.790432 25238 raft_consensus.cc:493] T f3ce1bf99dcc4216b83acd8d76ba1888 P b7a367975a5c40009712f141c4ad925b [term 0 FOLLOWER]: Starting pre-election (no leader contacted us within the election timeout)
I20260709 14:55:29.790889 25238 raft_consensus.cc:515] T f3ce1bf99dcc4216b83acd8d76ba1888 P b7a367975a5c40009712f141c4ad925b [term 0 FOLLOWER]: Starting pre-election with config: opid_index: -1 OBSOLETE_local: false peers { permanent_uuid: "884ee772c70a4217997471706afdd2d6" member_type: VOTER last_known_addr { host: "127.23.79.129" port: 33889 } } peers { permanent_uuid: "b7a367975a5c40009712f141c4ad925b" member_type: VOTER last_known_addr { host: "127.23.79.130" port: 35729 } } peers { permanent_uuid: "75b0a720ae6546ef99fc5e29d9559369" member_type: VOTER last_known_addr { host: "127.23.79.131" port: 42189 } }
I20260709 14:55:29.792728 25238 leader_election.cc:290] T f3ce1bf99dcc4216b83acd8d76ba1888 P b7a367975a5c40009712f141c4ad925b [CANDIDATE]: Term 1 pre-election: Requested pre-vote from peers 884ee772c70a4217997471706afdd2d6 (127.23.79.129:33889), 75b0a720ae6546ef99fc5e29d9559369 (127.23.79.131:42189)
I20260709 14:55:29.793224 25213 raft_consensus.cc:515] T 36fca7d65f594adcbbc3c76061105cf6 P b7a367975a5c40009712f141c4ad925b [term 1 FOLLOWER]: Starting leader election with config: opid_index: -1 OBSOLETE_local: false peers { permanent_uuid: "884ee772c70a4217997471706afdd2d6" member_type: VOTER last_known_addr { host: "127.23.79.129" port: 33889 } } peers { permanent_uuid: "b7a367975a5c40009712f141c4ad925b" member_type: VOTER last_known_addr { host: "127.23.79.130" port: 35729 } } peers { permanent_uuid: "75b0a720ae6546ef99fc5e29d9559369" member_type: VOTER last_known_addr { host: "127.23.79.131" port: 42189 } }
I20260709 14:55:29.776893 25237 raft_consensus.cc:515] T 734363ed7a114712ae754255a8ae75ca P b7a367975a5c40009712f141c4ad925b [term 2 FOLLOWER]: Starting leader election with config: opid_index: -1 OBSOLETE_local: false peers { permanent_uuid: "884ee772c70a4217997471706afdd2d6" member_type: VOTER last_known_addr { host: "127.23.79.129" port: 33889 } } peers { permanent_uuid: "b7a367975a5c40009712f141c4ad925b" member_type: VOTER last_known_addr { host: "127.23.79.130" port: 35729 } } peers { permanent_uuid: "75b0a720ae6546ef99fc5e29d9559369" member_type: VOTER last_known_addr { host: "127.23.79.131" port: 42189 } }
I20260709 14:55:29.796119 25174 tablet_bootstrap.cc:654] T 1144e7e01e284352ba67da994ffe9c4c P b7a367975a5c40009712f141c4ad925b: Neither blocks nor log segments found. Creating new log.
I20260709 14:55:29.796314 25060 raft_consensus.cc:1240] T 734363ed7a114712ae754255a8ae75ca P b7a367975a5c40009712f141c4ad925b [term 2 FOLLOWER]: Rejecting Update request from peer 75b0a720ae6546ef99fc5e29d9559369 for earlier term 1. Current term is 2. Ops: []
I20260709 14:55:29.798136 25237 leader_election.cc:290] T 734363ed7a114712ae754255a8ae75ca P b7a367975a5c40009712f141c4ad925b [CANDIDATE]: Term 2 election: Requested vote from peers 884ee772c70a4217997471706afdd2d6 (127.23.79.129:33889), 75b0a720ae6546ef99fc5e29d9559369 (127.23.79.131:42189)
W20260709 14:55:29.798015 25097 leader_election.cc:343] T 483facb5d8ac45c48b883d0b1c83d131 P 75b0a720ae6546ef99fc5e29d9559369 [CANDIDATE]: Term 1 election: Tablet error from VoteRequest() call to peer 884ee772c70a4217997471706afdd2d6 (127.23.79.129:33889): Illegal state: must be running to vote when last-logged opid is not known
I20260709 14:55:29.789281 25132 tablet_service.cc:1917] Received RequestConsensusVote() RPC: tablet_id: "82e44d2c10294cf3bfd4ef26b91d2b15" candidate_uuid: "b7a367975a5c40009712f141c4ad925b" candidate_term: 1 candidate_status { last_received { term: 0 index: 0 } } ignore_live_leader: false dest_uuid: "75b0a720ae6546ef99fc5e29d9559369" is_pre_election: true
I20260709 14:55:29.797340 25288 leader_election.cc:290] T 36fca7d65f594adcbbc3c76061105cf6 P 884ee772c70a4217997471706afdd2d6 [CANDIDATE]: Term 1 election: Requested vote from peers b7a367975a5c40009712f141c4ad925b (127.23.79.130:35729), 75b0a720ae6546ef99fc5e29d9559369 (127.23.79.131:42189)
I20260709 14:55:29.805878 25026 leader_election.cc:304] T 9a77aedec03f4358b90632fe3d25b9eb P b7a367975a5c40009712f141c4ad925b [CANDIDATE]: Term 2 pre-election: Election decided. Result: candidate won. Election summary: received 3 responses out of 3 voters: 2 yes votes; 1 no votes. yes voters: 75b0a720ae6546ef99fc5e29d9559369, b7a367975a5c40009712f141c4ad925b; no voters: 884ee772c70a4217997471706afdd2d6
I20260709 14:55:29.806643 25238 raft_consensus.cc:2804] T 9a77aedec03f4358b90632fe3d25b9eb P b7a367975a5c40009712f141c4ad925b [term 1 FOLLOWER]: Leader pre-election won for term 2
I20260709 14:55:29.806689 25133 raft_consensus.cc:2468] T 16b76b127d6841c5b159086af01bb3fe P 75b0a720ae6546ef99fc5e29d9559369 [term 1 FOLLOWER]: Leader election vote request: Granting yes vote for candidate 884ee772c70a4217997471706afdd2d6 in term 1.
I20260709 14:55:29.807104 25238 raft_consensus.cc:493] T 9a77aedec03f4358b90632fe3d25b9eb P b7a367975a5c40009712f141c4ad925b [term 1 FOLLOWER]: Starting leader election (detected failure of leader 884ee772c70a4217997471706afdd2d6)
I20260709 14:55:29.807464 25238 raft_consensus.cc:3060] T 9a77aedec03f4358b90632fe3d25b9eb P b7a367975a5c40009712f141c4ad925b [term 1 FOLLOWER]: Advancing to term 2
I20260709 14:55:29.814910 24981 raft_consensus.cc:1240] T 96fa241b92734affbf5684bff52677d1 P 884ee772c70a4217997471706afdd2d6 [term 2 FOLLOWER]: Rejecting Update request from peer 75b0a720ae6546ef99fc5e29d9559369 for earlier term 1. Current term is 2. Ops: []
I20260709 14:55:29.817862 24982 tablet_service.cc:1917] Received RequestConsensusVote() RPC: tablet_id: "a3aa0bf50d764af18ec50b4109d8de0b" candidate_uuid: "b7a367975a5c40009712f141c4ad925b" candidate_term: 2 candidate_status { last_received { term: 0 index: 0 } } ignore_live_leader: false dest_uuid: "884ee772c70a4217997471706afdd2d6" is_pre_election: true
I20260709 14:55:29.820129 24951 leader_election.cc:304] T f59dc76a2f164bf8b5ca7cea12c1193e P 884ee772c70a4217997471706afdd2d6 [CANDIDATE]: Term 2 election: Election decided. Result: candidate won. Election summary: received 2 responses out of 3 voters: 2 yes votes; 0 no votes. yes voters: 884ee772c70a4217997471706afdd2d6, b7a367975a5c40009712f141c4ad925b; no voters: 
I20260709 14:55:29.820969 24951 leader_election.cc:304] T 16b76b127d6841c5b159086af01bb3fe P 884ee772c70a4217997471706afdd2d6 [CANDIDATE]: Term 1 election: Election decided. Result: candidate won. Election summary: received 2 responses out of 3 voters: 2 yes votes; 0 no votes. yes voters: 884ee772c70a4217997471706afdd2d6, b7a367975a5c40009712f141c4ad925b; no voters: 
I20260709 14:55:29.821480 25288 raft_consensus.cc:2804] T f59dc76a2f164bf8b5ca7cea12c1193e P 884ee772c70a4217997471706afdd2d6 [term 2 FOLLOWER]: Leader election won for term 2
I20260709 14:55:29.803646 25237 consensus_queue.cc:1048] T c1298077bffc4df59a5648e42cb093fd P b7a367975a5c40009712f141c4ad925b [LEADER]: Connected to new peer: Peer: permanent_uuid: "75b0a720ae6546ef99fc5e29d9559369" member_type: VOTER last_known_addr { host: "127.23.79.131" port: 42189 }, Status: LMP_MISMATCH, Last received: 0.0, Next index: 1, Last known committed idx: 0, Time since last communication: 0.018s
I20260709 14:55:29.821959 25288 raft_consensus.cc:697] T f59dc76a2f164bf8b5ca7cea12c1193e P 884ee772c70a4217997471706afdd2d6 [term 2 LEADER]: Becoming Leader. State: Replica: 884ee772c70a4217997471706afdd2d6, State: Running, Role: LEADER
I20260709 14:55:29.822057 25360 raft_consensus.cc:2804] T 16b76b127d6841c5b159086af01bb3fe P 884ee772c70a4217997471706afdd2d6 [term 1 FOLLOWER]: Leader election won for term 1
I20260709 14:55:29.822513 25360 raft_consensus.cc:697] T 16b76b127d6841c5b159086af01bb3fe P 884ee772c70a4217997471706afdd2d6 [term 1 LEADER]: Becoming Leader. State: Replica: 884ee772c70a4217997471706afdd2d6, State: Running, Role: LEADER
I20260709 14:55:29.822758 25288 consensus_queue.cc:237] T f59dc76a2f164bf8b5ca7cea12c1193e P 884ee772c70a4217997471706afdd2d6 [LEADER]: Queue going to LEADER mode. State: All replicated index: 0, Majority replicated index: 0, Committed index: 0, Last appended: 1.1, Last appended by leader: 1, Current term: 2, Majority size: 2, State: 0, Mode: LEADER, active raft config: opid_index: -1 OBSOLETE_local: false peers { permanent_uuid: "884ee772c70a4217997471706afdd2d6" member_type: VOTER last_known_addr { host: "127.23.79.129" port: 33889 } } peers { permanent_uuid: "b7a367975a5c40009712f141c4ad925b" member_type: VOTER last_known_addr { host: "127.23.79.130" port: 35729 } } peers { permanent_uuid: "75b0a720ae6546ef99fc5e29d9559369" member_type: VOTER last_known_addr { host: "127.23.79.131" port: 42189 } }
I20260709 14:55:29.823266 25360 consensus_queue.cc:237] T 16b76b127d6841c5b159086af01bb3fe P 884ee772c70a4217997471706afdd2d6 [LEADER]: Queue going to LEADER mode. State: All replicated index: 0, Majority replicated index: 0, Committed index: 0, Last appended: 0.0, Last appended by leader: 0, Current term: 1, Majority size: 2, State: 0, Mode: LEADER, active raft config: opid_index: -1 OBSOLETE_local: false peers { permanent_uuid: "884ee772c70a4217997471706afdd2d6" member_type: VOTER last_known_addr { host: "127.23.79.129" port: 33889 } } peers { permanent_uuid: "b7a367975a5c40009712f141c4ad925b" member_type: VOTER last_known_addr { host: "127.23.79.130" port: 35729 } } peers { permanent_uuid: "75b0a720ae6546ef99fc5e29d9559369" member_type: VOTER last_known_addr { host: "127.23.79.131" port: 42189 } }
I20260709 14:55:29.820779 25238 raft_consensus.cc:515] T 9a77aedec03f4358b90632fe3d25b9eb P b7a367975a5c40009712f141c4ad925b [term 2 FOLLOWER]: Starting leader election with config: opid_index: -1 OBSOLETE_local: false peers { permanent_uuid: "884ee772c70a4217997471706afdd2d6" member_type: VOTER last_known_addr { host: "127.23.79.129" port: 33889 } } peers { permanent_uuid: "b7a367975a5c40009712f141c4ad925b" member_type: VOTER last_known_addr { host: "127.23.79.130" port: 35729 } } peers { permanent_uuid: "75b0a720ae6546ef99fc5e29d9559369" member_type: VOTER last_known_addr { host: "127.23.79.131" port: 42189 } }
I20260709 14:55:29.826884 25180 raft_consensus.cc:493] T 8760bc9f1de744118c5951b7f24f6798 P b7a367975a5c40009712f141c4ad925b [term 0 FOLLOWER]: Starting pre-election (no leader contacted us within the election timeout)
I20260709 14:55:29.827296 25180 raft_consensus.cc:515] T 8760bc9f1de744118c5951b7f24f6798 P b7a367975a5c40009712f141c4ad925b [term 0 FOLLOWER]: Starting pre-election with config: opid_index: -1 OBSOLETE_local: false peers { permanent_uuid: "884ee772c70a4217997471706afdd2d6" member_type: VOTER last_known_addr { host: "127.23.79.129" port: 33889 } } peers { permanent_uuid: "b7a367975a5c40009712f141c4ad925b" member_type: VOTER last_known_addr { host: "127.23.79.130" port: 35729 } } peers { permanent_uuid: "75b0a720ae6546ef99fc5e29d9559369" member_type: VOTER last_known_addr { host: "127.23.79.131" port: 42189 } }
I20260709 14:55:29.820106 24982 tablet_service.cc:1917] Received RequestConsensusVote() RPC: tablet_id: "82e44d2c10294cf3bfd4ef26b91d2b15" candidate_uuid: "b7a367975a5c40009712f141c4ad925b" candidate_term: 1 candidate_status { last_received { term: 0 index: 0 } } ignore_live_leader: false dest_uuid: "884ee772c70a4217997471706afdd2d6" is_pre_election: true
I20260709 14:55:29.834587 25238 leader_election.cc:290] T 9a77aedec03f4358b90632fe3d25b9eb P b7a367975a5c40009712f141c4ad925b [CANDIDATE]: Term 2 election: Requested vote from peers 884ee772c70a4217997471706afdd2d6 (127.23.79.129:33889), 75b0a720ae6546ef99fc5e29d9559369 (127.23.79.131:42189)
I20260709 14:55:29.834045 25131 tablet_service.cc:1917] Received RequestConsensusVote() RPC: tablet_id: "734363ed7a114712ae754255a8ae75ca" candidate_uuid: "884ee772c70a4217997471706afdd2d6" candidate_term: 2 candidate_status { last_received { term: 1 index: 1 } } ignore_live_leader: false dest_uuid: "75b0a720ae6546ef99fc5e29d9559369"
I20260709 14:55:29.846248 25055 tablet_service.cc:1917] Received RequestConsensusVote() RPC: tablet_id: "f8fbfc3e6e7f411bbbdf4adb31e465fa" candidate_uuid: "884ee772c70a4217997471706afdd2d6" candidate_term: 1 candidate_status { last_received { term: 0 index: 0 } } ignore_live_leader: false dest_uuid: "b7a367975a5c40009712f141c4ad925b" is_pre_election: true
I20260709 14:55:29.847015 25055 raft_consensus.cc:2393] T f8fbfc3e6e7f411bbbdf4adb31e465fa P b7a367975a5c40009712f141c4ad925b [term 1 FOLLOWER]: Leader pre-election vote request: Denying vote to candidate 884ee772c70a4217997471706afdd2d6 in current term 1: Already voted for candidate b7a367975a5c40009712f141c4ad925b in this term.
I20260709 14:55:29.837958 25130 tablet_service.cc:1917] Received RequestConsensusVote() RPC: tablet_id: "bf2b0f8668054cc88999bf705b3f88f9" candidate_uuid: "884ee772c70a4217997471706afdd2d6" candidate_term: 2 candidate_status { last_received { term: 1 index: 1 } } ignore_live_leader: false dest_uuid: "75b0a720ae6546ef99fc5e29d9559369" is_pre_election: true
I20260709 14:55:29.834800 25180 leader_election.cc:290] T 8760bc9f1de744118c5951b7f24f6798 P b7a367975a5c40009712f141c4ad925b [CANDIDATE]: Term 1 pre-election: Requested pre-vote from peers 884ee772c70a4217997471706afdd2d6 (127.23.79.129:33889), 75b0a720ae6546ef99fc5e29d9559369 (127.23.79.131:42189)
I20260709 14:55:29.852877 25026 leader_election.cc:304] T bcfbc8e05fb64bd78b2aa67de19a0db0 P b7a367975a5c40009712f141c4ad925b [CANDIDATE]: Term 2 pre-election: Election decided. Result: candidate won. Election summary: received 3 responses out of 3 voters: 2 yes votes; 1 no votes. yes voters: 75b0a720ae6546ef99fc5e29d9559369, b7a367975a5c40009712f141c4ad925b; no voters: 884ee772c70a4217997471706afdd2d6
I20260709 14:55:29.853513 25213 leader_election.cc:290] T 36fca7d65f594adcbbc3c76061105cf6 P b7a367975a5c40009712f141c4ad925b [CANDIDATE]: Term 1 election: Requested vote from peers 884ee772c70a4217997471706afdd2d6 (127.23.79.129:33889), 75b0a720ae6546ef99fc5e29d9559369 (127.23.79.131:42189)
I20260709 14:55:29.854049 25213 raft_consensus.cc:2804] T bcfbc8e05fb64bd78b2aa67de19a0db0 P b7a367975a5c40009712f141c4ad925b [term 1 FOLLOWER]: Leader pre-election won for term 2
I20260709 14:55:29.854383 25213 raft_consensus.cc:493] T bcfbc8e05fb64bd78b2aa67de19a0db0 P b7a367975a5c40009712f141c4ad925b [term 1 FOLLOWER]: Starting leader election (detected failure of leader 884ee772c70a4217997471706afdd2d6)
I20260709 14:55:29.854976 25213 raft_consensus.cc:3060] T bcfbc8e05fb64bd78b2aa67de19a0db0 P b7a367975a5c40009712f141c4ad925b [term 1 FOLLOWER]: Advancing to term 2
I20260709 14:55:29.862891 24981 tablet_service.cc:1917] Received RequestConsensusVote() RPC: tablet_id: "f3ce1bf99dcc4216b83acd8d76ba1888" candidate_uuid: "b7a367975a5c40009712f141c4ad925b" candidate_term: 1 candidate_status { last_received { term: 0 index: 0 } } ignore_live_leader: false dest_uuid: "884ee772c70a4217997471706afdd2d6" is_pre_election: true
I20260709 14:55:29.859002 25054 tablet_service.cc:1917] Received RequestConsensusVote() RPC: tablet_id: "bf2b0f8668054cc88999bf705b3f88f9" candidate_uuid: "884ee772c70a4217997471706afdd2d6" candidate_term: 2 candidate_status { last_received { term: 1 index: 1 } } ignore_live_leader: false dest_uuid: "b7a367975a5c40009712f141c4ad925b" is_pre_election: true
I20260709 14:55:29.865520 24951 leader_election.cc:304] T 6c059333b4a542ef99676caa123b48ce P 884ee772c70a4217997471706afdd2d6 [CANDIDATE]: Term 2 pre-election: Election decided. Result: candidate lost. Election summary: received 3 responses out of 3 voters: 1 yes votes; 2 no votes. yes voters: 884ee772c70a4217997471706afdd2d6; no voters: 75b0a720ae6546ef99fc5e29d9559369, b7a367975a5c40009712f141c4ad925b
I20260709 14:55:29.866703 24951 leader_election.cc:304] T c1298077bffc4df59a5648e42cb093fd P 884ee772c70a4217997471706afdd2d6 [CANDIDATE]: Term 1 pre-election: Election decided. Result: candidate lost. Election summary: received 3 responses out of 3 voters: 1 yes votes; 2 no votes. yes voters: 884ee772c70a4217997471706afdd2d6; no voters: 75b0a720ae6546ef99fc5e29d9559369, b7a367975a5c40009712f141c4ad925b
I20260709 14:55:29.867905 25357 raft_consensus.cc:2749] T 6c059333b4a542ef99676caa123b48ce P 884ee772c70a4217997471706afdd2d6 [term 1 FOLLOWER]: Leader pre-election lost for term 2. Reason: could not achieve majority
I20260709 14:55:29.876502 25054 tablet_service.cc:1917] Received RequestConsensusVote() RPC: tablet_id: "c31f7cf04a164052b090ac167b846ee4" candidate_uuid: "75b0a720ae6546ef99fc5e29d9559369" candidate_term: 2 candidate_status { last_received { term: 1 index: 1 } } ignore_live_leader: false dest_uuid: "b7a367975a5c40009712f141c4ad925b" is_pre_election: true
I20260709 14:55:29.878607 24984 tablet_service.cc:1917] Received RequestConsensusVote() RPC: tablet_id: "c31f7cf04a164052b090ac167b846ee4" candidate_uuid: "75b0a720ae6546ef99fc5e29d9559369" candidate_term: 2 candidate_status { last_received { term: 1 index: 1 } } ignore_live_leader: false dest_uuid: "884ee772c70a4217997471706afdd2d6" is_pre_election: true
I20260709 14:55:29.890450 25357 raft_consensus.cc:2749] T c1298077bffc4df59a5648e42cb093fd P 884ee772c70a4217997471706afdd2d6 [term 1 FOLLOWER]: Leader pre-election lost for term 1. Reason: could not achieve majority
I20260709 14:55:29.891387 24980 tablet_service.cc:1917] Received RequestConsensusVote() RPC: tablet_id: "9a77aedec03f4358b90632fe3d25b9eb" candidate_uuid: "75b0a720ae6546ef99fc5e29d9559369" candidate_term: 2 candidate_status { last_received { term: 1 index: 1 } } ignore_live_leader: false dest_uuid: "884ee772c70a4217997471706afdd2d6" is_pre_election: true
I20260709 14:55:29.893558 24984 tablet_service.cc:1917] Received RequestConsensusVote() RPC: tablet_id: "bcfbc8e05fb64bd78b2aa67de19a0db0" candidate_uuid: "75b0a720ae6546ef99fc5e29d9559369" candidate_term: 2 candidate_status { last_received { term: 1 index: 1 } } ignore_live_leader: false dest_uuid: "884ee772c70a4217997471706afdd2d6" is_pre_election: true
I20260709 14:55:29.893528 25051 tablet_service.cc:1917] Received RequestConsensusVote() RPC: tablet_id: "8cb822a90cc04e9eab5dac940dc51b98" candidate_uuid: "75b0a720ae6546ef99fc5e29d9559369" candidate_term: 2 candidate_status { last_received { term: 0 index: 0 } } ignore_live_leader: false dest_uuid: "b7a367975a5c40009712f141c4ad925b" is_pre_election: true
I20260709 14:55:29.896214 24951 leader_election.cc:304] T a6227ef738e84f7d823c76560f76150c P 884ee772c70a4217997471706afdd2d6 [CANDIDATE]: Term 2 pre-election: Election decided. Result: candidate won. Election summary: received 3 responses out of 3 voters: 2 yes votes; 1 no votes. yes voters: 75b0a720ae6546ef99fc5e29d9559369, 884ee772c70a4217997471706afdd2d6; no voters: b7a367975a5c40009712f141c4ad925b
I20260709 14:55:29.931484 25060 tablet_service.cc:1917] Received RequestConsensusVote() RPC: tablet_id: "734363ed7a114712ae754255a8ae75ca" candidate_uuid: "884ee772c70a4217997471706afdd2d6" candidate_term: 2 candidate_status { last_received { term: 1 index: 1 } } ignore_live_leader: false dest_uuid: "b7a367975a5c40009712f141c4ad925b"
I20260709 14:55:29.932005 25060 raft_consensus.cc:2393] T 734363ed7a114712ae754255a8ae75ca P b7a367975a5c40009712f141c4ad925b [term 2 FOLLOWER]: Leader election vote request: Denying vote to candidate 884ee772c70a4217997471706afdd2d6 in current term 2: Already voted for candidate b7a367975a5c40009712f141c4ad925b in this term.
W20260709 14:55:29.932458 25395 log.cc:927] Time spent T 00000000000000000000000000000000 P f4c0a39441504b698a54aedb9c45c9f8: Append to log took a long time: real 0.054s	user 0.001s	sys 0.000s
I20260709 14:55:29.936014 25176 tablet_bootstrap.cc:654] T 899a0b99abb747f99368f726bafcc460 P 75b0a720ae6546ef99fc5e29d9559369: Neither blocks nor log segments found. Creating new log.
I20260709 14:55:29.930102 25051 tablet_service.cc:1917] Received RequestConsensusVote() RPC: tablet_id: "9a77aedec03f4358b90632fe3d25b9eb" candidate_uuid: "75b0a720ae6546ef99fc5e29d9559369" candidate_term: 2 candidate_status { last_received { term: 1 index: 1 } } ignore_live_leader: false dest_uuid: "b7a367975a5c40009712f141c4ad925b" is_pre_election: true
I20260709 14:55:29.936872 24979 tablet_service.cc:1917] Received RequestConsensusVote() RPC: tablet_id: "a6227ef738e84f7d823c76560f76150c" candidate_uuid: "75b0a720ae6546ef99fc5e29d9559369" candidate_term: 2 candidate_status { last_received { term: 1 index: 1 } } ignore_live_leader: false dest_uuid: "884ee772c70a4217997471706afdd2d6" is_pre_election: true
I20260709 14:55:29.941393 24982 raft_consensus.cc:1240] T a82abb34976c4710a46a94a8e9702198 P 884ee772c70a4217997471706afdd2d6 [term 2 FOLLOWER]: Rejecting Update request from peer 75b0a720ae6546ef99fc5e29d9559369 for earlier term 1. Current term is 2. Ops: []
I20260709 14:55:29.943274 25174 tablet_bootstrap.cc:492] T 1144e7e01e284352ba67da994ffe9c4c P b7a367975a5c40009712f141c4ad925b: No bootstrap required, opened a new log
I20260709 14:55:29.943619 25174 ts_tablet_manager.cc:1403] T 1144e7e01e284352ba67da994ffe9c4c P b7a367975a5c40009712f141c4ad925b: Time spent bootstrapping tablet: real 0.199s	user 0.008s	sys 0.005s
I20260709 14:55:29.941311 25060 tablet_service.cc:1917] Received RequestConsensusVote() RPC: tablet_id: "a6227ef738e84f7d823c76560f76150c" candidate_uuid: "75b0a720ae6546ef99fc5e29d9559369" candidate_term: 2 candidate_status { last_received { term: 1 index: 1 } } ignore_live_leader: false dest_uuid: "b7a367975a5c40009712f141c4ad925b" is_pre_election: true
I20260709 14:55:29.932734 25026 leader_election.cc:304] T 778a8acc49b24439aa94605c610eb55d P b7a367975a5c40009712f141c4ad925b [CANDIDATE]: Term 2 pre-election: Election decided. Result: candidate lost. Election summary: received 3 responses out of 3 voters: 1 yes votes; 2 no votes. yes voters: b7a367975a5c40009712f141c4ad925b; no voters: 75b0a720ae6546ef99fc5e29d9559369, 884ee772c70a4217997471706afdd2d6
I20260709 14:55:29.935042 25215 raft_consensus.cc:2804] T a6227ef738e84f7d823c76560f76150c P 884ee772c70a4217997471706afdd2d6 [term 1 FOLLOWER]: Leader pre-election won for term 2
I20260709 14:55:29.945326 24981 raft_consensus.cc:1240] T 734363ed7a114712ae754255a8ae75ca P 884ee772c70a4217997471706afdd2d6 [term 2 FOLLOWER]: Rejecting Update request from peer 75b0a720ae6546ef99fc5e29d9559369 for earlier term 1. Current term is 2. Ops: []
I20260709 14:55:29.948442 25175 tablet_bootstrap.cc:492] T 483facb5d8ac45c48b883d0b1c83d131 P 884ee772c70a4217997471706afdd2d6: No bootstrap required, opened a new log
I20260709 14:55:29.948899 25175 ts_tablet_manager.cc:1403] T 483facb5d8ac45c48b883d0b1c83d131 P 884ee772c70a4217997471706afdd2d6: Time spent bootstrapping tablet: real 0.292s	user 0.003s	sys 0.016s
W20260709 14:55:29.938215 24951 outbound_call.cc:321] RPC callback for RPC call kudu.consensus.ConsensusService.RequestConsensusVote -> {remote=127.23.79.131:42189, user_credentials={real_user=slave}} blocked reactor thread for 46265.3us
I20260709 14:55:29.952275 24984 tablet_service.cc:1917] Received RequestConsensusVote() RPC: tablet_id: "caf2ace071c7402393824e46976fdfda" candidate_uuid: "75b0a720ae6546ef99fc5e29d9559369" candidate_term: 2 candidate_status { last_received { term: 1 index: 1 } } ignore_live_leader: false dest_uuid: "884ee772c70a4217997471706afdd2d6" is_pre_election: true
I20260709 14:55:29.952922 24951 leader_election.cc:304] T 77ab760318b64d09baaddbf2dab89784 P 884ee772c70a4217997471706afdd2d6 [CANDIDATE]: Term 2 pre-election: Election decided. Result: candidate lost. Election summary: received 3 responses out of 3 voters: 1 yes votes; 2 no votes. yes voters: 884ee772c70a4217997471706afdd2d6; no voters: 75b0a720ae6546ef99fc5e29d9559369, b7a367975a5c40009712f141c4ad925b
I20260709 14:55:29.949441 25362 raft_consensus.cc:2749] T 778a8acc49b24439aa94605c610eb55d P b7a367975a5c40009712f141c4ad925b [term 1 FOLLOWER]: Leader pre-election lost for term 2. Reason: could not achieve majority
I20260709 14:55:29.954095 25174 raft_consensus.cc:359] T 1144e7e01e284352ba67da994ffe9c4c P b7a367975a5c40009712f141c4ad925b [term 0 FOLLOWER]: Replica starting. Triggering 0 pending ops. Active config: opid_index: -1 OBSOLETE_local: false peers { permanent_uuid: "884ee772c70a4217997471706afdd2d6" member_type: VOTER last_known_addr { host: "127.23.79.129" port: 33889 } } peers { permanent_uuid: "b7a367975a5c40009712f141c4ad925b" member_type: VOTER last_known_addr { host: "127.23.79.130" port: 35729 } } peers { permanent_uuid: "75b0a720ae6546ef99fc5e29d9559369" member_type: VOTER last_known_addr { host: "127.23.79.131" port: 42189 } }
I20260709 14:55:29.954259 25213 raft_consensus.cc:515] T bcfbc8e05fb64bd78b2aa67de19a0db0 P b7a367975a5c40009712f141c4ad925b [term 2 FOLLOWER]: Starting leader election with config: opid_index: -1 OBSOLETE_local: false peers { permanent_uuid: "884ee772c70a4217997471706afdd2d6" member_type: VOTER last_known_addr { host: "127.23.79.129" port: 33889 } } peers { permanent_uuid: "b7a367975a5c40009712f141c4ad925b" member_type: VOTER last_known_addr { host: "127.23.79.130" port: 35729 } } peers { permanent_uuid: "75b0a720ae6546ef99fc5e29d9559369" member_type: VOTER last_known_addr { host: "127.23.79.131" port: 42189 } }
I20260709 14:55:29.954563 25357 raft_consensus.cc:2749] T 77ab760318b64d09baaddbf2dab89784 P 884ee772c70a4217997471706afdd2d6 [term 1 FOLLOWER]: Leader pre-election lost for term 2. Reason: could not achieve majority
I20260709 14:55:29.955152 25052 raft_consensus.cc:1240] T f59dc76a2f164bf8b5ca7cea12c1193e P b7a367975a5c40009712f141c4ad925b [term 2 FOLLOWER]: Rejecting Update request from peer 75b0a720ae6546ef99fc5e29d9559369 for earlier term 1. Current term is 2. Ops: []
I20260709 14:55:29.955231 25053 raft_consensus.cc:1240] T bcfbc8e05fb64bd78b2aa67de19a0db0 P b7a367975a5c40009712f141c4ad925b [term 2 FOLLOWER]: Rejecting Update request from peer 884ee772c70a4217997471706afdd2d6 for earlier term 1. Current term is 2. Ops: []
I20260709 14:55:29.957238 25213 leader_election.cc:290] T bcfbc8e05fb64bd78b2aa67de19a0db0 P b7a367975a5c40009712f141c4ad925b [CANDIDATE]: Term 2 election: Requested vote from peers 884ee772c70a4217997471706afdd2d6 (127.23.79.129:33889), 75b0a720ae6546ef99fc5e29d9559369 (127.23.79.131:42189)
I20260709 14:55:29.955746 24951 leader_election.cc:304] T d852f4a4d077476c9cadf88c65056731 P 884ee772c70a4217997471706afdd2d6 [CANDIDATE]: Term 2 pre-election: Election decided. Result: candidate won. Election summary: received 3 responses out of 3 voters: 2 yes votes; 1 no votes. yes voters: 75b0a720ae6546ef99fc5e29d9559369, 884ee772c70a4217997471706afdd2d6; no voters: b7a367975a5c40009712f141c4ad925b
I20260709 14:55:29.947319 25215 raft_consensus.cc:493] T a6227ef738e84f7d823c76560f76150c P 884ee772c70a4217997471706afdd2d6 [term 1 FOLLOWER]: Starting leader election (detected failure of leader b7a367975a5c40009712f141c4ad925b)
I20260709 14:55:29.958235 25215 raft_consensus.cc:3060] T a6227ef738e84f7d823c76560f76150c P 884ee772c70a4217997471706afdd2d6 [term 1 FOLLOWER]: Advancing to term 2
I20260709 14:55:29.958678 25357 raft_consensus.cc:2804] T d852f4a4d077476c9cadf88c65056731 P 884ee772c70a4217997471706afdd2d6 [term 1 FOLLOWER]: Leader pre-election won for term 2
I20260709 14:55:29.959051 25357 raft_consensus.cc:493] T d852f4a4d077476c9cadf88c65056731 P 884ee772c70a4217997471706afdd2d6 [term 1 FOLLOWER]: Starting leader election (detected failure of leader b7a367975a5c40009712f141c4ad925b)
I20260709 14:55:29.959448 25357 raft_consensus.cc:3060] T d852f4a4d077476c9cadf88c65056731 P 884ee772c70a4217997471706afdd2d6 [term 1 FOLLOWER]: Advancing to term 2
I20260709 14:55:29.954756 25174 raft_consensus.cc:385] T 1144e7e01e284352ba67da994ffe9c4c P b7a367975a5c40009712f141c4ad925b [term 0 FOLLOWER]: Consensus starting up: Expiring failure detector timer to make a prompt election more likely
I20260709 14:55:29.960579 25174 raft_consensus.cc:740] T 1144e7e01e284352ba67da994ffe9c4c P b7a367975a5c40009712f141c4ad925b [term 0 FOLLOWER]: Becoming Follower/Learner. State: Replica: b7a367975a5c40009712f141c4ad925b, State: Initialized, Role: FOLLOWER
I20260709 14:55:29.961233 25174 consensus_queue.cc:260] T 1144e7e01e284352ba67da994ffe9c4c P b7a367975a5c40009712f141c4ad925b [NON_LEADER]: Queue going to NON_LEADER mode. State: All replicated index: 0, Majority replicated index: 0, Committed index: 0, Last appended: 0.0, Last appended by leader: 0, Current term: 0, Majority size: -1, State: 0, Mode: NON_LEADER, active raft config: opid_index: -1 OBSOLETE_local: false peers { permanent_uuid: "884ee772c70a4217997471706afdd2d6" member_type: VOTER last_known_addr { host: "127.23.79.129" port: 33889 } } peers { permanent_uuid: "b7a367975a5c40009712f141c4ad925b" member_type: VOTER last_known_addr { host: "127.23.79.130" port: 35729 } } peers { permanent_uuid: "75b0a720ae6546ef99fc5e29d9559369" member_type: VOTER last_known_addr { host: "127.23.79.131" port: 42189 } }
I20260709 14:55:29.963296 25060 raft_consensus.cc:1240] T 96fa241b92734affbf5684bff52677d1 P b7a367975a5c40009712f141c4ad925b [term 2 LEADER]: Rejecting Update request from peer 75b0a720ae6546ef99fc5e29d9559369 for earlier term 1. Current term is 2. Ops: []
W20260709 14:55:29.955796 25397 log.cc:927] Time spent T 2fc5df218bd74d448fd95442e3e7af80 P 884ee772c70a4217997471706afdd2d6: Append to log took a long time: real 0.065s	user 0.001s	sys 0.000s
W20260709 14:55:29.966049 25390 log.cc:927] Time spent T 778a8acc49b24439aa94605c610eb55d P 75b0a720ae6546ef99fc5e29d9559369: Append to log took a long time: real 0.152s	user 0.007s	sys 0.000s
I20260709 14:55:29.967272 25215 raft_consensus.cc:515] T a6227ef738e84f7d823c76560f76150c P 884ee772c70a4217997471706afdd2d6 [term 2 FOLLOWER]: Starting leader election with config: opid_index: -1 OBSOLETE_local: false peers { permanent_uuid: "884ee772c70a4217997471706afdd2d6" member_type: VOTER last_known_addr { host: "127.23.79.129" port: 33889 } } peers { permanent_uuid: "b7a367975a5c40009712f141c4ad925b" member_type: VOTER last_known_addr { host: "127.23.79.130" port: 35729 } } peers { permanent_uuid: "75b0a720ae6546ef99fc5e29d9559369" member_type: VOTER last_known_addr { host: "127.23.79.131" port: 42189 } }
I20260709 14:55:29.968470 25357 raft_consensus.cc:515] T d852f4a4d077476c9cadf88c65056731 P 884ee772c70a4217997471706afdd2d6 [term 2 FOLLOWER]: Starting leader election with config: opid_index: -1 OBSOLETE_local: false peers { permanent_uuid: "75b0a720ae6546ef99fc5e29d9559369" member_type: VOTER last_known_addr { host: "127.23.79.131" port: 42189 } } peers { permanent_uuid: "884ee772c70a4217997471706afdd2d6" member_type: VOTER last_known_addr { host: "127.23.79.129" port: 33889 } } peers { permanent_uuid: "b7a367975a5c40009712f141c4ad925b" member_type: VOTER last_known_addr { host: "127.23.79.130" port: 35729 } }
I20260709 14:55:29.969031 25215 leader_election.cc:290] T a6227ef738e84f7d823c76560f76150c P 884ee772c70a4217997471706afdd2d6 [CANDIDATE]: Term 2 election: Requested vote from peers b7a367975a5c40009712f141c4ad925b (127.23.79.130:35729), 75b0a720ae6546ef99fc5e29d9559369 (127.23.79.131:42189)
I20260709 14:55:29.971118 25215 consensus_queue.cc:1048] T 2fc5df218bd74d448fd95442e3e7af80 P 884ee772c70a4217997471706afdd2d6 [LEADER]: Connected to new peer: Peer: permanent_uuid: "75b0a720ae6546ef99fc5e29d9559369" member_type: VOTER last_known_addr { host: "127.23.79.131" port: 42189 }, Status: LMP_MISMATCH, Last received: 0.0, Next index: 1, Last known committed idx: 0, Time since last communication: 0.000s
I20260709 14:55:29.972160 25357 leader_election.cc:290] T d852f4a4d077476c9cadf88c65056731 P 884ee772c70a4217997471706afdd2d6 [CANDIDATE]: Term 2 election: Requested vote from peers 75b0a720ae6546ef99fc5e29d9559369 (127.23.79.131:42189), b7a367975a5c40009712f141c4ad925b (127.23.79.130:35729)
W20260709 14:55:29.974076 24951 leader_election.cc:343] T 36fca7d65f594adcbbc3c76061105cf6 P 884ee772c70a4217997471706afdd2d6 [CANDIDATE]: Term 1 pre-election: Tablet error from VoteRequest() call to peer 75b0a720ae6546ef99fc5e29d9559369 (127.23.79.131:42189): Illegal state: must be running to vote when last-logged opid is not known
I20260709 14:55:29.974956 24951 leader_election.cc:304] T 96fa241b92734affbf5684bff52677d1 P 884ee772c70a4217997471706afdd2d6 [CANDIDATE]: Term 2 pre-election: Election decided. Result: candidate lost. Election summary: received 3 responses out of 3 voters: 1 yes votes; 2 no votes. yes voters: 884ee772c70a4217997471706afdd2d6; no voters: 75b0a720ae6546ef99fc5e29d9559369, b7a367975a5c40009712f141c4ad925b
I20260709 14:55:29.978447 25174 ts_tablet_manager.cc:1434] T 1144e7e01e284352ba67da994ffe9c4c P b7a367975a5c40009712f141c4ad925b: Time spent starting tablet: real 0.035s	user 0.007s	sys 0.000s
I20260709 14:55:29.983757 25174 tablet_bootstrap.cc:492] T de739e80a22d4691a01f1a17260d0ba5 P b7a367975a5c40009712f141c4ad925b: Bootstrap starting.
I20260709 14:55:29.982275 24982 tablet_service.cc:1917] Received RequestConsensusVote() RPC: tablet_id: "fe44a2995fc84004af45e6d657907c89" candidate_uuid: "75b0a720ae6546ef99fc5e29d9559369" candidate_term: 2 candidate_status { last_received { term: 1 index: 1 } } ignore_live_leader: false dest_uuid: "884ee772c70a4217997471706afdd2d6" is_pre_election: true
I20260709 14:55:29.984450 25056 tablet_service.cc:1917] Received RequestConsensusVote() RPC: tablet_id: "36fca7d65f594adcbbc3c76061105cf6" candidate_uuid: "884ee772c70a4217997471706afdd2d6" candidate_term: 1 candidate_status { last_received { term: 0 index: 0 } } ignore_live_leader: false dest_uuid: "b7a367975a5c40009712f141c4ad925b"
I20260709 14:55:29.985189 25056 raft_consensus.cc:2393] T 36fca7d65f594adcbbc3c76061105cf6 P b7a367975a5c40009712f141c4ad925b [term 1 FOLLOWER]: Leader election vote request: Denying vote to candidate 884ee772c70a4217997471706afdd2d6 in current term 1: Already voted for candidate b7a367975a5c40009712f141c4ad925b in this term.
I20260709 14:55:29.985376 24979 tablet_service.cc:1917] Received RequestConsensusVote() RPC: tablet_id: "f8fbfc3e6e7f411bbbdf4adb31e465fa" candidate_uuid: "75b0a720ae6546ef99fc5e29d9559369" candidate_term: 1 candidate_status { last_received { term: 0 index: 0 } } ignore_live_leader: false dest_uuid: "884ee772c70a4217997471706afdd2d6" is_pre_election: true
I20260709 14:55:29.977437 25128 tablet_service.cc:1917] Received RequestConsensusVote() RPC: tablet_id: "36fca7d65f594adcbbc3c76061105cf6" candidate_uuid: "884ee772c70a4217997471706afdd2d6" candidate_term: 1 candidate_status { last_received { term: 0 index: 0 } } ignore_live_leader: false dest_uuid: "75b0a720ae6546ef99fc5e29d9559369"
I20260709 14:55:29.985989 24979 raft_consensus.cc:2468] T f8fbfc3e6e7f411bbbdf4adb31e465fa P 884ee772c70a4217997471706afdd2d6 [term 0 FOLLOWER]: Leader pre-election vote request: Granting yes vote for candidate 75b0a720ae6546ef99fc5e29d9559369 in term 0.
I20260709 14:55:29.986888 24981 tablet_service.cc:1917] Received RequestConsensusVote() RPC: tablet_id: "51b1c6e2715346ce950bf4bb5859ad32" candidate_uuid: "75b0a720ae6546ef99fc5e29d9559369" candidate_term: 2 candidate_status { last_received { term: 1 index: 1 } } ignore_live_leader: false dest_uuid: "884ee772c70a4217997471706afdd2d6" is_pre_election: true
I20260709 14:55:29.988051 24982 tablet_service.cc:1917] Received RequestConsensusVote() RPC: tablet_id: "6126dd5b48d14892a2b013eb6f497f6e" candidate_uuid: "75b0a720ae6546ef99fc5e29d9559369" candidate_term: 2 candidate_status { last_received { term: 1 index: 1 } } ignore_live_leader: false dest_uuid: "884ee772c70a4217997471706afdd2d6" is_pre_election: true
I20260709 14:55:29.982872 25215 raft_consensus.cc:2749] T 96fa241b92734affbf5684bff52677d1 P 884ee772c70a4217997471706afdd2d6 [term 2 FOLLOWER]: Leader pre-election lost for term 2. Reason: could not achieve majority
I20260709 14:55:29.989085 24978 tablet_service.cc:1917] Received RequestConsensusVote() RPC: tablet_id: "778a8acc49b24439aa94605c610eb55d" candidate_uuid: "75b0a720ae6546ef99fc5e29d9559369" candidate_term: 2 candidate_status { last_received { term: 1 index: 1 } } ignore_live_leader: false dest_uuid: "884ee772c70a4217997471706afdd2d6" is_pre_election: true
I20260709 14:55:29.987960 24983 tablet_service.cc:1917] Received RequestConsensusVote() RPC: tablet_id: "734363ed7a114712ae754255a8ae75ca" candidate_uuid: "b7a367975a5c40009712f141c4ad925b" candidate_term: 2 candidate_status { last_received { term: 1 index: 1 } } ignore_live_leader: false dest_uuid: "884ee772c70a4217997471706afdd2d6"
I20260709 14:55:29.991150 24985 tablet_service.cc:1917] Received RequestConsensusVote() RPC: tablet_id: "8cb822a90cc04e9eab5dac940dc51b98" candidate_uuid: "75b0a720ae6546ef99fc5e29d9559369" candidate_term: 2 candidate_status { last_received { term: 0 index: 0 } } ignore_live_leader: false dest_uuid: "884ee772c70a4217997471706afdd2d6" is_pre_election: true
I20260709 14:55:29.991824 24983 raft_consensus.cc:2393] T 734363ed7a114712ae754255a8ae75ca P 884ee772c70a4217997471706afdd2d6 [term 2 FOLLOWER]: Leader election vote request: Denying vote to candidate b7a367975a5c40009712f141c4ad925b in current term 2: Already voted for candidate 884ee772c70a4217997471706afdd2d6 in this term.
I20260709 14:55:29.992527 25057 raft_consensus.cc:1240] T 9a77aedec03f4358b90632fe3d25b9eb P b7a367975a5c40009712f141c4ad925b [term 2 FOLLOWER]: Rejecting Update request from peer 884ee772c70a4217997471706afdd2d6 for earlier term 1. Current term is 2. Ops: []
I20260709 14:55:29.992668 24984 tablet_service.cc:1917] Received RequestConsensusVote() RPC: tablet_id: "c1298077bffc4df59a5648e42cb093fd" candidate_uuid: "75b0a720ae6546ef99fc5e29d9559369" candidate_term: 2 candidate_status { last_received { term: 0 index: 0 } } ignore_live_leader: false dest_uuid: "884ee772c70a4217997471706afdd2d6" is_pre_election: true
W20260709 14:55:30.000330 25398 log.cc:927] Time spent T 16b76b127d6841c5b159086af01bb3fe P 884ee772c70a4217997471706afdd2d6: Append to log took a long time: real 0.059s	user 0.000s	sys 0.000s
I20260709 14:55:30.000687 25057 tablet_service.cc:1917] Received RequestConsensusVote() RPC: tablet_id: "778a8acc49b24439aa94605c610eb55d" candidate_uuid: "75b0a720ae6546ef99fc5e29d9559369" candidate_term: 2 candidate_status { last_received { term: 1 index: 1 } } ignore_live_leader: false dest_uuid: "b7a367975a5c40009712f141c4ad925b" is_pre_election: true
I20260709 14:55:30.001535 25060 tablet_service.cc:1917] Received RequestConsensusVote() RPC: tablet_id: "fe44a2995fc84004af45e6d657907c89" candidate_uuid: "75b0a720ae6546ef99fc5e29d9559369" candidate_term: 2 candidate_status { last_received { term: 1 index: 1 } } ignore_live_leader: false dest_uuid: "b7a367975a5c40009712f141c4ad925b" is_pre_election: true
I20260709 14:55:30.003270 25053 raft_consensus.cc:1240] T a82abb34976c4710a46a94a8e9702198 P b7a367975a5c40009712f141c4ad925b [term 2 LEADER]: Rejecting Update request from peer 75b0a720ae6546ef99fc5e29d9559369 for earlier term 1. Current term is 2. Ops: []
I20260709 14:55:30.004247 25056 tablet_service.cc:1917] Received RequestConsensusVote() RPC: tablet_id: "caf2ace071c7402393824e46976fdfda" candidate_uuid: "75b0a720ae6546ef99fc5e29d9559369" candidate_term: 2 candidate_status { last_received { term: 1 index: 1 } } ignore_live_leader: false dest_uuid: "b7a367975a5c40009712f141c4ad925b" is_pre_election: true
I20260709 14:55:30.006692 25057 tablet_service.cc:1917] Received RequestConsensusVote() RPC: tablet_id: "f8fbfc3e6e7f411bbbdf4adb31e465fa" candidate_uuid: "75b0a720ae6546ef99fc5e29d9559369" candidate_term: 1 candidate_status { last_received { term: 0 index: 0 } } ignore_live_leader: false dest_uuid: "b7a367975a5c40009712f141c4ad925b" is_pre_election: true
I20260709 14:55:30.007787 25215 consensus_queue.cc:1048] T a3aa0bf50d764af18ec50b4109d8de0b P 884ee772c70a4217997471706afdd2d6 [LEADER]: Connected to new peer: Peer: permanent_uuid: "75b0a720ae6546ef99fc5e29d9559369" member_type: VOTER last_known_addr { host: "127.23.79.131" port: 42189 }, Status: LMP_MISMATCH, Last received: 0.0, Next index: 1, Last known committed idx: 0, Time since last communication: 0.003s
I20260709 14:55:30.011025 25057 raft_consensus.cc:2393] T f8fbfc3e6e7f411bbbdf4adb31e465fa P b7a367975a5c40009712f141c4ad925b [term 1 FOLLOWER]: Leader pre-election vote request: Denying vote to candidate 75b0a720ae6546ef99fc5e29d9559369 in current term 1: Already voted for candidate b7a367975a5c40009712f141c4ad925b in this term.
I20260709 14:55:30.010900 24984 tablet_service.cc:1917] Received RequestConsensusVote() RPC: tablet_id: "d852f4a4d077476c9cadf88c65056731" candidate_uuid: "75b0a720ae6546ef99fc5e29d9559369" candidate_term: 2 candidate_status { last_received { term: 1 index: 1 } } ignore_live_leader: false dest_uuid: "884ee772c70a4217997471706afdd2d6" is_pre_election: true
W20260709 14:55:30.011225 25026 leader_election.cc:343] T 899a0b99abb747f99368f726bafcc460 P b7a367975a5c40009712f141c4ad925b [CANDIDATE]: Term 1 pre-election: Tablet error from VoteRequest() call to peer 75b0a720ae6546ef99fc5e29d9559369 (127.23.79.131:42189): Illegal state: must be running to vote when last-logged opid is not known
I20260709 14:55:30.011644 25026 leader_election.cc:304] T 899a0b99abb747f99368f726bafcc460 P b7a367975a5c40009712f141c4ad925b [CANDIDATE]: Term 1 pre-election: Election decided. Result: candidate lost. Election summary: received 3 responses out of 3 voters: 1 yes votes; 2 no votes. yes voters: b7a367975a5c40009712f141c4ad925b; no voters: 75b0a720ae6546ef99fc5e29d9559369, 884ee772c70a4217997471706afdd2d6
I20260709 14:55:30.012398 25375 consensus_queue.cc:1059] T 96fa241b92734affbf5684bff52677d1 P 75b0a720ae6546ef99fc5e29d9559369 [LEADER]: Peer responded invalid term: Peer: permanent_uuid: "884ee772c70a4217997471706afdd2d6" member_type: VOTER last_known_addr { host: "127.23.79.129" port: 33889 }, Status: INVALID_TERM, Last received: 1.1, Next index: 2, Last known committed idx: 1, Time since last communication: 0.000s
I20260709 14:55:30.012652 25213 raft_consensus.cc:2749] T 899a0b99abb747f99368f726bafcc460 P b7a367975a5c40009712f141c4ad925b [term 0 FOLLOWER]: Leader pre-election lost for term 1. Reason: could not achieve majority
I20260709 14:55:30.013492 25371 raft_consensus.cc:3055] T 96fa241b92734affbf5684bff52677d1 P 75b0a720ae6546ef99fc5e29d9559369 [term 1 LEADER]: Stepping down as leader of term 1
I20260709 14:55:30.013825 25371 raft_consensus.cc:740] T 96fa241b92734affbf5684bff52677d1 P 75b0a720ae6546ef99fc5e29d9559369 [term 1 LEADER]: Becoming Follower/Learner. State: Replica: 75b0a720ae6546ef99fc5e29d9559369, State: Running, Role: LEADER
I20260709 14:55:30.014817 25371 consensus_queue.cc:260] T 96fa241b92734affbf5684bff52677d1 P 75b0a720ae6546ef99fc5e29d9559369 [NON_LEADER]: Queue going to NON_LEADER mode. State: All replicated index: 0, Majority replicated index: 1, Committed index: 1, Last appended: 1.1, Last appended by leader: 1, Current term: 1, Majority size: -1, State: 0, Mode: NON_LEADER, active raft config: opid_index: -1 OBSOLETE_local: false peers { permanent_uuid: "884ee772c70a4217997471706afdd2d6" member_type: VOTER last_known_addr { host: "127.23.79.129" port: 33889 } } peers { permanent_uuid: "b7a367975a5c40009712f141c4ad925b" member_type: VOTER last_known_addr { host: "127.23.79.130" port: 35729 } } peers { permanent_uuid: "75b0a720ae6546ef99fc5e29d9559369" member_type: VOTER last_known_addr { host: "127.23.79.131" port: 42189 } }
