I20260709 14:55:04.402709 12513 tablet_bootstrap.cc:492] T 59687429d8ee4145a00d07c790f9ba5b P 496e45bc1b6b4da5b7cedac7dbe69188: No bootstrap required, opened a new log
I20260709 14:55:04.402444 12541 raft_consensus.cc:515] T c132c3a82e304a54ac32cf06d143aa4f P 62eca54f9de948aa964786ee89ff9f03 [term 0 FOLLOWER]: Starting pre-election with config: opid_index: -1 OBSOLETE_local: false peers { permanent_uuid: "496e45bc1b6b4da5b7cedac7dbe69188" member_type: VOTER last_known_addr { host: "127.11.230.129" port: 43983 } } peers { permanent_uuid: "62eca54f9de948aa964786ee89ff9f03" member_type: VOTER last_known_addr { host: "127.11.230.130" port: 40707 } } peers { permanent_uuid: "70e1bc428913486f8a8a630044f79c56" member_type: VOTER last_known_addr { host: "127.11.230.131" port: 41491 } }
I20260709 14:55:04.403182 12513 ts_tablet_manager.cc:1403] T 59687429d8ee4145a00d07c790f9ba5b P 496e45bc1b6b4da5b7cedac7dbe69188: Time spent bootstrapping tablet: real 0.032s	user 0.009s	sys 0.006s
I20260709 14:55:04.404827 12541 leader_election.cc:290] T c132c3a82e304a54ac32cf06d143aa4f P 62eca54f9de948aa964786ee89ff9f03 [CANDIDATE]: Term 1 pre-election: Requested pre-vote from peers 496e45bc1b6b4da5b7cedac7dbe69188 (127.11.230.129:43983), 70e1bc428913486f8a8a630044f79c56 (127.11.230.131:41491)
I20260709 14:55:04.390883 12515 tablet_bootstrap.cc:492] T 3aa4578240384bde93313b357ca8cbd7 P 62eca54f9de948aa964786ee89ff9f03: No bootstrap required, opened a new log
I20260709 14:55:04.391582 12321 tablet_service.cc:1917] Received RequestConsensusVote() RPC: tablet_id: "c132c3a82e304a54ac32cf06d143aa4f" candidate_uuid: "70e1bc428913486f8a8a630044f79c56" candidate_term: 1 candidate_status { last_received { term: 0 index: 0 } } ignore_live_leader: false dest_uuid: "496e45bc1b6b4da5b7cedac7dbe69188" is_pre_election: true
I20260709 14:55:04.405458 12515 ts_tablet_manager.cc:1403] T 3aa4578240384bde93313b357ca8cbd7 P 62eca54f9de948aa964786ee89ff9f03: Time spent bootstrapping tablet: real 0.044s	user 0.013s	sys 0.000s
I20260709 14:55:04.405865 12470 tablet_service.cc:1917] Received RequestConsensusVote() RPC: tablet_id: "c132c3a82e304a54ac32cf06d143aa4f" candidate_uuid: "62eca54f9de948aa964786ee89ff9f03" candidate_term: 1 candidate_status { last_received { term: 0 index: 0 } } ignore_live_leader: false dest_uuid: "70e1bc428913486f8a8a630044f79c56" is_pre_election: true
I20260709 14:55:04.406220 12320 tablet_service.cc:1917] Received RequestConsensusVote() RPC: tablet_id: "c132c3a82e304a54ac32cf06d143aa4f" candidate_uuid: "62eca54f9de948aa964786ee89ff9f03" candidate_term: 1 candidate_status { last_received { term: 0 index: 0 } } ignore_live_leader: false dest_uuid: "496e45bc1b6b4da5b7cedac7dbe69188" is_pre_election: true
I20260709 14:55:04.406194 12513 raft_consensus.cc:359] T 59687429d8ee4145a00d07c790f9ba5b P 496e45bc1b6b4da5b7cedac7dbe69188 [term 0 FOLLOWER]: Replica starting. Triggering 0 pending ops. Active config: opid_index: -1 OBSOLETE_local: false peers { permanent_uuid: "496e45bc1b6b4da5b7cedac7dbe69188" member_type: VOTER last_known_addr { host: "127.11.230.129" port: 43983 } } peers { permanent_uuid: "62eca54f9de948aa964786ee89ff9f03" member_type: VOTER last_known_addr { host: "127.11.230.130" port: 40707 } } peers { permanent_uuid: "70e1bc428913486f8a8a630044f79c56" member_type: VOTER last_known_addr { host: "127.11.230.131" port: 41491 } }
I20260709 14:55:04.406955 12513 raft_consensus.cc:385] T 59687429d8ee4145a00d07c790f9ba5b P 496e45bc1b6b4da5b7cedac7dbe69188 [term 0 FOLLOWER]: Consensus starting up: Expiring failure detector timer to make a prompt election more likely
I20260709 14:55:04.407229 12513 raft_consensus.cc:740] T 59687429d8ee4145a00d07c790f9ba5b P 496e45bc1b6b4da5b7cedac7dbe69188 [term 0 FOLLOWER]: Becoming Follower/Learner. State: Replica: 496e45bc1b6b4da5b7cedac7dbe69188, State: Initialized, Role: FOLLOWER
I20260709 14:55:04.406471 12470 raft_consensus.cc:2468] T c132c3a82e304a54ac32cf06d143aa4f P 70e1bc428913486f8a8a630044f79c56 [term 0 FOLLOWER]: Leader pre-election vote request: Granting yes vote for candidate 62eca54f9de948aa964786ee89ff9f03 in term 0.
I20260709 14:55:04.407902 12513 consensus_queue.cc:260] T 59687429d8ee4145a00d07c790f9ba5b P 496e45bc1b6b4da5b7cedac7dbe69188 [NON_LEADER]: Queue going to NON_LEADER mode. State: All replicated index: 0, Majority replicated index: 0, Committed index: 0, Last appended: 0.0, Last appended by leader: 0, Current term: 0, Majority size: -1, State: 0, Mode: NON_LEADER, active raft config: opid_index: -1 OBSOLETE_local: false peers { permanent_uuid: "496e45bc1b6b4da5b7cedac7dbe69188" member_type: VOTER last_known_addr { host: "127.11.230.129" port: 43983 } } peers { permanent_uuid: "62eca54f9de948aa964786ee89ff9f03" member_type: VOTER last_known_addr { host: "127.11.230.130" port: 40707 } } peers { permanent_uuid: "70e1bc428913486f8a8a630044f79c56" member_type: VOTER last_known_addr { host: "127.11.230.131" port: 41491 } }
I20260709 14:55:04.409263 12362 leader_election.cc:304] T c132c3a82e304a54ac32cf06d143aa4f P 62eca54f9de948aa964786ee89ff9f03 [CANDIDATE]: Term 1 pre-election: Election decided. Result: candidate won. Election summary: received 3 responses out of 3 voters: 2 yes votes; 1 no votes. yes voters: 62eca54f9de948aa964786ee89ff9f03, 70e1bc428913486f8a8a630044f79c56; no voters: 496e45bc1b6b4da5b7cedac7dbe69188
I20260709 14:55:04.410068 12541 raft_consensus.cc:2804] T c132c3a82e304a54ac32cf06d143aa4f P 62eca54f9de948aa964786ee89ff9f03 [term 0 FOLLOWER]: Leader pre-election won for term 1
I20260709 14:55:04.410388 12541 raft_consensus.cc:493] T c132c3a82e304a54ac32cf06d143aa4f P 62eca54f9de948aa964786ee89ff9f03 [term 0 FOLLOWER]: Starting leader election (no leader contacted us within the election timeout)
I20260709 14:55:04.410707 12541 raft_consensus.cc:3060] T c132c3a82e304a54ac32cf06d143aa4f P 62eca54f9de948aa964786ee89ff9f03 [term 0 FOLLOWER]: Advancing to term 1
I20260709 14:55:04.411270 12513 ts_tablet_manager.cc:1434] T 59687429d8ee4145a00d07c790f9ba5b P 496e45bc1b6b4da5b7cedac7dbe69188: Time spent starting tablet: real 0.008s	user 0.008s	sys 0.000s
I20260709 14:55:04.412194 12513 tablet_bootstrap.cc:492] T 14979dcf8f084fc18fa1210f65e4eadd P 496e45bc1b6b4da5b7cedac7dbe69188: Bootstrap starting.
I20260709 14:55:04.415376 12396 tablet_service.cc:1917] Received RequestConsensusVote() RPC: tablet_id: "c132c3a82e304a54ac32cf06d143aa4f" candidate_uuid: "70e1bc428913486f8a8a630044f79c56" candidate_term: 1 candidate_status { last_received { term: 0 index: 0 } } ignore_live_leader: false dest_uuid: "62eca54f9de948aa964786ee89ff9f03" is_pre_election: true
I20260709 14:55:04.418936 12513 tablet_bootstrap.cc:654] T 14979dcf8f084fc18fa1210f65e4eadd P 496e45bc1b6b4da5b7cedac7dbe69188: Neither blocks nor log segments found. Creating new log.
I20260709 14:55:04.405512 12321 raft_consensus.cc:2468] T c132c3a82e304a54ac32cf06d143aa4f P 496e45bc1b6b4da5b7cedac7dbe69188 [term 0 FOLLOWER]: Leader pre-election vote request: Granting yes vote for candidate 70e1bc428913486f8a8a630044f79c56 in term 0.
I20260709 14:55:04.415427 12515 raft_consensus.cc:359] T 3aa4578240384bde93313b357ca8cbd7 P 62eca54f9de948aa964786ee89ff9f03 [term 0 FOLLOWER]: Replica starting. Triggering 0 pending ops. Active config: opid_index: -1 OBSOLETE_local: false peers { permanent_uuid: "496e45bc1b6b4da5b7cedac7dbe69188" member_type: VOTER last_known_addr { host: "127.11.230.129" port: 43983 } } peers { permanent_uuid: "62eca54f9de948aa964786ee89ff9f03" member_type: VOTER last_known_addr { host: "127.11.230.130" port: 40707 } } peers { permanent_uuid: "70e1bc428913486f8a8a630044f79c56" member_type: VOTER last_known_addr { host: "127.11.230.131" port: 41491 } }
I20260709 14:55:04.420817 12435 leader_election.cc:304] T c132c3a82e304a54ac32cf06d143aa4f P 70e1bc428913486f8a8a630044f79c56 [CANDIDATE]: Term 1 pre-election: Election decided. Result: candidate won. Election summary: received 2 responses out of 3 voters: 2 yes votes; 0 no votes. yes voters: 496e45bc1b6b4da5b7cedac7dbe69188, 70e1bc428913486f8a8a630044f79c56; no voters: 
I20260709 14:55:04.421079 12515 raft_consensus.cc:385] T 3aa4578240384bde93313b357ca8cbd7 P 62eca54f9de948aa964786ee89ff9f03 [term 0 FOLLOWER]: Consensus starting up: Expiring failure detector timer to make a prompt election more likely
I20260709 14:55:04.421365 12515 raft_consensus.cc:740] T 3aa4578240384bde93313b357ca8cbd7 P 62eca54f9de948aa964786ee89ff9f03 [term 0 FOLLOWER]: Becoming Follower/Learner. State: Replica: 62eca54f9de948aa964786ee89ff9f03, State: Initialized, Role: FOLLOWER
I20260709 14:55:04.421897 12520 raft_consensus.cc:2804] T c132c3a82e304a54ac32cf06d143aa4f P 70e1bc428913486f8a8a630044f79c56 [term 0 FOLLOWER]: Leader pre-election won for term 1
I20260709 14:55:04.422243 12520 raft_consensus.cc:493] T c132c3a82e304a54ac32cf06d143aa4f P 70e1bc428913486f8a8a630044f79c56 [term 0 FOLLOWER]: Starting leader election (no leader contacted us within the election timeout)
I20260709 14:55:04.422067 12515 consensus_queue.cc:260] T 3aa4578240384bde93313b357ca8cbd7 P 62eca54f9de948aa964786ee89ff9f03 [NON_LEADER]: Queue going to NON_LEADER mode. State: All replicated index: 0, Majority replicated index: 0, Committed index: 0, Last appended: 0.0, Last appended by leader: 0, Current term: 0, Majority size: -1, State: 0, Mode: NON_LEADER, active raft config: opid_index: -1 OBSOLETE_local: false peers { permanent_uuid: "496e45bc1b6b4da5b7cedac7dbe69188" member_type: VOTER last_known_addr { host: "127.11.230.129" port: 43983 } } peers { permanent_uuid: "62eca54f9de948aa964786ee89ff9f03" member_type: VOTER last_known_addr { host: "127.11.230.130" port: 40707 } } peers { permanent_uuid: "70e1bc428913486f8a8a630044f79c56" member_type: VOTER last_known_addr { host: "127.11.230.131" port: 41491 } }
I20260709 14:55:04.422572 12520 raft_consensus.cc:3060] T c132c3a82e304a54ac32cf06d143aa4f P 70e1bc428913486f8a8a630044f79c56 [term 0 FOLLOWER]: Advancing to term 1
I20260709 14:55:04.428885 12514 tablet_bootstrap.cc:492] T 2a8b8d8fcf594848b0b1a0f41a0d4da3 P 70e1bc428913486f8a8a630044f79c56: No bootstrap required, opened a new log
I20260709 14:55:04.428831 12520 raft_consensus.cc:515] T c132c3a82e304a54ac32cf06d143aa4f P 70e1bc428913486f8a8a630044f79c56 [term 1 FOLLOWER]: Starting leader election with config: opid_index: -1 OBSOLETE_local: false peers { permanent_uuid: "496e45bc1b6b4da5b7cedac7dbe69188" member_type: VOTER last_known_addr { host: "127.11.230.129" port: 43983 } } peers { permanent_uuid: "62eca54f9de948aa964786ee89ff9f03" member_type: VOTER last_known_addr { host: "127.11.230.130" port: 40707 } } peers { permanent_uuid: "70e1bc428913486f8a8a630044f79c56" member_type: VOTER last_known_addr { host: "127.11.230.131" port: 41491 } }
I20260709 14:55:04.429522 12514 ts_tablet_manager.cc:1403] T 2a8b8d8fcf594848b0b1a0f41a0d4da3 P 70e1bc428913486f8a8a630044f79c56: Time spent bootstrapping tablet: real 0.086s	user 0.006s	sys 0.012s
I20260709 14:55:04.431001 12520 leader_election.cc:290] T c132c3a82e304a54ac32cf06d143aa4f P 70e1bc428913486f8a8a630044f79c56 [CANDIDATE]: Term 1 election: Requested vote from peers 496e45bc1b6b4da5b7cedac7dbe69188 (127.11.230.129:43983), 62eca54f9de948aa964786ee89ff9f03 (127.11.230.130:40707)
I20260709 14:55:04.431762 12321 tablet_service.cc:1917] Received RequestConsensusVote() RPC: tablet_id: "c132c3a82e304a54ac32cf06d143aa4f" candidate_uuid: "70e1bc428913486f8a8a630044f79c56" candidate_term: 1 candidate_status { last_received { term: 0 index: 0 } } ignore_live_leader: false dest_uuid: "496e45bc1b6b4da5b7cedac7dbe69188"
I20260709 14:55:04.432385 12395 tablet_service.cc:1917] Received RequestConsensusVote() RPC: tablet_id: "c132c3a82e304a54ac32cf06d143aa4f" candidate_uuid: "70e1bc428913486f8a8a630044f79c56" candidate_term: 1 candidate_status { last_received { term: 0 index: 0 } } ignore_live_leader: false dest_uuid: "62eca54f9de948aa964786ee89ff9f03"
I20260709 14:55:04.432413 12321 raft_consensus.cc:3060] T c132c3a82e304a54ac32cf06d143aa4f P 496e45bc1b6b4da5b7cedac7dbe69188 [term 0 FOLLOWER]: Advancing to term 1
I20260709 14:55:04.434541 12514 raft_consensus.cc:359] T 2a8b8d8fcf594848b0b1a0f41a0d4da3 P 70e1bc428913486f8a8a630044f79c56 [term 0 FOLLOWER]: Replica starting. Triggering 0 pending ops. Active config: opid_index: -1 OBSOLETE_local: false peers { permanent_uuid: "496e45bc1b6b4da5b7cedac7dbe69188" member_type: VOTER last_known_addr { host: "127.11.230.129" port: 43983 } } peers { permanent_uuid: "62eca54f9de948aa964786ee89ff9f03" member_type: VOTER last_known_addr { host: "127.11.230.130" port: 40707 } } peers { permanent_uuid: "70e1bc428913486f8a8a630044f79c56" member_type: VOTER last_known_addr { host: "127.11.230.131" port: 41491 } }
I20260709 14:55:04.435279 12514 raft_consensus.cc:385] T 2a8b8d8fcf594848b0b1a0f41a0d4da3 P 70e1bc428913486f8a8a630044f79c56 [term 0 FOLLOWER]: Consensus starting up: Expiring failure detector timer to make a prompt election more likely
I20260709 14:55:04.435587 12514 raft_consensus.cc:740] T 2a8b8d8fcf594848b0b1a0f41a0d4da3 P 70e1bc428913486f8a8a630044f79c56 [term 0 FOLLOWER]: Becoming Follower/Learner. State: Replica: 70e1bc428913486f8a8a630044f79c56, State: Initialized, Role: FOLLOWER
I20260709 14:55:04.436385 12514 consensus_queue.cc:260] T 2a8b8d8fcf594848b0b1a0f41a0d4da3 P 70e1bc428913486f8a8a630044f79c56 [NON_LEADER]: Queue going to NON_LEADER mode. State: All replicated index: 0, Majority replicated index: 0, Committed index: 0, Last appended: 0.0, Last appended by leader: 0, Current term: 0, Majority size: -1, State: 0, Mode: NON_LEADER, active raft config: opid_index: -1 OBSOLETE_local: false peers { permanent_uuid: "496e45bc1b6b4da5b7cedac7dbe69188" member_type: VOTER last_known_addr { host: "127.11.230.129" port: 43983 } } peers { permanent_uuid: "62eca54f9de948aa964786ee89ff9f03" member_type: VOTER last_known_addr { host: "127.11.230.130" port: 40707 } } peers { permanent_uuid: "70e1bc428913486f8a8a630044f79c56" member_type: VOTER last_known_addr { host: "127.11.230.131" port: 41491 } }
I20260709 14:55:04.437033 12515 ts_tablet_manager.cc:1434] T 3aa4578240384bde93313b357ca8cbd7 P 62eca54f9de948aa964786ee89ff9f03: Time spent starting tablet: real 0.031s	user 0.006s	sys 0.000s
I20260709 14:55:04.437973 12515 tablet_bootstrap.cc:492] T 9844c54cb1ca4586a481a442f90a2556 P 62eca54f9de948aa964786ee89ff9f03: Bootstrap starting.
I20260709 14:55:04.438918 12514 ts_tablet_manager.cc:1434] T 2a8b8d8fcf594848b0b1a0f41a0d4da3 P 70e1bc428913486f8a8a630044f79c56: Time spent starting tablet: real 0.009s	user 0.005s	sys 0.000s
I20260709 14:55:04.439843 12514 tablet_bootstrap.cc:492] T fda90cf6563d4384830c4504ff59c0ae P 70e1bc428913486f8a8a630044f79c56: Bootstrap starting.
I20260709 14:55:04.441049 12321 raft_consensus.cc:2468] T c132c3a82e304a54ac32cf06d143aa4f P 496e45bc1b6b4da5b7cedac7dbe69188 [term 1 FOLLOWER]: Leader election vote request: Granting yes vote for candidate 70e1bc428913486f8a8a630044f79c56 in term 1.
I20260709 14:55:04.442291 12435 leader_election.cc:304] T c132c3a82e304a54ac32cf06d143aa4f P 70e1bc428913486f8a8a630044f79c56 [CANDIDATE]: Term 1 election: Election decided. Result: candidate won. Election summary: received 3 responses out of 3 voters: 2 yes votes; 1 no votes. yes voters: 496e45bc1b6b4da5b7cedac7dbe69188, 70e1bc428913486f8a8a630044f79c56; no voters: 62eca54f9de948aa964786ee89ff9f03
I20260709 14:55:04.443068 12520 raft_consensus.cc:2804] T c132c3a82e304a54ac32cf06d143aa4f P 70e1bc428913486f8a8a630044f79c56 [term 1 FOLLOWER]: Leader election won for term 1
I20260709 14:55:04.444383 12216 catalog_manager.cc:5697] T b3e8c78be41d4887898409912e5f13ac P 62eca54f9de948aa964786ee89ff9f03 reported cstate change: term changed from 0 to 1, leader changed from <none> to 62eca54f9de948aa964786ee89ff9f03 (127.11.230.130). New cstate: current_term: 1 leader_uuid: "62eca54f9de948aa964786ee89ff9f03" committed_config { opid_index: -1 OBSOLETE_local: false peers { permanent_uuid: "496e45bc1b6b4da5b7cedac7dbe69188" member_type: VOTER last_known_addr { host: "127.11.230.129" port: 43983 } health_report { overall_health: UNKNOWN } } peers { permanent_uuid: "62eca54f9de948aa964786ee89ff9f03" member_type: VOTER last_known_addr { host: "127.11.230.130" port: 40707 } health_report { overall_health: HEALTHY } } peers { permanent_uuid: "70e1bc428913486f8a8a630044f79c56" member_type: VOTER last_known_addr { host: "127.11.230.131" port: 41491 } health_report { overall_health: UNKNOWN } } }
I20260709 14:55:04.445307 12541 raft_consensus.cc:515] T c132c3a82e304a54ac32cf06d143aa4f P 62eca54f9de948aa964786ee89ff9f03 [term 1 FOLLOWER]: Starting leader election with config: opid_index: -1 OBSOLETE_local: false peers { permanent_uuid: "496e45bc1b6b4da5b7cedac7dbe69188" member_type: VOTER last_known_addr { host: "127.11.230.129" port: 43983 } } peers { permanent_uuid: "62eca54f9de948aa964786ee89ff9f03" member_type: VOTER last_known_addr { host: "127.11.230.130" port: 40707 } } peers { permanent_uuid: "70e1bc428913486f8a8a630044f79c56" member_type: VOTER last_known_addr { host: "127.11.230.131" port: 41491 } }
I20260709 14:55:04.457036 12396 raft_consensus.cc:2393] T c132c3a82e304a54ac32cf06d143aa4f P 62eca54f9de948aa964786ee89ff9f03 [term 1 FOLLOWER]: Leader pre-election vote request: Denying vote to candidate 70e1bc428913486f8a8a630044f79c56 in current term 1: Already voted for candidate 62eca54f9de948aa964786ee89ff9f03 in this term.
I20260709 14:55:04.464942 12541 leader_election.cc:290] T c132c3a82e304a54ac32cf06d143aa4f P 62eca54f9de948aa964786ee89ff9f03 [CANDIDATE]: Term 1 election: Requested vote from peers 496e45bc1b6b4da5b7cedac7dbe69188 (127.11.230.129:43983), 70e1bc428913486f8a8a630044f79c56 (127.11.230.131:41491)
I20260709 14:55:04.461115 12515 tablet_bootstrap.cc:654] T 9844c54cb1ca4586a481a442f90a2556 P 62eca54f9de948aa964786ee89ff9f03: Neither blocks nor log segments found. Creating new log.
I20260709 14:55:04.466094 12520 raft_consensus.cc:697] T c132c3a82e304a54ac32cf06d143aa4f P 70e1bc428913486f8a8a630044f79c56 [term 1 LEADER]: Becoming Leader. State: Replica: 70e1bc428913486f8a8a630044f79c56, State: Running, Role: LEADER
I20260709 14:55:04.467299 12470 tablet_service.cc:1917] Received RequestConsensusVote() RPC: tablet_id: "c132c3a82e304a54ac32cf06d143aa4f" candidate_uuid: "62eca54f9de948aa964786ee89ff9f03" candidate_term: 1 candidate_status { last_received { term: 0 index: 0 } } ignore_live_leader: false dest_uuid: "70e1bc428913486f8a8a630044f79c56"
I20260709 14:55:04.467315 12321 tablet_service.cc:1917] Received RequestConsensusVote() RPC: tablet_id: "c132c3a82e304a54ac32cf06d143aa4f" candidate_uuid: "62eca54f9de948aa964786ee89ff9f03" candidate_term: 1 candidate_status { last_received { term: 0 index: 0 } } ignore_live_leader: false dest_uuid: "496e45bc1b6b4da5b7cedac7dbe69188"
I20260709 14:55:04.470088 12529 raft_consensus.cc:493] T 9844c54cb1ca4586a481a442f90a2556 P 496e45bc1b6b4da5b7cedac7dbe69188 [term 0 FOLLOWER]: Starting pre-election (no leader contacted us within the election timeout)
I20260709 14:55:04.470750 12321 raft_consensus.cc:2393] T c132c3a82e304a54ac32cf06d143aa4f P 496e45bc1b6b4da5b7cedac7dbe69188 [term 1 FOLLOWER]: Leader election vote request: Denying vote to candidate 62eca54f9de948aa964786ee89ff9f03 in current term 1: Already voted for candidate 70e1bc428913486f8a8a630044f79c56 in this term.
I20260709 14:55:04.470718 12529 raft_consensus.cc:515] T 9844c54cb1ca4586a481a442f90a2556 P 496e45bc1b6b4da5b7cedac7dbe69188 [term 0 FOLLOWER]: Starting pre-election with config: opid_index: -1 OBSOLETE_local: false peers { permanent_uuid: "496e45bc1b6b4da5b7cedac7dbe69188" member_type: VOTER last_known_addr { host: "127.11.230.129" port: 43983 } } peers { permanent_uuid: "62eca54f9de948aa964786ee89ff9f03" member_type: VOTER last_known_addr { host: "127.11.230.130" port: 40707 } } peers { permanent_uuid: "70e1bc428913486f8a8a630044f79c56" member_type: VOTER last_known_addr { host: "127.11.230.131" port: 41491 } }
I20260709 14:55:04.470785 12520 consensus_queue.cc:237] T c132c3a82e304a54ac32cf06d143aa4f P 70e1bc428913486f8a8a630044f79c56 [LEADER]: Queue going to LEADER mode. State: All replicated index: 0, Majority replicated index: 0, Committed index: 0, Last appended: 0.0, Last appended by leader: 0, Current term: 1, Majority size: 2, State: 0, Mode: LEADER, active raft config: opid_index: -1 OBSOLETE_local: false peers { permanent_uuid: "496e45bc1b6b4da5b7cedac7dbe69188" member_type: VOTER last_known_addr { host: "127.11.230.129" port: 43983 } } peers { permanent_uuid: "62eca54f9de948aa964786ee89ff9f03" member_type: VOTER last_known_addr { host: "127.11.230.130" port: 40707 } } peers { permanent_uuid: "70e1bc428913486f8a8a630044f79c56" member_type: VOTER last_known_addr { host: "127.11.230.131" port: 41491 } }
I20260709 14:55:04.472185 12513 tablet_bootstrap.cc:492] T 14979dcf8f084fc18fa1210f65e4eadd P 496e45bc1b6b4da5b7cedac7dbe69188: No bootstrap required, opened a new log
I20260709 14:55:04.473696 12513 ts_tablet_manager.cc:1403] T 14979dcf8f084fc18fa1210f65e4eadd P 496e45bc1b6b4da5b7cedac7dbe69188: Time spent bootstrapping tablet: real 0.062s	user 0.016s	sys 0.026s
I20260709 14:55:04.474689 12529 leader_election.cc:290] T 9844c54cb1ca4586a481a442f90a2556 P 496e45bc1b6b4da5b7cedac7dbe69188 [CANDIDATE]: Term 1 pre-election: Requested pre-vote from peers 62eca54f9de948aa964786ee89ff9f03 (127.11.230.130:40707), 70e1bc428913486f8a8a630044f79c56 (127.11.230.131:41491)
I20260709 14:55:04.475473 12361 leader_election.cc:304] T c132c3a82e304a54ac32cf06d143aa4f P 62eca54f9de948aa964786ee89ff9f03 [CANDIDATE]: Term 1 election: Election decided. Result: candidate lost. Election summary: received 3 responses out of 3 voters: 1 yes votes; 2 no votes. yes voters: 62eca54f9de948aa964786ee89ff9f03; no voters: 496e45bc1b6b4da5b7cedac7dbe69188, 70e1bc428913486f8a8a630044f79c56
I20260709 14:55:04.476281 12541 raft_consensus.cc:2749] T c132c3a82e304a54ac32cf06d143aa4f P 62eca54f9de948aa964786ee89ff9f03 [term 1 FOLLOWER]: Leader election lost for term 1. Reason: could not achieve majority
I20260709 14:55:04.476282 12470 tablet_service.cc:1917] Received RequestConsensusVote() RPC: tablet_id: "9844c54cb1ca4586a481a442f90a2556" candidate_uuid: "496e45bc1b6b4da5b7cedac7dbe69188" candidate_term: 1 candidate_status { last_received { term: 0 index: 0 } } ignore_live_leader: false dest_uuid: "70e1bc428913486f8a8a630044f79c56" is_pre_election: true
I20260709 14:55:04.476336 12396 tablet_service.cc:1917] Received RequestConsensusVote() RPC: tablet_id: "9844c54cb1ca4586a481a442f90a2556" candidate_uuid: "496e45bc1b6b4da5b7cedac7dbe69188" candidate_term: 1 candidate_status { last_received { term: 0 index: 0 } } ignore_live_leader: false dest_uuid: "62eca54f9de948aa964786ee89ff9f03" is_pre_election: true
I20260709 14:55:04.476692 12513 raft_consensus.cc:359] T 14979dcf8f084fc18fa1210f65e4eadd P 496e45bc1b6b4da5b7cedac7dbe69188 [term 0 FOLLOWER]: Replica starting. Triggering 0 pending ops. Active config: opid_index: -1 OBSOLETE_local: false peers { permanent_uuid: "70e1bc428913486f8a8a630044f79c56" member_type: VOTER last_known_addr { host: "127.11.230.131" port: 41491 } } peers { permanent_uuid: "496e45bc1b6b4da5b7cedac7dbe69188" member_type: VOTER last_known_addr { host: "127.11.230.129" port: 43983 } } peers { permanent_uuid: "62eca54f9de948aa964786ee89ff9f03" member_type: VOTER last_known_addr { host: "127.11.230.130" port: 40707 } }
I20260709 14:55:04.477320 12513 raft_consensus.cc:385] T 14979dcf8f084fc18fa1210f65e4eadd P 496e45bc1b6b4da5b7cedac7dbe69188 [term 0 FOLLOWER]: Consensus starting up: Expiring failure detector timer to make a prompt election more likely
I20260709 14:55:04.477149 12470 raft_consensus.cc:2468] T 9844c54cb1ca4586a481a442f90a2556 P 70e1bc428913486f8a8a630044f79c56 [term 0 FOLLOWER]: Leader pre-election vote request: Granting yes vote for candidate 496e45bc1b6b4da5b7cedac7dbe69188 in term 0.
I20260709 14:55:04.477612 12513 raft_consensus.cc:740] T 14979dcf8f084fc18fa1210f65e4eadd P 496e45bc1b6b4da5b7cedac7dbe69188 [term 0 FOLLOWER]: Becoming Follower/Learner. State: Replica: 496e45bc1b6b4da5b7cedac7dbe69188, State: Initialized, Role: FOLLOWER
W20260709 14:55:04.478137 12287 leader_election.cc:343] T 9844c54cb1ca4586a481a442f90a2556 P 496e45bc1b6b4da5b7cedac7dbe69188 [CANDIDATE]: Term 1 pre-election: Tablet error from VoteRequest() call to peer 62eca54f9de948aa964786ee89ff9f03 (127.11.230.130:40707): Illegal state: must be running to vote when last-logged opid is not known
I20260709 14:55:04.478309 12513 consensus_queue.cc:260] T 14979dcf8f084fc18fa1210f65e4eadd P 496e45bc1b6b4da5b7cedac7dbe69188 [NON_LEADER]: Queue going to NON_LEADER mode. State: All replicated index: 0, Majority replicated index: 0, Committed index: 0, Last appended: 0.0, Last appended by leader: 0, Current term: 0, Majority size: -1, State: 0, Mode: NON_LEADER, active raft config: opid_index: -1 OBSOLETE_local: false peers { permanent_uuid: "70e1bc428913486f8a8a630044f79c56" member_type: VOTER last_known_addr { host: "127.11.230.131" port: 41491 } } peers { permanent_uuid: "496e45bc1b6b4da5b7cedac7dbe69188" member_type: VOTER last_known_addr { host: "127.11.230.129" port: 43983 } } peers { permanent_uuid: "62eca54f9de948aa964786ee89ff9f03" member_type: VOTER last_known_addr { host: "127.11.230.130" port: 40707 } }
I20260709 14:55:04.479043 12287 leader_election.cc:304] T 9844c54cb1ca4586a481a442f90a2556 P 496e45bc1b6b4da5b7cedac7dbe69188 [CANDIDATE]: Term 1 pre-election: Election decided. Result: candidate won. Election summary: received 3 responses out of 3 voters: 2 yes votes; 1 no votes. yes voters: 496e45bc1b6b4da5b7cedac7dbe69188, 70e1bc428913486f8a8a630044f79c56; no voters: 62eca54f9de948aa964786ee89ff9f03
I20260709 14:55:04.479732 12529 raft_consensus.cc:2804] T 9844c54cb1ca4586a481a442f90a2556 P 496e45bc1b6b4da5b7cedac7dbe69188 [term 0 FOLLOWER]: Leader pre-election won for term 1
I20260709 14:55:04.480113 12529 raft_consensus.cc:493] T 9844c54cb1ca4586a481a442f90a2556 P 496e45bc1b6b4da5b7cedac7dbe69188 [term 0 FOLLOWER]: Starting leader election (no leader contacted us within the election timeout)
I20260709 14:55:04.480466 12529 raft_consensus.cc:3060] T 9844c54cb1ca4586a481a442f90a2556 P 496e45bc1b6b4da5b7cedac7dbe69188 [term 0 FOLLOWER]: Advancing to term 1
I20260709 14:55:04.481674 12514 tablet_bootstrap.cc:654] T fda90cf6563d4384830c4504ff59c0ae P 70e1bc428913486f8a8a630044f79c56: Neither blocks nor log segments found. Creating new log.
I20260709 14:55:04.487524 12529 raft_consensus.cc:515] T 9844c54cb1ca4586a481a442f90a2556 P 496e45bc1b6b4da5b7cedac7dbe69188 [term 1 FOLLOWER]: Starting leader election with config: opid_index: -1 OBSOLETE_local: false peers { permanent_uuid: "496e45bc1b6b4da5b7cedac7dbe69188" member_type: VOTER last_known_addr { host: "127.11.230.129" port: 43983 } } peers { permanent_uuid: "62eca54f9de948aa964786ee89ff9f03" member_type: VOTER last_known_addr { host: "127.11.230.130" port: 40707 } } peers { permanent_uuid: "70e1bc428913486f8a8a630044f79c56" member_type: VOTER last_known_addr { host: "127.11.230.131" port: 41491 } }
I20260709 14:55:04.489653 12529 leader_election.cc:290] T 9844c54cb1ca4586a481a442f90a2556 P 496e45bc1b6b4da5b7cedac7dbe69188 [CANDIDATE]: Term 1 election: Requested vote from peers 62eca54f9de948aa964786ee89ff9f03 (127.11.230.130:40707), 70e1bc428913486f8a8a630044f79c56 (127.11.230.131:41491)
I20260709 14:55:04.490952 12513 ts_tablet_manager.cc:1434] T 14979dcf8f084fc18fa1210f65e4eadd P 496e45bc1b6b4da5b7cedac7dbe69188: Time spent starting tablet: real 0.017s	user 0.005s	sys 0.000s
I20260709 14:55:04.490872 12470 tablet_service.cc:1917] Received RequestConsensusVote() RPC: tablet_id: "9844c54cb1ca4586a481a442f90a2556" candidate_uuid: "496e45bc1b6b4da5b7cedac7dbe69188" candidate_term: 1 candidate_status { last_received { term: 0 index: 0 } } ignore_live_leader: false dest_uuid: "70e1bc428913486f8a8a630044f79c56"
I20260709 14:55:04.491616 12470 raft_consensus.cc:3060] T 9844c54cb1ca4586a481a442f90a2556 P 70e1bc428913486f8a8a630044f79c56 [term 0 FOLLOWER]: Advancing to term 1
I20260709 14:55:04.492043 12513 tablet_bootstrap.cc:492] T fda90cf6563d4384830c4504ff59c0ae P 496e45bc1b6b4da5b7cedac7dbe69188: Bootstrap starting.
I20260709 14:55:04.499600 12470 raft_consensus.cc:2468] T 9844c54cb1ca4586a481a442f90a2556 P 70e1bc428913486f8a8a630044f79c56 [term 1 FOLLOWER]: Leader election vote request: Granting yes vote for candidate 496e45bc1b6b4da5b7cedac7dbe69188 in term 1.
I20260709 14:55:04.508205 12287 leader_election.cc:304] T 9844c54cb1ca4586a481a442f90a2556 P 496e45bc1b6b4da5b7cedac7dbe69188 [CANDIDATE]: Term 1 election: Election decided. Result: candidate won. Election summary: received 2 responses out of 3 voters: 2 yes votes; 0 no votes. yes voters: 496e45bc1b6b4da5b7cedac7dbe69188, 70e1bc428913486f8a8a630044f79c56; no voters: 
I20260709 14:55:04.500140 12513 tablet_bootstrap.cc:654] T fda90cf6563d4384830c4504ff59c0ae P 496e45bc1b6b4da5b7cedac7dbe69188: Neither blocks nor log segments found. Creating new log.
I20260709 14:55:04.500451 12396 tablet_service.cc:1917] Received RequestConsensusVote() RPC: tablet_id: "9844c54cb1ca4586a481a442f90a2556" candidate_uuid: "496e45bc1b6b4da5b7cedac7dbe69188" candidate_term: 1 candidate_status { last_received { term: 0 index: 0 } } ignore_live_leader: false dest_uuid: "62eca54f9de948aa964786ee89ff9f03"
I20260709 14:55:04.509266 12519 raft_consensus.cc:2804] T 9844c54cb1ca4586a481a442f90a2556 P 496e45bc1b6b4da5b7cedac7dbe69188 [term 1 FOLLOWER]: Leader election won for term 1
W20260709 14:55:04.510068 12287 leader_election.cc:343] T 9844c54cb1ca4586a481a442f90a2556 P 496e45bc1b6b4da5b7cedac7dbe69188 [CANDIDATE]: Term 1 election: Tablet error from VoteRequest() call to peer 62eca54f9de948aa964786ee89ff9f03 (127.11.230.130:40707): Illegal state: must be running to vote when last-logged opid is not known
I20260709 14:55:04.506572 12529 raft_consensus.cc:493] T 59687429d8ee4145a00d07c790f9ba5b P 496e45bc1b6b4da5b7cedac7dbe69188 [term 0 FOLLOWER]: Starting pre-election (no leader contacted us within the election timeout)
I20260709 14:55:04.511480 12547 raft_consensus.cc:493] T 14979dcf8f084fc18fa1210f65e4eadd P 70e1bc428913486f8a8a630044f79c56 [term 0 FOLLOWER]: Starting pre-election (no leader contacted us within the election timeout)
I20260709 14:55:04.511300 12529 raft_consensus.cc:515] T 59687429d8ee4145a00d07c790f9ba5b P 496e45bc1b6b4da5b7cedac7dbe69188 [term 0 FOLLOWER]: Starting pre-election with config: opid_index: -1 OBSOLETE_local: false peers { permanent_uuid: "496e45bc1b6b4da5b7cedac7dbe69188" member_type: VOTER last_known_addr { host: "127.11.230.129" port: 43983 } } peers { permanent_uuid: "62eca54f9de948aa964786ee89ff9f03" member_type: VOTER last_known_addr { host: "127.11.230.130" port: 40707 } } peers { permanent_uuid: "70e1bc428913486f8a8a630044f79c56" member_type: VOTER last_known_addr { host: "127.11.230.131" port: 41491 } }
I20260709 14:55:04.512027 12547 raft_consensus.cc:515] T 14979dcf8f084fc18fa1210f65e4eadd P 70e1bc428913486f8a8a630044f79c56 [term 0 FOLLOWER]: Starting pre-election with config: opid_index: -1 OBSOLETE_local: false peers { permanent_uuid: "70e1bc428913486f8a8a630044f79c56" member_type: VOTER last_known_addr { host: "127.11.230.131" port: 41491 } } peers { permanent_uuid: "496e45bc1b6b4da5b7cedac7dbe69188" member_type: VOTER last_known_addr { host: "127.11.230.129" port: 43983 } } peers { permanent_uuid: "62eca54f9de948aa964786ee89ff9f03" member_type: VOTER last_known_addr { host: "127.11.230.130" port: 40707 } }
I20260709 14:55:04.514406 12547 leader_election.cc:290] T 14979dcf8f084fc18fa1210f65e4eadd P 70e1bc428913486f8a8a630044f79c56 [CANDIDATE]: Term 1 pre-election: Requested pre-vote from peers 496e45bc1b6b4da5b7cedac7dbe69188 (127.11.230.129:43983), 62eca54f9de948aa964786ee89ff9f03 (127.11.230.130:40707)
I20260709 14:55:04.515199 12321 tablet_service.cc:1917] Received RequestConsensusVote() RPC: tablet_id: "14979dcf8f084fc18fa1210f65e4eadd" candidate_uuid: "70e1bc428913486f8a8a630044f79c56" candidate_term: 1 candidate_status { last_received { term: 0 index: 0 } } ignore_live_leader: false dest_uuid: "496e45bc1b6b4da5b7cedac7dbe69188" is_pre_election: true
I20260709 14:55:04.515550 12395 tablet_service.cc:1917] Received RequestConsensusVote() RPC: tablet_id: "14979dcf8f084fc18fa1210f65e4eadd" candidate_uuid: "70e1bc428913486f8a8a630044f79c56" candidate_term: 1 candidate_status { last_received { term: 0 index: 0 } } ignore_live_leader: false dest_uuid: "62eca54f9de948aa964786ee89ff9f03" is_pre_election: true
I20260709 14:55:04.515846 12321 raft_consensus.cc:2468] T 14979dcf8f084fc18fa1210f65e4eadd P 496e45bc1b6b4da5b7cedac7dbe69188 [term 0 FOLLOWER]: Leader pre-election vote request: Granting yes vote for candidate 70e1bc428913486f8a8a630044f79c56 in term 0.
I20260709 14:55:04.517097 12435 leader_election.cc:304] T 14979dcf8f084fc18fa1210f65e4eadd P 70e1bc428913486f8a8a630044f79c56 [CANDIDATE]: Term 1 pre-election: Election decided. Result: candidate won. Election summary: received 2 responses out of 3 voters: 2 yes votes; 0 no votes. yes voters: 496e45bc1b6b4da5b7cedac7dbe69188, 70e1bc428913486f8a8a630044f79c56; no voters: 
I20260709 14:55:04.517851 12547 raft_consensus.cc:2804] T 14979dcf8f084fc18fa1210f65e4eadd P 70e1bc428913486f8a8a630044f79c56 [term 0 FOLLOWER]: Leader pre-election won for term 1
I20260709 14:55:04.518209 12547 raft_consensus.cc:493] T 14979dcf8f084fc18fa1210f65e4eadd P 70e1bc428913486f8a8a630044f79c56 [term 0 FOLLOWER]: Starting leader election (no leader contacted us within the election timeout)
I20260709 14:55:04.518345 12396 tablet_service.cc:1917] Received RequestConsensusVote() RPC: tablet_id: "59687429d8ee4145a00d07c790f9ba5b" candidate_uuid: "496e45bc1b6b4da5b7cedac7dbe69188" candidate_term: 1 candidate_status { last_received { term: 0 index: 0 } } ignore_live_leader: false dest_uuid: "62eca54f9de948aa964786ee89ff9f03" is_pre_election: true
I20260709 14:55:04.518563 12547 raft_consensus.cc:3060] T 14979dcf8f084fc18fa1210f65e4eadd P 70e1bc428913486f8a8a630044f79c56 [term 0 FOLLOWER]: Advancing to term 1
W20260709 14:55:04.520364 12436 leader_election.cc:343] T 14979dcf8f084fc18fa1210f65e4eadd P 70e1bc428913486f8a8a630044f79c56 [CANDIDATE]: Term 1 pre-election: Tablet error from VoteRequest() call to peer 62eca54f9de948aa964786ee89ff9f03 (127.11.230.130:40707): Illegal state: must be running to vote when last-logged opid is not known
I20260709 14:55:04.520744 12529 leader_election.cc:290] T 59687429d8ee4145a00d07c790f9ba5b P 496e45bc1b6b4da5b7cedac7dbe69188 [CANDIDATE]: Term 1 pre-election: Requested pre-vote from peers 62eca54f9de948aa964786ee89ff9f03 (127.11.230.130:40707), 70e1bc428913486f8a8a630044f79c56 (127.11.230.131:41491)
I20260709 14:55:04.521163 12469 tablet_service.cc:1917] Received RequestConsensusVote() RPC: tablet_id: "59687429d8ee4145a00d07c790f9ba5b" candidate_uuid: "496e45bc1b6b4da5b7cedac7dbe69188" candidate_term: 1 candidate_status { last_received { term: 0 index: 0 } } ignore_live_leader: false dest_uuid: "70e1bc428913486f8a8a630044f79c56" is_pre_election: true
I20260709 14:55:04.528932 12469 raft_consensus.cc:2468] T 59687429d8ee4145a00d07c790f9ba5b P 70e1bc428913486f8a8a630044f79c56 [term 0 FOLLOWER]: Leader pre-election vote request: Granting yes vote for candidate 496e45bc1b6b4da5b7cedac7dbe69188 in term 0.
W20260709 14:55:04.531419 12287 leader_election.cc:343] T 59687429d8ee4145a00d07c790f9ba5b P 496e45bc1b6b4da5b7cedac7dbe69188 [CANDIDATE]: Term 1 pre-election: Tablet error from VoteRequest() call to peer 62eca54f9de948aa964786ee89ff9f03 (127.11.230.130:40707): Illegal state: must be running to vote when last-logged opid is not known
I20260709 14:55:04.539994 12287 leader_election.cc:304] T 59687429d8ee4145a00d07c790f9ba5b P 496e45bc1b6b4da5b7cedac7dbe69188 [CANDIDATE]: Term 1 pre-election: Election decided. Result: candidate won. Election summary: received 3 responses out of 3 voters: 2 yes votes; 1 no votes. yes voters: 496e45bc1b6b4da5b7cedac7dbe69188, 70e1bc428913486f8a8a630044f79c56; no voters: 62eca54f9de948aa964786ee89ff9f03
I20260709 14:55:04.541379 12519 raft_consensus.cc:697] T 9844c54cb1ca4586a481a442f90a2556 P 496e45bc1b6b4da5b7cedac7dbe69188 [term 1 LEADER]: Becoming Leader. State: Replica: 496e45bc1b6b4da5b7cedac7dbe69188, State: Running, Role: LEADER
I20260709 14:55:04.541721 12529 raft_consensus.cc:2804] T 59687429d8ee4145a00d07c790f9ba5b P 496e45bc1b6b4da5b7cedac7dbe69188 [term 0 FOLLOWER]: Leader pre-election won for term 1
I20260709 14:55:04.542197 12529 raft_consensus.cc:493] T 59687429d8ee4145a00d07c790f9ba5b P 496e45bc1b6b4da5b7cedac7dbe69188 [term 0 FOLLOWER]: Starting leader election (no leader contacted us within the election timeout)
I20260709 14:55:04.542541 12529 raft_consensus.cc:3060] T 59687429d8ee4145a00d07c790f9ba5b P 496e45bc1b6b4da5b7cedac7dbe69188 [term 0 FOLLOWER]: Advancing to term 1
I20260709 14:55:04.542891 12515 tablet_bootstrap.cc:492] T 9844c54cb1ca4586a481a442f90a2556 P 62eca54f9de948aa964786ee89ff9f03: No bootstrap required, opened a new log
I20260709 14:55:04.543540 12514 tablet_bootstrap.cc:492] T fda90cf6563d4384830c4504ff59c0ae P 70e1bc428913486f8a8a630044f79c56: No bootstrap required, opened a new log
I20260709 14:55:04.543365 12515 ts_tablet_manager.cc:1403] T 9844c54cb1ca4586a481a442f90a2556 P 62eca54f9de948aa964786ee89ff9f03: Time spent bootstrapping tablet: real 0.106s	user 0.005s	sys 0.024s
I20260709 14:55:04.545352 12519 consensus_queue.cc:237] T 9844c54cb1ca4586a481a442f90a2556 P 496e45bc1b6b4da5b7cedac7dbe69188 [LEADER]: Queue going to LEADER mode. State: All replicated index: 0, Majority replicated index: 0, Committed index: 0, Last appended: 0.0, Last appended by leader: 0, Current term: 1, Majority size: 2, State: 0, Mode: LEADER, active raft config: opid_index: -1 OBSOLETE_local: false peers { permanent_uuid: "496e45bc1b6b4da5b7cedac7dbe69188" member_type: VOTER last_known_addr { host: "127.11.230.129" port: 43983 } } peers { permanent_uuid: "62eca54f9de948aa964786ee89ff9f03" member_type: VOTER last_known_addr { host: "127.11.230.130" port: 40707 } } peers { permanent_uuid: "70e1bc428913486f8a8a630044f79c56" member_type: VOTER last_known_addr { host: "127.11.230.131" port: 41491 } }
I20260709 14:55:04.543948 12514 ts_tablet_manager.cc:1403] T fda90cf6563d4384830c4504ff59c0ae P 70e1bc428913486f8a8a630044f79c56: Time spent bootstrapping tablet: real 0.104s	user 0.015s	sys 0.014s
I20260709 14:55:04.551875 12529 raft_consensus.cc:515] T 59687429d8ee4145a00d07c790f9ba5b P 496e45bc1b6b4da5b7cedac7dbe69188 [term 1 FOLLOWER]: Starting leader election with config: opid_index: -1 OBSOLETE_local: false peers { permanent_uuid: "496e45bc1b6b4da5b7cedac7dbe69188" member_type: VOTER last_known_addr { host: "127.11.230.129" port: 43983 } } peers { permanent_uuid: "62eca54f9de948aa964786ee89ff9f03" member_type: VOTER last_known_addr { host: "127.11.230.130" port: 40707 } } peers { permanent_uuid: "70e1bc428913486f8a8a630044f79c56" member_type: VOTER last_known_addr { host: "127.11.230.131" port: 41491 } }
I20260709 14:55:04.552592 12547 raft_consensus.cc:515] T 14979dcf8f084fc18fa1210f65e4eadd P 70e1bc428913486f8a8a630044f79c56 [term 1 FOLLOWER]: Starting leader election with config: opid_index: -1 OBSOLETE_local: false peers { permanent_uuid: "70e1bc428913486f8a8a630044f79c56" member_type: VOTER last_known_addr { host: "127.11.230.131" port: 41491 } } peers { permanent_uuid: "496e45bc1b6b4da5b7cedac7dbe69188" member_type: VOTER last_known_addr { host: "127.11.230.129" port: 43983 } } peers { permanent_uuid: "62eca54f9de948aa964786ee89ff9f03" member_type: VOTER last_known_addr { host: "127.11.230.130" port: 40707 } }
I20260709 14:55:04.554093 12529 leader_election.cc:290] T 59687429d8ee4145a00d07c790f9ba5b P 496e45bc1b6b4da5b7cedac7dbe69188 [CANDIDATE]: Term 1 election: Requested vote from peers 62eca54f9de948aa964786ee89ff9f03 (127.11.230.130:40707), 70e1bc428913486f8a8a630044f79c56 (127.11.230.131:41491)
I20260709 14:55:04.554862 12396 tablet_service.cc:1917] Received RequestConsensusVote() RPC: tablet_id: "59687429d8ee4145a00d07c790f9ba5b" candidate_uuid: "496e45bc1b6b4da5b7cedac7dbe69188" candidate_term: 1 candidate_status { last_received { term: 0 index: 0 } } ignore_live_leader: false dest_uuid: "62eca54f9de948aa964786ee89ff9f03"
I20260709 14:55:04.555188 12469 tablet_service.cc:1917] Received RequestConsensusVote() RPC: tablet_id: "59687429d8ee4145a00d07c790f9ba5b" candidate_uuid: "496e45bc1b6b4da5b7cedac7dbe69188" candidate_term: 1 candidate_status { last_received { term: 0 index: 0 } } ignore_live_leader: false dest_uuid: "70e1bc428913486f8a8a630044f79c56"
I20260709 14:55:04.555661 12469 raft_consensus.cc:3060] T 59687429d8ee4145a00d07c790f9ba5b P 70e1bc428913486f8a8a630044f79c56 [term 0 FOLLOWER]: Advancing to term 1
I20260709 14:55:04.555819 12515 raft_consensus.cc:359] T 9844c54cb1ca4586a481a442f90a2556 P 62eca54f9de948aa964786ee89ff9f03 [term 0 FOLLOWER]: Replica starting. Triggering 0 pending ops. Active config: opid_index: -1 OBSOLETE_local: false peers { permanent_uuid: "496e45bc1b6b4da5b7cedac7dbe69188" member_type: VOTER last_known_addr { host: "127.11.230.129" port: 43983 } } peers { permanent_uuid: "62eca54f9de948aa964786ee89ff9f03" member_type: VOTER last_known_addr { host: "127.11.230.130" port: 40707 } } peers { permanent_uuid: "70e1bc428913486f8a8a630044f79c56" member_type: VOTER last_known_addr { host: "127.11.230.131" port: 41491 } }
I20260709 14:55:04.556629 12515 raft_consensus.cc:385] T 9844c54cb1ca4586a481a442f90a2556 P 62eca54f9de948aa964786ee89ff9f03 [term 0 FOLLOWER]: Consensus starting up: Expiring failure detector timer to make a prompt election more likely
W20260709 14:55:04.556408 12287 leader_election.cc:343] T 59687429d8ee4145a00d07c790f9ba5b P 496e45bc1b6b4da5b7cedac7dbe69188 [CANDIDATE]: Term 1 election: Tablet error from VoteRequest() call to peer 62eca54f9de948aa964786ee89ff9f03 (127.11.230.130:40707): Illegal state: must be running to vote when last-logged opid is not known
I20260709 14:55:04.556986 12515 raft_consensus.cc:740] T 9844c54cb1ca4586a481a442f90a2556 P 62eca54f9de948aa964786ee89ff9f03 [term 0 FOLLOWER]: Becoming Follower/Learner. State: Replica: 62eca54f9de948aa964786ee89ff9f03, State: Initialized, Role: FOLLOWER
I20260709 14:55:04.557406 12514 raft_consensus.cc:359] T fda90cf6563d4384830c4504ff59c0ae P 70e1bc428913486f8a8a630044f79c56 [term 0 FOLLOWER]: Replica starting. Triggering 0 pending ops. Active config: opid_index: -1 OBSOLETE_local: false peers { permanent_uuid: "496e45bc1b6b4da5b7cedac7dbe69188" member_type: VOTER last_known_addr { host: "127.11.230.129" port: 43983 } } peers { permanent_uuid: "62eca54f9de948aa964786ee89ff9f03" member_type: VOTER last_known_addr { host: "127.11.230.130" port: 40707 } } peers { permanent_uuid: "70e1bc428913486f8a8a630044f79c56" member_type: VOTER last_known_addr { host: "127.11.230.131" port: 41491 } }
I20260709 14:55:04.558101 12514 raft_consensus.cc:385] T fda90cf6563d4384830c4504ff59c0ae P 70e1bc428913486f8a8a630044f79c56 [term 0 FOLLOWER]: Consensus starting up: Expiring failure detector timer to make a prompt election more likely
I20260709 14:55:04.557758 12515 consensus_queue.cc:260] T 9844c54cb1ca4586a481a442f90a2556 P 62eca54f9de948aa964786ee89ff9f03 [NON_LEADER]: Queue going to NON_LEADER mode. State: All replicated index: 0, Majority replicated index: 0, Committed index: 0, Last appended: 0.0, Last appended by leader: 0, Current term: 0, Majority size: -1, State: 0, Mode: NON_LEADER, active raft config: opid_index: -1 OBSOLETE_local: false peers { permanent_uuid: "496e45bc1b6b4da5b7cedac7dbe69188" member_type: VOTER last_known_addr { host: "127.11.230.129" port: 43983 } } peers { permanent_uuid: "62eca54f9de948aa964786ee89ff9f03" member_type: VOTER last_known_addr { host: "127.11.230.130" port: 40707 } } peers { permanent_uuid: "70e1bc428913486f8a8a630044f79c56" member_type: VOTER last_known_addr { host: "127.11.230.131" port: 41491 } }
I20260709 14:55:04.558414 12514 raft_consensus.cc:740] T fda90cf6563d4384830c4504ff59c0ae P 70e1bc428913486f8a8a630044f79c56 [term 0 FOLLOWER]: Becoming Follower/Learner. State: Replica: 70e1bc428913486f8a8a630044f79c56, State: Initialized, Role: FOLLOWER
I20260709 14:55:04.559825 12547 leader_election.cc:290] T 14979dcf8f084fc18fa1210f65e4eadd P 70e1bc428913486f8a8a630044f79c56 [CANDIDATE]: Term 1 election: Requested vote from peers 496e45bc1b6b4da5b7cedac7dbe69188 (127.11.230.129:43983), 62eca54f9de948aa964786ee89ff9f03 (127.11.230.130:40707)
I20260709 14:55:04.560297 12321 tablet_service.cc:1917] Received RequestConsensusVote() RPC: tablet_id: "14979dcf8f084fc18fa1210f65e4eadd" candidate_uuid: "70e1bc428913486f8a8a630044f79c56" candidate_term: 1 candidate_status { last_received { term: 0 index: 0 } } ignore_live_leader: false dest_uuid: "496e45bc1b6b4da5b7cedac7dbe69188"
I20260709 14:55:04.560873 12321 raft_consensus.cc:3060] T 14979dcf8f084fc18fa1210f65e4eadd P 496e45bc1b6b4da5b7cedac7dbe69188 [term 0 FOLLOWER]: Advancing to term 1
I20260709 14:55:04.564623 12515 ts_tablet_manager.cc:1434] T 9844c54cb1ca4586a481a442f90a2556 P 62eca54f9de948aa964786ee89ff9f03: Time spent starting tablet: real 0.020s	user 0.006s	sys 0.001s
I20260709 14:55:04.565359 12515 tablet_bootstrap.cc:492] T 14979dcf8f084fc18fa1210f65e4eadd P 62eca54f9de948aa964786ee89ff9f03: Bootstrap starting.
I20260709 14:55:04.566830 12396 tablet_service.cc:1917] Received RequestConsensusVote() RPC: tablet_id: "14979dcf8f084fc18fa1210f65e4eadd" candidate_uuid: "70e1bc428913486f8a8a630044f79c56" candidate_term: 1 candidate_status { last_received { term: 0 index: 0 } } ignore_live_leader: false dest_uuid: "62eca54f9de948aa964786ee89ff9f03"
W20260709 14:55:04.568436 12436 leader_election.cc:343] T 14979dcf8f084fc18fa1210f65e4eadd P 70e1bc428913486f8a8a630044f79c56 [CANDIDATE]: Term 1 election: Tablet error from VoteRequest() call to peer 62eca54f9de948aa964786ee89ff9f03 (127.11.230.130:40707): Illegal state: must be running to vote when last-logged opid is not known
I20260709 14:55:04.570590 12515 tablet_bootstrap.cc:654] T 14979dcf8f084fc18fa1210f65e4eadd P 62eca54f9de948aa964786ee89ff9f03: Neither blocks nor log segments found. Creating new log.
I20260709 14:55:04.570818 12216 catalog_manager.cc:5697] T c132c3a82e304a54ac32cf06d143aa4f P 70e1bc428913486f8a8a630044f79c56 reported cstate change: term changed from 0 to 1, leader changed from <none> to 70e1bc428913486f8a8a630044f79c56 (127.11.230.131). New cstate: current_term: 1 leader_uuid: "70e1bc428913486f8a8a630044f79c56" committed_config { opid_index: -1 OBSOLETE_local: false peers { permanent_uuid: "496e45bc1b6b4da5b7cedac7dbe69188" member_type: VOTER last_known_addr { host: "127.11.230.129" port: 43983 } health_report { overall_health: UNKNOWN } } peers { permanent_uuid: "62eca54f9de948aa964786ee89ff9f03" member_type: VOTER last_known_addr { host: "127.11.230.130" port: 40707 } health_report { overall_health: UNKNOWN } } peers { permanent_uuid: "70e1bc428913486f8a8a630044f79c56" member_type: VOTER last_known_addr { host: "127.11.230.131" port: 41491 } health_report { overall_health: HEALTHY } } }
I20260709 14:55:04.577679 12513 tablet_bootstrap.cc:492] T fda90cf6563d4384830c4504ff59c0ae P 496e45bc1b6b4da5b7cedac7dbe69188: No bootstrap required, opened a new log
I20260709 14:55:04.578619 12513 ts_tablet_manager.cc:1403] T fda90cf6563d4384830c4504ff59c0ae P 496e45bc1b6b4da5b7cedac7dbe69188: Time spent bootstrapping tablet: real 0.087s	user 0.029s	sys 0.018s
I20260709 14:55:04.580533 12321 raft_consensus.cc:2468] T 14979dcf8f084fc18fa1210f65e4eadd P 496e45bc1b6b4da5b7cedac7dbe69188 [term 1 FOLLOWER]: Leader election vote request: Granting yes vote for candidate 70e1bc428913486f8a8a630044f79c56 in term 1.
I20260709 14:55:04.578078 12529 raft_consensus.cc:493] T 73848749b8554ddfa32d7ac77feeee4c P 496e45bc1b6b4da5b7cedac7dbe69188 [term 0 FOLLOWER]: Starting pre-election (no leader contacted us within the election timeout)
I20260709 14:55:04.581154 12514 consensus_queue.cc:260] T fda90cf6563d4384830c4504ff59c0ae P 70e1bc428913486f8a8a630044f79c56 [NON_LEADER]: Queue going to NON_LEADER mode. State: All replicated index: 0, Majority replicated index: 0, Committed index: 0, Last appended: 0.0, Last appended by leader: 0, Current term: 0, Majority size: -1, State: 0, Mode: NON_LEADER, active raft config: opid_index: -1 OBSOLETE_local: false peers { permanent_uuid: "496e45bc1b6b4da5b7cedac7dbe69188" member_type: VOTER last_known_addr { host: "127.11.230.129" port: 43983 } } peers { permanent_uuid: "62eca54f9de948aa964786ee89ff9f03" member_type: VOTER last_known_addr { host: "127.11.230.130" port: 40707 } } peers { permanent_uuid: "70e1bc428913486f8a8a630044f79c56" member_type: VOTER last_known_addr { host: "127.11.230.131" port: 41491 } }
I20260709 14:55:04.582831 12529 raft_consensus.cc:515] T 73848749b8554ddfa32d7ac77feeee4c P 496e45bc1b6b4da5b7cedac7dbe69188 [term 0 FOLLOWER]: Starting pre-election with config: opid_index: -1 OBSOLETE_local: false peers { permanent_uuid: "496e45bc1b6b4da5b7cedac7dbe69188" member_type: VOTER last_known_addr { host: "127.11.230.129" port: 43983 } } peers { permanent_uuid: "62eca54f9de948aa964786ee89ff9f03" member_type: VOTER last_known_addr { host: "127.11.230.130" port: 40707 } } peers { permanent_uuid: "70e1bc428913486f8a8a630044f79c56" member_type: VOTER last_known_addr { host: "127.11.230.131" port: 41491 } }
I20260709 14:55:04.581548 12469 raft_consensus.cc:2468] T 59687429d8ee4145a00d07c790f9ba5b P 70e1bc428913486f8a8a630044f79c56 [term 1 FOLLOWER]: Leader election vote request: Granting yes vote for candidate 496e45bc1b6b4da5b7cedac7dbe69188 in term 1.
