I20260709 14:55:04.548251 20088 consensus_queue.cc:260] T b225d072d51346959d657df93dda6678 P ba23a2d648f84822a9602dd6609390cd [NON_LEADER]: Queue going to NON_LEADER mode. State: All replicated index: 0, Majority replicated index: 1, Committed index: 1, Last appended: 1.1, Last appended by leader: 1, Current term: 1, Majority size: -1, State: 0, Mode: NON_LEADER, active raft config: opid_index: -1 OBSOLETE_local: false peers { permanent_uuid: "ba23a2d648f84822a9602dd6609390cd" member_type: VOTER last_known_addr { host: "127.19.124.129" port: 38907 } } peers { permanent_uuid: "d6962ce7b16e4e48a4fb2d96d8dbb87f" member_type: VOTER last_known_addr { host: "127.19.124.130" port: 36517 } } peers { permanent_uuid: "fb999f7ee11d44d687d799b3da44ef5f" member_type: VOTER last_known_addr { host: "127.19.124.131" port: 41797 } }
I20260709 14:55:04.549530 20088 raft_consensus.cc:3060] T b225d072d51346959d657df93dda6678 P ba23a2d648f84822a9602dd6609390cd [term 1 FOLLOWER]: Advancing to term 2
I20260709 14:55:04.551784 20287 consensus_queue.cc:1048] T 9f02120188214c009e9f2ba96025817f P d6962ce7b16e4e48a4fb2d96d8dbb87f [LEADER]: Connected to new peer: Peer: permanent_uuid: "fb999f7ee11d44d687d799b3da44ef5f" member_type: VOTER last_known_addr { host: "127.19.124.131" port: 41797 }, Status: LMP_MISMATCH, Last received: 0.0, Next index: 1, Last known committed idx: 0, Time since last communication: 0.000s
I20260709 14:55:04.553020 20237 raft_consensus.cc:2468] T b225d072d51346959d657df93dda6678 P fb999f7ee11d44d687d799b3da44ef5f [term 2 FOLLOWER]: Leader election vote request: Granting yes vote for candidate d6962ce7b16e4e48a4fb2d96d8dbb87f in term 2.
I20260709 14:55:04.555724 20130 leader_election.cc:304] T b225d072d51346959d657df93dda6678 P d6962ce7b16e4e48a4fb2d96d8dbb87f [CANDIDATE]: Term 2 election: Election decided. Result: candidate won. Election summary: received 2 responses out of 3 voters: 2 yes votes; 0 no votes. yes voters: d6962ce7b16e4e48a4fb2d96d8dbb87f, fb999f7ee11d44d687d799b3da44ef5f; no voters: 
I20260709 14:55:04.556643 20287 raft_consensus.cc:2804] T b225d072d51346959d657df93dda6678 P d6962ce7b16e4e48a4fb2d96d8dbb87f [term 2 FOLLOWER]: Leader election won for term 2
I20260709 14:55:04.559691 20287 raft_consensus.cc:697] T b225d072d51346959d657df93dda6678 P d6962ce7b16e4e48a4fb2d96d8dbb87f [term 2 LEADER]: Becoming Leader. State: Replica: d6962ce7b16e4e48a4fb2d96d8dbb87f, State: Running, Role: LEADER
I20260709 14:55:04.560458 20287 consensus_queue.cc:237] T b225d072d51346959d657df93dda6678 P d6962ce7b16e4e48a4fb2d96d8dbb87f [LEADER]: Queue going to LEADER mode. State: All replicated index: 0, Majority replicated index: 1, Committed index: 1, Last appended: 1.1, Last appended by leader: 1, Current term: 2, Majority size: 2, State: 0, Mode: LEADER, active raft config: opid_index: -1 OBSOLETE_local: false peers { permanent_uuid: "ba23a2d648f84822a9602dd6609390cd" member_type: VOTER last_known_addr { host: "127.19.124.129" port: 38907 } } peers { permanent_uuid: "d6962ce7b16e4e48a4fb2d96d8dbb87f" member_type: VOTER last_known_addr { host: "127.19.124.130" port: 36517 } } peers { permanent_uuid: "fb999f7ee11d44d687d799b3da44ef5f" member_type: VOTER last_known_addr { host: "127.19.124.131" port: 41797 } }
I20260709 14:55:04.572645 20088 raft_consensus.cc:2468] T b225d072d51346959d657df93dda6678 P ba23a2d648f84822a9602dd6609390cd [term 2 FOLLOWER]: Leader election vote request: Granting yes vote for candidate d6962ce7b16e4e48a4fb2d96d8dbb87f in term 2.
I20260709 14:55:04.574973 19983 catalog_manager.cc:5697] T b225d072d51346959d657df93dda6678 P d6962ce7b16e4e48a4fb2d96d8dbb87f reported cstate change: term changed from 1 to 2, leader changed from ba23a2d648f84822a9602dd6609390cd (127.19.124.129) to d6962ce7b16e4e48a4fb2d96d8dbb87f (127.19.124.130). New cstate: current_term: 2 leader_uuid: "d6962ce7b16e4e48a4fb2d96d8dbb87f" committed_config { opid_index: -1 OBSOLETE_local: false peers { permanent_uuid: "ba23a2d648f84822a9602dd6609390cd" member_type: VOTER last_known_addr { host: "127.19.124.129" port: 38907 } health_report { overall_health: UNKNOWN } } peers { permanent_uuid: "d6962ce7b16e4e48a4fb2d96d8dbb87f" member_type: VOTER last_known_addr { host: "127.19.124.130" port: 36517 } health_report { overall_health: HEALTHY } } peers { permanent_uuid: "fb999f7ee11d44d687d799b3da44ef5f" member_type: VOTER last_known_addr { host: "127.19.124.131" port: 41797 } health_report { overall_health: UNKNOWN } } }
I20260709 14:55:04.661504 20088 raft_consensus.cc:1275] T 205e676ac9b8472fa5c2fc432fbde357 P ba23a2d648f84822a9602dd6609390cd [term 2 FOLLOWER]: Refusing update from remote peer d6962ce7b16e4e48a4fb2d96d8dbb87f: Log matching property violated. Preceding OpId in replica: term: 1 index: 1. Preceding OpId from leader: term: 2 index: 2. (index mismatch)
I20260709 14:55:04.662595 20287 consensus_queue.cc:1048] T 205e676ac9b8472fa5c2fc432fbde357 P d6962ce7b16e4e48a4fb2d96d8dbb87f [LEADER]: Connected to new peer: Peer: permanent_uuid: "ba23a2d648f84822a9602dd6609390cd" member_type: VOTER last_known_addr { host: "127.19.124.129" port: 38907 }, Status: LMP_MISMATCH, Last received: 0.0, Next index: 2, Last known committed idx: 1, Time since last communication: 0.000s
I20260709 14:55:04.673167 20237 raft_consensus.cc:1275] T 205e676ac9b8472fa5c2fc432fbde357 P fb999f7ee11d44d687d799b3da44ef5f [term 2 FOLLOWER]: Refusing update from remote peer d6962ce7b16e4e48a4fb2d96d8dbb87f: Log matching property violated. Preceding OpId in replica: term: 1 index: 1. Preceding OpId from leader: term: 2 index: 2. (index mismatch)
I20260709 14:55:04.674635 20285 consensus_queue.cc:1048] T 205e676ac9b8472fa5c2fc432fbde357 P d6962ce7b16e4e48a4fb2d96d8dbb87f [LEADER]: Connected to new peer: Peer: permanent_uuid: "fb999f7ee11d44d687d799b3da44ef5f" member_type: VOTER last_known_addr { host: "127.19.124.131" port: 41797 }, Status: LMP_MISMATCH, Last received: 0.0, Next index: 2, Last known committed idx: 1, Time since last communication: 0.000s
I20260709 14:55:04.739377 20293 raft_consensus.cc:993] T 5e2b1d1872d2447eb36b086c6155acfd P fb999f7ee11d44d687d799b3da44ef5f: : Instructing follower ba23a2d648f84822a9602dd6609390cd to start an election
I20260709 14:55:04.739830 20305 raft_consensus.cc:1081] T 5e2b1d1872d2447eb36b086c6155acfd P fb999f7ee11d44d687d799b3da44ef5f [term 1 LEADER]: Signalling peer ba23a2d648f84822a9602dd6609390cd to start an election
I20260709 14:55:04.741253 20088 tablet_service.cc:2044] Received Run Leader Election RPC: tablet_id: "5e2b1d1872d2447eb36b086c6155acfd"
dest_uuid: "ba23a2d648f84822a9602dd6609390cd"
 from {username='slave'} at 127.0.0.1:39594
I20260709 14:55:04.741804 20088 raft_consensus.cc:493] T 5e2b1d1872d2447eb36b086c6155acfd P ba23a2d648f84822a9602dd6609390cd [term 1 FOLLOWER]: Starting forced leader election (received explicit request)
I20260709 14:55:04.742159 20088 raft_consensus.cc:3060] T 5e2b1d1872d2447eb36b086c6155acfd P ba23a2d648f84822a9602dd6609390cd [term 1 FOLLOWER]: Advancing to term 2
I20260709 14:55:04.748818 20088 raft_consensus.cc:515] T 5e2b1d1872d2447eb36b086c6155acfd P ba23a2d648f84822a9602dd6609390cd [term 2 FOLLOWER]: Starting forced leader election with config: opid_index: -1 OBSOLETE_local: false peers { permanent_uuid: "ba23a2d648f84822a9602dd6609390cd" member_type: VOTER last_known_addr { host: "127.19.124.129" port: 38907 } } peers { permanent_uuid: "d6962ce7b16e4e48a4fb2d96d8dbb87f" member_type: VOTER last_known_addr { host: "127.19.124.130" port: 36517 } } peers { permanent_uuid: "fb999f7ee11d44d687d799b3da44ef5f" member_type: VOTER last_known_addr { host: "127.19.124.131" port: 41797 } }
I20260709 14:55:04.751135 20088 leader_election.cc:290] T 5e2b1d1872d2447eb36b086c6155acfd P ba23a2d648f84822a9602dd6609390cd [CANDIDATE]: Term 2 election: Requested vote from peers d6962ce7b16e4e48a4fb2d96d8dbb87f (127.19.124.130:36517), fb999f7ee11d44d687d799b3da44ef5f (127.19.124.131:41797)
I20260709 14:55:04.751891 20164 tablet_service.cc:1917] Received RequestConsensusVote() RPC: tablet_id: "5e2b1d1872d2447eb36b086c6155acfd" candidate_uuid: "ba23a2d648f84822a9602dd6609390cd" candidate_term: 2 candidate_status { last_received { term: 1 index: 1 } } ignore_live_leader: true dest_uuid: "d6962ce7b16e4e48a4fb2d96d8dbb87f"
I20260709 14:55:04.752609 20164 raft_consensus.cc:3060] T 5e2b1d1872d2447eb36b086c6155acfd P d6962ce7b16e4e48a4fb2d96d8dbb87f [term 1 FOLLOWER]: Advancing to term 2
I20260709 14:55:04.752511 20237 tablet_service.cc:1917] Received RequestConsensusVote() RPC: tablet_id: "5e2b1d1872d2447eb36b086c6155acfd" candidate_uuid: "ba23a2d648f84822a9602dd6609390cd" candidate_term: 2 candidate_status { last_received { term: 1 index: 1 } } ignore_live_leader: true dest_uuid: "fb999f7ee11d44d687d799b3da44ef5f"
I20260709 14:55:04.753337 20237 raft_consensus.cc:3055] T 5e2b1d1872d2447eb36b086c6155acfd P fb999f7ee11d44d687d799b3da44ef5f [term 1 LEADER]: Stepping down as leader of term 1
I20260709 14:55:04.753753 20237 raft_consensus.cc:740] T 5e2b1d1872d2447eb36b086c6155acfd P fb999f7ee11d44d687d799b3da44ef5f [term 1 LEADER]: Becoming Follower/Learner. State: Replica: fb999f7ee11d44d687d799b3da44ef5f, State: Running, Role: LEADER
I20260709 14:55:04.754633 20237 consensus_queue.cc:260] T 5e2b1d1872d2447eb36b086c6155acfd P fb999f7ee11d44d687d799b3da44ef5f [NON_LEADER]: Queue going to NON_LEADER mode. State: All replicated index: 0, Majority replicated index: 1, Committed index: 1, Last appended: 1.1, Last appended by leader: 1, Current term: 1, Majority size: -1, State: 0, Mode: NON_LEADER, active raft config: opid_index: -1 OBSOLETE_local: false peers { permanent_uuid: "ba23a2d648f84822a9602dd6609390cd" member_type: VOTER last_known_addr { host: "127.19.124.129" port: 38907 } } peers { permanent_uuid: "d6962ce7b16e4e48a4fb2d96d8dbb87f" member_type: VOTER last_known_addr { host: "127.19.124.130" port: 36517 } } peers { permanent_uuid: "fb999f7ee11d44d687d799b3da44ef5f" member_type: VOTER last_known_addr { host: "127.19.124.131" port: 41797 } }
I20260709 14:55:04.755892 20237 raft_consensus.cc:3060] T 5e2b1d1872d2447eb36b086c6155acfd P fb999f7ee11d44d687d799b3da44ef5f [term 1 FOLLOWER]: Advancing to term 2
I20260709 14:55:04.759174 20164 raft_consensus.cc:2468] T 5e2b1d1872d2447eb36b086c6155acfd P d6962ce7b16e4e48a4fb2d96d8dbb87f [term 2 FOLLOWER]: Leader election vote request: Granting yes vote for candidate ba23a2d648f84822a9602dd6609390cd in term 2.
I20260709 14:55:04.760432 20053 leader_election.cc:304] T 5e2b1d1872d2447eb36b086c6155acfd P ba23a2d648f84822a9602dd6609390cd [CANDIDATE]: Term 2 election: Election decided. Result: candidate won. Election summary: received 2 responses out of 3 voters: 2 yes votes; 0 no votes. yes voters: ba23a2d648f84822a9602dd6609390cd, d6962ce7b16e4e48a4fb2d96d8dbb87f; no voters: 
I20260709 14:55:04.761180 20291 raft_consensus.cc:2804] T 5e2b1d1872d2447eb36b086c6155acfd P ba23a2d648f84822a9602dd6609390cd [term 2 FOLLOWER]: Leader election won for term 2
I20260709 14:55:04.761675 20291 raft_consensus.cc:697] T 5e2b1d1872d2447eb36b086c6155acfd P ba23a2d648f84822a9602dd6609390cd [term 2 LEADER]: Becoming Leader. State: Replica: ba23a2d648f84822a9602dd6609390cd, State: Running, Role: LEADER
I20260709 14:55:04.762471 20291 consensus_queue.cc:237] T 5e2b1d1872d2447eb36b086c6155acfd P ba23a2d648f84822a9602dd6609390cd [LEADER]: Queue going to LEADER mode. State: All replicated index: 0, Majority replicated index: 1, Committed index: 1, Last appended: 1.1, Last appended by leader: 1, Current term: 2, Majority size: 2, State: 0, Mode: LEADER, active raft config: opid_index: -1 OBSOLETE_local: false peers { permanent_uuid: "ba23a2d648f84822a9602dd6609390cd" member_type: VOTER last_known_addr { host: "127.19.124.129" port: 38907 } } peers { permanent_uuid: "d6962ce7b16e4e48a4fb2d96d8dbb87f" member_type: VOTER last_known_addr { host: "127.19.124.130" port: 36517 } } peers { permanent_uuid: "fb999f7ee11d44d687d799b3da44ef5f" member_type: VOTER last_known_addr { host: "127.19.124.131" port: 41797 } }
I20260709 14:55:04.763871 20237 raft_consensus.cc:2468] T 5e2b1d1872d2447eb36b086c6155acfd P fb999f7ee11d44d687d799b3da44ef5f [term 2 FOLLOWER]: Leader election vote request: Granting yes vote for candidate ba23a2d648f84822a9602dd6609390cd in term 2.
I20260709 14:55:04.769785 19983 catalog_manager.cc:5697] T 5e2b1d1872d2447eb36b086c6155acfd P ba23a2d648f84822a9602dd6609390cd reported cstate change: term changed from 1 to 2, leader changed from fb999f7ee11d44d687d799b3da44ef5f (127.19.124.131) to ba23a2d648f84822a9602dd6609390cd (127.19.124.129). New cstate: current_term: 2 leader_uuid: "ba23a2d648f84822a9602dd6609390cd" committed_config { opid_index: -1 OBSOLETE_local: false peers { permanent_uuid: "ba23a2d648f84822a9602dd6609390cd" member_type: VOTER last_known_addr { host: "127.19.124.129" port: 38907 } health_report { overall_health: HEALTHY } } peers { permanent_uuid: "d6962ce7b16e4e48a4fb2d96d8dbb87f" member_type: VOTER last_known_addr { host: "127.19.124.130" port: 36517 } health_report { overall_health: UNKNOWN } } peers { permanent_uuid: "fb999f7ee11d44d687d799b3da44ef5f" member_type: VOTER last_known_addr { host: "127.19.124.131" port: 41797 } health_report { overall_health: UNKNOWN } } }
I20260709 14:55:04.921584 20237 raft_consensus.cc:3060] T de40cc0649da4eeb837220eca8f4d33e P fb999f7ee11d44d687d799b3da44ef5f [term 1 FOLLOWER]: Advancing to term 2
I20260709 14:55:04.926082 20237 raft_consensus.cc:1275] T de40cc0649da4eeb837220eca8f4d33e P fb999f7ee11d44d687d799b3da44ef5f [term 2 FOLLOWER]: Refusing update from remote peer d6962ce7b16e4e48a4fb2d96d8dbb87f: Log matching property violated. Preceding OpId in replica: term: 1 index: 1. Preceding OpId from leader: term: 2 index: 2. (index mismatch)
I20260709 14:55:04.927215 20285 consensus_queue.cc:1048] T de40cc0649da4eeb837220eca8f4d33e P d6962ce7b16e4e48a4fb2d96d8dbb87f [LEADER]: Connected to new peer: Peer: permanent_uuid: "fb999f7ee11d44d687d799b3da44ef5f" member_type: VOTER last_known_addr { host: "127.19.124.131" port: 41797 }, Status: LMP_MISMATCH, Last received: 0.0, Next index: 2, Last known committed idx: 1, Time since last communication: 0.000s
I20260709 14:55:04.933697 20088 raft_consensus.cc:1275] T de40cc0649da4eeb837220eca8f4d33e P ba23a2d648f84822a9602dd6609390cd [term 2 FOLLOWER]: Refusing update from remote peer d6962ce7b16e4e48a4fb2d96d8dbb87f: Log matching property violated. Preceding OpId in replica: term: 1 index: 1. Preceding OpId from leader: term: 2 index: 2. (index mismatch)
I20260709 14:55:04.935184 20287 consensus_queue.cc:1048] T de40cc0649da4eeb837220eca8f4d33e P d6962ce7b16e4e48a4fb2d96d8dbb87f [LEADER]: Connected to new peer: Peer: permanent_uuid: "ba23a2d648f84822a9602dd6609390cd" member_type: VOTER last_known_addr { host: "127.19.124.129" port: 38907 }, Status: LMP_MISMATCH, Last received: 0.0, Next index: 2, Last known committed idx: 1, Time since last communication: 0.000s
I20260709 14:55:04.948688 20163 raft_consensus.cc:3060] T 0e421c8c00604b458d0af9f17e926782 P d6962ce7b16e4e48a4fb2d96d8dbb87f [term 1 FOLLOWER]: Advancing to term 2
I20260709 14:55:04.952979 20163 raft_consensus.cc:1275] T 0e421c8c00604b458d0af9f17e926782 P d6962ce7b16e4e48a4fb2d96d8dbb87f [term 2 FOLLOWER]: Refusing update from remote peer fb999f7ee11d44d687d799b3da44ef5f: Log matching property violated. Preceding OpId in replica: term: 1 index: 1. Preceding OpId from leader: term: 2 index: 2. (index mismatch)
I20260709 14:55:04.953950 20305 consensus_queue.cc:1048] T 0e421c8c00604b458d0af9f17e926782 P fb999f7ee11d44d687d799b3da44ef5f [LEADER]: Connected to new peer: Peer: permanent_uuid: "d6962ce7b16e4e48a4fb2d96d8dbb87f" member_type: VOTER last_known_addr { host: "127.19.124.130" port: 36517 }, Status: LMP_MISMATCH, Last received: 0.0, Next index: 2, Last known committed idx: 1, Time since last communication: 0.000s
I20260709 14:55:04.962826 20088 raft_consensus.cc:1275] T 0e421c8c00604b458d0af9f17e926782 P ba23a2d648f84822a9602dd6609390cd [term 2 FOLLOWER]: Refusing update from remote peer fb999f7ee11d44d687d799b3da44ef5f: Log matching property violated. Preceding OpId in replica: term: 1 index: 1. Preceding OpId from leader: term: 2 index: 2. (index mismatch)
I20260709 14:55:04.964082 20236 raft_consensus.cc:1275] T 68d81328dcf143c5b0b303f905f1927e P fb999f7ee11d44d687d799b3da44ef5f [term 2 FOLLOWER]: Refusing update from remote peer ba23a2d648f84822a9602dd6609390cd: Log matching property violated. Preceding OpId in replica: term: 1 index: 1. Preceding OpId from leader: term: 2 index: 2. (index mismatch)
I20260709 14:55:04.964331 20361 consensus_queue.cc:1048] T 0e421c8c00604b458d0af9f17e926782 P fb999f7ee11d44d687d799b3da44ef5f [LEADER]: Connected to new peer: Peer: permanent_uuid: "ba23a2d648f84822a9602dd6609390cd" member_type: VOTER last_known_addr { host: "127.19.124.129" port: 38907 }, Status: LMP_MISMATCH, Last received: 0.0, Next index: 2, Last known committed idx: 1, Time since last communication: 0.000s
I20260709 14:55:04.965968 20237 raft_consensus.cc:1275] T b225d072d51346959d657df93dda6678 P fb999f7ee11d44d687d799b3da44ef5f [term 2 FOLLOWER]: Refusing update from remote peer d6962ce7b16e4e48a4fb2d96d8dbb87f: Log matching property violated. Preceding OpId in replica: term: 1 index: 1. Preceding OpId from leader: term: 2 index: 2. (index mismatch)
I20260709 14:55:04.967051 20313 consensus_queue.cc:1048] T 68d81328dcf143c5b0b303f905f1927e P ba23a2d648f84822a9602dd6609390cd [LEADER]: Connected to new peer: Peer: permanent_uuid: "fb999f7ee11d44d687d799b3da44ef5f" member_type: VOTER last_known_addr { host: "127.19.124.131" port: 41797 }, Status: LMP_MISMATCH, Last received: 0.0, Next index: 2, Last known committed idx: 1, Time since last communication: 0.000s
I20260709 14:55:04.967381 20287 consensus_queue.cc:1048] T b225d072d51346959d657df93dda6678 P d6962ce7b16e4e48a4fb2d96d8dbb87f [LEADER]: Connected to new peer: Peer: permanent_uuid: "fb999f7ee11d44d687d799b3da44ef5f" member_type: VOTER last_known_addr { host: "127.19.124.131" port: 41797 }, Status: LMP_MISMATCH, Last received: 0.0, Next index: 2, Last known committed idx: 1, Time since last communication: 0.000s
I20260709 14:55:04.978070 20088 raft_consensus.cc:1275] T b225d072d51346959d657df93dda6678 P ba23a2d648f84822a9602dd6609390cd [term 2 FOLLOWER]: Refusing update from remote peer d6962ce7b16e4e48a4fb2d96d8dbb87f: Log matching property violated. Preceding OpId in replica: term: 1 index: 1. Preceding OpId from leader: term: 2 index: 2. (index mismatch)
I20260709 14:55:04.979351 20164 raft_consensus.cc:1275] T 68d81328dcf143c5b0b303f905f1927e P d6962ce7b16e4e48a4fb2d96d8dbb87f [term 2 FOLLOWER]: Refusing update from remote peer ba23a2d648f84822a9602dd6609390cd: Log matching property violated. Preceding OpId in replica: term: 1 index: 1. Preceding OpId from leader: term: 2 index: 2. (index mismatch)
I20260709 14:55:04.980715 20318 consensus_queue.cc:1048] T 68d81328dcf143c5b0b303f905f1927e P ba23a2d648f84822a9602dd6609390cd [LEADER]: Connected to new peer: Peer: permanent_uuid: "d6962ce7b16e4e48a4fb2d96d8dbb87f" member_type: VOTER last_known_addr { host: "127.19.124.130" port: 36517 }, Status: LMP_MISMATCH, Last received: 0.0, Next index: 2, Last known committed idx: 1, Time since last communication: 0.000s
I20260709 14:55:04.982252 20285 consensus_queue.cc:1048] T b225d072d51346959d657df93dda6678 P d6962ce7b16e4e48a4fb2d96d8dbb87f [LEADER]: Connected to new peer: Peer: permanent_uuid: "ba23a2d648f84822a9602dd6609390cd" member_type: VOTER last_known_addr { host: "127.19.124.129" port: 38907 }, Status: LMP_MISMATCH, Last received: 0.0, Next index: 2, Last known committed idx: 1, Time since last communication: 0.000s
I20260709 14:55:05.144583 20164 raft_consensus.cc:1275] T 5e2b1d1872d2447eb36b086c6155acfd P d6962ce7b16e4e48a4fb2d96d8dbb87f [term 2 FOLLOWER]: Refusing update from remote peer ba23a2d648f84822a9602dd6609390cd: Log matching property violated. Preceding OpId in replica: term: 1 index: 1. Preceding OpId from leader: term: 2 index: 2. (index mismatch)
I20260709 14:55:05.145814 20318 consensus_queue.cc:1048] T 5e2b1d1872d2447eb36b086c6155acfd P ba23a2d648f84822a9602dd6609390cd [LEADER]: Connected to new peer: Peer: permanent_uuid: "d6962ce7b16e4e48a4fb2d96d8dbb87f" member_type: VOTER last_known_addr { host: "127.19.124.130" port: 36517 }, Status: LMP_MISMATCH, Last received: 0.0, Next index: 2, Last known committed idx: 1, Time since last communication: 0.000s
I20260709 14:55:05.152462 20236 raft_consensus.cc:1275] T 5e2b1d1872d2447eb36b086c6155acfd P fb999f7ee11d44d687d799b3da44ef5f [term 2 FOLLOWER]: Refusing update from remote peer ba23a2d648f84822a9602dd6609390cd: Log matching property violated. Preceding OpId in replica: term: 1 index: 1. Preceding OpId from leader: term: 2 index: 2. (index mismatch)
I20260709 14:55:05.153787 20313 consensus_queue.cc:1048] T 5e2b1d1872d2447eb36b086c6155acfd P ba23a2d648f84822a9602dd6609390cd [LEADER]: Connected to new peer: Peer: permanent_uuid: "fb999f7ee11d44d687d799b3da44ef5f" member_type: VOTER last_known_addr { host: "127.19.124.131" port: 41797 }, Status: LMP_MISMATCH, Last received: 0.0, Next index: 2, Last known committed idx: 1, Time since last communication: 0.000s
I20260709 14:55:07.272286 19954 auto_leader_rebalancer-test.cc:378] The leader distribution is 
I20260709 14:55:07.273115 19954 auto_leader_rebalancer.cc:141] leader rebalance for table test-workload
I20260709 14:55:07.287645 20088 tablet_service.cc:2072] Received LeaderStepDown RPC: tablet_id: "5e2b1d1872d2447eb36b086c6155acfd"
dest_uuid: "ba23a2d648f84822a9602dd6609390cd"
mode: GRACEFUL
new_leader_uuid: "fb999f7ee11d44d687d799b3da44ef5f"
 from {username='slave'} at 127.0.0.1:56398
I20260709 14:55:07.288197 20088 raft_consensus.cc:606] T 5e2b1d1872d2447eb36b086c6155acfd P ba23a2d648f84822a9602dd6609390cd [term 2 LEADER]: Received request to transfer leadership to TS fb999f7ee11d44d687d799b3da44ef5f
I20260709 14:55:07.297303 20163 tablet_service.cc:2072] Received LeaderStepDown RPC: tablet_id: "de40cc0649da4eeb837220eca8f4d33e"
dest_uuid: "d6962ce7b16e4e48a4fb2d96d8dbb87f"
mode: GRACEFUL
new_leader_uuid: "fb999f7ee11d44d687d799b3da44ef5f"
 from {username='slave'} at 127.0.0.1:40246
I20260709 14:55:07.297730 20163 raft_consensus.cc:606] T de40cc0649da4eeb837220eca8f4d33e P d6962ce7b16e4e48a4fb2d96d8dbb87f [term 2 LEADER]: Received request to transfer leadership to TS fb999f7ee11d44d687d799b3da44ef5f
I20260709 14:55:07.298659 19954 auto_leader_rebalancer.cc:452] table: test-workload, leader rebalance finish, leader transfer count: 2
I20260709 14:55:07.299024 19954 auto_leader_rebalancer.cc:527] All tables' leader rebalancing finished this round
I20260709 14:55:07.387614 20365 raft_consensus.cc:993] T de40cc0649da4eeb837220eca8f4d33e P d6962ce7b16e4e48a4fb2d96d8dbb87f: : Instructing follower fb999f7ee11d44d687d799b3da44ef5f to start an election
I20260709 14:55:07.388120 20365 raft_consensus.cc:1081] T de40cc0649da4eeb837220eca8f4d33e P d6962ce7b16e4e48a4fb2d96d8dbb87f [term 2 LEADER]: Signalling peer fb999f7ee11d44d687d799b3da44ef5f to start an election
I20260709 14:55:07.389586 20237 tablet_service.cc:2044] Received Run Leader Election RPC: tablet_id: "de40cc0649da4eeb837220eca8f4d33e"
dest_uuid: "fb999f7ee11d44d687d799b3da44ef5f"
 from {username='slave'} at 127.0.0.1:34074
I20260709 14:55:07.390122 20237 raft_consensus.cc:493] T de40cc0649da4eeb837220eca8f4d33e P fb999f7ee11d44d687d799b3da44ef5f [term 2 FOLLOWER]: Starting forced leader election (received explicit request)
I20260709 14:55:07.390412 20237 raft_consensus.cc:3060] T de40cc0649da4eeb837220eca8f4d33e P fb999f7ee11d44d687d799b3da44ef5f [term 2 FOLLOWER]: Advancing to term 3
I20260709 14:55:07.395859 20313 raft_consensus.cc:993] T 5e2b1d1872d2447eb36b086c6155acfd P ba23a2d648f84822a9602dd6609390cd: : Instructing follower fb999f7ee11d44d687d799b3da44ef5f to start an election
I20260709 14:55:07.395879 20237 raft_consensus.cc:515] T de40cc0649da4eeb837220eca8f4d33e P fb999f7ee11d44d687d799b3da44ef5f [term 3 FOLLOWER]: Starting forced leader election with config: opid_index: -1 OBSOLETE_local: false peers { permanent_uuid: "ba23a2d648f84822a9602dd6609390cd" member_type: VOTER last_known_addr { host: "127.19.124.129" port: 38907 } } peers { permanent_uuid: "d6962ce7b16e4e48a4fb2d96d8dbb87f" member_type: VOTER last_known_addr { host: "127.19.124.130" port: 36517 } } peers { permanent_uuid: "fb999f7ee11d44d687d799b3da44ef5f" member_type: VOTER last_known_addr { host: "127.19.124.131" port: 41797 } }
I20260709 14:55:07.396965 20369 raft_consensus.cc:1081] T 5e2b1d1872d2447eb36b086c6155acfd P ba23a2d648f84822a9602dd6609390cd [term 2 LEADER]: Signalling peer fb999f7ee11d44d687d799b3da44ef5f to start an election
I20260709 14:55:07.398442 20238 tablet_service.cc:2044] Received Run Leader Election RPC: tablet_id: "5e2b1d1872d2447eb36b086c6155acfd"
dest_uuid: "fb999f7ee11d44d687d799b3da44ef5f"
 from {username='slave'} at 127.0.0.1:34088
I20260709 14:55:07.398741 20088 tablet_service.cc:1917] Received RequestConsensusVote() RPC: tablet_id: "de40cc0649da4eeb837220eca8f4d33e" candidate_uuid: "fb999f7ee11d44d687d799b3da44ef5f" candidate_term: 3 candidate_status { last_received { term: 2 index: 2 } } ignore_live_leader: true dest_uuid: "ba23a2d648f84822a9602dd6609390cd"
I20260709 14:55:07.398986 20238 raft_consensus.cc:493] T 5e2b1d1872d2447eb36b086c6155acfd P fb999f7ee11d44d687d799b3da44ef5f [term 2 FOLLOWER]: Starting forced leader election (received explicit request)
I20260709 14:55:07.399292 20088 raft_consensus.cc:3060] T de40cc0649da4eeb837220eca8f4d33e P ba23a2d648f84822a9602dd6609390cd [term 2 FOLLOWER]: Advancing to term 3
I20260709 14:55:07.399340 20238 raft_consensus.cc:3060] T 5e2b1d1872d2447eb36b086c6155acfd P fb999f7ee11d44d687d799b3da44ef5f [term 2 FOLLOWER]: Advancing to term 3
I20260709 14:55:07.399611 20163 tablet_service.cc:1917] Received RequestConsensusVote() RPC: tablet_id: "de40cc0649da4eeb837220eca8f4d33e" candidate_uuid: "fb999f7ee11d44d687d799b3da44ef5f" candidate_term: 3 candidate_status { last_received { term: 2 index: 2 } } ignore_live_leader: true dest_uuid: "d6962ce7b16e4e48a4fb2d96d8dbb87f"
I20260709 14:55:07.400204 20163 raft_consensus.cc:3055] T de40cc0649da4eeb837220eca8f4d33e P d6962ce7b16e4e48a4fb2d96d8dbb87f [term 2 LEADER]: Stepping down as leader of term 2
I20260709 14:55:07.400434 20163 raft_consensus.cc:740] T de40cc0649da4eeb837220eca8f4d33e P d6962ce7b16e4e48a4fb2d96d8dbb87f [term 2 LEADER]: Becoming Follower/Learner. State: Replica: d6962ce7b16e4e48a4fb2d96d8dbb87f, State: Running, Role: LEADER
I20260709 14:55:07.401034 20163 consensus_queue.cc:260] T de40cc0649da4eeb837220eca8f4d33e P d6962ce7b16e4e48a4fb2d96d8dbb87f [NON_LEADER]: Queue going to NON_LEADER mode. State: All replicated index: 0, Majority replicated index: 2, Committed index: 2, Last appended: 2.2, Last appended by leader: 2, Current term: 2, Majority size: -1, State: 0, Mode: NON_LEADER, active raft config: opid_index: -1 OBSOLETE_local: false peers { permanent_uuid: "ba23a2d648f84822a9602dd6609390cd" member_type: VOTER last_known_addr { host: "127.19.124.129" port: 38907 } } peers { permanent_uuid: "d6962ce7b16e4e48a4fb2d96d8dbb87f" member_type: VOTER last_known_addr { host: "127.19.124.130" port: 36517 } } peers { permanent_uuid: "fb999f7ee11d44d687d799b3da44ef5f" member_type: VOTER last_known_addr { host: "127.19.124.131" port: 41797 } }
I20260709 14:55:07.401777 20163 raft_consensus.cc:3060] T de40cc0649da4eeb837220eca8f4d33e P d6962ce7b16e4e48a4fb2d96d8dbb87f [term 2 FOLLOWER]: Advancing to term 3
I20260709 14:55:07.398442 20237 leader_election.cc:290] T de40cc0649da4eeb837220eca8f4d33e P fb999f7ee11d44d687d799b3da44ef5f [CANDIDATE]: Term 3 election: Requested vote from peers ba23a2d648f84822a9602dd6609390cd (127.19.124.129:38907), d6962ce7b16e4e48a4fb2d96d8dbb87f (127.19.124.130:36517)
I20260709 14:55:07.405691 20088 raft_consensus.cc:2468] T de40cc0649da4eeb837220eca8f4d33e P ba23a2d648f84822a9602dd6609390cd [term 3 FOLLOWER]: Leader election vote request: Granting yes vote for candidate fb999f7ee11d44d687d799b3da44ef5f in term 3.
I20260709 14:55:07.405730 20238 raft_consensus.cc:515] T 5e2b1d1872d2447eb36b086c6155acfd P fb999f7ee11d44d687d799b3da44ef5f [term 3 FOLLOWER]: Starting forced leader election with config: opid_index: -1 OBSOLETE_local: false peers { permanent_uuid: "ba23a2d648f84822a9602dd6609390cd" member_type: VOTER last_known_addr { host: "127.19.124.129" port: 38907 } } peers { permanent_uuid: "d6962ce7b16e4e48a4fb2d96d8dbb87f" member_type: VOTER last_known_addr { host: "127.19.124.130" port: 36517 } } peers { permanent_uuid: "fb999f7ee11d44d687d799b3da44ef5f" member_type: VOTER last_known_addr { host: "127.19.124.131" port: 41797 } }
I20260709 14:55:07.406590 20163 raft_consensus.cc:2468] T de40cc0649da4eeb837220eca8f4d33e P d6962ce7b16e4e48a4fb2d96d8dbb87f [term 3 FOLLOWER]: Leader election vote request: Granting yes vote for candidate fb999f7ee11d44d687d799b3da44ef5f in term 3.
I20260709 14:55:07.406884 20203 leader_election.cc:304] T de40cc0649da4eeb837220eca8f4d33e P fb999f7ee11d44d687d799b3da44ef5f [CANDIDATE]: Term 3 election: Election decided. Result: candidate won. Election summary: received 2 responses out of 3 voters: 2 yes votes; 0 no votes. yes voters: ba23a2d648f84822a9602dd6609390cd, fb999f7ee11d44d687d799b3da44ef5f; no voters: 
I20260709 14:55:07.407644 20305 raft_consensus.cc:2804] T de40cc0649da4eeb837220eca8f4d33e P fb999f7ee11d44d687d799b3da44ef5f [term 3 FOLLOWER]: Leader election won for term 3
I20260709 14:55:07.407719 20238 leader_election.cc:290] T 5e2b1d1872d2447eb36b086c6155acfd P fb999f7ee11d44d687d799b3da44ef5f [CANDIDATE]: Term 3 election: Requested vote from peers ba23a2d648f84822a9602dd6609390cd (127.19.124.129:38907), d6962ce7b16e4e48a4fb2d96d8dbb87f (127.19.124.130:36517)
I20260709 14:55:07.408546 20088 tablet_service.cc:1917] Received RequestConsensusVote() RPC: tablet_id: "5e2b1d1872d2447eb36b086c6155acfd" candidate_uuid: "fb999f7ee11d44d687d799b3da44ef5f" candidate_term: 3 candidate_status { last_received { term: 2 index: 2 } } ignore_live_leader: true dest_uuid: "ba23a2d648f84822a9602dd6609390cd"
I20260709 14:55:07.408933 20163 tablet_service.cc:1917] Received RequestConsensusVote() RPC: tablet_id: "5e2b1d1872d2447eb36b086c6155acfd" candidate_uuid: "fb999f7ee11d44d687d799b3da44ef5f" candidate_term: 3 candidate_status { last_received { term: 2 index: 2 } } ignore_live_leader: true dest_uuid: "d6962ce7b16e4e48a4fb2d96d8dbb87f"
I20260709 14:55:07.409094 20088 raft_consensus.cc:3055] T 5e2b1d1872d2447eb36b086c6155acfd P ba23a2d648f84822a9602dd6609390cd [term 2 LEADER]: Stepping down as leader of term 2
I20260709 14:55:07.409440 20305 raft_consensus.cc:697] T de40cc0649da4eeb837220eca8f4d33e P fb999f7ee11d44d687d799b3da44ef5f [term 3 LEADER]: Becoming Leader. State: Replica: fb999f7ee11d44d687d799b3da44ef5f, State: Running, Role: LEADER
I20260709 14:55:07.409557 20088 raft_consensus.cc:740] T 5e2b1d1872d2447eb36b086c6155acfd P ba23a2d648f84822a9602dd6609390cd [term 2 LEADER]: Becoming Follower/Learner. State: Replica: ba23a2d648f84822a9602dd6609390cd, State: Running, Role: LEADER
I20260709 14:55:07.409543 20163 raft_consensus.cc:3060] T 5e2b1d1872d2447eb36b086c6155acfd P d6962ce7b16e4e48a4fb2d96d8dbb87f [term 2 FOLLOWER]: Advancing to term 3
I20260709 14:55:07.410408 20088 consensus_queue.cc:260] T 5e2b1d1872d2447eb36b086c6155acfd P ba23a2d648f84822a9602dd6609390cd [NON_LEADER]: Queue going to NON_LEADER mode. State: All replicated index: 0, Majority replicated index: 2, Committed index: 2, Last appended: 2.2, Last appended by leader: 2, Current term: 2, Majority size: -1, State: 0, Mode: NON_LEADER, active raft config: opid_index: -1 OBSOLETE_local: false peers { permanent_uuid: "ba23a2d648f84822a9602dd6609390cd" member_type: VOTER last_known_addr { host: "127.19.124.129" port: 38907 } } peers { permanent_uuid: "d6962ce7b16e4e48a4fb2d96d8dbb87f" member_type: VOTER last_known_addr { host: "127.19.124.130" port: 36517 } } peers { permanent_uuid: "fb999f7ee11d44d687d799b3da44ef5f" member_type: VOTER last_known_addr { host: "127.19.124.131" port: 41797 } }
I20260709 14:55:07.410324 20305 consensus_queue.cc:237] T de40cc0649da4eeb837220eca8f4d33e P fb999f7ee11d44d687d799b3da44ef5f [LEADER]: Queue going to LEADER mode. State: All replicated index: 0, Majority replicated index: 2, Committed index: 2, Last appended: 2.2, Last appended by leader: 2, Current term: 3, Majority size: 2, State: 0, Mode: LEADER, active raft config: opid_index: -1 OBSOLETE_local: false peers { permanent_uuid: "ba23a2d648f84822a9602dd6609390cd" member_type: VOTER last_known_addr { host: "127.19.124.129" port: 38907 } } peers { permanent_uuid: "d6962ce7b16e4e48a4fb2d96d8dbb87f" member_type: VOTER last_known_addr { host: "127.19.124.130" port: 36517 } } peers { permanent_uuid: "fb999f7ee11d44d687d799b3da44ef5f" member_type: VOTER last_known_addr { host: "127.19.124.131" port: 41797 } }
I20260709 14:55:07.411332 20088 raft_consensus.cc:3060] T 5e2b1d1872d2447eb36b086c6155acfd P ba23a2d648f84822a9602dd6609390cd [term 2 FOLLOWER]: Advancing to term 3
I20260709 14:55:07.416239 20088 raft_consensus.cc:2468] T 5e2b1d1872d2447eb36b086c6155acfd P ba23a2d648f84822a9602dd6609390cd [term 3 FOLLOWER]: Leader election vote request: Granting yes vote for candidate fb999f7ee11d44d687d799b3da44ef5f in term 3.
I20260709 14:55:07.417223 20203 leader_election.cc:304] T 5e2b1d1872d2447eb36b086c6155acfd P fb999f7ee11d44d687d799b3da44ef5f [CANDIDATE]: Term 3 election: Election decided. Result: candidate won. Election summary: received 2 responses out of 3 voters: 2 yes votes; 0 no votes. yes voters: ba23a2d648f84822a9602dd6609390cd, fb999f7ee11d44d687d799b3da44ef5f; no voters: 
I20260709 14:55:07.418072 20163 raft_consensus.cc:2468] T 5e2b1d1872d2447eb36b086c6155acfd P d6962ce7b16e4e48a4fb2d96d8dbb87f [term 3 FOLLOWER]: Leader election vote request: Granting yes vote for candidate fb999f7ee11d44d687d799b3da44ef5f in term 3.
I20260709 14:55:07.418177 20305 raft_consensus.cc:2804] T 5e2b1d1872d2447eb36b086c6155acfd P fb999f7ee11d44d687d799b3da44ef5f [term 3 FOLLOWER]: Leader election won for term 3
I20260709 14:55:07.417783 19985 catalog_manager.cc:5697] T de40cc0649da4eeb837220eca8f4d33e P fb999f7ee11d44d687d799b3da44ef5f reported cstate change: term changed from 2 to 3, leader changed from d6962ce7b16e4e48a4fb2d96d8dbb87f (127.19.124.130) to fb999f7ee11d44d687d799b3da44ef5f (127.19.124.131). New cstate: current_term: 3 leader_uuid: "fb999f7ee11d44d687d799b3da44ef5f" committed_config { opid_index: -1 OBSOLETE_local: false peers { permanent_uuid: "ba23a2d648f84822a9602dd6609390cd" member_type: VOTER last_known_addr { host: "127.19.124.129" port: 38907 } health_report { overall_health: UNKNOWN } } peers { permanent_uuid: "d6962ce7b16e4e48a4fb2d96d8dbb87f" member_type: VOTER last_known_addr { host: "127.19.124.130" port: 36517 } health_report { overall_health: UNKNOWN } } peers { permanent_uuid: "fb999f7ee11d44d687d799b3da44ef5f" member_type: VOTER last_known_addr { host: "127.19.124.131" port: 41797 } health_report { overall_health: HEALTHY } } }
I20260709 14:55:07.418900 20305 raft_consensus.cc:697] T 5e2b1d1872d2447eb36b086c6155acfd P fb999f7ee11d44d687d799b3da44ef5f [term 3 LEADER]: Becoming Leader. State: Replica: fb999f7ee11d44d687d799b3da44ef5f, State: Running, Role: LEADER
I20260709 14:55:07.419831 20305 consensus_queue.cc:237] T 5e2b1d1872d2447eb36b086c6155acfd P fb999f7ee11d44d687d799b3da44ef5f [LEADER]: Queue going to LEADER mode. State: All replicated index: 0, Majority replicated index: 2, Committed index: 2, Last appended: 2.2, Last appended by leader: 2, Current term: 3, Majority size: 2, State: 0, Mode: LEADER, active raft config: opid_index: -1 OBSOLETE_local: false peers { permanent_uuid: "ba23a2d648f84822a9602dd6609390cd" member_type: VOTER last_known_addr { host: "127.19.124.129" port: 38907 } } peers { permanent_uuid: "d6962ce7b16e4e48a4fb2d96d8dbb87f" member_type: VOTER last_known_addr { host: "127.19.124.130" port: 36517 } } peers { permanent_uuid: "fb999f7ee11d44d687d799b3da44ef5f" member_type: VOTER last_known_addr { host: "127.19.124.131" port: 41797 } }
I20260709 14:55:07.431944 19985 catalog_manager.cc:5697] T 5e2b1d1872d2447eb36b086c6155acfd P fb999f7ee11d44d687d799b3da44ef5f reported cstate change: term changed from 2 to 3, leader changed from ba23a2d648f84822a9602dd6609390cd (127.19.124.129) to fb999f7ee11d44d687d799b3da44ef5f (127.19.124.131). New cstate: current_term: 3 leader_uuid: "fb999f7ee11d44d687d799b3da44ef5f" committed_config { opid_index: -1 OBSOLETE_local: false peers { permanent_uuid: "ba23a2d648f84822a9602dd6609390cd" member_type: VOTER last_known_addr { host: "127.19.124.129" port: 38907 } health_report { overall_health: UNKNOWN } } peers { permanent_uuid: "d6962ce7b16e4e48a4fb2d96d8dbb87f" member_type: VOTER last_known_addr { host: "127.19.124.130" port: 36517 } health_report { overall_health: UNKNOWN } } peers { permanent_uuid: "fb999f7ee11d44d687d799b3da44ef5f" member_type: VOTER last_known_addr { host: "127.19.124.131" port: 41797 } health_report { overall_health: HEALTHY } } }
I20260709 14:55:07.838776 20088 raft_consensus.cc:1275] T 5e2b1d1872d2447eb36b086c6155acfd P ba23a2d648f84822a9602dd6609390cd [term 3 FOLLOWER]: Refusing update from remote peer fb999f7ee11d44d687d799b3da44ef5f: Log matching property violated. Preceding OpId in replica: term: 2 index: 2. Preceding OpId from leader: term: 3 index: 3. (index mismatch)
I20260709 14:55:07.840185 20305 consensus_queue.cc:1048] T 5e2b1d1872d2447eb36b086c6155acfd P fb999f7ee11d44d687d799b3da44ef5f [LEADER]: Connected to new peer: Peer: permanent_uuid: "ba23a2d648f84822a9602dd6609390cd" member_type: VOTER last_known_addr { host: "127.19.124.129" port: 38907 }, Status: LMP_MISMATCH, Last received: 0.0, Next index: 3, Last known committed idx: 2, Time since last communication: 0.000s
I20260709 14:55:07.851382 20163 raft_consensus.cc:1275] T 5e2b1d1872d2447eb36b086c6155acfd P d6962ce7b16e4e48a4fb2d96d8dbb87f [term 3 FOLLOWER]: Refusing update from remote peer fb999f7ee11d44d687d799b3da44ef5f: Log matching property violated. Preceding OpId in replica: term: 2 index: 2. Preceding OpId from leader: term: 3 index: 3. (index mismatch)
I20260709 14:55:07.852665 20380 consensus_queue.cc:1048] T 5e2b1d1872d2447eb36b086c6155acfd P fb999f7ee11d44d687d799b3da44ef5f [LEADER]: Connected to new peer: Peer: permanent_uuid: "d6962ce7b16e4e48a4fb2d96d8dbb87f" member_type: VOTER last_known_addr { host: "127.19.124.130" port: 36517 }, Status: LMP_MISMATCH, Last received: 0.0, Next index: 3, Last known committed idx: 2, Time since last communication: 0.001s
I20260709 14:55:07.977378 20163 raft_consensus.cc:1275] T de40cc0649da4eeb837220eca8f4d33e P d6962ce7b16e4e48a4fb2d96d8dbb87f [term 3 FOLLOWER]: Refusing update from remote peer fb999f7ee11d44d687d799b3da44ef5f: Log matching property violated. Preceding OpId in replica: term: 2 index: 2. Preceding OpId from leader: term: 3 index: 3. (index mismatch)
I20260709 14:55:07.978634 20380 consensus_queue.cc:1048] T de40cc0649da4eeb837220eca8f4d33e P fb999f7ee11d44d687d799b3da44ef5f [LEADER]: Connected to new peer: Peer: permanent_uuid: "d6962ce7b16e4e48a4fb2d96d8dbb87f" member_type: VOTER last_known_addr { host: "127.19.124.130" port: 36517 }, Status: LMP_MISMATCH, Last received: 0.0, Next index: 3, Last known committed idx: 2, Time since last communication: 0.000s
I20260709 14:55:07.986245 20088 raft_consensus.cc:1275] T de40cc0649da4eeb837220eca8f4d33e P ba23a2d648f84822a9602dd6609390cd [term 3 FOLLOWER]: Refusing update from remote peer fb999f7ee11d44d687d799b3da44ef5f: Log matching property violated. Preceding OpId in replica: term: 2 index: 2. Preceding OpId from leader: term: 3 index: 3. (index mismatch)
I20260709 14:55:07.987546 20380 consensus_queue.cc:1048] T de40cc0649da4eeb837220eca8f4d33e P fb999f7ee11d44d687d799b3da44ef5f [LEADER]: Connected to new peer: Peer: permanent_uuid: "ba23a2d648f84822a9602dd6609390cd" member_type: VOTER last_known_addr { host: "127.19.124.129" port: 38907 }, Status: LMP_MISMATCH, Last received: 0.0, Next index: 3, Last known committed idx: 2, Time since last communication: 0.000s
I20260709 14:55:08.299793 19954 auto_leader_rebalancer.cc:141] leader rebalance for table test-workload
I20260709 14:55:08.310115 20088 tablet_service.cc:2072] Received LeaderStepDown RPC: tablet_id: "68d81328dcf143c5b0b303f905f1927e"
dest_uuid: "ba23a2d648f84822a9602dd6609390cd"
mode: GRACEFUL
new_leader_uuid: "d6962ce7b16e4e48a4fb2d96d8dbb87f"
 from {username='slave'} at 127.0.0.1:39598
I20260709 14:55:08.310550 20088 raft_consensus.cc:606] T 68d81328dcf143c5b0b303f905f1927e P ba23a2d648f84822a9602dd6609390cd [term 2 LEADER]: Received request to transfer leadership to TS d6962ce7b16e4e48a4fb2d96d8dbb87f
I20260709 14:55:08.314438 20238 tablet_service.cc:2072] Received LeaderStepDown RPC: tablet_id: "5e2b1d1872d2447eb36b086c6155acfd"
dest_uuid: "fb999f7ee11d44d687d799b3da44ef5f"
mode: GRACEFUL
new_leader_uuid: "d6962ce7b16e4e48a4fb2d96d8dbb87f"
 from {username='slave'} at 127.0.0.1:34098
I20260709 14:55:08.314878 20238 raft_consensus.cc:606] T 5e2b1d1872d2447eb36b086c6155acfd P fb999f7ee11d44d687d799b3da44ef5f [term 3 LEADER]: Received request to transfer leadership to TS d6962ce7b16e4e48a4fb2d96d8dbb87f
I20260709 14:55:08.318781 20088 tablet_service.cc:2072] Received LeaderStepDown RPC: tablet_id: "5891dcc7eed7405594a205fbbec63baa"
dest_uuid: "ba23a2d648f84822a9602dd6609390cd"
mode: GRACEFUL
new_leader_uuid: "d6962ce7b16e4e48a4fb2d96d8dbb87f"
 from {username='slave'} at 127.0.0.1:39598
I20260709 14:55:08.319193 20088 raft_consensus.cc:606] T 5891dcc7eed7405594a205fbbec63baa P ba23a2d648f84822a9602dd6609390cd [term 1 LEADER]: Received request to transfer leadership to TS d6962ce7b16e4e48a4fb2d96d8dbb87f
I20260709 14:55:08.323009 20088 tablet_service.cc:2072] Received LeaderStepDown RPC: tablet_id: "afd73b1693934783a9a28ebae5ee3a66"
dest_uuid: "ba23a2d648f84822a9602dd6609390cd"
mode: GRACEFUL
new_leader_uuid: "d6962ce7b16e4e48a4fb2d96d8dbb87f"
 from {username='slave'} at 127.0.0.1:39598
I20260709 14:55:08.323551 20088 raft_consensus.cc:606] T afd73b1693934783a9a28ebae5ee3a66 P ba23a2d648f84822a9602dd6609390cd [term 1 LEADER]: Received request to transfer leadership to TS d6962ce7b16e4e48a4fb2d96d8dbb87f
I20260709 14:55:08.333657 20238 tablet_service.cc:2072] Received LeaderStepDown RPC: tablet_id: "de40cc0649da4eeb837220eca8f4d33e"
dest_uuid: "fb999f7ee11d44d687d799b3da44ef5f"
mode: GRACEFUL
new_leader_uuid: "d6962ce7b16e4e48a4fb2d96d8dbb87f"
 from {username='slave'} at 127.0.0.1:34098
I20260709 14:55:08.334097 20238 raft_consensus.cc:606] T de40cc0649da4eeb837220eca8f4d33e P fb999f7ee11d44d687d799b3da44ef5f [term 3 LEADER]: Received request to transfer leadership to TS d6962ce7b16e4e48a4fb2d96d8dbb87f
I20260709 14:55:08.399745 20369 raft_consensus.cc:993] T 68d81328dcf143c5b0b303f905f1927e P ba23a2d648f84822a9602dd6609390cd: : Instructing follower d6962ce7b16e4e48a4fb2d96d8dbb87f to start an election
I20260709 14:55:08.400125 20388 raft_consensus.cc:1081] T 68d81328dcf143c5b0b303f905f1927e P ba23a2d648f84822a9602dd6609390cd [term 2 LEADER]: Signalling peer d6962ce7b16e4e48a4fb2d96d8dbb87f to start an election
I20260709 14:55:08.401376 20163 tablet_service.cc:2044] Received Run Leader Election RPC: tablet_id: "68d81328dcf143c5b0b303f905f1927e"
dest_uuid: "d6962ce7b16e4e48a4fb2d96d8dbb87f"
 from {username='slave'} at 127.0.0.1:47214
I20260709 14:55:08.401798 20163 raft_consensus.cc:493] T 68d81328dcf143c5b0b303f905f1927e P d6962ce7b16e4e48a4fb2d96d8dbb87f [term 2 FOLLOWER]: Starting forced leader election (received explicit request)
I20260709 14:55:08.402062 20163 raft_consensus.cc:3060] T 68d81328dcf143c5b0b303f905f1927e P d6962ce7b16e4e48a4fb2d96d8dbb87f [term 2 FOLLOWER]: Advancing to term 3
I20260709 14:55:08.406502 20163 raft_consensus.cc:515] T 68d81328dcf143c5b0b303f905f1927e P d6962ce7b16e4e48a4fb2d96d8dbb87f [term 3 FOLLOWER]: Starting forced leader election with config: opid_index: -1 OBSOLETE_local: false peers { permanent_uuid: "d6962ce7b16e4e48a4fb2d96d8dbb87f" member_type: VOTER last_known_addr { host: "127.19.124.130" port: 36517 } } peers { permanent_uuid: "ba23a2d648f84822a9602dd6609390cd" member_type: VOTER last_known_addr { host: "127.19.124.129" port: 38907 } } peers { permanent_uuid: "fb999f7ee11d44d687d799b3da44ef5f" member_type: VOTER last_known_addr { host: "127.19.124.131" port: 41797 } }
I20260709 14:55:08.408020 20163 leader_election.cc:290] T 68d81328dcf143c5b0b303f905f1927e P d6962ce7b16e4e48a4fb2d96d8dbb87f [CANDIDATE]: Term 3 election: Requested vote from peers ba23a2d648f84822a9602dd6609390cd (127.19.124.129:38907), fb999f7ee11d44d687d799b3da44ef5f (127.19.124.131:41797)
I20260709 14:55:08.408597 20088 tablet_service.cc:1917] Received RequestConsensusVote() RPC: tablet_id: "68d81328dcf143c5b0b303f905f1927e" candidate_uuid: "d6962ce7b16e4e48a4fb2d96d8dbb87f" candidate_term: 3 candidate_status { last_received { term: 2 index: 2 } } ignore_live_leader: true dest_uuid: "ba23a2d648f84822a9602dd6609390cd"
I20260709 14:55:08.408931 20238 tablet_service.cc:1917] Received RequestConsensusVote() RPC: tablet_id: "68d81328dcf143c5b0b303f905f1927e" candidate_uuid: "d6962ce7b16e4e48a4fb2d96d8dbb87f" candidate_term: 3 candidate_status { last_received { term: 2 index: 2 } } ignore_live_leader: true dest_uuid: "fb999f7ee11d44d687d799b3da44ef5f"
I20260709 14:55:08.409175 20088 raft_consensus.cc:3055] T 68d81328dcf143c5b0b303f905f1927e P ba23a2d648f84822a9602dd6609390cd [term 2 LEADER]: Stepping down as leader of term 2
I20260709 14:55:08.409456 20238 raft_consensus.cc:3060] T 68d81328dcf143c5b0b303f905f1927e P fb999f7ee11d44d687d799b3da44ef5f [term 2 FOLLOWER]: Advancing to term 3
I20260709 14:55:08.409485 20088 raft_consensus.cc:740] T 68d81328dcf143c5b0b303f905f1927e P ba23a2d648f84822a9602dd6609390cd [term 2 LEADER]: Becoming Follower/Learner. State: Replica: ba23a2d648f84822a9602dd6609390cd, State: Running, Role: LEADER
I20260709 14:55:08.410324 20088 consensus_queue.cc:260] T 68d81328dcf143c5b0b303f905f1927e P ba23a2d648f84822a9602dd6609390cd [NON_LEADER]: Queue going to NON_LEADER mode. State: All replicated index: 0, Majority replicated index: 2, Committed index: 2, Last appended: 2.2, Last appended by leader: 2, Current term: 2, Majority size: -1, State: 0, Mode: NON_LEADER, active raft config: opid_index: -1 OBSOLETE_local: false peers { permanent_uuid: "d6962ce7b16e4e48a4fb2d96d8dbb87f" member_type: VOTER last_known_addr { host: "127.19.124.130" port: 36517 } } peers { permanent_uuid: "ba23a2d648f84822a9602dd6609390cd" member_type: VOTER last_known_addr { host: "127.19.124.129" port: 38907 } } peers { permanent_uuid: "fb999f7ee11d44d687d799b3da44ef5f" member_type: VOTER last_known_addr { host: "127.19.124.131" port: 41797 } }
I20260709 14:55:08.411374 20088 raft_consensus.cc:3060] T 68d81328dcf143c5b0b303f905f1927e P ba23a2d648f84822a9602dd6609390cd [term 2 FOLLOWER]: Advancing to term 3
I20260709 14:55:08.415518 20238 raft_consensus.cc:2468] T 68d81328dcf143c5b0b303f905f1927e P fb999f7ee11d44d687d799b3da44ef5f [term 3 FOLLOWER]: Leader election vote request: Granting yes vote for candidate d6962ce7b16e4e48a4fb2d96d8dbb87f in term 3.
I20260709 14:55:08.416627 20130 leader_election.cc:304] T 68d81328dcf143c5b0b303f905f1927e P d6962ce7b16e4e48a4fb2d96d8dbb87f [CANDIDATE]: Term 3 election: Election decided. Result: candidate won. Election summary: received 2 responses out of 3 voters: 2 yes votes; 0 no votes. yes voters: d6962ce7b16e4e48a4fb2d96d8dbb87f, fb999f7ee11d44d687d799b3da44ef5f; no voters: 
I20260709 14:55:08.416860 20088 raft_consensus.cc:2468] T 68d81328dcf143c5b0b303f905f1927e P ba23a2d648f84822a9602dd6609390cd [term 3 FOLLOWER]: Leader election vote request: Granting yes vote for candidate d6962ce7b16e4e48a4fb2d96d8dbb87f in term 3.
I20260709 14:55:08.417280 20387 raft_consensus.cc:2804] T 68d81328dcf143c5b0b303f905f1927e P d6962ce7b16e4e48a4fb2d96d8dbb87f [term 3 FOLLOWER]: Leader election won for term 3
I20260709 14:55:08.417711 20387 raft_consensus.cc:697] T 68d81328dcf143c5b0b303f905f1927e P d6962ce7b16e4e48a4fb2d96d8dbb87f [term 3 LEADER]: Becoming Leader. State: Replica: d6962ce7b16e4e48a4fb2d96d8dbb87f, State: Running, Role: LEADER
I20260709 14:55:08.418342 20387 consensus_queue.cc:237] T 68d81328dcf143c5b0b303f905f1927e P d6962ce7b16e4e48a4fb2d96d8dbb87f [LEADER]: Queue going to LEADER mode. State: All replicated index: 0, Majority replicated index: 2, Committed index: 2, Last appended: 2.2, Last appended by leader: 2, Current term: 3, Majority size: 2, State: 0, Mode: LEADER, active raft config: opid_index: -1 OBSOLETE_local: false peers { permanent_uuid: "d6962ce7b16e4e48a4fb2d96d8dbb87f" member_type: VOTER last_known_addr { host: "127.19.124.130" port: 36517 } } peers { permanent_uuid: "ba23a2d648f84822a9602dd6609390cd" member_type: VOTER last_known_addr { host: "127.19.124.129" port: 38907 } } peers { permanent_uuid: "fb999f7ee11d44d687d799b3da44ef5f" member_type: VOTER last_known_addr { host: "127.19.124.131" port: 41797 } }
